[INFO] cloning repository https://github.com/SLeRest/weblol
[INFO] running `Command { std: "git" "-c" "credential.helper=" "-c" "credential.helper=/workspace/cargo-home/bin/git-credential-null" "clone" "--bare" "https://github.com/SLeRest/weblol" "/workspace/cache/git-repos/https%3A%2F%2Fgithub.com%2FSLeRest%2Fweblol", kill_on_drop: false }`
[INFO] [stderr] Cloning into bare repository '/workspace/cache/git-repos/https%3A%2F%2Fgithub.com%2FSLeRest%2Fweblol'...
[INFO] running `Command { std: "git" "rev-parse" "HEAD", kill_on_drop: false }`
[INFO] [stdout] 1780f79a12176a1d3fa94577d38ff884e826c646
[INFO] documenting SLeRest/weblol against beta-2021-08-01 for beta-1.55-rustdoc-1
[INFO] running `Command { std: "git" "clone" "/workspace/cache/git-repos/https%3A%2F%2Fgithub.com%2FSLeRest%2Fweblol" "/workspace/builds/worker-25/source", kill_on_drop: false }`
[INFO] [stderr] Cloning into '/workspace/builds/worker-25/source'...
[INFO] [stderr] done.
[INFO] validating manifest of git repo https://github.com/SLeRest/weblol on toolchain beta-2021-08-01
[INFO] running `Command { std: "/workspace/cargo-home/bin/cargo" "+beta-2021-08-01" "metadata" "--manifest-path" "Cargo.toml" "--no-deps", kill_on_drop: false }`
[INFO] started tweaking git repo https://github.com/SLeRest/weblol
[INFO] finished tweaking git repo https://github.com/SLeRest/weblol
[INFO] tweaked toml for git repo https://github.com/SLeRest/weblol written to /workspace/builds/worker-25/source/Cargo.toml
[INFO] crate git repo https://github.com/SLeRest/weblol already has a lockfile, it will not be regenerated
[INFO] running `Command { std: "/workspace/cargo-home/bin/cargo" "+beta-2021-08-01" "fetch" "--manifest-path" "Cargo.toml", kill_on_drop: false }`
[INFO] [stderr]     Blocking waiting for file lock on package cache
[INFO] [stderr]     Updating crates.io index
[INFO] [stderr]     Blocking waiting for file lock on package cache
[INFO] [stderr]  Downloading crates ...
[INFO] [stderr]   Downloaded openssl-sys v0.9.45
[INFO] [stderr]   Downloaded openssl v0.10.21
[INFO] running `Command { std: "docker" "create" "-v" "/var/lib/crater-agent-workspace/builds/worker-25/target:/opt/rustwide/target:rw,Z" "-v" "/var/lib/crater-agent-workspace/builds/worker-25/source:/opt/rustwide/workdir:ro,Z" "-v" "/var/lib/crater-agent-workspace/cargo-home:/opt/rustwide/cargo-home:ro,Z" "-v" "/var/lib/crater-agent-workspace/rustup-home:/opt/rustwide/rustup-home:ro,Z" "-e" "SOURCE_DIR=/opt/rustwide/workdir" "-e" "CARGO_TARGET_DIR=/opt/rustwide/target" "-e" "CARGO_HOME=/opt/rustwide/cargo-home" "-e" "RUSTUP_HOME=/opt/rustwide/rustup-home" "-w" "/opt/rustwide/workdir" "-m" "1610612736" "--user" "0:0" "--network" "none" "ghcr.io/rust-lang/crates-build-env/linux@sha256:34b6a614d2c27851fe6cbf88fbd1137609cefab8b10d0615aaeb6fd47975d74e" "/opt/rustwide/cargo-home/bin/cargo" "+beta-2021-08-01" "metadata" "--no-deps" "--format-version=1", kill_on_drop: false }`
[INFO] [stdout] 621d4367e2f6571045765f5be4497351d978f2643f83e9c60206e770618110f4
[INFO] running `Command { std: "docker" "start" "-a" "621d4367e2f6571045765f5be4497351d978f2643f83e9c60206e770618110f4", kill_on_drop: false }`
[INFO] running `Command { std: "docker" "inspect" "621d4367e2f6571045765f5be4497351d978f2643f83e9c60206e770618110f4", kill_on_drop: false }`
[INFO] running `Command { std: "docker" "rm" "-f" "621d4367e2f6571045765f5be4497351d978f2643f83e9c60206e770618110f4", kill_on_drop: false }`
[INFO] [stdout] 621d4367e2f6571045765f5be4497351d978f2643f83e9c60206e770618110f4
[INFO] running `Command { std: "docker" "create" "-v" "/var/lib/crater-agent-workspace/builds/worker-25/target:/opt/rustwide/target:rw,Z" "-v" "/var/lib/crater-agent-workspace/builds/worker-25/source:/opt/rustwide/workdir:ro,Z" "-v" "/var/lib/crater-agent-workspace/cargo-home:/opt/rustwide/cargo-home:ro,Z" "-v" "/var/lib/crater-agent-workspace/rustup-home:/opt/rustwide/rustup-home:ro,Z" "-e" "SOURCE_DIR=/opt/rustwide/workdir" "-e" "CARGO_TARGET_DIR=/opt/rustwide/target" "-e" "CARGO_INCREMENTAL=0" "-e" "RUST_BACKTRACE=full" "-e" "RUSTDOCFLAGS=--cap-lints=warn" "-e" "CARGO_HOME=/opt/rustwide/cargo-home" "-e" "RUSTUP_HOME=/opt/rustwide/rustup-home" "-w" "/opt/rustwide/workdir" "-m" "1610612736" "--user" "0:0" "--network" "none" "ghcr.io/rust-lang/crates-build-env/linux@sha256:34b6a614d2c27851fe6cbf88fbd1137609cefab8b10d0615aaeb6fd47975d74e" "/opt/rustwide/cargo-home/bin/cargo" "+beta-2021-08-01" "doc" "--frozen" "--no-deps" "--document-private-items" "--message-format=json", kill_on_drop: false }`
[INFO] [stdout] 4ed8aada288ed31f2c838f6aabc2edb0bf097d0a6fa1ccdd6dd28ec032860bdb
[INFO] running `Command { std: "docker" "start" "-a" "4ed8aada288ed31f2c838f6aabc2edb0bf097d0a6fa1ccdd6dd28ec032860bdb", kill_on_drop: false }`
[INFO] [stderr]     Blocking waiting for file lock on package cache
[INFO] [stderr]    Compiling libc v0.2.98
[INFO] [stderr]    Compiling autocfg v0.1.2
[INFO] [stderr]     Checking cfg-if v0.1.7
[INFO] [stderr]     Checking rand_core v0.4.0
[INFO] [stderr]     Checking futures v0.1.26
[INFO] [stderr]    Compiling cc v1.0.69
[INFO] [stderr]    Compiling proc-macro2 v1.0.28
[INFO] [stderr]    Compiling byteorder v1.3.1
[INFO] [stderr]    Compiling unicode-xid v0.2.2
[INFO] [stderr]     Checking tinyvec_macros v0.1.0
[INFO] [stderr]    Compiling syn v1.0.74
[INFO] [stderr]     Checking itoa v0.4.3
[INFO] [stderr]    Compiling memchr v2.4.0
[INFO] [stderr]     Checking lazycell v1.2.1
[INFO] [stderr]    Compiling serde_derive v1.0.127
[INFO] [stderr]    Compiling bitflags v1.0.5
[INFO] [stderr]    Compiling serde v1.0.90
[INFO] [stderr]     Checking gimli v0.25.0
[INFO] [stderr]    Compiling httparse v1.3.3
[INFO] [stderr]    Compiling failure_derive v0.1.8
[INFO] [stderr]    Compiling openssl v0.10.21
[INFO] [stderr]     Checking foreign-types-shared v0.1.1
[INFO] [stderr]     Checking string v0.1.3
[INFO] [stderr]    Compiling native-tls v0.2.3
[INFO] [stderr]    Compiling crc32fast v1.2.1
[INFO] [stderr]     Checking indexmap v1.0.2
[INFO] [stderr]     Checking rustc-demangle v0.1.20
[INFO] [stderr]    Compiling encoding_rs v0.8.28
[INFO] [stderr]     Checking mime v0.3.16
[INFO] [stderr]     Checking dtoa v0.4.8
[INFO] [stderr]     Checking unicode-bidi v0.3.5
[INFO] [stderr]     Checking owning_ref v0.4.0
[INFO] [stderr]    Compiling unicase v2.6.0
[INFO] [stderr]     Checking form_urlencoded v1.0.1
[INFO] [stderr]     Checking tokio-trace-core v0.1.0
[INFO] [stderr]    Compiling parking_lot_core v0.4.0
[INFO] [stderr]     Checking crossbeam-utils v0.6.5
[INFO] [stderr]     Checking log v0.4.6
[INFO] [stderr]     Checking try_from v0.3.2
[INFO] [stderr]     Checking rand_core v0.3.1
[INFO] [stderr]     Checking rand_jitter v0.1.4
[INFO] [stderr]    Compiling rand_pcg v0.1.2
[INFO] [stderr]    Compiling rand_chacha v0.1.1
[INFO] [stderr]    Compiling rand v0.6.5
[INFO] [stderr]     Checking tinyvec v1.3.1
[INFO] [stderr]     Checking foreign-types v0.3.2
[INFO] [stderr]     Checking rand_hc v0.1.0
[INFO] [stderr]     Checking rand_isaac v0.1.1
[INFO] [stderr]     Checking rand_xorshift v0.1.1
[INFO] [stderr]     Checking lock_api v0.1.5
[INFO] [stderr]     Checking crossbeam-epoch v0.7.1
[INFO] [stderr]     Checking crossbeam-queue v0.1.2
[INFO] [stderr]     Checking tokio-executor v0.1.7
[INFO] [stderr]     Checking tokio-sync v0.1.5
[INFO] [stderr]     Checking want v0.0.6
[INFO] [stderr]     Checking addr2line v0.16.0
[INFO] [stderr]     Checking tokio-timer v0.2.10
[INFO] [stderr]     Checking tokio-current-thread v0.1.6
[INFO] [stderr]     Checking crossbeam-deque v0.7.1
[INFO] [stderr]    Compiling openssl-sys v0.9.45
[INFO] [stderr]    Compiling backtrace v0.3.61
[INFO] [stderr]     Checking object v0.26.0
[INFO] [stderr]     Checking unicode-normalization v0.1.19
[INFO] [stderr]     Checking rand_os v0.1.3
[INFO] [stderr]     Checking iovec v0.1.2
[INFO] [stderr]     Checking num_cpus v1.10.0
[INFO] [stderr]     Checking net2 v0.2.33
[INFO] [stderr]     Checking time v0.1.42
[INFO] [stderr]     Checking flate2 v1.0.20
[INFO] [stderr]     Checking base64 v0.10.1
[INFO] [stderr]     Checking bytes v0.4.12
[INFO] [stderr]     Checking futures-cpupool v0.1.8
[INFO] [stderr]     Checking mio v0.6.16
[INFO] [stderr]    Compiling quote v1.0.9
[INFO] [stderr]     Checking tokio-io v0.1.12
[INFO] [stderr]     Checking http v0.1.17
[INFO] [stderr]    Compiling mime_guess v2.0.3
[INFO] [stderr]     Checking idna v0.1.5
[INFO] [stderr]     Checking idna v0.2.3
[INFO] [stderr]     Checking tokio-threadpool v0.1.14
[INFO] [stderr]     Checking uuid v0.7.4
[INFO] [stderr]     Checking parking_lot v0.7.1
[INFO] [stderr]     Checking url v2.2.2
[INFO] [stderr]     Checking url v1.7.2
[INFO] [stderr]     Checking tokio-reactor v0.1.9
[INFO] [stderr]     Checking tokio-tcp v0.1.3
[INFO] [stderr]     Checking cookie v0.12.0
[INFO] [stderr]     Checking publicsuffix v1.5.6
[INFO] [stderr]     Checking tokio v0.1.19
[INFO] [stderr]     Checking h2 v0.1.18
[INFO] [stderr]    Compiling synstructure v0.12.5
[INFO] [stderr]     Checking hyper v0.12.28
[INFO] [stderr]     Checking failure v0.1.8
[INFO] [stderr]     Checking hyper-tls v0.3.2
[INFO] [stderr]     Checking serde_json v1.0.39
[INFO] [stderr]     Checking serde_urlencoded v0.5.5
[INFO] [stderr]     Checking cookie_store v0.7.0
[INFO] [stdout] error[E0433]: failed to resolve: could not find `__private` in `_serde`
[INFO] [stdout]   --> /opt/rustwide/cargo-home/registry/src/github.com-1ecc6299db9ec823/cookie_store-0.7.0/src/cookie.rs:72:35
[INFO] [stdout]    |
[INFO] [stdout] 72 | #[derive(PartialEq, Clone, Debug, Serialize, Deserialize)]
[INFO] [stdout]    |                                   ^^^^^^^^^ could not find `__private` in `_serde`
[INFO] [stdout]    |
[INFO] [stdout]    = note: this error originates in the derive macro `Serialize` (in Nightly builds, run with -Z macro-backtrace for more info)
[INFO] [stdout] 
[INFO] [stdout] 
[INFO] [stdout] error[E0433]: failed to resolve: could not find `__private` in `_serde`
[INFO] [stdout]   --> /opt/rustwide/cargo-home/registry/src/github.com-1ecc6299db9ec823/cookie_store-0.7.0/src/cookie.rs:72:35
[INFO] [stdout]    |
[INFO] [stdout] 72 | #[derive(PartialEq, Clone, Debug, Serialize, Deserialize)]
[INFO] [stdout]    |                                   ^^^^^^^^^ could not find `__private` in `_serde`
[INFO] [stdout]    |
[INFO] [stdout]    = note: this error originates in the macro `try` (in Nightly builds, run with -Z macro-backtrace for more info)
[INFO] [stdout] 
[INFO] [stdout] 
[INFO] [stdout] error[E0433]: failed to resolve: could not find `__private` in `_serde`
[INFO] [stdout]   --> /opt/rustwide/cargo-home/registry/src/github.com-1ecc6299db9ec823/cookie_store-0.7.0/src/cookie.rs:72:35
[INFO] [stdout]    |
[INFO] [stdout] 72 | #[derive(PartialEq, Clone, Debug, Serialize, Deserialize)]
[INFO] [stdout]    |                                   ^^^^^^^^^ could not find `__private` in `_serde`
[INFO] [stdout]    |
[INFO] [stdout]    = note: this error originates in the macro `try` (in Nightly builds, run with -Z macro-backtrace for more info)
[INFO] [stdout] 
[INFO] [stdout] 
[INFO] [stdout] error[E0433]: failed to resolve: could not find `__private` in `_serde`
[INFO] [stdout]   --> /opt/rustwide/cargo-home/registry/src/github.com-1ecc6299db9ec823/cookie_store-0.7.0/src/cookie.rs:72:35
[INFO] [stdout]    |
[INFO] [stdout] 72 | #[derive(PartialEq, Clone, Debug, Serialize, Deserialize)]
[INFO] [stdout]    |                                   ^^^^^^^^^ could not find `__private` in `_serde`
[INFO] [stdout]    |
[INFO] [stdout]    = note: this error originates in the macro `try` (in Nightly builds, run with -Z macro-backtrace for more info)
[INFO] [stdout] 
[INFO] [stdout] 
[INFO] [stdout] error[E0433]: failed to resolve: could not find `__private` in `_serde`
[INFO] [stdout]   --> /opt/rustwide/cargo-home/registry/src/github.com-1ecc6299db9ec823/cookie_store-0.7.0/src/cookie.rs:72:35
[INFO] [stdout]    |
[INFO] [stdout] 72 | #[derive(PartialEq, Clone, Debug, Serialize, Deserialize)]
[INFO] [stdout]    |                                   ^^^^^^^^^ could not find `__private` in `_serde`
[INFO] [stdout]    |
[INFO] [stdout]    = note: this error originates in the macro `try` (in Nightly builds, run with -Z macro-backtrace for more info)
[INFO] [stdout] 
[INFO] [stdout] 
[INFO] [stdout] error[E0433]: failed to resolve: could not find `__private` in `_serde`
[INFO] [stdout]   --> /opt/rustwide/cargo-home/registry/src/github.com-1ecc6299db9ec823/cookie_store-0.7.0/src/cookie.rs:72:35
[INFO] [stdout]    |
[INFO] [stdout] 72 | #[derive(PartialEq, Clone, Debug, Serialize, Deserialize)]
[INFO] [stdout]    |                                   ^^^^^^^^^ could not find `__private` in `_serde`
[INFO] [stdout]    |
[INFO] [stdout]    = note: this error originates in the macro `try` (in Nightly builds, run with -Z macro-backtrace for more info)
[INFO] [stdout] 
[INFO] [stdout] 
[INFO] [stdout] error[E0433]: failed to resolve: could not find `__private` in `_serde`
[INFO] [stdout]   --> /opt/rustwide/cargo-home/registry/src/github.com-1ecc6299db9ec823/cookie_store-0.7.0/src/cookie.rs:72:46
[INFO] [stdout]    |
[INFO] [stdout] 72 | #[derive(PartialEq, Clone, Debug, Serialize, Deserialize)]
[INFO] [stdout]    |                                              ^^^^^^^^^^^ could not find `__private` in `_serde`
[INFO] [stdout]    |
[INFO] [stdout]    = note: this error originates in the derive macro `Deserialize` (in Nightly builds, run with -Z macro-backtrace for more info)
[INFO] [stdout] 
[INFO] [stdout] 
[INFO] [stdout] error[E0433]: failed to resolve: could not find `__private` in `_serde`
[INFO] [stdout]   --> /opt/rustwide/cargo-home/registry/src/github.com-1ecc6299db9ec823/cookie_store-0.7.0/src/cookie.rs:72:46
[INFO] [stdout]    |
[INFO] [stdout] 72 | #[derive(PartialEq, Clone, Debug, Serialize, Deserialize)]
[INFO] [stdout]    |                                              ^^^^^^^^^^^ could not find `__private` in `_serde`
[INFO] [stdout]    |
[INFO] [stdout]    = note: this error originates in the macro `try` (in Nightly builds, run with -Z macro-backtrace for more info)
[INFO] [stdout] 
[INFO] [stdout] 
[INFO] [stdout] error[E0433]: failed to resolve: could not find `__private` in `_serde`
[INFO] [stdout]   --> /opt/rustwide/cargo-home/registry/src/github.com-1ecc6299db9ec823/cookie_store-0.7.0/src/cookie.rs:72:46
[INFO] [stdout]    |
[INFO] [stdout] 72 | #[derive(PartialEq, Clone, Debug, Serialize, Deserialize)]
[INFO] [stdout]    |                                              ^^^^^^^^^^^ could not find `__private` in `_serde`
[INFO] [stdout]    |
[INFO] [stdout]    = note: this error originates in the macro `try` (in Nightly builds, run with -Z macro-backtrace for more info)
[INFO] [stdout] 
[INFO] [stdout] 
[INFO] [stdout] error[E0433]: failed to resolve: could not find `__private` in `_serde`
[INFO] [stdout]   --> /opt/rustwide/cargo-home/registry/src/github.com-1ecc6299db9ec823/cookie_store-0.7.0/src/cookie.rs:72:46
[INFO] [stdout]    |
[INFO] [stdout] 72 | #[derive(PartialEq, Clone, Debug, Serialize, Deserialize)]
[INFO] [stdout]    |                                              ^^^^^^^^^^^ could not find `__private` in `_serde`
[INFO] [stdout]    |
[INFO] [stdout]    = note: this error originates in the macro `try` (in Nightly builds, run with -Z macro-backtrace for more info)
[INFO] [stdout] 
[INFO] [stdout] 
[INFO] [stdout] error[E0433]: failed to resolve: could not find `__private` in `_serde`
[INFO] [stdout]   --> /opt/rustwide/cargo-home/registry/src/github.com-1ecc6299db9ec823/cookie_store-0.7.0/src/cookie.rs:72:46
[INFO] [stdout]    |
[INFO] [stdout] 72 | #[derive(PartialEq, Clone, Debug, Serialize, Deserialize)]
[INFO] [stdout]    |                                              ^^^^^^^^^^^ could not find `__private` in `_serde`
[INFO] [stdout]    |
[INFO] [stdout]    = note: this error originates in the macro `try` (in Nightly builds, run with -Z macro-backtrace for more info)
[INFO] [stdout] 
[INFO] [stdout] 
[INFO] [stdout] error[E0433]: failed to resolve: could not find `__private` in `_serde`
[INFO] [stdout]   --> /opt/rustwide/cargo-home/registry/src/github.com-1ecc6299db9ec823/cookie_store-0.7.0/src/cookie.rs:72:46
[INFO] [stdout]    |
[INFO] [stdout] 72 | #[derive(PartialEq, Clone, Debug, Serialize, Deserialize)]
[INFO] [stdout]    |                                              ^^^^^^^^^^^ could not find `__private` in `_serde`
[INFO] [stdout]    |
[INFO] [stdout]    = note: this error originates in the macro `try` (in Nightly builds, run with -Z macro-backtrace for more info)
[INFO] [stdout] 
[INFO] [stdout] 
[INFO] [stdout] error[E0433]: failed to resolve: could not find `__private` in `_serde`
[INFO] [stdout]   --> /opt/rustwide/cargo-home/registry/src/github.com-1ecc6299db9ec823/cookie_store-0.7.0/src/cookie.rs:72:46
[INFO] [stdout]    |
[INFO] [stdout] 72 | #[derive(PartialEq, Clone, Debug, Serialize, Deserialize)]
[INFO] [stdout]    |                                              ^^^^^^^^^^^ could not find `__private` in `_serde`
[INFO] [stdout]    |
[INFO] [stdout]    = note: this error originates in the macro `try` (in Nightly builds, run with -Z macro-backtrace for more info)
[INFO] [stdout] 
[INFO] [stdout] 
[INFO] [stdout] error[E0433]: failed to resolve: could not find `__private` in `_serde`
[INFO] [stdout]   --> /opt/rustwide/cargo-home/registry/src/github.com-1ecc6299db9ec823/cookie_store-0.7.0/src/cookie.rs:72:46
[INFO] [stdout]    |
[INFO] [stdout] 72 | #[derive(PartialEq, Clone, Debug, Serialize, Deserialize)]
[INFO] [stdout]    |                                              ^^^^^^^^^^^ could not find `__private` in `_serde`
[INFO] [stdout]    |
[INFO] [stdout]    = note: this error originates in the macro `try` (in Nightly builds, run with -Z macro-backtrace for more info)
[INFO] [stdout] 
[INFO] [stdout] 
[INFO] [stdout] error[E0433]: failed to resolve: could not find `__private` in `_serde`
[INFO] [stdout]   --> /opt/rustwide/cargo-home/registry/src/github.com-1ecc6299db9ec823/cookie_store-0.7.0/src/cookie.rs:72:46
[INFO] [stdout]    |
[INFO] [stdout] 72 | #[derive(PartialEq, Clone, Debug, Serialize, Deserialize)]
[INFO] [stdout]    |                                              ^^^^^^^^^^^ could not find `__private` in `_serde`
[INFO] [stdout]    |
[INFO] [stdout]    = note: this error originates in the macro `try` (in Nightly builds, run with -Z macro-backtrace for more info)
[INFO] [stdout] 
[INFO] [stdout] 
[INFO] [stdout] error[E0433]: failed to resolve: could not find `__private` in `_serde`
[INFO] [stdout]   --> /opt/rustwide/cargo-home/registry/src/github.com-1ecc6299db9ec823/cookie_store-0.7.0/src/cookie.rs:72:46
[INFO] [stdout]    |
[INFO] [stdout] 72 | #[derive(PartialEq, Clone, Debug, Serialize, Deserialize)]
[INFO] [stdout]    |                                              ^^^^^^^^^^^ could not find `__private` in `_serde`
[INFO] [stdout]    |
[INFO] [stdout]    = note: this error originates in the macro `try` (in Nightly builds, run with -Z macro-backtrace for more info)
[INFO] [stdout] 
[INFO] [stdout] 
[INFO] [stdout] error[E0433]: failed to resolve: could not find `__private` in `_serde`
[INFO] [stdout]   --> /opt/rustwide/cargo-home/registry/src/github.com-1ecc6299db9ec823/cookie_store-0.7.0/src/cookie.rs:72:46
[INFO] [stdout]    |
[INFO] [stdout] 72 | #[derive(PartialEq, Clone, Debug, Serialize, Deserialize)]
[INFO] [stdout]    |                                              ^^^^^^^^^^^ could not find `__private` in `_serde`
[INFO] [stdout]    |
[INFO] [stdout]    = note: this error originates in the macro `try` (in Nightly builds, run with -Z macro-backtrace for more info)
[INFO] [stdout] 
[INFO] [stdout] 
[INFO] [stdout] error[E0433]: failed to resolve: could not find `__private` in `_serde`
[INFO] [stdout]   --> /opt/rustwide/cargo-home/registry/src/github.com-1ecc6299db9ec823/cookie_store-0.7.0/src/cookie.rs:72:46
[INFO] [stdout]    |
[INFO] [stdout] 72 | #[derive(PartialEq, Clone, Debug, Serialize, Deserialize)]
[INFO] [stdout]    |                                              ^^^^^^^^^^^ could not find `__private` in `_serde`
[INFO] [stdout]    |
[INFO] [stdout]    = note: this error originates in the macro `try` (in Nightly builds, run with -Z macro-backtrace for more info)
[INFO] [stdout] 
[INFO] [stdout] 
[INFO] [stdout] error[E0433]: failed to resolve: could not find `__private` in `_serde`
[INFO] [stdout]   --> /opt/rustwide/cargo-home/registry/src/github.com-1ecc6299db9ec823/cookie_store-0.7.0/src/cookie.rs:78:5
[INFO] [stdout]    |
[INFO] [stdout] 78 |     /// The Path attribute from a Set-Cookie header or the default-path as
[INFO] [stdout]    |     ^^^^^^^^^^^^^^^^^^^^^^^^^^^^^^^^^^^^^^^^^^^^^^^^^^^^^^^^^^^^^^^^^^^^^^ could not find `__private` in `_serde`
[INFO] [stdout] 
[INFO] [stdout] 
[INFO] [stdout] error[E0433]: failed to resolve: could not find `__private` in `_serde`
[INFO] [stdout]   --> /opt/rustwide/cargo-home/registry/src/github.com-1ecc6299db9ec823/cookie_store-0.7.0/src/cookie.rs:72:46
[INFO] [stdout]    |
[INFO] [stdout] 72 | #[derive(PartialEq, Clone, Debug, Serialize, Deserialize)]
[INFO] [stdout]    |                                              ^^^^^^^^^^^ could not find `__private` in `_serde`
[INFO] [stdout]    |
[INFO] [stdout]    = note: this error originates in the macro `try` (in Nightly builds, run with -Z macro-backtrace for more info)
[INFO] [stdout] 
[INFO] [stdout] 
[INFO] [stdout] error[E0433]: failed to resolve: could not find `__private` in `_serde`
[INFO] [stdout]   --> /opt/rustwide/cargo-home/registry/src/github.com-1ecc6299db9ec823/cookie_store-0.7.0/src/cookie.rs:82:5
[INFO] [stdout]    |
[INFO] [stdout] 82 |     /// The Domain attribute from a Set-Cookie header, or a HostOnly variant if no
[INFO] [stdout]    |     ^^^^^^^^^^^^^^^^^^^^^^^^^^^^^^^^^^^^^^^^^^^^^^^^^^^^^^^^^^^^^^^^^^^^^^^^^^^^^^ could not find `__private` in `_serde`
[INFO] [stdout] 
[INFO] [stdout] 
[INFO] [stdout] error[E0433]: failed to resolve: could not find `__private` in `_serde`
[INFO] [stdout]   --> /opt/rustwide/cargo-home/registry/src/github.com-1ecc6299db9ec823/cookie_store-0.7.0/src/cookie.rs:72:46
[INFO] [stdout]    |
[INFO] [stdout] 72 | #[derive(PartialEq, Clone, Debug, Serialize, Deserialize)]
[INFO] [stdout]    |                                              ^^^^^^^^^^^ could not find `__private` in `_serde`
[INFO] [stdout]    |
[INFO] [stdout]    = note: this error originates in the macro `try` (in Nightly builds, run with -Z macro-backtrace for more info)
[INFO] [stdout] 
[INFO] [stdout] 
[INFO] [stdout] error[E0433]: failed to resolve: could not find `__private` in `_serde`
[INFO] [stdout]   --> /opt/rustwide/cargo-home/registry/src/github.com-1ecc6299db9ec823/cookie_store-0.7.0/src/cookie.rs:86:5
[INFO] [stdout]    |
[INFO] [stdout] 86 |     /// For a persistent Cookie (see [IETF RFC6265 Section
[INFO] [stdout]    |     ^^^^^^^^^^^^^^^^^^^^^^^^^^^^^^^^^^^^^^^^^^^^^^^^^^^^^^ could not find `__private` in `_serde`
[INFO] [stdout] 
[INFO] [stdout] 
[INFO] [stdout] error[E0433]: failed to resolve: could not find `__private` in `_serde`
[INFO] [stdout]   --> /opt/rustwide/cargo-home/registry/src/github.com-1ecc6299db9ec823/cookie_store-0.7.0/src/cookie.rs:72:46
[INFO] [stdout]    |
[INFO] [stdout] 72 | #[derive(PartialEq, Clone, Debug, Serialize, Deserialize)]
[INFO] [stdout]    |                                              ^^^^^^^^^^^ could not find `__private` in `_serde`
[INFO] [stdout]    |
[INFO] [stdout]    = note: this error originates in the macro `try` (in Nightly builds, run with -Z macro-backtrace for more info)
[INFO] [stdout] 
[INFO] [stdout] 
[INFO] [stdout] error[E0433]: failed to resolve: could not find `__private` in `_serde`
[INFO] [stdout]   --> /opt/rustwide/cargo-home/registry/src/github.com-1ecc6299db9ec823/cookie_store-0.7.0/src/cookie_domain.rs:20:62
[INFO] [stdout]    |
[INFO] [stdout] 20 | #[derive(PartialEq, Eq, Clone, Debug, Hash, PartialOrd, Ord, Serialize, Deserialize)]
[INFO] [stdout]    |                                                              ^^^^^^^^^ could not find `__private` in `_serde`
[INFO] [stdout]    |
[INFO] [stdout]    = note: this error originates in the derive macro `Serialize` (in Nightly builds, run with -Z macro-backtrace for more info)
[INFO] [stdout] 
[INFO] [stdout] 
[INFO] [stdout] error[E0433]: failed to resolve: could not find `__private` in `_serde`
[INFO] [stdout]   --> /opt/rustwide/cargo-home/registry/src/github.com-1ecc6299db9ec823/cookie_store-0.7.0/src/cookie_domain.rs:20:73
[INFO] [stdout]    |
[INFO] [stdout] 20 | #[derive(PartialEq, Eq, Clone, Debug, Hash, PartialOrd, Ord, Serialize, Deserialize)]
[INFO] [stdout]    |                                                                         ^^^^^^^^^^^ could not find `__private` in `_serde`
[INFO] [stdout]    |
[INFO] [stdout]    = note: this error originates in the derive macro `Deserialize` (in Nightly builds, run with -Z macro-backtrace for more info)
[INFO] [stdout] 
[INFO] [stdout] 
[INFO] [stdout] error[E0433]: failed to resolve: could not find `__private` in `_serde`
[INFO] [stdout]   --> /opt/rustwide/cargo-home/registry/src/github.com-1ecc6299db9ec823/cookie_store-0.7.0/src/cookie_domain.rs:20:73
[INFO] [stdout]    |
[INFO] [stdout] 20 | #[derive(PartialEq, Eq, Clone, Debug, Hash, PartialOrd, Ord, Serialize, Deserialize)]
[INFO] [stdout]    |                                                                         ^^^^^^^^^^^ could not find `__private` in `_serde`
[INFO] [stdout]    |
[INFO] [stdout]    = note: this error originates in the macro `try` (in Nightly builds, run with -Z macro-backtrace for more info)
[INFO] [stdout] 
[INFO] [stdout] 
[INFO] [stdout] error[E0433]: failed to resolve: could not find `__private` in `_serde`
[INFO] [stdout]   --> /opt/rustwide/cargo-home/registry/src/github.com-1ecc6299db9ec823/cookie_store-0.7.0/src/cookie_domain.rs:20:73
[INFO] [stdout]    |
[INFO] [stdout] 20 | #[derive(PartialEq, Eq, Clone, Debug, Hash, PartialOrd, Ord, Serialize, Deserialize)]
[INFO] [stdout]    |                                                                         ^^^^^^^^^^^ could not find `__private` in `_serde`
[INFO] [stdout]    |
[INFO] [stdout]    = note: this error originates in the macro `try` (in Nightly builds, run with -Z macro-backtrace for more info)
[INFO] [stdout] 
[INFO] [stdout] 
[INFO] [stdout] error[E0433]: failed to resolve: could not find `__private` in `_serde`
[INFO] [stdout]   --> /opt/rustwide/cargo-home/registry/src/github.com-1ecc6299db9ec823/cookie_store-0.7.0/src/cookie_domain.rs:20:73
[INFO] [stdout]    |
[INFO] [stdout] 20 | #[derive(PartialEq, Eq, Clone, Debug, Hash, PartialOrd, Ord, Serialize, Deserialize)]
[INFO] [stdout]    |                                                                         ^^^^^^^^^^^ could not find `__private` in `_serde`
[INFO] [stdout]    |
[INFO] [stdout]    = note: this error originates in the macro `try` (in Nightly builds, run with -Z macro-backtrace for more info)
[INFO] [stdout] 
[INFO] [stdout] 
[INFO] [stdout] error[E0433]: failed to resolve: could not find `__private` in `_serde`
[INFO] [stdout]   --> /opt/rustwide/cargo-home/registry/src/github.com-1ecc6299db9ec823/cookie_store-0.7.0/src/cookie_expiration.rs:24:62
[INFO] [stdout]    |
[INFO] [stdout] 24 | #[derive(PartialEq, Eq, Clone, Debug, Hash, PartialOrd, Ord, Serialize, Deserialize)]
[INFO] [stdout]    |                                                              ^^^^^^^^^ could not find `__private` in `_serde`
[INFO] [stdout]    |
[INFO] [stdout]    = note: this error originates in the derive macro `Serialize` (in Nightly builds, run with -Z macro-backtrace for more info)
[INFO] [stdout] 
[INFO] [stdout] 
[INFO] [stdout] error[E0433]: failed to resolve: could not find `__private` in `_serde`
[INFO] [stdout]   --> /opt/rustwide/cargo-home/registry/src/github.com-1ecc6299db9ec823/cookie_store-0.7.0/src/cookie_expiration.rs:24:73
[INFO] [stdout]    |
[INFO] [stdout] 24 | #[derive(PartialEq, Eq, Clone, Debug, Hash, PartialOrd, Ord, Serialize, Deserialize)]
[INFO] [stdout]    |                                                                         ^^^^^^^^^^^ could not find `__private` in `_serde`
[INFO] [stdout]    |
[INFO] [stdout]    = note: this error originates in the derive macro `Deserialize` (in Nightly builds, run with -Z macro-backtrace for more info)
[INFO] [stdout] 
[INFO] [stdout] 
[INFO] [stdout] error[E0433]: failed to resolve: could not find `__private` in `_serde`
[INFO] [stdout]   --> /opt/rustwide/cargo-home/registry/src/github.com-1ecc6299db9ec823/cookie_store-0.7.0/src/cookie_expiration.rs:24:73
[INFO] [stdout]    |
[INFO] [stdout] 24 | #[derive(PartialEq, Eq, Clone, Debug, Hash, PartialOrd, Ord, Serialize, Deserialize)]
[INFO] [stdout]    |                                                                         ^^^^^^^^^^^ could not find `__private` in `_serde`
[INFO] [stdout]    |
[INFO] [stdout]    = note: this error originates in the macro `try` (in Nightly builds, run with -Z macro-backtrace for more info)
[INFO] [stdout] 
[INFO] [stdout] 
[INFO] [stdout] error[E0433]: failed to resolve: could not find `__private` in `_serde`
[INFO] [stdout]   --> /opt/rustwide/cargo-home/registry/src/github.com-1ecc6299db9ec823/cookie_store-0.7.0/src/cookie_expiration.rs:24:73
[INFO] [stdout]    |
[INFO] [stdout] 24 | #[derive(PartialEq, Eq, Clone, Debug, Hash, PartialOrd, Ord, Serialize, Deserialize)]
[INFO] [stdout]    |                                                                         ^^^^^^^^^^^ could not find `__private` in `_serde`
[INFO] [stdout]    |
[INFO] [stdout]    = note: this error originates in the macro `try` (in Nightly builds, run with -Z macro-backtrace for more info)
[INFO] [stdout] 
[INFO] [stdout] 
[INFO] [stdout] error[E0433]: failed to resolve: could not find `__private` in `_serde`
[INFO] [stdout]   --> /opt/rustwide/cargo-home/registry/src/github.com-1ecc6299db9ec823/cookie_store-0.7.0/src/cookie_path.rs:13:10
[INFO] [stdout]    |
[INFO] [stdout] 13 | #[derive(Serialize, Deserialize, PartialEq, Eq, Clone, Debug, Hash, PartialOrd, Ord)]
[INFO] [stdout]    |          ^^^^^^^^^ could not find `__private` in `_serde`
[INFO] [stdout]    |
[INFO] [stdout]    = note: this error originates in the derive macro `Serialize` (in Nightly builds, run with -Z macro-backtrace for more info)
[INFO] [stdout] 
[INFO] [stdout] 
[INFO] [stdout] error[E0433]: failed to resolve: could not find `__private` in `_serde`
[INFO] [stdout]   --> /opt/rustwide/cargo-home/registry/src/github.com-1ecc6299db9ec823/cookie_store-0.7.0/src/cookie_path.rs:13:10
[INFO] [stdout]    |
[INFO] [stdout] 13 | #[derive(Serialize, Deserialize, PartialEq, Eq, Clone, Debug, Hash, PartialOrd, Ord)]
[INFO] [stdout]    |          ^^^^^^^^^ could not find `__private` in `_serde`
[INFO] [stdout]    |
[INFO] [stdout]    = note: this error originates in the macro `try` (in Nightly builds, run with -Z macro-backtrace for more info)
[INFO] [stdout] 
[INFO] [stdout] 
[INFO] [stdout] error[E0433]: failed to resolve: could not find `__private` in `_serde`
[INFO] [stdout]   --> /opt/rustwide/cargo-home/registry/src/github.com-1ecc6299db9ec823/cookie_store-0.7.0/src/cookie_path.rs:13:10
[INFO] [stdout]    |
[INFO] [stdout] 13 | #[derive(Serialize, Deserialize, PartialEq, Eq, Clone, Debug, Hash, PartialOrd, Ord)]
[INFO] [stdout]    |          ^^^^^^^^^ could not find `__private` in `_serde`
[INFO] [stdout]    |
[INFO] [stdout]    = note: this error originates in the macro `try` (in Nightly builds, run with -Z macro-backtrace for more info)
[INFO] [stdout] 
[INFO] [stdout] 
[INFO] [stdout] error[E0433]: failed to resolve: could not find `__private` in `_serde`
[INFO] [stdout]   --> /opt/rustwide/cargo-home/registry/src/github.com-1ecc6299db9ec823/cookie_store-0.7.0/src/cookie_path.rs:13:10
[INFO] [stdout]    |
[INFO] [stdout] 13 | #[derive(Serialize, Deserialize, PartialEq, Eq, Clone, Debug, Hash, PartialOrd, Ord)]
[INFO] [stdout]    |          ^^^^^^^^^ could not find `__private` in `_serde`
[INFO] [stdout]    |
[INFO] [stdout]    = note: this error originates in the macro `try` (in Nightly builds, run with -Z macro-backtrace for more info)
[INFO] [stdout] 
[INFO] [stdout] 
[INFO] [stdout] error[E0433]: failed to resolve: could not find `__private` in `_serde`
[INFO] [stdout]   --> /opt/rustwide/cargo-home/registry/src/github.com-1ecc6299db9ec823/cookie_store-0.7.0/src/cookie_path.rs:13:21
[INFO] [stdout]    |
[INFO] [stdout] 13 | #[derive(Serialize, Deserialize, PartialEq, Eq, Clone, Debug, Hash, PartialOrd, Ord)]
[INFO] [stdout]    |                     ^^^^^^^^^^^ could not find `__private` in `_serde`
[INFO] [stdout]    |
[INFO] [stdout]    = note: this error originates in the derive macro `Deserialize` (in Nightly builds, run with -Z macro-backtrace for more info)
[INFO] [stdout] 
[INFO] [stdout] 
[INFO] [stdout] error[E0433]: failed to resolve: could not find `__private` in `_serde`
[INFO] [stdout]   --> /opt/rustwide/cargo-home/registry/src/github.com-1ecc6299db9ec823/cookie_store-0.7.0/src/cookie_path.rs:13:21
[INFO] [stdout]    |
[INFO] [stdout] 13 | #[derive(Serialize, Deserialize, PartialEq, Eq, Clone, Debug, Hash, PartialOrd, Ord)]
[INFO] [stdout]    |                     ^^^^^^^^^^^ could not find `__private` in `_serde`
[INFO] [stdout]    |
[INFO] [stdout]    = note: this error originates in the macro `try` (in Nightly builds, run with -Z macro-backtrace for more info)
[INFO] [stdout] 
[INFO] [stdout] 
[INFO] [stdout] error[E0433]: failed to resolve: could not find `__private` in `_serde`
[INFO] [stdout]   --> /opt/rustwide/cargo-home/registry/src/github.com-1ecc6299db9ec823/cookie_store-0.7.0/src/cookie_path.rs:13:21
[INFO] [stdout]    |
[INFO] [stdout] 13 | #[derive(Serialize, Deserialize, PartialEq, Eq, Clone, Debug, Hash, PartialOrd, Ord)]
[INFO] [stdout]    |                     ^^^^^^^^^^^ could not find `__private` in `_serde`
[INFO] [stdout]    |
[INFO] [stdout]    = note: this error originates in the macro `try` (in Nightly builds, run with -Z macro-backtrace for more info)
[INFO] [stdout] 
[INFO] [stdout] 
[INFO] [stdout] error[E0433]: failed to resolve: could not find `__private` in `_serde`
[INFO] [stdout]   --> /opt/rustwide/cargo-home/registry/src/github.com-1ecc6299db9ec823/cookie_store-0.7.0/src/cookie.rs:72:46
[INFO] [stdout]    |
[INFO] [stdout] 72 | #[derive(PartialEq, Clone, Debug, Serialize, Deserialize)]
[INFO] [stdout]    |                                              ^^^^^^^^^^^ not found in `_serde::__private`
[INFO] [stdout]    |
[INFO] [stdout]    = note: this error originates in the derive macro `Deserialize` (in Nightly builds, run with -Z macro-backtrace for more info)
[INFO] [stdout] help: consider importing this enum
[INFO] [stdout]    |
[INFO] [stdout] 1  | use std::option::Option;
[INFO] [stdout]    |
[INFO] [stdout] 
[INFO] [stdout] 
[INFO] [stdout] error[E0433]: failed to resolve: could not find `__private` in `_serde`
[INFO] [stdout]   --> /opt/rustwide/cargo-home/registry/src/github.com-1ecc6299db9ec823/cookie_store-0.7.0/src/cookie_domain.rs:20:73
[INFO] [stdout]    |
[INFO] [stdout] 20 | #[derive(PartialEq, Eq, Clone, Debug, Hash, PartialOrd, Ord, Serialize, Deserialize)]
[INFO] [stdout]    |                                                                         ^^^^^^^^^^^ not found in `_serde::__private`
[INFO] [stdout]    |
[INFO] [stdout]    = note: this error originates in the derive macro `Deserialize` (in Nightly builds, run with -Z macro-backtrace for more info)
[INFO] [stdout] help: consider importing one of these items
[INFO] [stdout]    |
[INFO] [stdout] 1  | use Result;
[INFO] [stdout]    |
[INFO] [stdout] 1  | use std::io::Result;
[INFO] [stdout]    |
[INFO] [stdout] 1  | use std::result::Result;
[INFO] [stdout]    |
[INFO] [stdout] 1  | use std::thread::Result;
[INFO] [stdout]    |
[INFO] [stdout] 
[INFO] [stdout] 
[INFO] [stdout] error[E0433]: failed to resolve: could not find `__private` in `_serde`
[INFO] [stdout]   --> /opt/rustwide/cargo-home/registry/src/github.com-1ecc6299db9ec823/cookie_store-0.7.0/src/cookie_expiration.rs:24:73
[INFO] [stdout]    |
[INFO] [stdout] 24 | #[derive(PartialEq, Eq, Clone, Debug, Hash, PartialOrd, Ord, Serialize, Deserialize)]
[INFO] [stdout]    |                                                                         ^^^^^^^^^^^ not found in `_serde::__private`
[INFO] [stdout]    |
[INFO] [stdout]    = note: this error originates in the derive macro `Deserialize` (in Nightly builds, run with -Z macro-backtrace for more info)
[INFO] [stdout] help: consider importing one of these items
[INFO] [stdout]    |
[INFO] [stdout] 1  | use Result;
[INFO] [stdout]    |
[INFO] [stdout] 1  | use std::io::Result;
[INFO] [stdout]    |
[INFO] [stdout] 1  | use std::result::Result;
[INFO] [stdout]    |
[INFO] [stdout] 1  | use std::thread::Result;
[INFO] [stdout]    |
[INFO] [stdout] 
[INFO] [stdout] 
[INFO] [stdout] error: aborting due to 43 previous errors
[INFO] [stdout] 
[INFO] [stdout] 
[INFO] [stdout] For more information about this error, try `rustc --explain E0433`.
[INFO] [stdout] 
[INFO] [stderr] error: could not compile `cookie_store` due to 44 previous errors
[INFO] running `Command { std: "docker" "inspect" "4ed8aada288ed31f2c838f6aabc2edb0bf097d0a6fa1ccdd6dd28ec032860bdb", kill_on_drop: false }`
[INFO] running `Command { std: "docker" "rm" "-f" "4ed8aada288ed31f2c838f6aabc2edb0bf097d0a6fa1ccdd6dd28ec032860bdb", kill_on_drop: false }`
[INFO] [stdout] 4ed8aada288ed31f2c838f6aabc2edb0bf097d0a6fa1ccdd6dd28ec032860bdb
