[INFO] cloning repository https://github.com/SCOTPAUL/SwitchConnector
[INFO] running `Command { std: "git" "-c" "credential.helper=" "-c" "credential.helper=/workspace/cargo-home/bin/git-credential-null" "clone" "--bare" "https://github.com/SCOTPAUL/SwitchConnector" "/workspace/cache/git-repos/https%3A%2F%2Fgithub.com%2FSCOTPAUL%2FSwitchConnector", kill_on_drop: false }`
[INFO] [stderr] Cloning into bare repository '/workspace/cache/git-repos/https%3A%2F%2Fgithub.com%2FSCOTPAUL%2FSwitchConnector'...
[INFO] running `Command { std: "git" "rev-parse" "HEAD", kill_on_drop: false }`
[INFO] [stdout] f40626104b461d237f2b79c12890ef432466b91c
[INFO] documenting SCOTPAUL/SwitchConnector against beta-2021-08-01 for beta-1.55-rustdoc-1
[INFO] running `Command { std: "git" "clone" "/workspace/cache/git-repos/https%3A%2F%2Fgithub.com%2FSCOTPAUL%2FSwitchConnector" "/workspace/builds/worker-45/source", kill_on_drop: false }`
[INFO] [stderr] Cloning into '/workspace/builds/worker-45/source'...
[INFO] [stderr] done.
[INFO] validating manifest of git repo https://github.com/SCOTPAUL/SwitchConnector on toolchain beta-2021-08-01
[INFO] running `Command { std: "/workspace/cargo-home/bin/cargo" "+beta-2021-08-01" "metadata" "--manifest-path" "Cargo.toml" "--no-deps", kill_on_drop: false }`
[INFO] started tweaking git repo https://github.com/SCOTPAUL/SwitchConnector
[INFO] finished tweaking git repo https://github.com/SCOTPAUL/SwitchConnector
[INFO] tweaked toml for git repo https://github.com/SCOTPAUL/SwitchConnector written to /workspace/builds/worker-45/source/Cargo.toml
[INFO] crate git repo https://github.com/SCOTPAUL/SwitchConnector already has a lockfile, it will not be regenerated
[INFO] running `Command { std: "/workspace/cargo-home/bin/cargo" "+beta-2021-08-01" "fetch" "--manifest-path" "Cargo.toml", kill_on_drop: false }`
[INFO] [stderr]     Blocking waiting for file lock on package cache
[INFO] [stderr]     Blocking waiting for file lock on package cache
[INFO] running `Command { std: "docker" "create" "-v" "/var/lib/crater-agent-workspace/builds/worker-45/target:/opt/rustwide/target:rw,Z" "-v" "/var/lib/crater-agent-workspace/builds/worker-45/source:/opt/rustwide/workdir:ro,Z" "-v" "/var/lib/crater-agent-workspace/cargo-home:/opt/rustwide/cargo-home:ro,Z" "-v" "/var/lib/crater-agent-workspace/rustup-home:/opt/rustwide/rustup-home:ro,Z" "-e" "SOURCE_DIR=/opt/rustwide/workdir" "-e" "CARGO_TARGET_DIR=/opt/rustwide/target" "-e" "CARGO_HOME=/opt/rustwide/cargo-home" "-e" "RUSTUP_HOME=/opt/rustwide/rustup-home" "-w" "/opt/rustwide/workdir" "-m" "1610612736" "--user" "0:0" "--network" "none" "ghcr.io/rust-lang/crates-build-env/linux@sha256:34b6a614d2c27851fe6cbf88fbd1137609cefab8b10d0615aaeb6fd47975d74e" "/opt/rustwide/cargo-home/bin/cargo" "+beta-2021-08-01" "metadata" "--no-deps" "--format-version=1", kill_on_drop: false }`
[INFO] [stdout] 4c768b0d455b94d6430ffc0e4e9c0b8cbf771834aad261d4dd54acc16d748bcf
[INFO] running `Command { std: "docker" "start" "-a" "4c768b0d455b94d6430ffc0e4e9c0b8cbf771834aad261d4dd54acc16d748bcf", kill_on_drop: false }`
[INFO] running `Command { std: "docker" "inspect" "4c768b0d455b94d6430ffc0e4e9c0b8cbf771834aad261d4dd54acc16d748bcf", kill_on_drop: false }`
[INFO] running `Command { std: "docker" "rm" "-f" "4c768b0d455b94d6430ffc0e4e9c0b8cbf771834aad261d4dd54acc16d748bcf", kill_on_drop: false }`
[INFO] [stdout] 4c768b0d455b94d6430ffc0e4e9c0b8cbf771834aad261d4dd54acc16d748bcf
[INFO] running `Command { std: "docker" "create" "-v" "/var/lib/crater-agent-workspace/builds/worker-45/target:/opt/rustwide/target:rw,Z" "-v" "/var/lib/crater-agent-workspace/builds/worker-45/source:/opt/rustwide/workdir:ro,Z" "-v" "/var/lib/crater-agent-workspace/cargo-home:/opt/rustwide/cargo-home:ro,Z" "-v" "/var/lib/crater-agent-workspace/rustup-home:/opt/rustwide/rustup-home:ro,Z" "-e" "SOURCE_DIR=/opt/rustwide/workdir" "-e" "CARGO_TARGET_DIR=/opt/rustwide/target" "-e" "CARGO_INCREMENTAL=0" "-e" "RUST_BACKTRACE=full" "-e" "RUSTDOCFLAGS=--cap-lints=warn" "-e" "CARGO_HOME=/opt/rustwide/cargo-home" "-e" "RUSTUP_HOME=/opt/rustwide/rustup-home" "-w" "/opt/rustwide/workdir" "-m" "1610612736" "--user" "0:0" "--network" "none" "ghcr.io/rust-lang/crates-build-env/linux@sha256:34b6a614d2c27851fe6cbf88fbd1137609cefab8b10d0615aaeb6fd47975d74e" "/opt/rustwide/cargo-home/bin/cargo" "+beta-2021-08-01" "doc" "--frozen" "--no-deps" "--document-private-items" "--message-format=json", kill_on_drop: false }`
[INFO] [stdout] 26526870e603c773a3be49a9ca9ce07704a1442a60972bc6c9cc6c35fee249d2
[INFO] running `Command { std: "docker" "start" "-a" "26526870e603c773a3be49a9ca9ce07704a1442a60972bc6c9cc6c35fee249d2", kill_on_drop: false }`
[INFO] [stderr]     Blocking waiting for file lock on package cache
[INFO] [stderr]    Compiling anyhow v1.0.32
[INFO] [stderr]     Checking widestring v0.4.2
[INFO] [stderr]  Documenting switch_connector v0.1.0 (/opt/rustwide/workdir)
[INFO] [stdout] error[E0433]: failed to resolve: use of undeclared crate or module `winapi`
[INFO] [stdout]  --> src/main.rs:1:5
[INFO] [stdout]   |
[INFO] [stdout] 1 | use winapi::um::bluetoothapis::*;
[INFO] [stdout]   |     ^^^^^^ use of undeclared crate or module `winapi`
[INFO] [stdout] 
[INFO] [stdout] 
[INFO] [stderr] error: could not document `switch_connector`
[INFO] [stdout] error[E0433]: failed to resolve: use of undeclared crate or module `winapi`
[INFO] [stdout]  --> src/main.rs:2:5
[INFO] [stdout]   |
[INFO] [stdout] 2 | use winapi::ctypes::c_void;
[INFO] [stdout]   |     ^^^^^^ use of undeclared crate or module `winapi`
[INFO] [stdout] 
[INFO] [stdout] 
[INFO] [stderr] 
[INFO] [stdout] error[E0433]: failed to resolve: use of undeclared crate or module `winapi`
[INFO] [stdout]  --> src/main.rs:3:5
[INFO] [stdout]   |
[INFO] [stdout] 3 | use winapi::shared::bthdef::*;
[INFO] [stdout]   |     ^^^^^^ use of undeclared crate or module `winapi`
[INFO] [stdout] 
[INFO] [stdout] 
[INFO] [stderr] Caused by:
[INFO] [stdout] error[E0432]: unresolved imports `winapi::um::bluetoothapis::*`, `winapi::ctypes::c_void`, `winapi::shared::bthdef::*`
[INFO] [stdout]  --> src/main.rs:1:5
[INFO] [stdout]   |
[INFO] [stdout] 1 | use winapi::um::bluetoothapis::*;
[INFO] [stdout]   |     ^^^^^^^^^^^^^^^^^^^^^^^^^^^^
[INFO] [stdout] 2 | use winapi::ctypes::c_void;
[INFO] [stdout]   |     ^^^^^^^^^^^^^^^^^^^^^^
[INFO] [stdout] 3 | use winapi::shared::bthdef::*;
[INFO] [stdout]   |     ^^^^^^^^^^^^^^^^^^^^^^^^^
[INFO] [stdout] 
[INFO] [stdout] 
[INFO] [stderr]   process didn't exit successfully: `rustdoc --edition=2018 --crate-type bin --crate-name switch_connector src/main.rs -o /opt/rustwide/target/doc --error-format=json --json=diagnostic-rendered-ansi --document-private-items -L dependency=/opt/rustwide/target/debug/deps --extern anyhow=/opt/rustwide/target/debug/deps/libanyhow-ef928f5d6a425caf.rmeta --extern widestring=/opt/rustwide/target/debug/deps/libwidestring-12ad8a1cf7a9a656.rmeta --cap-lints=warn --crate-version 0.1.0` (exit status: 1)
[INFO] [stdout] error[E0412]: cannot find type `BLUETOOTH_DEVICE_INFO` in this scope
[INFO] [stdout]   --> src/main.rs:15:18
[INFO] [stdout]    |
[INFO] [stdout] 15 |     device_info: BLUETOOTH_DEVICE_INFO
[INFO] [stdout]    |                  ^^^^^^^^^^^^^^^^^^^^^ not found in this scope
[INFO] [stdout] 
[INFO] [stdout] 
[INFO] [stdout] error[E0412]: cannot find type `c_void` in this scope
[INFO] [stdout]   --> src/main.rs:72:67
[INFO] [stdout]    |
[INFO] [stdout] 72 | unsafe extern "system" fn bluetooth_registration_callback(_: *mut c_void, callback_params: *mut BLUETOOTH_AUTHENTICATION_CALLBACK_PARAMS)...
[INFO] [stdout]    |                                                                   ^^^^^^ not found in this scope
[INFO] [stdout]    |
[INFO] [stdout] help: consider importing one of these items
[INFO] [stdout]    |
[INFO] [stdout] 1  | use core::ffi::c_void;
[INFO] [stdout]    |
[INFO] [stdout] 1  | use std::os::raw::c_void;
[INFO] [stdout]    |
[INFO] [stdout] 
[INFO] [stdout] 
[INFO] [stdout] error[E0412]: cannot find type `BLUETOOTH_AUTHENTICATION_CALLBACK_PARAMS` in this scope
[INFO] [stdout]   --> src/main.rs:72:97
[INFO] [stdout]    |
[INFO] [stdout] 72 | ...*mut c_void, callback_params: *mut BLUETOOTH_AUTHENTICATION_CALLBACK_PARAMS) -> i32 {
[INFO] [stdout]    |                                       ^^^^^^^^^^^^^^^^^^^^^^^^^^^^^^^^^^^^^^^^ not found in this scope
[INFO] [stdout] 
[INFO] [stdout] 
[INFO] [stdout] error: Compilation failed, aborting rustdoc
[INFO] [stdout] 
[INFO] [stdout] 
[INFO] [stdout] error: aborting due to 8 previous errors
[INFO] [stdout] 
[INFO] [stdout] 
[INFO] [stdout] Some errors have detailed explanations: E0412, E0432, E0433.
[INFO] [stdout] 
[INFO] [stdout] For more information about an error, try `rustc --explain E0412`.
[INFO] [stdout] 
[INFO] running `Command { std: "docker" "inspect" "26526870e603c773a3be49a9ca9ce07704a1442a60972bc6c9cc6c35fee249d2", kill_on_drop: false }`
[INFO] running `Command { std: "docker" "rm" "-f" "26526870e603c773a3be49a9ca9ce07704a1442a60972bc6c9cc6c35fee249d2", kill_on_drop: false }`
[INFO] [stdout] 26526870e603c773a3be49a9ca9ce07704a1442a60972bc6c9cc6c35fee249d2
