[INFO] cloning repository https://github.com/RustKernal/RustOS
[INFO] running `Command { std: "git" "-c" "credential.helper=" "-c" "credential.helper=/workspace/cargo-home/bin/git-credential-null" "clone" "--bare" "https://github.com/RustKernal/RustOS" "/workspace/cache/git-repos/https%3A%2F%2Fgithub.com%2FRustKernal%2FRustOS", kill_on_drop: false }`
[INFO] [stderr] Cloning into bare repository '/workspace/cache/git-repos/https%3A%2F%2Fgithub.com%2FRustKernal%2FRustOS'...
[INFO] running `Command { std: "git" "rev-parse" "HEAD", kill_on_drop: false }`
[INFO] [stdout] 0a09079951c97748fa6f006b48b1a00355957dae
[INFO] documenting RustKernal/RustOS against beta-2021-08-01 for beta-1.55-rustdoc-1
[INFO] running `Command { std: "git" "clone" "/workspace/cache/git-repos/https%3A%2F%2Fgithub.com%2FRustKernal%2FRustOS" "/workspace/builds/worker-15/source", kill_on_drop: false }`
[INFO] [stderr] Cloning into '/workspace/builds/worker-15/source'...
[INFO] [stderr] done.
[INFO] [stderr] Updating files:  70% (419/598)
Updating files:  71% (425/598)
Updating files:  72% (431/598)
Updating files:  73% (437/598)
Updating files:  74% (443/598)
Updating files:  75% (449/598)
Updating files:  76% (455/598)
Updating files:  77% (461/598)
Updating files:  78% (467/598)
Updating files:  79% (473/598)
Updating files:  80% (479/598)
Updating files:  81% (485/598)
Updating files:  82% (491/598)
Updating files:  83% (497/598)
Updating files:  84% (503/598)
Updating files:  85% (509/598)
Updating files:  86% (515/598)
Updating files:  87% (521/598)
Updating files:  88% (527/598)
Updating files:  89% (533/598)
Updating files:  90% (539/598)
Updating files:  91% (545/598)
Updating files:  92% (551/598)
Updating files:  93% (557/598)
Updating files:  94% (563/598)
Updating files:  95% (569/598)
Updating files:  96% (575/598)
Updating files:  97% (581/598)
Updating files:  98% (587/598)
Updating files:  99% (593/598)
Updating files: 100% (598/598)
Updating files: 100% (598/598), done.
[INFO] validating manifest of git repo https://github.com/RustKernal/RustOS on toolchain beta-2021-08-01
[INFO] running `Command { std: "/workspace/cargo-home/bin/cargo" "+beta-2021-08-01" "metadata" "--manifest-path" "Cargo.toml" "--no-deps", kill_on_drop: false }`
[INFO] removed /workspace/builds/worker-15/source/.cargo/config.toml
[INFO] removed /workspace/builds/worker-15/source/rust-toolchain
[INFO] started tweaking git repo https://github.com/RustKernal/RustOS
[INFO] finished tweaking git repo https://github.com/RustKernal/RustOS
[INFO] tweaked toml for git repo https://github.com/RustKernal/RustOS written to /workspace/builds/worker-15/source/Cargo.toml
[INFO] crate git repo https://github.com/RustKernal/RustOS already has a lockfile, it will not be regenerated
[INFO] running `Command { std: "/workspace/cargo-home/bin/cargo" "+beta-2021-08-01" "fetch" "--manifest-path" "Cargo.toml", kill_on_drop: false }`
[INFO] [stderr]  Downloading crates ...
[INFO] [stderr]   Downloaded uart_16550 v0.2.12
[INFO] running `Command { std: "docker" "create" "-v" "/var/lib/crater-agent-workspace/builds/worker-15/target:/opt/rustwide/target:rw,Z" "-v" "/var/lib/crater-agent-workspace/builds/worker-15/source:/opt/rustwide/workdir:ro,Z" "-v" "/var/lib/crater-agent-workspace/cargo-home:/opt/rustwide/cargo-home:ro,Z" "-v" "/var/lib/crater-agent-workspace/rustup-home:/opt/rustwide/rustup-home:ro,Z" "-e" "SOURCE_DIR=/opt/rustwide/workdir" "-e" "CARGO_TARGET_DIR=/opt/rustwide/target" "-e" "CARGO_HOME=/opt/rustwide/cargo-home" "-e" "RUSTUP_HOME=/opt/rustwide/rustup-home" "-w" "/opt/rustwide/workdir" "-m" "1610612736" "--user" "0:0" "--network" "none" "ghcr.io/rust-lang/crates-build-env/linux@sha256:34b6a614d2c27851fe6cbf88fbd1137609cefab8b10d0615aaeb6fd47975d74e" "/opt/rustwide/cargo-home/bin/cargo" "+beta-2021-08-01" "metadata" "--no-deps" "--format-version=1", kill_on_drop: false }`
[INFO] [stdout] 440b98764e25567ffb811fdb06c99aad645d0e025288873d7e4a9e64f42f04e6
[INFO] running `Command { std: "docker" "start" "-a" "440b98764e25567ffb811fdb06c99aad645d0e025288873d7e4a9e64f42f04e6", kill_on_drop: false }`
[INFO] running `Command { std: "docker" "inspect" "440b98764e25567ffb811fdb06c99aad645d0e025288873d7e4a9e64f42f04e6", kill_on_drop: false }`
[INFO] running `Command { std: "docker" "rm" "-f" "440b98764e25567ffb811fdb06c99aad645d0e025288873d7e4a9e64f42f04e6", kill_on_drop: false }`
[INFO] [stdout] 440b98764e25567ffb811fdb06c99aad645d0e025288873d7e4a9e64f42f04e6
[INFO] running `Command { std: "docker" "create" "-v" "/var/lib/crater-agent-workspace/builds/worker-15/target:/opt/rustwide/target:rw,Z" "-v" "/var/lib/crater-agent-workspace/builds/worker-15/source:/opt/rustwide/workdir:ro,Z" "-v" "/var/lib/crater-agent-workspace/cargo-home:/opt/rustwide/cargo-home:ro,Z" "-v" "/var/lib/crater-agent-workspace/rustup-home:/opt/rustwide/rustup-home:ro,Z" "-e" "SOURCE_DIR=/opt/rustwide/workdir" "-e" "CARGO_TARGET_DIR=/opt/rustwide/target" "-e" "CARGO_INCREMENTAL=0" "-e" "RUST_BACKTRACE=full" "-e" "RUSTDOCFLAGS=--cap-lints=warn" "-e" "CARGO_HOME=/opt/rustwide/cargo-home" "-e" "RUSTUP_HOME=/opt/rustwide/rustup-home" "-w" "/opt/rustwide/workdir" "-m" "1610612736" "--user" "0:0" "--network" "none" "ghcr.io/rust-lang/crates-build-env/linux@sha256:34b6a614d2c27851fe6cbf88fbd1137609cefab8b10d0615aaeb6fd47975d74e" "/opt/rustwide/cargo-home/bin/cargo" "+beta-2021-08-01" "doc" "--frozen" "--no-deps" "--document-private-items" "--message-format=json", kill_on_drop: false }`
[INFO] [stdout] 18d3e51d01396b1eef99eb3875659028a7dc9be043d9ce87da992beb6ce7c25f
[INFO] running `Command { std: "docker" "start" "-a" "18d3e51d01396b1eef99eb3875659028a7dc9be043d9ce87da992beb6ce7c25f", kill_on_drop: false }`
[INFO] [stderr]    Compiling x86_64 v0.13.6
[INFO] [stderr]     Checking bit_field v0.9.0
[INFO] [stderr]    Compiling bootloader v0.9.16
[INFO] [stderr]     Checking spin v0.5.2
[INFO] [stderr]     Checking cpuio v0.3.0
[INFO] [stderr]     Checking volatile v0.2.7
[INFO] [stderr]     Checking pc-keyboard v0.5.1
[INFO] [stderr]     Checking lock_api v0.3.4
[INFO] [stdout] error[E0557]: feature has been removed
[INFO] [stdout]   --> /opt/rustwide/cargo-home/registry/src/github.com-1ecc6299db9ec823/lock_api-0.3.4/src/lib.rs:91:42
[INFO] [stdout]    |
[INFO] [stdout] 91 | #![cfg_attr(feature = "nightly", feature(const_fn))]
[INFO] [stdout]    |                                          ^^^^^^^^ feature has been removed
[INFO] [stdout]    |
[INFO] [stdout]    = note: split into finer-grained feature gates
[INFO] [stdout] 
[INFO] [stdout] 
[INFO] [stdout] error[E0557]: feature has been removed
[INFO] [stdout]  --> /opt/rustwide/cargo-home/registry/src/github.com-1ecc6299db9ec823/cpuio-0.3.0/src/lib.rs:4:22
[INFO] [stdout]   |
[INFO] [stdout] 4 | #![feature(llvm_asm, const_fn)]
[INFO] [stdout]   |                      ^^^^^^^^ feature has been removed
[INFO] [stdout]   |
[INFO] [stdout]   = note: split into finer-grained feature gates
[INFO] [stdout] 
[INFO] [stdout] 
[INFO] [stdout] error[E0554]: `#![feature]` may not be used on the beta release channel
[INFO] [stdout]  --> /opt/rustwide/cargo-home/registry/src/github.com-1ecc6299db9ec823/cpuio-0.3.0/src/lib.rs:4:1
[INFO] [stdout]   |
[INFO] [stdout] 4 | #![feature(llvm_asm, const_fn)]
[INFO] [stdout]   | ^^^^^^^^^^^^^^^^^^^^^^^^^^^^^^^
[INFO] [stdout] 
[INFO] [stdout] 
[INFO] [stdout] error[E0554]: `#![feature]` may not be used on the beta release channel
[INFO] [stdout]   --> /opt/rustwide/cargo-home/registry/src/github.com-1ecc6299db9ec823/lock_api-0.3.4/src/lib.rs:91:34
[INFO] [stdout]    |
[INFO] [stdout] 91 | #![cfg_attr(feature = "nightly", feature(const_fn))]
[INFO] [stdout]    |                                  ^^^^^^^^^^^^^^^^^
[INFO] [stdout] 
[INFO] [stdout] 
[INFO] [stdout] error: aborting due to 2 previous errors
[INFO] [stdout] 
[INFO] [stdout] 
[INFO] [stdout] Some errors have detailed explanations: E0554, E0557.
[INFO] [stdout] 
[INFO] [stdout] For more information about an error, try `rustc --explain E0554`.
[INFO] [stdout] 
[INFO] [stderr] error: could not compile `cpuio` due to 3 previous errors
[INFO] [stderr] warning: build failed, waiting for other jobs to finish...
[INFO] [stdout] error: aborting due to 2 previous errors
[INFO] [stdout] 
[INFO] [stdout] 
[INFO] [stdout] Some errors have detailed explanations: E0554, E0557.
[INFO] [stdout] 
[INFO] [stdout] For more information about an error, try `rustc --explain E0554`.
[INFO] [stdout] 
[INFO] [stderr] error: build failed
[INFO] running `Command { std: "docker" "inspect" "18d3e51d01396b1eef99eb3875659028a7dc9be043d9ce87da992beb6ce7c25f", kill_on_drop: false }`
[INFO] running `Command { std: "docker" "rm" "-f" "18d3e51d01396b1eef99eb3875659028a7dc9be043d9ce87da992beb6ce7c25f", kill_on_drop: false }`
[INFO] [stdout] 18d3e51d01396b1eef99eb3875659028a7dc9be043d9ce87da992beb6ce7c25f
