[INFO] cloning repository https://github.com/RetricSu/liquidable-nervos-dao-contract
[INFO] running `Command { std: "git" "-c" "credential.helper=" "-c" "credential.helper=/workspace/cargo-home/bin/git-credential-null" "clone" "--bare" "https://github.com/RetricSu/liquidable-nervos-dao-contract" "/workspace/cache/git-repos/https%3A%2F%2Fgithub.com%2FRetricSu%2Fliquidable-nervos-dao-contract", kill_on_drop: false }`
[INFO] [stderr] Cloning into bare repository '/workspace/cache/git-repos/https%3A%2F%2Fgithub.com%2FRetricSu%2Fliquidable-nervos-dao-contract'...
[INFO] running `Command { std: "git" "rev-parse" "HEAD", kill_on_drop: false }`
[INFO] [stdout] 8239e9e139a7db5e6e4691caefeff56b0fb19766
[INFO] documenting RetricSu/liquidable-nervos-dao-contract against beta-2021-08-01 for beta-1.55-rustdoc-1
[INFO] running `Command { std: "git" "clone" "/workspace/cache/git-repos/https%3A%2F%2Fgithub.com%2FRetricSu%2Fliquidable-nervos-dao-contract" "/workspace/builds/worker-81/source", kill_on_drop: false }`
[INFO] [stderr] Cloning into '/workspace/builds/worker-81/source'...
[INFO] [stderr] done.
[INFO] validating manifest of git repo https://github.com/RetricSu/liquidable-nervos-dao-contract on toolchain beta-2021-08-01
[INFO] running `Command { std: "/workspace/cargo-home/bin/cargo" "+beta-2021-08-01" "metadata" "--manifest-path" "Cargo.toml" "--no-deps", kill_on_drop: false }`
[INFO] started tweaking git repo https://github.com/RetricSu/liquidable-nervos-dao-contract
[INFO] finished tweaking git repo https://github.com/RetricSu/liquidable-nervos-dao-contract
[INFO] tweaked toml for git repo https://github.com/RetricSu/liquidable-nervos-dao-contract written to /workspace/builds/worker-81/source/Cargo.toml
[INFO] crate git repo https://github.com/RetricSu/liquidable-nervos-dao-contract already has a lockfile, it will not be regenerated
[INFO] running `Command { std: "/workspace/cargo-home/bin/cargo" "+beta-2021-08-01" "fetch" "--manifest-path" "Cargo.toml", kill_on_drop: false }`
[INFO] [stderr]     Blocking waiting for file lock on package cache
[INFO] [stderr]     Blocking waiting for file lock on package cache
[INFO] running `Command { std: "docker" "create" "-v" "/var/lib/crater-agent-workspace/builds/worker-81/target:/opt/rustwide/target:rw,Z" "-v" "/var/lib/crater-agent-workspace/builds/worker-81/source:/opt/rustwide/workdir:ro,Z" "-v" "/var/lib/crater-agent-workspace/cargo-home:/opt/rustwide/cargo-home:ro,Z" "-v" "/var/lib/crater-agent-workspace/rustup-home:/opt/rustwide/rustup-home:ro,Z" "-e" "SOURCE_DIR=/opt/rustwide/workdir" "-e" "CARGO_TARGET_DIR=/opt/rustwide/target" "-e" "CARGO_HOME=/opt/rustwide/cargo-home" "-e" "RUSTUP_HOME=/opt/rustwide/rustup-home" "-w" "/opt/rustwide/workdir" "-m" "1610612736" "--user" "0:0" "--network" "none" "ghcr.io/rust-lang/crates-build-env/linux@sha256:34b6a614d2c27851fe6cbf88fbd1137609cefab8b10d0615aaeb6fd47975d74e" "/opt/rustwide/cargo-home/bin/cargo" "+beta-2021-08-01" "metadata" "--no-deps" "--format-version=1", kill_on_drop: false }`
[INFO] [stdout] 2fd021ae8f1135987c535f16d67387a32d4d9c9f40bafd05de8e7669dec6e8b9
[INFO] running `Command { std: "docker" "start" "-a" "2fd021ae8f1135987c535f16d67387a32d4d9c9f40bafd05de8e7669dec6e8b9", kill_on_drop: false }`
[INFO] running `Command { std: "docker" "inspect" "2fd021ae8f1135987c535f16d67387a32d4d9c9f40bafd05de8e7669dec6e8b9", kill_on_drop: false }`
[INFO] running `Command { std: "docker" "rm" "-f" "2fd021ae8f1135987c535f16d67387a32d4d9c9f40bafd05de8e7669dec6e8b9", kill_on_drop: false }`
[INFO] [stdout] 2fd021ae8f1135987c535f16d67387a32d4d9c9f40bafd05de8e7669dec6e8b9
[INFO] running `Command { std: "docker" "create" "-v" "/var/lib/crater-agent-workspace/builds/worker-81/target:/opt/rustwide/target:rw,Z" "-v" "/var/lib/crater-agent-workspace/builds/worker-81/source:/opt/rustwide/workdir:ro,Z" "-v" "/var/lib/crater-agent-workspace/cargo-home:/opt/rustwide/cargo-home:ro,Z" "-v" "/var/lib/crater-agent-workspace/rustup-home:/opt/rustwide/rustup-home:ro,Z" "-e" "SOURCE_DIR=/opt/rustwide/workdir" "-e" "CARGO_TARGET_DIR=/opt/rustwide/target" "-e" "CARGO_INCREMENTAL=0" "-e" "RUST_BACKTRACE=full" "-e" "RUSTDOCFLAGS=--cap-lints=warn" "-e" "CARGO_HOME=/opt/rustwide/cargo-home" "-e" "RUSTUP_HOME=/opt/rustwide/rustup-home" "-w" "/opt/rustwide/workdir" "-m" "1610612736" "--user" "0:0" "--network" "none" "ghcr.io/rust-lang/crates-build-env/linux@sha256:34b6a614d2c27851fe6cbf88fbd1137609cefab8b10d0615aaeb6fd47975d74e" "/opt/rustwide/cargo-home/bin/cargo" "+beta-2021-08-01" "doc" "--frozen" "--no-deps" "--document-private-items" "--message-format=json", kill_on_drop: false }`
[INFO] [stdout] bf263bfc050f395eb380570eaa703435001b081419da7ede2be4dcf7ba330454
[INFO] running `Command { std: "docker" "start" "-a" "bf263bfc050f395eb380570eaa703435001b081419da7ede2be4dcf7ba330454", kill_on_drop: false }`
[INFO] [stderr]     Blocking waiting for file lock on package cache
[INFO] [stderr]    Compiling libc v0.2.82
[INFO] [stderr]    Compiling syn v1.0.58
[INFO] [stderr]    Compiling serde_derive v1.0.119
[INFO] [stderr]    Compiling serde v1.0.119
[INFO] [stderr]    Compiling const_fn v0.4.5
[INFO] [stderr]    Compiling lazy_static v1.4.0
[INFO] [stderr]    Compiling rayon-core v1.9.0
[INFO] [stderr]    Compiling scopeguard v1.1.0
[INFO] [stderr]    Compiling either v1.6.1
[INFO] [stderr]    Compiling log v0.4.13
[INFO] [stderr]    Compiling adler v0.2.3
[INFO] [stderr]     Checking futures v0.1.30
[INFO] [stderr]     Checking itoa v0.4.7
[INFO] [stderr]    Compiling syn v0.15.44
[INFO] [stderr]    Compiling heapsize v0.4.2
[INFO] [stderr]    Compiling gimli v0.23.0
[INFO] [stderr]    Compiling object v0.22.0
[INFO] [stderr]    Compiling rustc-demangle v0.1.18
[INFO] [stderr]     Checking rand_core v0.4.2
[INFO] [stderr]     Checking faster-hex v0.4.1
[INFO] [stderr]     Checking once_cell v1.5.2
[INFO] [stderr]    Compiling unicode-xid v0.0.4
[INFO] [stderr]    Compiling quote v0.3.15
[INFO] [stderr]     Checking futures-core v0.3.10
[INFO] [stderr]     Checking ahash v0.4.7
[INFO] [stderr]     Checking pin-project-lite v0.2.4
[INFO] [stderr]    Compiling serde_json v1.0.61
[INFO] [stderr]     Checking unicode-xid v0.2.1
[INFO] [stderr]     Checking foreign-types-shared v0.1.1
[INFO] [stderr]    Compiling same-file v1.0.6
[INFO] [stderr]    Compiling openssl v0.10.32
[INFO] [stderr]     Checking futures-sink v0.3.10
[INFO] [stderr]    Compiling getrandom v0.2.1
[INFO] [stderr]     Checking try-lock v0.2.3
[INFO] [stderr]    Compiling typenum v1.12.0
[INFO] [stderr]     Checking pin-project-lite v0.1.11
[INFO] [stderr]    Compiling native-tls v0.2.7
[INFO] [stderr]    Compiling faster-hex v0.3.1
[INFO] [stderr]     Checking bit-vec v0.5.1
[INFO] [stderr]     Checking futures-io v0.3.10
[INFO] [stderr]     Checking openssl-probe v0.1.2
[INFO] [stderr]    Compiling encoding_rs v0.8.26
[INFO] [stderr]     Checking remove_dir_all v0.5.3
[INFO] [stderr]     Checking httpdate v0.3.2
[INFO] [stderr]     Checking byte-tools v0.3.1
[INFO] [stderr]     Checking dtoa v0.4.7
[INFO] [stderr]    Compiling pin-project-internal v0.4.27
[INFO] [stderr]    Compiling glob v0.2.11
[INFO] [stderr]     Checking eaglesong v0.1.0
[INFO] [stderr]     Checking untrusted v0.7.1
[INFO] [stderr]     Checking spin v0.5.2
[INFO] [stderr]     Checking termcolor v1.1.2
[INFO] [stderr]    Compiling tentacle-secio v0.4.0
[INFO] [stderr]     Checking fake-simd v0.1.2
[INFO] [stderr]     Checking unsigned-varint v0.3.3
[INFO] [stderr]     Checking bs58 v0.3.1
[INFO] [stderr]     Checking opaque-debug v0.2.3
[INFO] [stderr]     Checking stable_deref_trait v1.2.0
[INFO] [stderr]     Checking bytes v1.0.1
[INFO] [stderr]     Checking ansi_term v0.11.0
[INFO] [stderr]     Checking ckb-build-info v0.37.0
[INFO] [stderr]     Checking path-clean v0.1.0
[INFO] [stderr]     Checking tower-service v0.3.0
[INFO] [stderr]     Checking plain v0.2.3
[INFO] [stderr]    Compiling ckb-script v0.37.0
[INFO] [stderr]     Checking ckb-vm-definitions v0.19.3
[INFO] [stderr]     Checking ipnet v2.3.0
[INFO] [stderr]     Checking buddy-alloc v0.4.1
[INFO] [stderr]     Checking ckb-always-success-script v0.0.1
[INFO] [stderr]     Checking blake2b-ref v0.1.0
[INFO] [stderr]    Compiling crossbeam-utils v0.8.1
[INFO] [stderr]    Compiling memoffset v0.6.1
[INFO] [stderr]    Compiling rayon v1.5.0
[INFO] [stderr]    Compiling miniz_oxide v0.4.3
[INFO] [stderr]    Compiling failure_derive v0.1.8
[INFO] [stderr]    Compiling semver v0.9.0
[INFO] [stderr]     Checking tinyvec v1.1.0
[INFO] [stderr]    Compiling indexmap v1.6.1
[INFO] [stderr]     Checking crossbeam-utils v0.6.6
[INFO] [stderr]    Compiling unicase v2.6.0
[INFO] [stderr]     Checking merkle-cbt v0.3.0
[INFO] [stderr]     Checking thread_local v1.1.0
[INFO] [stderr]     Checking form_urlencoded v1.0.0
[INFO] [stderr]    Compiling error-chain v0.12.4
[INFO] [stderr]    Compiling num-traits v0.2.14
[INFO] [stderr]    Compiling num-integer v0.1.44
[INFO] [stderr]     Checking try_from v0.3.2
[INFO] [stderr]     Checking base64 v0.10.1
[INFO] [stderr]     Checking textwrap v0.11.0
[INFO] [stderr]     Checking tracing-core v0.1.17
[INFO] [stderr]     Checking linked_hash_set v0.1.4
[INFO] [stderr]    Compiling crc32fast v1.2.1
[INFO] [stderr]    Compiling memoffset v0.5.6
[INFO] [stderr]    Compiling crossbeam-epoch v0.8.2
[INFO] [stderr]    Compiling phf v0.7.24
[INFO] [stderr]    Compiling quote v1.0.8
[INFO] [stderr]    Compiling quote v0.6.13
[INFO] [stderr]     Checking smallvec v0.6.14
[INFO] [stderr]     Checking crossbeam-queue v0.2.3
[INFO] [stderr]    Compiling walkdir v2.3.1
[INFO] [stderr]     Checking rand_core v0.3.1
[INFO] [stderr]     Checking rand_jitter v0.1.4
[INFO] [stderr]     Checking rand_pcg v0.1.2
[INFO] [stderr]     Checking proc-macro2 v1.0.24
[INFO] [stderr]     Checking block-padding v0.1.5
[INFO] [stderr]     Checking foreign-types v0.3.2
[INFO] [stderr]    Compiling synom v0.11.3
[INFO] [stderr]     Checking futures-channel v0.3.10
[INFO] [stdout] error[E0061]: this function takes 1 argument but 2 arguments were supplied
[INFO] [stdout]     --> /opt/rustwide/cargo-home/registry/src/github.com-1ecc6299db9ec823/blake2b-ref-0.1.0/src/blake2b_ref.rs:88:7
[INFO] [stdout]      |
[INFO] [stdout] 88   |     v.fill(0, n);
[INFO] [stdout]      |       ^^^^ -  - supplied 2 arguments
[INFO] [stdout]      |       |
[INFO] [stdout]      |       expected 1 argument
[INFO] [stdout]      |
[INFO] [stdout] note: associated function defined here
[INFO] [stdout] 
[INFO] [stdout] 
[INFO] [stdout] error[E0061]: this function takes 1 argument but 2 arguments were supplied
[INFO] [stdout]     --> /opt/rustwide/cargo-home/registry/src/github.com-1ecc6299db9ec823/blake2b-ref-0.1.0/src/blake2b_ref.rs:425:10
[INFO] [stdout]      |
[INFO] [stdout] 425  |         .fill(0, ::core::mem::size_of::<[uint8_t; 14]>());
[INFO] [stdout]      |          ^^^^ -  --------------------------------------- supplied 2 arguments
[INFO] [stdout]      |          |
[INFO] [stdout]      |          expected 1 argument
[INFO] [stdout]      |
[INFO] [stdout] note: associated function defined here
[INFO] [stdout] 
[INFO] [stdout] 
[INFO] [stdout] error[E0061]: this function takes 1 argument but 2 arguments were supplied
[INFO] [stdout]     --> /opt/rustwide/cargo-home/registry/src/github.com-1ecc6299db9ec823/blake2b-ref-0.1.0/src/blake2b_ref.rs:428:10
[INFO] [stdout]      |
[INFO] [stdout] 428  |         .fill(0, ::core::mem::size_of::<[uint8_t; 16]>());
[INFO] [stdout]      |          ^^^^ -  --------------------------------------- supplied 2 arguments
[INFO] [stdout]      |          |
[INFO] [stdout]      |          expected 1 argument
[INFO] [stdout]      |
[INFO] [stdout] note: associated function defined here
[INFO] [stdout] 
[INFO] [stdout] 
[INFO] [stdout] error[E0061]: this function takes 1 argument but 2 arguments were supplied
[INFO] [stdout]     --> /opt/rustwide/cargo-home/registry/src/github.com-1ecc6299db9ec823/blake2b-ref-0.1.0/src/blake2b_ref.rs:431:10
[INFO] [stdout]      |
[INFO] [stdout] 431  |         .fill(0, ::core::mem::size_of::<[uint8_t; 16]>());
[INFO] [stdout]      |          ^^^^ -  --------------------------------------- supplied 2 arguments
[INFO] [stdout]      |          |
[INFO] [stdout]      |          expected 1 argument
[INFO] [stdout]      |
[INFO] [stdout] note: associated function defined here
[INFO] [stdout] 
[INFO] [stdout] 
[INFO] [stdout] error[E0061]: this function takes 1 argument but 2 arguments were supplied
[INFO] [stdout]     --> /opt/rustwide/cargo-home/registry/src/github.com-1ecc6299db9ec823/blake2b-ref-0.1.0/src/blake2b_ref.rs:482:10
[INFO] [stdout]      |
[INFO] [stdout] 482  |         .fill(0, ::core::mem::size_of::<[uint8_t; 14]>());
[INFO] [stdout]      |          ^^^^ -  --------------------------------------- supplied 2 arguments
[INFO] [stdout]      |          |
[INFO] [stdout]      |          expected 1 argument
[INFO] [stdout]      |
[INFO] [stdout] note: associated function defined here
[INFO] [stdout] 
[INFO] [stdout] 
[INFO] [stdout] error[E0061]: this function takes 1 argument but 2 arguments were supplied
[INFO] [stdout]     --> /opt/rustwide/cargo-home/registry/src/github.com-1ecc6299db9ec823/blake2b-ref-0.1.0/src/blake2b_ref.rs:485:10
[INFO] [stdout]      |
[INFO] [stdout] 485  |         .fill(0, ::core::mem::size_of::<[uint8_t; 16]>());
[INFO] [stdout]      |          ^^^^ -  --------------------------------------- supplied 2 arguments
[INFO] [stdout]      |          |
[INFO] [stdout]      |          expected 1 argument
[INFO] [stdout]      |
[INFO] [stdout] note: associated function defined here
[INFO] [stdout] 
[INFO] [stdout] 
[INFO] [stdout] error[E0061]: this function takes 1 argument but 2 arguments were supplied
[INFO] [stdout]     --> /opt/rustwide/cargo-home/registry/src/github.com-1ecc6299db9ec823/blake2b-ref-0.1.0/src/blake2b_ref.rs:488:10
[INFO] [stdout]      |
[INFO] [stdout] 488  |         .fill(0, ::core::mem::size_of::<[uint8_t; 16]>());
[INFO] [stdout]      |          ^^^^ -  --------------------------------------- supplied 2 arguments
[INFO] [stdout]      |          |
[INFO] [stdout]      |          expected 1 argument
[INFO] [stdout]      |
[INFO] [stdout] note: associated function defined here
[INFO] [stdout] 
[INFO] [stdout] 
[INFO] [stderr]     Checking hashbrown v0.9.1
[INFO] [stderr]     Checking futures-task v0.3.10
[INFO] [stdout] error[E0061]: this function takes 1 argument but 2 arguments were supplied
[INFO] [stdout]     --> /opt/rustwide/cargo-home/registry/src/github.com-1ecc6299db9ec823/blake2b-ref-0.1.0/src/blake2b_ref.rs:3950:38
[INFO] [stdout]      |
[INFO] [stdout] 3950 |     (*S).buf[(*S).buflen as usize..].fill(
[INFO] [stdout]      |                                      ^^^^ expected 1 argument
[INFO] [stdout] 3951 |         0,
[INFO] [stdout]      |         -
[INFO] [stdout] 3952 |         (BLAKE2B_BLOCKBYTES as libc::c_int as libc::c_ulong).wrapping_sub((*S).buflen) as usize,
[INFO] [stdout]      |         --------------------------------------------------------------------------------------- supplied 2 arguments
[INFO] [stdout]      |
[INFO] [stdout] note: associated function defined here
[INFO] [stdout] 
[INFO] [stdout] 
[INFO] [stdout] error: aborting due to 8 previous errors
[INFO] [stdout] 
[INFO] [stdout] 
[INFO] [stdout] For more information about this error, try `rustc --explain E0061`.
[INFO] [stdout] 
[INFO] [stderr]    Compiling rustc_version v0.2.3
[INFO] [stderr]     Checking http v0.2.3
[INFO] [stderr] error: could not compile `blake2b-ref` due to 9 previous errors
[INFO] [stderr] warning: build failed, waiting for other jobs to finish...
[INFO] [stderr] error: build failed
[INFO] running `Command { std: "docker" "inspect" "bf263bfc050f395eb380570eaa703435001b081419da7ede2be4dcf7ba330454", kill_on_drop: false }`
[INFO] running `Command { std: "docker" "rm" "-f" "bf263bfc050f395eb380570eaa703435001b081419da7ede2be4dcf7ba330454", kill_on_drop: false }`
[INFO] [stdout] bf263bfc050f395eb380570eaa703435001b081419da7ede2be4dcf7ba330454
