[INFO] cloning repository https://github.com/RedisLabsModules/RedisREST
[INFO] running `Command { std: "git" "-c" "credential.helper=" "-c" "credential.helper=/workspace/cargo-home/bin/git-credential-null" "clone" "--bare" "https://github.com/RedisLabsModules/RedisREST" "/workspace/cache/git-repos/https%3A%2F%2Fgithub.com%2FRedisLabsModules%2FRedisREST", kill_on_drop: false }`
[INFO] [stderr] Cloning into bare repository '/workspace/cache/git-repos/https%3A%2F%2Fgithub.com%2FRedisLabsModules%2FRedisREST'...
[INFO] running `Command { std: "git" "rev-parse" "HEAD", kill_on_drop: false }`
[INFO] [stdout] df0b9a66fe6359af6a8a33f3a998735e692cb265
[INFO] documenting RedisLabsModules/RedisREST against 1.54.0 for beta-1.55-rustdoc-1
[INFO] running `Command { std: "git" "clone" "/workspace/cache/git-repos/https%3A%2F%2Fgithub.com%2FRedisLabsModules%2FRedisREST" "/workspace/builds/worker-14/source", kill_on_drop: false }`
[INFO] [stderr] Cloning into '/workspace/builds/worker-14/source'...
[INFO] [stderr] done.
[INFO] validating manifest of git repo https://github.com/RedisLabsModules/RedisREST on toolchain 1.54.0
[INFO] running `Command { std: "/workspace/cargo-home/bin/cargo" "+1.54.0" "metadata" "--manifest-path" "Cargo.toml" "--no-deps", kill_on_drop: false }`
[INFO] started tweaking git repo https://github.com/RedisLabsModules/RedisREST
[INFO] finished tweaking git repo https://github.com/RedisLabsModules/RedisREST
[INFO] tweaked toml for git repo https://github.com/RedisLabsModules/RedisREST written to /workspace/builds/worker-14/source/Cargo.toml
[INFO] crate git repo https://github.com/RedisLabsModules/RedisREST already has a lockfile, it will not be regenerated
[INFO] running `Command { std: "/workspace/cargo-home/bin/cargo" "+1.54.0" "fetch" "--manifest-path" "Cargo.toml", kill_on_drop: false }`
[INFO] running `Command { std: "docker" "create" "-v" "/var/lib/crater-agent-workspace/builds/worker-14/target:/opt/rustwide/target:rw,Z" "-v" "/var/lib/crater-agent-workspace/builds/worker-14/source:/opt/rustwide/workdir:ro,Z" "-v" "/var/lib/crater-agent-workspace/cargo-home:/opt/rustwide/cargo-home:ro,Z" "-v" "/var/lib/crater-agent-workspace/rustup-home:/opt/rustwide/rustup-home:ro,Z" "-e" "SOURCE_DIR=/opt/rustwide/workdir" "-e" "CARGO_TARGET_DIR=/opt/rustwide/target" "-e" "CARGO_HOME=/opt/rustwide/cargo-home" "-e" "RUSTUP_HOME=/opt/rustwide/rustup-home" "-w" "/opt/rustwide/workdir" "-m" "1610612736" "--user" "0:0" "--network" "none" "ghcr.io/rust-lang/crates-build-env/linux@sha256:34b6a614d2c27851fe6cbf88fbd1137609cefab8b10d0615aaeb6fd47975d74e" "/opt/rustwide/cargo-home/bin/cargo" "+1.54.0" "metadata" "--no-deps" "--format-version=1", kill_on_drop: false }`
[INFO] [stdout] 792e50f3e2ea1c043ed7fa7ce26df897125c4fd21f0777c4fc499c765c67de53
[INFO] running `Command { std: "docker" "start" "-a" "792e50f3e2ea1c043ed7fa7ce26df897125c4fd21f0777c4fc499c765c67de53", kill_on_drop: false }`
[INFO] running `Command { std: "docker" "inspect" "792e50f3e2ea1c043ed7fa7ce26df897125c4fd21f0777c4fc499c765c67de53", kill_on_drop: false }`
[INFO] running `Command { std: "docker" "rm" "-f" "792e50f3e2ea1c043ed7fa7ce26df897125c4fd21f0777c4fc499c765c67de53", kill_on_drop: false }`
[INFO] [stdout] 792e50f3e2ea1c043ed7fa7ce26df897125c4fd21f0777c4fc499c765c67de53
[INFO] running `Command { std: "docker" "create" "-v" "/var/lib/crater-agent-workspace/builds/worker-14/target:/opt/rustwide/target:rw,Z" "-v" "/var/lib/crater-agent-workspace/builds/worker-14/source:/opt/rustwide/workdir:ro,Z" "-v" "/var/lib/crater-agent-workspace/cargo-home:/opt/rustwide/cargo-home:ro,Z" "-v" "/var/lib/crater-agent-workspace/rustup-home:/opt/rustwide/rustup-home:ro,Z" "-e" "SOURCE_DIR=/opt/rustwide/workdir" "-e" "CARGO_TARGET_DIR=/opt/rustwide/target" "-e" "CARGO_INCREMENTAL=0" "-e" "RUST_BACKTRACE=full" "-e" "RUSTDOCFLAGS=--cap-lints=warn" "-e" "CARGO_HOME=/opt/rustwide/cargo-home" "-e" "RUSTUP_HOME=/opt/rustwide/rustup-home" "-w" "/opt/rustwide/workdir" "-m" "1610612736" "--user" "0:0" "--network" "none" "ghcr.io/rust-lang/crates-build-env/linux@sha256:34b6a614d2c27851fe6cbf88fbd1137609cefab8b10d0615aaeb6fd47975d74e" "/opt/rustwide/cargo-home/bin/cargo" "+1.54.0" "doc" "--frozen" "--no-deps" "--document-private-items" "--message-format=json", kill_on_drop: false }`
[INFO] [stdout] 5d9c492121ae397b96acc6a9547f870dbab50d039e28a4e1d0cce96df81f7bba
[INFO] running `Command { std: "docker" "start" "-a" "5d9c492121ae397b96acc6a9547f870dbab50d039e28a4e1d0cce96df81f7bba", kill_on_drop: false }`
[INFO] [stderr]    Compiling smallvec v0.6.11
[INFO] [stderr]    Compiling proc-macro2 v1.0.6
[INFO] [stderr]    Compiling unicode-width v0.1.6
[INFO] [stderr]    Compiling bindgen v0.51.1
[INFO] [stderr]    Compiling strsim v0.8.0
[INFO] [stderr]    Compiling serde v1.0.102
[INFO] [stderr]    Compiling ring v0.13.5
[INFO] [stderr]    Compiling libloading v0.5.2
[INFO] [stderr]    Compiling nom v4.2.3
[INFO] [stderr]    Compiling clang-sys v0.28.1
[INFO] [stderr]    Compiling num-traits v0.2.8
[INFO] [stderr]    Compiling rocket_codegen v0.4.2
[INFO] [stderr]    Compiling rocket v0.4.2
[INFO] [stderr]    Compiling libc v0.2.65
[INFO] [stderr]    Compiling pear_codegen v0.1.2
[INFO] [stderr]    Compiling base64 v0.9.3
[INFO] [stderr]     Checking time v0.1.42
[INFO] [stderr]    Compiling rustc-hash v1.0.1
[INFO] [stderr]     Checking num_cpus v1.10.1
[INFO] [stderr]     Checking atty v0.2.13
[INFO] [stderr]    Compiling indexmap v1.3.0
[INFO] [stderr]    Compiling regex v1.3.1
[INFO] [stderr]    Compiling devise_core v0.2.0
[INFO] [stderr]    Compiling textwrap v0.11.0
[INFO] [stdout] error[E0554]: `#![feature]` may not be used on the stable release channel
[INFO] [stdout]  --> /opt/rustwide/cargo-home/registry/src/github.com-1ecc6299db9ec823/devise_core-0.2.0/src/lib.rs:1:1
[INFO] [stdout]   |
[INFO] [stdout] 1 | #![feature(proc_macro_diagnostic, proc_macro_span)]
[INFO] [stdout]   | ^^^^^^^^^^^^^^^^^^^^^^^^^^^^^^^^^^^^^^^^^^^^^^^^^^^
[INFO] [stdout] 
[INFO] [stdout] 
[INFO] [stdout] error[E0554]: `#![feature]` may not be used on the stable release channel
[INFO] [stdout]  --> /opt/rustwide/cargo-home/registry/src/github.com-1ecc6299db9ec823/devise_core-0.2.0/src/lib.rs:2:1
[INFO] [stdout]   |
[INFO] [stdout] 2 | #![feature(crate_visibility_modifier)]
[INFO] [stdout]   | ^^^^^^^^^^^^^^^^^^^^^^^^^^^^^^^^^^^^^^
[INFO] [stdout] 
[INFO] [stdout] 
[INFO] [stdout] error[E0554]: `#![feature]` may not be used on the stable release channel
[INFO] [stdout]  --> /opt/rustwide/cargo-home/registry/src/github.com-1ecc6299db9ec823/devise_core-0.2.0/src/lib.rs:3:1
[INFO] [stdout]   |
[INFO] [stdout] 3 | #![feature(concat_idents)]
[INFO] [stdout]   | ^^^^^^^^^^^^^^^^^^^^^^^^^^
[INFO] [stdout] 
[INFO] [stdout] 
[INFO] [stderr]     Checking unicode-normalization v0.1.8
[INFO] [stdout] error: aborting due to 3 previous errors
[INFO] [stdout] 
[INFO] [stdout] 
[INFO] [stdout] For more information about this error, try `rustc --explain E0554`.
[INFO] [stdout] 
[INFO] [stderr] error: could not compile `devise_core`
[INFO] [stderr] 
[INFO] [stderr] To learn more, run the command again with --verbose.
[INFO] [stderr] warning: build failed, waiting for other jobs to finish...
[INFO] [stderr] error: build failed
[INFO] running `Command { std: "docker" "inspect" "5d9c492121ae397b96acc6a9547f870dbab50d039e28a4e1d0cce96df81f7bba", kill_on_drop: false }`
[INFO] running `Command { std: "docker" "rm" "-f" "5d9c492121ae397b96acc6a9547f870dbab50d039e28a4e1d0cce96df81f7bba", kill_on_drop: false }`
[INFO] [stdout] 5d9c492121ae397b96acc6a9547f870dbab50d039e28a4e1d0cce96df81f7bba
