[INFO] cloning repository https://github.com/PlastMan420/tzar
[INFO] running `Command { std: "git" "-c" "credential.helper=" "-c" "credential.helper=/workspace/cargo-home/bin/git-credential-null" "clone" "--bare" "https://github.com/PlastMan420/tzar" "/workspace/cache/git-repos/https%3A%2F%2Fgithub.com%2FPlastMan420%2Ftzar", kill_on_drop: false }`
[INFO] [stderr] Cloning into bare repository '/workspace/cache/git-repos/https%3A%2F%2Fgithub.com%2FPlastMan420%2Ftzar'...
[INFO] running `Command { std: "git" "rev-parse" "HEAD", kill_on_drop: false }`
[INFO] [stdout] 3dbc65fc70ecef95f502358cbae120b7f99b8786
[INFO] documenting PlastMan420/tzar against beta-2021-08-01 for beta-1.55-rustdoc-1
[INFO] running `Command { std: "git" "clone" "/workspace/cache/git-repos/https%3A%2F%2Fgithub.com%2FPlastMan420%2Ftzar" "/workspace/builds/worker-86/source", kill_on_drop: false }`
[INFO] [stderr] Cloning into '/workspace/builds/worker-86/source'...
[INFO] [stderr] done.
[INFO] validating manifest of git repo https://github.com/PlastMan420/tzar on toolchain beta-2021-08-01
[INFO] running `Command { std: "/workspace/cargo-home/bin/cargo" "+beta-2021-08-01" "metadata" "--manifest-path" "Cargo.toml" "--no-deps", kill_on_drop: false }`
[INFO] started tweaking git repo https://github.com/PlastMan420/tzar
[INFO] finished tweaking git repo https://github.com/PlastMan420/tzar
[INFO] tweaked toml for git repo https://github.com/PlastMan420/tzar written to /workspace/builds/worker-86/source/Cargo.toml
[INFO] crate git repo https://github.com/PlastMan420/tzar already has a lockfile, it will not be regenerated
[INFO] running `Command { std: "/workspace/cargo-home/bin/cargo" "+beta-2021-08-01" "fetch" "--manifest-path" "Cargo.toml", kill_on_drop: false }`
[INFO] [stderr]     Blocking waiting for file lock on package cache
[INFO] [stderr]     Blocking waiting for file lock on package cache
[INFO] running `Command { std: "docker" "create" "-v" "/var/lib/crater-agent-workspace/builds/worker-86/target:/opt/rustwide/target:rw,Z" "-v" "/var/lib/crater-agent-workspace/builds/worker-86/source:/opt/rustwide/workdir:ro,Z" "-v" "/var/lib/crater-agent-workspace/cargo-home:/opt/rustwide/cargo-home:ro,Z" "-v" "/var/lib/crater-agent-workspace/rustup-home:/opt/rustwide/rustup-home:ro,Z" "-e" "SOURCE_DIR=/opt/rustwide/workdir" "-e" "CARGO_TARGET_DIR=/opt/rustwide/target" "-e" "CARGO_HOME=/opt/rustwide/cargo-home" "-e" "RUSTUP_HOME=/opt/rustwide/rustup-home" "-w" "/opt/rustwide/workdir" "-m" "1610612736" "--user" "0:0" "--network" "none" "ghcr.io/rust-lang/crates-build-env/linux@sha256:34b6a614d2c27851fe6cbf88fbd1137609cefab8b10d0615aaeb6fd47975d74e" "/opt/rustwide/cargo-home/bin/cargo" "+beta-2021-08-01" "metadata" "--no-deps" "--format-version=1", kill_on_drop: false }`
[INFO] [stdout] 3946b76921fad4e2b249bfe49eb13f5a39d280080101b12b902d9d5a720df070
[INFO] running `Command { std: "docker" "start" "-a" "3946b76921fad4e2b249bfe49eb13f5a39d280080101b12b902d9d5a720df070", kill_on_drop: false }`
[INFO] running `Command { std: "docker" "inspect" "3946b76921fad4e2b249bfe49eb13f5a39d280080101b12b902d9d5a720df070", kill_on_drop: false }`
[INFO] running `Command { std: "docker" "rm" "-f" "3946b76921fad4e2b249bfe49eb13f5a39d280080101b12b902d9d5a720df070", kill_on_drop: false }`
[INFO] [stdout] 3946b76921fad4e2b249bfe49eb13f5a39d280080101b12b902d9d5a720df070
[INFO] running `Command { std: "docker" "create" "-v" "/var/lib/crater-agent-workspace/builds/worker-86/target:/opt/rustwide/target:rw,Z" "-v" "/var/lib/crater-agent-workspace/builds/worker-86/source:/opt/rustwide/workdir:ro,Z" "-v" "/var/lib/crater-agent-workspace/cargo-home:/opt/rustwide/cargo-home:ro,Z" "-v" "/var/lib/crater-agent-workspace/rustup-home:/opt/rustwide/rustup-home:ro,Z" "-e" "SOURCE_DIR=/opt/rustwide/workdir" "-e" "CARGO_TARGET_DIR=/opt/rustwide/target" "-e" "CARGO_INCREMENTAL=0" "-e" "RUST_BACKTRACE=full" "-e" "RUSTDOCFLAGS=--cap-lints=warn" "-e" "CARGO_HOME=/opt/rustwide/cargo-home" "-e" "RUSTUP_HOME=/opt/rustwide/rustup-home" "-w" "/opt/rustwide/workdir" "-m" "1610612736" "--user" "0:0" "--network" "none" "ghcr.io/rust-lang/crates-build-env/linux@sha256:34b6a614d2c27851fe6cbf88fbd1137609cefab8b10d0615aaeb6fd47975d74e" "/opt/rustwide/cargo-home/bin/cargo" "+beta-2021-08-01" "doc" "--frozen" "--no-deps" "--document-private-items" "--message-format=json", kill_on_drop: false }`
[INFO] [stdout] 32d6da35d172953c909e73b7cc94c7442687560660d656b7d2494613012e4f9d
[INFO] running `Command { std: "docker" "start" "-a" "32d6da35d172953c909e73b7cc94c7442687560660d656b7d2494613012e4f9d", kill_on_drop: false }`
[INFO] [stderr]     Blocking waiting for file lock on package cache
[INFO] [stderr]    Compiling proc-macro2 v1.0.19
[INFO] [stderr]    Compiling version_check v0.9.2
[INFO] [stderr]    Compiling syn v1.0.39
[INFO] [stderr]    Compiling libc v0.2.76
[INFO] [stderr]    Compiling unicode-segmentation v1.6.0
[INFO] [stderr]     Checking unicode-width v0.1.8
[INFO] [stderr]     Checking linked-hash-map v0.5.3
[INFO] [stderr]     Checking strsim v0.10.0
[INFO] [stderr]     Checking os_str_bytes v2.3.2
[INFO] [stderr]     Checking termcolor v1.1.0
[INFO] [stderr]     Checking vec_map v0.8.2
[INFO] [stderr]    Compiling hashbrown v0.8.2
[INFO] [stderr]    Compiling indexmap v1.5.1
[INFO] [stderr]     Checking textwrap v0.11.0
[INFO] [stderr]     Checking yaml-rust v0.4.4
[INFO] [stderr]    Compiling heck v0.3.1
[INFO] [stderr]    Compiling proc-macro-error-attr v0.4.12
[INFO] [stderr]    Compiling proc-macro-error v0.4.12
[INFO] [stderr]    Compiling quote v1.0.7
[INFO] [stderr]     Checking atty v0.2.14
[INFO] [stderr]    Compiling syn-mid v0.5.0
[INFO] [stderr]    Compiling clap_derive v3.0.0-beta.1
[INFO] [stderr]     Checking clap v3.0.0-beta.1
[INFO] [stderr]  Documenting tzar v0.1.0 (/opt/rustwide/workdir)
[INFO] [stdout] error: expected `;`, found keyword `for`
[INFO] [stdout]   --> src/main.rs:61:6
[INFO] [stdout]    |
[INFO] [stdout] 61 |     }
[INFO] [stdout]    |      ^ help: add `;` here
[INFO] [stdout] ...
[INFO] [stdout] 64 |     for i in files.iter()
[INFO] [stdout]    |     --- unexpected token
[INFO] [stdout] 
[INFO] [stdout] 
[INFO] [stdout] error: expected identifier, found keyword `const`
[INFO] [stdout]   --> src/zip.rs:49:3
[INFO] [stdout]    |
[INFO] [stdout] 49 |         const signature:     u32 = 0x04034b50,
[INFO] [stdout]    |         ^^^^^ expected identifier, found keyword
[INFO] [stdout] 
[INFO] [stdout] 
[INFO] [stdout] error: expected identifier, found keyword `const`
[INFO] [stdout]    --> src/zip.rs:107:3
[INFO] [stdout]     |
[INFO] [stdout] 107 |         const   extraSignature:     u32 = 0x08064b50,
[INFO] [stdout]     |         ^^^^^ expected identifier, found keyword
[INFO] [stdout] 
[INFO] [stdout] 
[INFO] [stdout] error: expected identifier, found keyword `const`
[INFO] [stdout]    --> src/zip.rs:124:3
[INFO] [stdout]     |
[INFO] [stdout] 124 |         const centralHeaderSignature:     u32 = 0x02014b50,
[INFO] [stdout]     |         ^^^^^ expected identifier, found keyword
[INFO] [stdout] 
[INFO] [stdout] 
[INFO] [stdout] error: expected identifier, found keyword `const`
[INFO] [stdout]    --> src/zip.rs:151:3
[INFO] [stdout]     |
[INFO] [stdout] 151 |         const headerSiggnature:         u32 = 0x05054b50,
[INFO] [stdout]     |         ^^^^^ expected identifier, found keyword
[INFO] [stdout] 
[INFO] [stdout] 
[INFO] [stdout] error: expected identifier, found keyword `const`
[INFO] [stdout]    --> src/zip.rs:159:3
[INFO] [stdout]     |
[INFO] [stdout] 159 |         const zip64EOCRSignature:         u32 = 0x06064b50,
[INFO] [stdout]     |         ^^^^^ expected identifier, found keyword
[INFO] [stdout] 
[INFO] [stdout] 
[INFO] [stdout] error: expected identifier, found keyword `const`
[INFO] [stdout]    --> src/zip.rs:179:3
[INFO] [stdout]     |
[INFO] [stdout] 179 |         const signature:                 u32 = 0x07064b50,
[INFO] [stdout]     |         ^^^^^ expected identifier, found keyword
[INFO] [stdout] 
[INFO] [stdout] 
[INFO] [stdout] error: expected identifier, found keyword `const`
[INFO] [stdout]    --> src/zip.rs:188:3
[INFO] [stdout]     |
[INFO] [stdout] 188 |         const signature:                 u32 = 0x06054b50,
[INFO] [stdout]     |         ^^^^^ expected identifier, found keyword
[INFO] [stdout] 
[INFO] [stdout] 
[INFO] [stdout] error[E0433]: failed to resolve: use of undeclared crate or module `zip`
[INFO] [stdout]    --> src/zip.rs:202:8
[INFO] [stdout]     |
[INFO] [stdout] 202 |         lfh:    zip::LocalFileHeader,
[INFO] [stdout]     |                 ^^^ use of undeclared crate or module `zip`
[INFO] [stdout] 
[INFO] [stdout] 
[INFO] [stdout] error[E0433]: failed to resolve: use of undeclared crate or module `zip`
[INFO] [stdout]    --> src/zip.rs:203:8
[INFO] [stdout]     |
[INFO] [stdout] 203 |         eh:        zip::EncryptionHeader,
[INFO] [stdout]     |                    ^^^ use of undeclared crate or module `zip`
[INFO] [stdout] 
[INFO] [stdout] 
[INFO] [stdout] error[E0433]: failed to resolve: use of undeclared crate or module `zip`
[INFO] [stdout]    --> src/zip.rs:205:9
[INFO] [stdout]     |
[INFO] [stdout] 205 |         cdh:     zip::CentralDirectoryHeader,
[INFO] [stdout]     |                  ^^^ use of undeclared crate or module `zip`
[INFO] [stdout] 
[INFO] [stdout] 
[INFO] [stdout] error[E0433]: failed to resolve: use of undeclared crate or module `zip`
[INFO] [stdout]    --> src/zip.rs:213:14
[INFO] [stdout]     |
[INFO] [stdout] 213 |               ds:     zip::DigitalSignature,
[INFO] [stdout]     |                       ^^^ use of undeclared crate or module `zip`
[INFO] [stdout] 
[INFO] [stdout] 
[INFO] [stdout] error[E0433]: failed to resolve: use of undeclared crate or module `zip`
[INFO] [stdout]    --> src/zip.rs:214:14
[INFO] [stdout]     |
[INFO] [stdout] 214 |         z64eocdr:     zip::Zip64EOCDRecordV1,
[INFO] [stdout]     |                       ^^^ use of undeclared crate or module `zip`
[INFO] [stdout] 
[INFO] [stdout] 
[INFO] [stdout] error[E0433]: failed to resolve: use of undeclared crate or module `zip`
[INFO] [stdout]    --> src/zip.rs:215:14
[INFO] [stdout]     |
[INFO] [stdout] 215 |         z64eocdl:     zip::Zip64EOCDLocator,
[INFO] [stdout]     |                       ^^^ use of undeclared crate or module `zip`
[INFO] [stdout] 
[INFO] [stdout] 
[INFO] [stdout] error[E0433]: failed to resolve: use of undeclared crate or module `zip`
[INFO] [stdout]    --> src/zip.rs:216:14
[INFO] [stdout]     |
[INFO] [stdout] 216 |            eocdr:     zip::EOCDRecord,
[INFO] [stdout]     |                       ^^^ use of undeclared crate or module `zip`
[INFO] [stdout] 
[INFO] [stdout] 
[INFO] [stdout] error[E0433]: failed to resolve: use of undeclared crate or module `zip`
[INFO] [stdout]   --> src/archiver.rs:49:31
[INFO] [stdout]    |
[INFO] [stdout] 49 |     fn archive(input: String) -> zip::ziplog {
[INFO] [stdout]    |                                  ^^^ use of undeclared crate or module `zip`
[INFO] [stdout] 
[INFO] [stdout] 
[INFO] [stdout] error: Compilation failed, aborting rustdoc
[INFO] [stdout] 
[INFO] [stdout] 
[INFO] [stdout] error: aborting due to 17 previous errors
[INFO] [stdout] 
[INFO] [stdout] 
[INFO] [stdout] For more information about this error, try `rustc --explain E0433`.
[INFO] [stdout] 
[INFO] [stderr] error: could not document `tzar`
[INFO] [stderr] 
[INFO] [stderr] Caused by:
[INFO] [stderr]   process didn't exit successfully: `rustdoc --edition=2018 --crate-type bin --crate-name tzar src/main.rs -o /opt/rustwide/target/doc --error-format=json --json=diagnostic-rendered-ansi --document-private-items -L dependency=/opt/rustwide/target/debug/deps --extern clap=/opt/rustwide/target/debug/deps/libclap-9e8db2e77fd9e356.rmeta --cap-lints=warn --crate-version 0.1.0` (exit status: 1)
[INFO] running `Command { std: "docker" "inspect" "32d6da35d172953c909e73b7cc94c7442687560660d656b7d2494613012e4f9d", kill_on_drop: false }`
[INFO] running `Command { std: "docker" "rm" "-f" "32d6da35d172953c909e73b7cc94c7442687560660d656b7d2494613012e4f9d", kill_on_drop: false }`
[INFO] [stdout] 32d6da35d172953c909e73b7cc94c7442687560660d656b7d2494613012e4f9d
