[INFO] cloning repository https://github.com/OsamaElHariri/HamsterWheel
[INFO] running `Command { std: "git" "-c" "credential.helper=" "-c" "credential.helper=/workspace/cargo-home/bin/git-credential-null" "clone" "--bare" "https://github.com/OsamaElHariri/HamsterWheel" "/workspace/cache/git-repos/https%3A%2F%2Fgithub.com%2FOsamaElHariri%2FHamsterWheel", kill_on_drop: false }`
[INFO] [stderr] Cloning into bare repository '/workspace/cache/git-repos/https%3A%2F%2Fgithub.com%2FOsamaElHariri%2FHamsterWheel'...
[INFO] running `Command { std: "git" "rev-parse" "HEAD", kill_on_drop: false }`
[INFO] [stdout] 13e1e4b00f76fe6ab25b489d399afcc7b92d5249
[INFO] documenting OsamaElHariri/HamsterWheel against beta-2021-08-01 for beta-1.55-rustdoc-1
[INFO] running `Command { std: "git" "clone" "/workspace/cache/git-repos/https%3A%2F%2Fgithub.com%2FOsamaElHariri%2FHamsterWheel" "/workspace/builds/worker-119/source", kill_on_drop: false }`
[INFO] [stderr] Cloning into '/workspace/builds/worker-119/source'...
[INFO] [stderr] done.
[INFO] validating manifest of git repo https://github.com/OsamaElHariri/HamsterWheel on toolchain beta-2021-08-01
[INFO] running `Command { std: "/workspace/cargo-home/bin/cargo" "+beta-2021-08-01" "metadata" "--manifest-path" "Cargo.toml" "--no-deps", kill_on_drop: false }`
[INFO] started tweaking git repo https://github.com/OsamaElHariri/HamsterWheel
[INFO] finished tweaking git repo https://github.com/OsamaElHariri/HamsterWheel
[INFO] tweaked toml for git repo https://github.com/OsamaElHariri/HamsterWheel written to /workspace/builds/worker-119/source/Cargo.toml
[INFO] crate git repo https://github.com/OsamaElHariri/HamsterWheel already has a lockfile, it will not be regenerated
[INFO] running `Command { std: "/workspace/cargo-home/bin/cargo" "+beta-2021-08-01" "fetch" "--manifest-path" "Cargo.toml", kill_on_drop: false }`
[INFO] [stderr]     Blocking waiting for file lock on package cache
[INFO] [stderr]     Blocking waiting for file lock on package cache
[INFO] [stderr]  Downloading crates ...
[INFO] [stderr]   Downloaded winreg v0.6.1
[INFO] [stderr]   Downloaded miniz_oxide v0.2.3
[INFO] [stderr]   Downloaded logos-derive v0.10.0-rc2
[INFO] [stderr]   Downloaded logos v0.10.0-rc2
[INFO] [stderr]   Downloaded bstr v0.2.4
[INFO] running `Command { std: "docker" "create" "-v" "/var/lib/crater-agent-workspace/builds/worker-119/target:/opt/rustwide/target:rw,Z" "-v" "/var/lib/crater-agent-workspace/builds/worker-119/source:/opt/rustwide/workdir:ro,Z" "-v" "/var/lib/crater-agent-workspace/cargo-home:/opt/rustwide/cargo-home:ro,Z" "-v" "/var/lib/crater-agent-workspace/rustup-home:/opt/rustwide/rustup-home:ro,Z" "-e" "SOURCE_DIR=/opt/rustwide/workdir" "-e" "CARGO_TARGET_DIR=/opt/rustwide/target" "-e" "CARGO_HOME=/opt/rustwide/cargo-home" "-e" "RUSTUP_HOME=/opt/rustwide/rustup-home" "-w" "/opt/rustwide/workdir" "-m" "1610612736" "--user" "0:0" "--network" "none" "ghcr.io/rust-lang/crates-build-env/linux@sha256:34b6a614d2c27851fe6cbf88fbd1137609cefab8b10d0615aaeb6fd47975d74e" "/opt/rustwide/cargo-home/bin/cargo" "+beta-2021-08-01" "metadata" "--no-deps" "--format-version=1", kill_on_drop: false }`
[INFO] [stdout] b69415d8321018279b1a98a700f3d9d0beed91dd0db413189004898311fe214f
[INFO] running `Command { std: "docker" "start" "-a" "b69415d8321018279b1a98a700f3d9d0beed91dd0db413189004898311fe214f", kill_on_drop: false }`
[INFO] running `Command { std: "docker" "inspect" "b69415d8321018279b1a98a700f3d9d0beed91dd0db413189004898311fe214f", kill_on_drop: false }`
[INFO] running `Command { std: "docker" "rm" "-f" "b69415d8321018279b1a98a700f3d9d0beed91dd0db413189004898311fe214f", kill_on_drop: false }`
[INFO] [stdout] b69415d8321018279b1a98a700f3d9d0beed91dd0db413189004898311fe214f
[INFO] running `Command { std: "docker" "create" "-v" "/var/lib/crater-agent-workspace/builds/worker-119/target:/opt/rustwide/target:rw,Z" "-v" "/var/lib/crater-agent-workspace/builds/worker-119/source:/opt/rustwide/workdir:ro,Z" "-v" "/var/lib/crater-agent-workspace/cargo-home:/opt/rustwide/cargo-home:ro,Z" "-v" "/var/lib/crater-agent-workspace/rustup-home:/opt/rustwide/rustup-home:ro,Z" "-e" "SOURCE_DIR=/opt/rustwide/workdir" "-e" "CARGO_TARGET_DIR=/opt/rustwide/target" "-e" "CARGO_INCREMENTAL=0" "-e" "RUST_BACKTRACE=full" "-e" "RUSTDOCFLAGS=--cap-lints=warn" "-e" "CARGO_HOME=/opt/rustwide/cargo-home" "-e" "RUSTUP_HOME=/opt/rustwide/rustup-home" "-w" "/opt/rustwide/workdir" "-m" "1610612736" "--user" "0:0" "--network" "none" "ghcr.io/rust-lang/crates-build-env/linux@sha256:34b6a614d2c27851fe6cbf88fbd1137609cefab8b10d0615aaeb6fd47975d74e" "/opt/rustwide/cargo-home/bin/cargo" "+beta-2021-08-01" "doc" "--frozen" "--no-deps" "--document-private-items" "--message-format=json", kill_on_drop: false }`
[INFO] [stdout] 8198e784b237bbec3c368b8945bfe338486f81fb4d77f227842f67898d4e849e
[INFO] running `Command { std: "docker" "start" "-a" "8198e784b237bbec3c368b8945bfe338486f81fb4d77f227842f67898d4e849e", kill_on_drop: false }`
[INFO] [stderr]    Compiling libc v0.2.60
[INFO] [stderr]    Compiling autocfg v0.1.5
[INFO] [stderr]     Checking spin v0.5.0
[INFO] [stderr]    Compiling byteorder v1.3.2
[INFO] [stderr]    Compiling version_check v0.1.5
[INFO] [stderr]     Checking rand_core v0.4.0
[INFO] [stderr]     Checking futures v0.1.28
[INFO] [stderr]     Checking smallvec v0.6.10
[INFO] [stderr]    Compiling log v0.4.7
[INFO] [stderr]    Compiling syn v0.15.39
[INFO] [stderr]    Compiling semver-parser v0.7.0
[INFO] [stderr]     Checking either v1.5.2
[INFO] [stderr]     Checking scopeguard v0.3.3
[INFO] [stderr]    Compiling memchr v2.2.1
[INFO] [stderr]     Checking itoa v0.4.4
[INFO] [stderr]     Checking fnv v1.0.6
[INFO] [stderr]     Checking slab v0.4.2
[INFO] [stderr]    Compiling arrayvec v0.4.11
[INFO] [stderr]     Checking stable_deref_trait v1.1.1
[INFO] [stderr]    Compiling pkg-config v0.3.14
[INFO] [stderr]     Checking matches v0.1.8
[INFO] [stderr]     Checking nodrop v0.1.13
[INFO] [stderr]    Compiling serde v1.0.97
[INFO] [stderr]    Compiling siphasher v0.2.3
[INFO] [stderr]     Checking memoffset v0.2.1
[INFO] [stderr]    Compiling bitflags v1.1.0
[INFO] [stderr]     Checking percent-encoding v1.0.1
[INFO] [stderr]    Compiling ryu v1.0.0
[INFO] [stderr]     Checking rustc-demangle v0.1.15
[INFO] [stderr]     Checking foreign-types-shared v0.1.1
[INFO] [stderr]    Compiling openssl v0.10.24
[INFO] [stderr]    Compiling crc32fast v1.2.0
[INFO] [stderr]     Checking ucd-util v0.1.3
[INFO] [stderr]    Compiling httparse v1.3.4
[INFO] [stderr]    Compiling regex v1.1.9
[INFO] [stderr]     Checking try-lock v0.2.2
[INFO] [stderr]     Checking utf8-ranges v1.0.3
[INFO] [stderr]     Checking indexmap v1.0.2
[INFO] [stderr]     Checking adler32 v1.0.3
[INFO] [stderr]    Compiling native-tls v0.2.3
[INFO] [stderr]    Compiling encoding_rs v0.8.17
[INFO] [stderr]     Checking openssl-probe v0.1.2
[INFO] [stderr]     Checking dtoa v0.4.4
[INFO] [stderr]     Checking unicode-width v0.1.5
[INFO] [stderr]     Checking same-file v1.0.5
[INFO] [stderr]     Checking ansi_term v0.11.0
[INFO] [stderr]     Checking strsim v0.8.0
[INFO] [stderr]     Checking vec_map v0.8.1
[INFO] [stderr]    Compiling backtrace-sys v0.1.31
[INFO] [stderr]    Compiling miniz_oxide_c_api v0.2.2
[INFO] [stderr]     Checking try_from v0.3.2
[INFO] [stderr]    Compiling quote v0.6.13
[INFO] [stderr]     Checking lazy_static v1.3.0
[INFO] [stderr]     Checking textwrap v0.11.0
[INFO] [stderr]     Checking rand_core v0.3.1
[INFO] [stderr]     Checking rand_jitter v0.1.4
[INFO] [stderr]    Compiling rand_chacha v0.1.1
[INFO] [stderr]    Compiling rand_pcg v0.1.2
[INFO] [stderr]    Compiling rand v0.6.5
[INFO] [stderr]    Compiling unicase v1.4.2
[INFO] [stderr]    Compiling unicase v2.4.0
[INFO] [stderr]    Compiling error-chain v0.12.1
[INFO] [stderr]     Checking walkdir v2.2.9
[INFO] [stderr]     Checking foreign-types v0.3.2
[INFO] [stderr]     Checking regex-syntax v0.6.8
[INFO] [stderr]     Checking unicode-normalization v0.1.8
[INFO] [stderr]     Checking unicode-bidi v0.3.4
[INFO] [stderr]     Checking owning_ref v0.4.0
[INFO] [stderr]     Checking miniz_oxide v0.2.3
[INFO] [stderr]     Checking tokio-sync v0.1.6
[INFO] [stderr]    Compiling semver v0.9.0
[INFO] [stderr]    Compiling openssl-sys v0.9.48
[INFO] [stderr]     Checking rand_hc v0.1.0
[INFO] [stderr]     Checking rand_xorshift v0.1.1
[INFO] [stderr]     Checking rand_isaac v0.1.1
[INFO] [stderr]     Checking crossbeam-utils v0.6.5
[INFO] [stderr]     Checking thread_local v0.3.6
[INFO] [stderr]    Compiling rustc_version v0.2.3
[INFO] [stderr]     Checking lock_api v0.1.5
[INFO] [stderr]    Compiling parking_lot_core v0.4.0
[INFO] [stderr]    Compiling hyper v0.12.33
[INFO] [stderr]     Checking tokio-executor v0.1.8
[INFO] [stderr]     Checking crossbeam-queue v0.1.2
[INFO] [stderr]     Checking idna v0.1.5
[INFO] [stderr]     Checking tokio-timer v0.2.11
[INFO] [stderr]     Checking tokio-current-thread v0.1.6
[INFO] [stderr]    Compiling rand_os v0.1.3
[INFO] [stderr]     Checking want v0.2.0
[INFO] [stderr]     Checking iovec v0.1.2
[INFO] [stderr]     Checking num_cpus v1.10.1
[INFO] [stderr]     Checking net2 v0.2.33
[INFO] [stderr]     Checking time v0.1.42
[INFO] [stderr]     Checking atty v0.2.13
[INFO] [stderr]     Checking url v1.7.2
[INFO] [stderr]     Checking regex-automata v0.1.8
[INFO] [stderr]     Checking base64 v0.10.1
[INFO] [stderr]    Compiling rustc-hash v1.0.1
[INFO] [stderr]     Checking clap v2.33.0
[INFO] [stderr]     Checking bytes v0.4.12
[INFO] [stderr]     Checking mio v0.6.19
[INFO] [stderr]     Checking futures-cpupool v0.1.8
[INFO] [stderr]     Checking aho-corasick v0.7.4
[INFO] [stderr]     Checking csv-core v0.1.6
[INFO] [stderr]     Checking crossbeam-epoch v0.7.1
[INFO] [stderr]     Checking phf_shared v0.7.24
[INFO] [stderr]     Checking cookie v0.12.0
[INFO] [stderr]     Checking tokio-io v0.1.12
[INFO] [stderr]     Checking http v0.1.17
[INFO] [stderr]     Checking string v0.2.1
[INFO] [stderr]     Checking tokio-buf v0.1.1
[INFO] [stderr]     Checking flate2 v1.0.9
[INFO] [stderr]     Checking phf v0.7.24
[INFO] [stderr]     Checking crossbeam-deque v0.7.1
[INFO] [stderr]     Checking mime v0.3.13
[INFO] [stderr]     Checking backtrace v0.3.33
[INFO] [stderr]     Checking tokio-threadpool v0.1.15
[INFO] [stderr]     Checking uuid v0.7.4
[INFO] [stderr]     Checking publicsuffix v1.5.2
[INFO] [stderr]    Compiling phf_generator v0.7.24
[INFO] [stderr]    Compiling phf_codegen v0.7.24
[INFO] [stderr]     Checking parking_lot v0.7.1
[INFO] [stderr]     Checking h2 v0.1.25
[INFO] [stderr]     Checking http-body v0.1.0
[INFO] [stderr]    Compiling mime_guess v2.0.0-alpha.6
[INFO] [stderr]     Checking tokio-reactor v0.1.9
[INFO] [stderr]     Checking tokio-tcp v0.1.3
[INFO] [stderr]     Checking tokio v0.1.22
[INFO] [stderr]    Compiling synstructure v0.10.2
[INFO] [stderr]    Compiling serde_derive v1.0.97
[INFO] [stderr]    Compiling failure_derive v0.1.5
[INFO] [stderr]    Compiling logos-derive v0.10.0-rc2
[INFO] [stderr]     Checking hyper-tls v0.3.2
[INFO] [stdout] error[E0061]: this function takes 1 argument but 2 arguments were supplied
[INFO] [stdout]     --> /opt/rustwide/cargo-home/registry/src/github.com-1ecc6299db9ec823/logos-derive-0.10.0-rc2/src/lib.rs:63:20
[INFO] [stdout]      |
[INFO] [stdout] 63   |             extras.insert(ext, |_| panic!("Only one #[extras] attribute can be declared."));
[INFO] [stdout]      |                    ^^^^^^ ---  ----------------------------------------------------------- supplied 2 arguments
[INFO] [stdout]      |                    |
[INFO] [stdout]      |                    expected 1 argument
[INFO] [stdout]      |
[INFO] [stdout] note: associated function defined here
[INFO] [stdout] 
[INFO] [stdout] 
[INFO] [stdout] error[E0061]: this function takes 1 argument but 2 arguments were supplied
[INFO] [stdout]     --> /opt/rustwide/cargo-home/registry/src/github.com-1ecc6299db9ec823/logos-derive-0.10.0-rc2/src/lib.rs:134:23
[INFO] [stdout]      |
[INFO] [stdout] 134  |                 error.insert(variant, |_| panic!("Only one #[error] variant can be declared."));
[INFO] [stdout]      |                       ^^^^^^ -------  -------------------------------------------------------- supplied 2 arguments
[INFO] [stdout]      |                       |
[INFO] [stdout]      |                       expected 1 argument
[INFO] [stdout]      |
[INFO] [stdout] note: associated function defined here
[INFO] [stdout] 
[INFO] [stdout] 
[INFO] [stdout] error[E0061]: this function takes 1 argument but 2 arguments were supplied
[INFO] [stdout]     --> /opt/rustwide/cargo-home/registry/src/github.com-1ecc6299db9ec823/logos-derive-0.10.0-rc2/src/lib.rs:138:21
[INFO] [stdout]      |
[INFO] [stdout] 138  |                 end.insert(variant, |_| panic!("Only one #[end] variant can be declared."));
[INFO] [stdout]      |                     ^^^^^^ -------  ------------------------------------------------------ supplied 2 arguments
[INFO] [stdout]      |                     |
[INFO] [stdout]      |                     expected 1 argument
[INFO] [stdout]      |
[INFO] [stdout] note: associated function defined here
[INFO] [stdout] 
[INFO] [stdout] 
[INFO] [stdout] error[E0061]: this function takes 1 argument but 2 arguments were supplied
[INFO] [stdout]     --> /opt/rustwide/cargo-home/registry/src/github.com-1ecc6299db9ec823/logos-derive-0.10.0-rc2/src/util.rs:89:31
[INFO] [stdout]      |
[INFO] [stdout] 89   |                 self.callback.insert(callback, |_| panic!("Only one callback can be defined per variant definition!"));
[INFO] [stdout]      |                               ^^^^^^ --------  ---------------------------------------------------------------------- supplied 2 arguments
[INFO] [stdout]      |                               |
[INFO] [stdout]      |                               expected 1 argument
[INFO] [stdout]      |
[INFO] [stdout] note: associated function defined here
[INFO] [stdout] 
[INFO] [stdout] 
[INFO] [stdout] error: aborting due to 4 previous errors
[INFO] [stdout] 
[INFO] [stdout] 
[INFO] [stdout] For more information about this error, try `rustc --explain E0061`.
[INFO] [stdout] 
[INFO] [stderr] error: could not compile `logos-derive` due to 5 previous errors
[INFO] [stderr] warning: build failed, waiting for other jobs to finish...
[INFO] [stderr] error: build failed
[INFO] running `Command { std: "docker" "inspect" "8198e784b237bbec3c368b8945bfe338486f81fb4d77f227842f67898d4e849e", kill_on_drop: false }`
[INFO] running `Command { std: "docker" "rm" "-f" "8198e784b237bbec3c368b8945bfe338486f81fb4d77f227842f67898d4e849e", kill_on_drop: false }`
[INFO] [stdout] 8198e784b237bbec3c368b8945bfe338486f81fb4d77f227842f67898d4e849e
