[INFO] cloning repository https://github.com/OpenAlcoholics/regular-dicers-backend
[INFO] running `Command { std: "git" "-c" "credential.helper=" "-c" "credential.helper=/workspace/cargo-home/bin/git-credential-null" "clone" "--bare" "https://github.com/OpenAlcoholics/regular-dicers-backend" "/workspace/cache/git-repos/https%3A%2F%2Fgithub.com%2FOpenAlcoholics%2Fregular-dicers-backend", kill_on_drop: false }`
[INFO] [stderr] Cloning into bare repository '/workspace/cache/git-repos/https%3A%2F%2Fgithub.com%2FOpenAlcoholics%2Fregular-dicers-backend'...
[INFO] running `Command { std: "git" "rev-parse" "HEAD", kill_on_drop: false }`
[INFO] [stdout] 6b266840f4ac31c5831d3733c69995c27111beb1
[INFO] documenting OpenAlcoholics/regular-dicers-backend against beta-2021-08-01 for beta-1.55-rustdoc-1
[INFO] running `Command { std: "git" "clone" "/workspace/cache/git-repos/https%3A%2F%2Fgithub.com%2FOpenAlcoholics%2Fregular-dicers-backend" "/workspace/builds/worker-7/source", kill_on_drop: false }`
[INFO] [stderr] Cloning into '/workspace/builds/worker-7/source'...
[INFO] [stderr] done.
[INFO] validating manifest of git repo https://github.com/OpenAlcoholics/regular-dicers-backend on toolchain beta-2021-08-01
[INFO] running `Command { std: "/workspace/cargo-home/bin/cargo" "+beta-2021-08-01" "metadata" "--manifest-path" "Cargo.toml" "--no-deps", kill_on_drop: false }`
[INFO] started tweaking git repo https://github.com/OpenAlcoholics/regular-dicers-backend
[INFO] finished tweaking git repo https://github.com/OpenAlcoholics/regular-dicers-backend
[INFO] tweaked toml for git repo https://github.com/OpenAlcoholics/regular-dicers-backend written to /workspace/builds/worker-7/source/Cargo.toml
[INFO] crate git repo https://github.com/OpenAlcoholics/regular-dicers-backend already has a lockfile, it will not be regenerated
[INFO] running `Command { std: "/workspace/cargo-home/bin/cargo" "+beta-2021-08-01" "fetch" "--manifest-path" "Cargo.toml", kill_on_drop: false }`
[INFO] [stderr]  Downloading crates ...
[INFO] [stderr]   Downloaded parking_lot_core v0.7.2
[INFO] [stderr]   Downloaded parking_lot v0.10.2
[INFO] [stderr]   Downloaded r2d2 v0.8.8
[INFO] [stderr]   Downloaded lazycell v1.2.1
[INFO] [stderr]   Downloaded same-file v1.0.6
[INFO] [stderr]   Downloaded num-integer v0.1.42
[INFO] [stderr]   Downloaded uuid v0.7.4
[INFO] [stderr]   Downloaded juniper v0.14.2
[INFO] [stderr]   Downloaded wasm-bindgen-shared v0.2.62
[INFO] [stderr]   Downloaded wasm-bindgen-backend v0.2.62
[INFO] [stderr]   Downloaded ryu v1.0.4
[INFO] [stderr]   Downloaded state v0.4.1
[INFO] [stderr]   Downloaded base-x v0.2.6
[INFO] [stderr]   Downloaded yansi v0.4.0
[INFO] [stderr]   Downloaded cookie v0.11.2
[INFO] [stderr]   Downloaded untrusted v0.6.2
[INFO] [stderr]   Downloaded base64 v0.10.1
[INFO] [stderr]   Downloaded walkdir v2.3.1
[INFO] [stderr]   Downloaded scheduled-thread-pool v0.2.4
[INFO] [stderr]   Downloaded num-traits v0.2.11
[INFO] [stderr]   Downloaded r2d2-diesel v1.0.0
[INFO] [stderr]   Downloaded juniper_codegen v0.14.2
[INFO] [stderr]   Downloaded mio-extras v2.0.6
[INFO] [stderr]   Downloaded lock_api v0.3.4
[INFO] [stderr]   Downloaded inotify-sys v0.1.3
[INFO] [stderr]   Downloaded time-macros v0.1.0
[INFO] [stderr]   Downloaded proc-macro2 v1.0.13
[INFO] [stderr]   Downloaded version_check v0.9.1
[INFO] [stderr]   Downloaded rocket_contrib v0.4.4
[INFO] [stderr]   Downloaded fsevent-sys v2.0.1
[INFO] [stderr]   Downloaded rocket_codegen v0.4.4
[INFO] [stderr]   Downloaded rocket v0.4.4
[INFO] [stderr]   Downloaded rocket_contrib_codegen v0.4.4
[INFO] [stderr]   Downloaded cc v1.0.54
[INFO] [stderr]   Downloaded rocket_http v0.4.4
[INFO] [stderr]   Downloaded libc v0.2.70
[INFO] [stderr]   Downloaded indexmap v1.3.2
[INFO] [stderr]   Downloaded pear_codegen v0.1.2
[INFO] [stderr]   Downloaded pear v0.1.2
[INFO] [stderr]   Downloaded bumpalo v3.3.0
[INFO] [stderr]   Downloaded wasm-bindgen v0.2.62
[INFO] [stderr]   Downloaded serde_derive v1.0.110
[INFO] [stderr]   Downloaded serde v1.0.110
[INFO] [stderr]   Downloaded time v0.2.16
[INFO] [stderr]   Downloaded wasm-bindgen-macro v0.2.62
[INFO] [stderr]   Downloaded wasm-bindgen-macro-support v0.2.62
[INFO] [stderr]   Downloaded proc-macro-hack v0.5.15
[INFO] [stderr]   Downloaded standback v0.2.8
[INFO] [stderr]   Downloaded juniper_rocket v0.5.2
[INFO] [stderr]   Downloaded chrono v0.4.11
[INFO] [stderr]   Downloaded diesel v1.4.4
[INFO] [stderr]   Downloaded vcpkg v0.2.8
[INFO] [stderr]   Downloaded ring v0.13.5
[INFO] [stderr]   Downloaded filetime v0.2.10
[INFO] [stderr]   Downloaded fsevent v0.4.0
[INFO] [stderr]   Downloaded inotify v0.7.0
[INFO] [stderr]   Downloaded syn v1.0.23
[INFO] [stderr]   Downloaded notify v4.0.15
[INFO] running `Command { std: "docker" "create" "-v" "/var/lib/crater-agent-workspace/builds/worker-7/target:/opt/rustwide/target:rw,Z" "-v" "/var/lib/crater-agent-workspace/builds/worker-7/source:/opt/rustwide/workdir:ro,Z" "-v" "/var/lib/crater-agent-workspace/cargo-home:/opt/rustwide/cargo-home:ro,Z" "-v" "/var/lib/crater-agent-workspace/rustup-home:/opt/rustwide/rustup-home:ro,Z" "-e" "SOURCE_DIR=/opt/rustwide/workdir" "-e" "CARGO_TARGET_DIR=/opt/rustwide/target" "-e" "CARGO_HOME=/opt/rustwide/cargo-home" "-e" "RUSTUP_HOME=/opt/rustwide/rustup-home" "-w" "/opt/rustwide/workdir" "-m" "1610612736" "--user" "0:0" "--network" "none" "ghcr.io/rust-lang/crates-build-env/linux@sha256:34b6a614d2c27851fe6cbf88fbd1137609cefab8b10d0615aaeb6fd47975d74e" "/opt/rustwide/cargo-home/bin/cargo" "+beta-2021-08-01" "metadata" "--no-deps" "--format-version=1", kill_on_drop: false }`
[INFO] [stderr] WARNING: Your kernel does not support swap limit capabilities or the cgroup is not mounted. Memory limited without swap.
[INFO] [stdout] eb73883c5fc78285ae30a7cc4e31a1ba509620991406c030f64196d4e1ef9c92
[INFO] running `Command { std: "docker" "start" "-a" "eb73883c5fc78285ae30a7cc4e31a1ba509620991406c030f64196d4e1ef9c92", kill_on_drop: false }`
[INFO] running `Command { std: "docker" "inspect" "eb73883c5fc78285ae30a7cc4e31a1ba509620991406c030f64196d4e1ef9c92", kill_on_drop: false }`
[INFO] running `Command { std: "docker" "rm" "-f" "eb73883c5fc78285ae30a7cc4e31a1ba509620991406c030f64196d4e1ef9c92", kill_on_drop: false }`
[INFO] [stdout] eb73883c5fc78285ae30a7cc4e31a1ba509620991406c030f64196d4e1ef9c92
[INFO] running `Command { std: "docker" "create" "-v" "/var/lib/crater-agent-workspace/builds/worker-7/target:/opt/rustwide/target:rw,Z" "-v" "/var/lib/crater-agent-workspace/builds/worker-7/source:/opt/rustwide/workdir:ro,Z" "-v" "/var/lib/crater-agent-workspace/cargo-home:/opt/rustwide/cargo-home:ro,Z" "-v" "/var/lib/crater-agent-workspace/rustup-home:/opt/rustwide/rustup-home:ro,Z" "-e" "SOURCE_DIR=/opt/rustwide/workdir" "-e" "CARGO_TARGET_DIR=/opt/rustwide/target" "-e" "CARGO_INCREMENTAL=0" "-e" "RUST_BACKTRACE=full" "-e" "RUSTDOCFLAGS=--cap-lints=warn" "-e" "CARGO_HOME=/opt/rustwide/cargo-home" "-e" "RUSTUP_HOME=/opt/rustwide/rustup-home" "-w" "/opt/rustwide/workdir" "-m" "1610612736" "--user" "0:0" "--network" "none" "ghcr.io/rust-lang/crates-build-env/linux@sha256:34b6a614d2c27851fe6cbf88fbd1137609cefab8b10d0615aaeb6fd47975d74e" "/opt/rustwide/cargo-home/bin/cargo" "+beta-2021-08-01" "doc" "--frozen" "--no-deps" "--document-private-items" "--message-format=json", kill_on_drop: false }`
[INFO] [stderr] WARNING: Your kernel does not support swap limit capabilities or the cgroup is not mounted. Memory limited without swap.
[INFO] [stdout] b007326bccc339268717cb4d87ec98d4a0261c3b781a9616c5c82ef356a63fcd
[INFO] running `Command { std: "docker" "start" "-a" "b007326bccc339268717cb4d87ec98d4a0261c3b781a9616c5c82ef356a63fcd", kill_on_drop: false }`
[INFO] [stderr]    Compiling proc-macro2 v1.0.13
[INFO] [stderr]    Compiling syn v1.0.23
[INFO] [stderr]    Compiling smallvec v1.4.0
[INFO] [stderr]    Compiling indexmap v1.3.2
[INFO] [stderr]    Compiling time v0.2.16
[INFO] [stderr]    Compiling ring v0.13.5
[INFO] [stderr]    Compiling rocket_codegen v0.4.4
[INFO] [stderr]    Compiling rocket v0.4.4
[INFO] [stderr]    Compiling rocket_contrib_codegen v0.4.4
[INFO] [stderr]    Compiling libc v0.2.70
[INFO] [stderr]     Checking idna v0.1.5
[INFO] [stderr]    Compiling pear_codegen v0.1.2
[INFO] [stderr]     Checking parking_lot_core v0.7.2
[INFO] [stderr]     Checking num_cpus v1.13.0
[INFO] [stderr]     Checking net2 v0.2.34
[INFO] [stderr]     Checking iovec v0.1.4
[INFO] [stderr]     Checking inotify-sys v0.1.3
[INFO] [stderr]     Checking getrandom v0.1.14
[INFO] [stderr]     Checking filetime v0.2.10
[INFO] [stderr]    Compiling unicode-normalization v0.1.12
[INFO] [stderr]     Checking parking_lot v0.10.2
[INFO] [stderr]    Compiling devise_core v0.2.0
[INFO] [stderr] error: failed to run custom build command for `pear_codegen v0.1.2`
[INFO] [stderr] 
[INFO] [stderr] Caused by:
[INFO] [stderr]   process didn't exit successfully: `/opt/rustwide/target/debug/build/pear_codegen-8a6f8fb3aa088faf/build-script-build` (exit status: 101)
[INFO] [stderr]   --- stderr
[INFO] [stderr]   [1;31mError:[0m [37mPear requires a nightly or dev version of Rust.[0m
[INFO] [stderr]   [37mInstalled version is:[0m [33m1.55.0-beta.3 (2021-07-31)[0m. [37mMinimum required:[0m [33m1.31.0-nightly (2018-10-05)[0m.
[INFO] [stderr]   thread 'main' panicked at 'Aborting compilation due to incompatible compiler.', /opt/rustwide/cargo-home/registry/src/github.com-1ecc6299db9ec823/pear_codegen-0.1.2/build.rs:31:13
[INFO] [stderr]   stack backtrace:
[INFO] [stderr]      0:     0x5613ad7c7a50 - std::backtrace_rs::backtrace::libunwind::trace::hff4d1766e93f64f1
[INFO] [stderr]                                  at /rustc/53fd98ca776cb875bc9e5514f56b52eb74f9e7a9/library/std/src/../../backtrace/src/backtrace/libunwind.rs:90:5
[INFO] [stderr]      1:     0x5613ad7c7a50 - std::backtrace_rs::backtrace::trace_unsynchronized::h56bbc8eb78770bcb
[INFO] [stderr]                                  at /rustc/53fd98ca776cb875bc9e5514f56b52eb74f9e7a9/library/std/src/../../backtrace/src/backtrace/mod.rs:66:5
[INFO] [stderr]      2:     0x5613ad7c7a50 - std::sys_common::backtrace::_print_fmt::h5c8e75464faca780
[INFO] [stderr]                                  at /rustc/53fd98ca776cb875bc9e5514f56b52eb74f9e7a9/library/std/src/sys_common/backtrace.rs:67:5
[INFO] [stderr]      3:     0x5613ad7c7a50 - <std::sys_common::backtrace::_print::DisplayBacktrace as core::fmt::Display>::fmt::h48b88277def8b362
[INFO] [stderr]                                  at /rustc/53fd98ca776cb875bc9e5514f56b52eb74f9e7a9/library/std/src/sys_common/backtrace.rs:46:22
[INFO] [stderr]      4:     0x5613ad7e4a2c - core::fmt::write::h3381b3176fe2b3d3
[INFO] [stderr]                                  at /rustc/53fd98ca776cb875bc9e5514f56b52eb74f9e7a9/library/core/src/fmt/mod.rs:1115:17
[INFO] [stderr]      5:     0x5613ad7c5915 - std::io::Write::write_fmt::hd42607e5d8e44db0
[INFO] [stderr]                                  at /rustc/53fd98ca776cb875bc9e5514f56b52eb74f9e7a9/library/std/src/io/mod.rs:1665:15
[INFO] [stderr]      6:     0x5613ad7c968b - std::sys_common::backtrace::_print::ha537687d6c17dd0d
[INFO] [stderr]                                  at /rustc/53fd98ca776cb875bc9e5514f56b52eb74f9e7a9/library/std/src/sys_common/backtrace.rs:49:5
[INFO] [stderr]      7:     0x5613ad7c968b - std::sys_common::backtrace::print::h61376ae57d131d72
[INFO] [stderr]                                  at /rustc/53fd98ca776cb875bc9e5514f56b52eb74f9e7a9/library/std/src/sys_common/backtrace.rs:36:9
[INFO] [stderr]      8:     0x5613ad7c968b - std::panicking::default_hook::{{closure}}::h0f7208c0b9644a54
[INFO] [stderr]                                  at /rustc/53fd98ca776cb875bc9e5514f56b52eb74f9e7a9/library/std/src/panicking.rs:208:50
[INFO] [stderr]      9:     0x5613ad7c9161 - std::panicking::default_hook::hdac7fc06578c14ce
[INFO] [stderr]                                  at /rustc/53fd98ca776cb875bc9e5514f56b52eb74f9e7a9/library/std/src/panicking.rs:225:9
[INFO] [stderr]     10:     0x5613ad7c9d54 - std::panicking::rust_panic_with_hook::h72b21c283da3d1ef
[INFO] [stderr]                                  at /rustc/53fd98ca776cb875bc9e5514f56b52eb74f9e7a9/library/std/src/panicking.rs:622:17
[INFO] [stderr]     11:     0x5613ad79b94f - std::panicking::begin_panic::{{closure}}::hba73d0855ae5a9d9
[INFO] [stderr]                                  at /rustc/53fd98ca776cb875bc9e5514f56b52eb74f9e7a9/library/std/src/panicking.rs:542:9
[INFO] [stderr]     12:     0x5613ad79b608 - std::sys_common::backtrace::__rust_end_short_backtrace::h9e764acc0a21a848
[INFO] [stderr]                                  at /rustc/53fd98ca776cb875bc9e5514f56b52eb74f9e7a9/library/std/src/sys_common/backtrace.rs:141:18
[INFO] [stderr]     13:     0x5613ad79b895 - std::panicking::begin_panic::hbeeffa192c996c27
[INFO] [stderr]                                  at /rustc/53fd98ca776cb875bc9e5514f56b52eb74f9e7a9/library/std/src/panicking.rs:541:12
[INFO] [stderr]     14:     0x5613ad79a15f - build_script_build::main::hb1d60aa5fe400f5c
[INFO] [stderr]                                  at /opt/rustwide/cargo-home/registry/src/github.com-1ecc6299db9ec823/pear_codegen-0.1.2/build.rs:31:13
[INFO] [stderr]     15:     0x5613ad79c47b - core::ops::function::FnOnce::call_once::h7a070acc28e7dde7
[INFO] [stderr]                                  at /rustc/53fd98ca776cb875bc9e5514f56b52eb74f9e7a9/library/core/src/ops/function.rs:227:5
[INFO] [stderr]     16:     0x5613ad79b64e - std::sys_common::backtrace::__rust_begin_short_backtrace::h54927af071a08183
[INFO] [stderr]                                  at /rustc/53fd98ca776cb875bc9e5514f56b52eb74f9e7a9/library/std/src/sys_common/backtrace.rs:125:18
[INFO] [stderr]     17:     0x5613ad79b351 - std::rt::lang_start::{{closure}}::he9892ba086d4de08
[INFO] [stderr]                                  at /rustc/53fd98ca776cb875bc9e5514f56b52eb74f9e7a9/library/std/src/rt.rs:63:18
[INFO] [stderr]     18:     0x5613ad7ca25a - core::ops::function::impls::<impl core::ops::function::FnOnce<A> for &F>::call_once::ha88a7d1a4d24e549
[INFO] [stderr]                                  at /rustc/53fd98ca776cb875bc9e5514f56b52eb74f9e7a9/library/core/src/ops/function.rs:259:13
[INFO] [stderr]     19:     0x5613ad7ca25a - std::panicking::try::do_call::hd3b1d7740607ccc7
[INFO] [stderr]                                  at /rustc/53fd98ca776cb875bc9e5514f56b52eb74f9e7a9/library/std/src/panicking.rs:401:40
[INFO] [stderr]     20:     0x5613ad7ca25a - std::panicking::try::h0ee8c65ac7461507
[INFO] [stderr]                                  at /rustc/53fd98ca776cb875bc9e5514f56b52eb74f9e7a9/library/std/src/panicking.rs:365:19
[INFO] [stderr]     21:     0x5613ad7ca25a - std::panic::catch_unwind::head47f0de4ccd838
[INFO] [stderr]                                  at /rustc/53fd98ca776cb875bc9e5514f56b52eb74f9e7a9/library/std/src/panic.rs:434:14
[INFO] [stderr]     22:     0x5613ad7ca25a - std::rt::lang_start_internal::{{closure}}::hbc7de8ec820ac085
[INFO] [stderr]                                  at /rustc/53fd98ca776cb875bc9e5514f56b52eb74f9e7a9/library/std/src/rt.rs:45:48
[INFO] [stderr]     23:     0x5613ad7ca25a - std::panicking::try::do_call::h2609e52e8bad4a7b
[INFO] [stderr]                                  at /rustc/53fd98ca776cb875bc9e5514f56b52eb74f9e7a9/library/std/src/panicking.rs:401:40
[INFO] [stderr]     24:     0x5613ad7ca25a - std::panicking::try::hd0929f0b603e0389
[INFO] [stderr]                                  at /rustc/53fd98ca776cb875bc9e5514f56b52eb74f9e7a9/library/std/src/panicking.rs:365:19
[INFO] [stderr]     25:     0x5613ad7ca25a - std::panic::catch_unwind::h27902b81c3e47571
[INFO] [stderr]                                  at /rustc/53fd98ca776cb875bc9e5514f56b52eb74f9e7a9/library/std/src/panic.rs:434:14
[INFO] [stderr]     26:     0x5613ad7ca25a - std::rt::lang_start_internal::h3fb2d794dd391e3e
[INFO] [stderr]                                  at /rustc/53fd98ca776cb875bc9e5514f56b52eb74f9e7a9/library/std/src/rt.rs:45:20
[INFO] [stderr]     27:     0x5613ad79b320 - std::rt::lang_start::hce9d69347bd5d8d4
[INFO] [stderr]                                  at /rustc/53fd98ca776cb875bc9e5514f56b52eb74f9e7a9/library/std/src/rt.rs:62:5
[INFO] [stderr]     28:     0x5613ad79addc - main
[INFO] [stderr]     29:     0x7fd876d8e0b3 - __libc_start_main
[INFO] [stderr]     30:     0x5613ad79993e - _start
[INFO] [stderr]     31:                0x0 - <unknown>
[INFO] [stderr] warning: build failed, waiting for other jobs to finish...
[INFO] [stdout] error[E0554]: `#![feature]` may not be used on the beta release channel
[INFO] [stdout]  --> /opt/rustwide/cargo-home/registry/src/github.com-1ecc6299db9ec823/devise_core-0.2.0/src/lib.rs:1:1
[INFO] [stdout]   |
[INFO] [stdout] 1 | #![feature(proc_macro_diagnostic, proc_macro_span)]
[INFO] [stdout]   | ^^^^^^^^^^^^^^^^^^^^^^^^^^^^^^^^^^^^^^^^^^^^^^^^^^^
[INFO] [stdout] 
[INFO] [stdout] 
[INFO] [stdout] error[E0554]: `#![feature]` may not be used on the beta release channel
[INFO] [stdout]  --> /opt/rustwide/cargo-home/registry/src/github.com-1ecc6299db9ec823/devise_core-0.2.0/src/lib.rs:2:1
[INFO] [stdout]   |
[INFO] [stdout] 2 | #![feature(crate_visibility_modifier)]
[INFO] [stdout]   | ^^^^^^^^^^^^^^^^^^^^^^^^^^^^^^^^^^^^^^
[INFO] [stdout] 
[INFO] [stdout] 
[INFO] [stdout] error[E0554]: `#![feature]` may not be used on the beta release channel
[INFO] [stdout]  --> /opt/rustwide/cargo-home/registry/src/github.com-1ecc6299db9ec823/devise_core-0.2.0/src/lib.rs:3:1
[INFO] [stdout]   |
[INFO] [stdout] 3 | #![feature(concat_idents)]
[INFO] [stdout]   | ^^^^^^^^^^^^^^^^^^^^^^^^^^
[INFO] [stdout] 
[INFO] [stdout] 
[INFO] [stdout] error: aborting due to 3 previous errors
[INFO] [stdout] 
[INFO] [stdout] 
[INFO] [stdout] For more information about this error, try `rustc --explain E0554`.
[INFO] [stdout] 
[INFO] [stderr] error: build failed
[INFO] running `Command { std: "docker" "inspect" "b007326bccc339268717cb4d87ec98d4a0261c3b781a9616c5c82ef356a63fcd", kill_on_drop: false }`
[INFO] running `Command { std: "docker" "rm" "-f" "b007326bccc339268717cb4d87ec98d4a0261c3b781a9616c5c82ef356a63fcd", kill_on_drop: false }`
[INFO] [stdout] b007326bccc339268717cb4d87ec98d4a0261c3b781a9616c5c82ef356a63fcd
