[INFO] cloning repository https://github.com/Oodachi/warp-async-graphql-sqlx
[INFO] running `Command { std: "git" "-c" "credential.helper=" "-c" "credential.helper=/workspace/cargo-home/bin/git-credential-null" "clone" "--bare" "https://github.com/Oodachi/warp-async-graphql-sqlx" "/workspace/cache/git-repos/https%3A%2F%2Fgithub.com%2FOodachi%2Fwarp-async-graphql-sqlx", kill_on_drop: false }`
[INFO] [stderr] Cloning into bare repository '/workspace/cache/git-repos/https%3A%2F%2Fgithub.com%2FOodachi%2Fwarp-async-graphql-sqlx'...
[INFO] running `Command { std: "git" "rev-parse" "HEAD", kill_on_drop: false }`
[INFO] [stdout] 1d563a65b086fbf1521e72f5f5e13e3f889afabb
[INFO] documenting Oodachi/warp-async-graphql-sqlx against beta-2021-08-01 for beta-1.55-rustdoc-1
[INFO] running `Command { std: "git" "clone" "/workspace/cache/git-repos/https%3A%2F%2Fgithub.com%2FOodachi%2Fwarp-async-graphql-sqlx" "/workspace/builds/worker-0/source", kill_on_drop: false }`
[INFO] [stderr] Cloning into '/workspace/builds/worker-0/source'...
[INFO] [stderr] done.
[INFO] validating manifest of git repo https://github.com/Oodachi/warp-async-graphql-sqlx on toolchain beta-2021-08-01
[INFO] running `Command { std: "/workspace/cargo-home/bin/cargo" "+beta-2021-08-01" "metadata" "--manifest-path" "Cargo.toml" "--no-deps", kill_on_drop: false }`
[INFO] started tweaking git repo https://github.com/Oodachi/warp-async-graphql-sqlx
[INFO] finished tweaking git repo https://github.com/Oodachi/warp-async-graphql-sqlx
[INFO] tweaked toml for git repo https://github.com/Oodachi/warp-async-graphql-sqlx written to /workspace/builds/worker-0/source/Cargo.toml
[INFO] crate git repo https://github.com/Oodachi/warp-async-graphql-sqlx already has a lockfile, it will not be regenerated
[INFO] running `Command { std: "/workspace/cargo-home/bin/cargo" "+beta-2021-08-01" "fetch" "--manifest-path" "Cargo.toml", kill_on_drop: false }`
[INFO] [stderr]  Downloading crates ...
[INFO] [stderr]   Downloaded native-tls v0.2.7
[INFO] [stderr]   Downloaded tokio-native-tls v0.3.0
[INFO] [stderr]   Downloaded tokio-stream v0.1.6
[INFO] [stderr]   Downloaded serde_derive v1.0.126
[INFO] [stderr]   Downloaded validator_types v0.12.0
[INFO] [stderr]   Downloaded darling v0.12.4
[INFO] [stderr]   Downloaded darling_macro v0.12.4
[INFO] [stderr]   Downloaded proc-macro-crate v1.0.0
[INFO] [stderr]   Downloaded sqlformat v0.1.6
[INFO] [stderr]   Downloaded http-body v0.4.2
[INFO] [stderr]   Downloaded futures v0.3.15
[INFO] [stderr]   Downloaded ident_case v1.0.1
[INFO] [stderr]   Downloaded async-graphql-derive v2.8.5
[INFO] [stderr]   Downloaded wasm-bindgen v0.2.74
[INFO] [stderr]   Downloaded futures-task v0.3.15
[INFO] [stderr]   Downloaded futures-io v0.3.15
[INFO] [stderr]   Downloaded futures-macro v0.3.15
[INFO] [stderr]   Downloaded Inflector v0.11.4
[INFO] [stderr]   Downloaded socket2 v0.4.0
[INFO] [stderr]   Downloaded unchecked-index v0.2.2
[INFO] [stderr]   Downloaded serde-hjson v0.9.1
[INFO] [stderr]   Downloaded derive_more v0.99.13
[INFO] [stderr]   Downloaded dirs-sys v0.3.6
[INFO] [stderr]   Downloaded sha2 v0.9.5
[INFO] [stderr]   Downloaded unicode-segmentation v1.7.1
[INFO] [stderr]   Downloaded crossbeam-channel v0.5.1
[INFO] [stderr]   Downloaded pem v0.8.3
[INFO] [stderr]   Downloaded derivative v2.2.0
[INFO] [stderr]   Downloaded sqlx-macros v0.5.2
[INFO] [stderr]   Downloaded ahash v0.4.7
[INFO] [stderr]   Downloaded serde-aux v2.2.0
[INFO] [stderr]   Downloaded tap v1.0.1
[INFO] [stderr]   Downloaded dirs v3.0.2
[INFO] [stderr]   Downloaded nom v6.1.2
[INFO] [stderr]   Downloaded input_buffer v0.4.0
[INFO] [stderr]   Downloaded twoway v0.2.1
[INFO] [stderr]   Downloaded async-graphql-warp v2.8.5
[INFO] [stderr]   Downloaded radium v0.5.3
[INFO] [stderr]   Downloaded funty v1.1.0
[INFO] [stderr]   Downloaded convert_case v0.4.0
[INFO] [stderr]   Downloaded async-graphql-parser v2.8.5
[INFO] [stderr]   Downloaded async-stream v0.3.1
[INFO] [stderr]   Downloaded encoding_rs v0.8.28
[INFO] [stderr]   Downloaded hashlink v0.6.0
[INFO] [stderr]   Downloaded wasm-bindgen-macro v0.2.74
[INFO] [stderr]   Downloaded wasm-bindgen-backend v0.2.74
[INFO] [stderr]   Downloaded humantime-serde v1.0.1
[INFO] [stderr]   Downloaded serde_yaml v0.8.17
[INFO] [stderr]   Downloaded crossbeam-utils v0.8.4
[INFO] [stderr]   Downloaded futures-sink v0.3.15
[INFO] [stderr]   Downloaded crossbeam-queue v0.3.1
[INFO] [stderr]   Downloaded indexmap v1.6.2
[INFO] [stderr]   Downloaded redox_syscall v0.2.8
[INFO] [stderr]   Downloaded httpdate v1.0.0
[INFO] [stderr]   Downloaded tokio-util v0.6.7
[INFO] [stderr]   Downloaded heck v0.3.2
[INFO] [stderr]   Downloaded whoami v1.1.2
[INFO] [stderr]   Downloaded arc-swap v0.4.8
[INFO] [stderr]   Downloaded js-sys v0.3.51
[INFO] [stderr]   Downloaded pin-project-internal v1.0.7
[INFO] [stderr]   Downloaded futures-executor v0.3.15
[INFO] [stderr]   Downloaded serde_urlencoded v0.7.0
[INFO] [stderr]   Downloaded futures-core v0.3.15
[INFO] [stderr]   Downloaded tinyvec v1.2.0
[INFO] [stderr]   Downloaded tungstenite v0.12.0
[INFO] [stderr]   Downloaded async-graphql v2.8.5
[INFO] [stderr]   Downloaded sqlx-core v0.5.2
[INFO] [stderr]   Downloaded strsim v0.10.0
[INFO] [stderr]   Downloaded sqlx v0.5.2
[INFO] [stderr]   Downloaded hyper v0.14.7
[INFO] [stderr]   Downloaded warp v0.3.1
[INFO] [stderr]   Downloaded atoi v0.4.0
[INFO] [stderr]   Downloaded redox_users v0.4.0
[INFO] [stderr]   Downloaded wyz v0.2.0
[INFO] [stderr]   Downloaded bitvec v0.19.5
[INFO] [stderr]   Downloaded lexical-core v0.7.6
[INFO] [stderr]   Downloaded futures-channel v0.3.15
[INFO] [stderr]   Downloaded unicode_categories v0.1.1
[INFO] [stderr]   Downloaded config v0.11.0
[INFO] [stderr]   Downloaded simple_asn1 v0.4.1
[INFO] [stderr]   Downloaded jsonwebtoken v7.2.0
[INFO] [stderr]   Downloaded ordered-float v2.2.0
[INFO] [stderr]   Downloaded multer v1.2.2
[INFO] [stderr]   Downloaded serde-value v0.7.0
[INFO] [stderr]   Downloaded log4rs v1.0.0
[INFO] [stderr]   Downloaded ahash v0.7.2
[INFO] [stderr]   Downloaded wasm-bindgen-shared v0.2.74
[INFO] [stderr]   Downloaded wasm-bindgen-macro-support v0.2.74
[INFO] [stderr]   Downloaded cpufeatures v0.1.3
[INFO] [stderr]   Downloaded tokio-macros v1.2.0
[INFO] [stderr]   Downloaded h2 v0.3.3
[INFO] [stderr]   Downloaded futures-util v0.3.15
[INFO] [stderr]   Downloaded pin-project v1.0.7
[INFO] [stderr]   Downloaded serde v1.0.126
[INFO] [stderr]   Downloaded lock_api v0.4.4
[INFO] [stderr]   Downloaded security-framework v2.2.0
[INFO] [stderr]   Downloaded security-framework-sys v2.2.0
[INFO] [stderr]   Downloaded sqlx-rt v0.5.2
[INFO] [stderr]   Downloaded sha-1 v0.9.6
[INFO] [stderr]   Downloaded tokio-tungstenite v0.13.0
[INFO] [stderr]   Downloaded tokio v1.6.0
[INFO] [stderr]   Downloaded darling_core v0.12.4
[INFO] [stderr]   Downloaded core-foundation v0.9.1
[INFO] [stderr]   Downloaded core-foundation-sys v0.8.2
[INFO] [stderr]   Downloaded if_chain v1.0.1
[INFO] [stderr]   Downloaded openssl-probe v0.1.4
[INFO] [stderr]   Downloaded async-graphql-value v2.6.5
[INFO] [stderr]   Downloaded async-stream-impl v0.3.1
[INFO] [stderr]   Downloaded web-sys v0.3.51
[INFO] [stderr]   Downloaded actix-rt v2.2.0
[INFO] [stderr]   Downloaded validator_derive v0.13.0
[INFO] [stderr]   Downloaded validator v0.13.0
[INFO] [stderr]   Downloaded slab v0.4.3
[INFO] running `Command { std: "docker" "create" "-v" "/var/lib/crater-agent-workspace/builds/worker-0/target:/opt/rustwide/target:rw,Z" "-v" "/var/lib/crater-agent-workspace/builds/worker-0/source:/opt/rustwide/workdir:ro,Z" "-v" "/var/lib/crater-agent-workspace/cargo-home:/opt/rustwide/cargo-home:ro,Z" "-v" "/var/lib/crater-agent-workspace/rustup-home:/opt/rustwide/rustup-home:ro,Z" "-e" "SOURCE_DIR=/opt/rustwide/workdir" "-e" "CARGO_TARGET_DIR=/opt/rustwide/target" "-e" "CARGO_HOME=/opt/rustwide/cargo-home" "-e" "RUSTUP_HOME=/opt/rustwide/rustup-home" "-w" "/opt/rustwide/workdir" "-m" "1610612736" "--user" "0:0" "--network" "none" "ghcr.io/rust-lang/crates-build-env/linux@sha256:34b6a614d2c27851fe6cbf88fbd1137609cefab8b10d0615aaeb6fd47975d74e" "/opt/rustwide/cargo-home/bin/cargo" "+beta-2021-08-01" "metadata" "--no-deps" "--format-version=1", kill_on_drop: false }`
[INFO] [stdout] 222e4b21d697a626c0edea12fafbbb5cdcf005d8260e104c3ab35f1c021e006a
[INFO] [stderr] WARNING: Your kernel does not support swap limit capabilities or the cgroup is not mounted. Memory limited without swap.
[INFO] running `Command { std: "docker" "start" "-a" "222e4b21d697a626c0edea12fafbbb5cdcf005d8260e104c3ab35f1c021e006a", kill_on_drop: false }`
[INFO] running `Command { std: "docker" "inspect" "222e4b21d697a626c0edea12fafbbb5cdcf005d8260e104c3ab35f1c021e006a", kill_on_drop: false }`
[INFO] running `Command { std: "docker" "rm" "-f" "222e4b21d697a626c0edea12fafbbb5cdcf005d8260e104c3ab35f1c021e006a", kill_on_drop: false }`
[INFO] [stdout] 222e4b21d697a626c0edea12fafbbb5cdcf005d8260e104c3ab35f1c021e006a
[INFO] running `Command { std: "docker" "create" "-v" "/var/lib/crater-agent-workspace/builds/worker-0/target:/opt/rustwide/target:rw,Z" "-v" "/var/lib/crater-agent-workspace/builds/worker-0/source:/opt/rustwide/workdir:ro,Z" "-v" "/var/lib/crater-agent-workspace/cargo-home:/opt/rustwide/cargo-home:ro,Z" "-v" "/var/lib/crater-agent-workspace/rustup-home:/opt/rustwide/rustup-home:ro,Z" "-e" "SOURCE_DIR=/opt/rustwide/workdir" "-e" "CARGO_TARGET_DIR=/opt/rustwide/target" "-e" "CARGO_INCREMENTAL=0" "-e" "RUST_BACKTRACE=full" "-e" "RUSTDOCFLAGS=--cap-lints=warn" "-e" "CARGO_HOME=/opt/rustwide/cargo-home" "-e" "RUSTUP_HOME=/opt/rustwide/rustup-home" "-w" "/opt/rustwide/workdir" "-m" "1610612736" "--user" "0:0" "--network" "none" "ghcr.io/rust-lang/crates-build-env/linux@sha256:34b6a614d2c27851fe6cbf88fbd1137609cefab8b10d0615aaeb6fd47975d74e" "/opt/rustwide/cargo-home/bin/cargo" "+beta-2021-08-01" "doc" "--frozen" "--no-deps" "--document-private-items" "--message-format=json", kill_on_drop: false }`
[INFO] [stderr] WARNING: Your kernel does not support swap limit capabilities or the cgroup is not mounted. Memory limited without swap.
[INFO] [stdout] 1491d4f1b5cb2431cb49e0d82db9944dc8500d97c859d0188d26b2e56e210da4
[INFO] running `Command { std: "docker" "start" "-a" "1491d4f1b5cb2431cb49e0d82db9944dc8500d97c859d0188d26b2e56e210da4", kill_on_drop: false }`
[INFO] [stderr]    Compiling serde_json v1.0.64
[INFO] [stderr]    Compiling pin-project-lite v0.2.6
[INFO] [stderr]    Compiling once_cell v1.7.2
[INFO] [stderr]     Checking cpufeatures v0.1.3
[INFO] [stderr]    Compiling futures-sink v0.3.15
[INFO] [stderr]    Compiling openssl-probe v0.1.4
[INFO] [stderr]    Compiling futures-io v0.3.15
[INFO] [stderr]    Compiling slab v0.4.3
[INFO] [stderr]    Compiling validator_types v0.12.0
[INFO] [stderr]    Compiling tokio v1.6.0
[INFO] [stderr]    Compiling instant v0.1.9
[INFO] [stderr]    Compiling ahash v0.7.2
[INFO] [stderr]     Checking blake2b_simd v0.5.11
[INFO] [stderr]    Compiling futures-core v0.3.15
[INFO] [stderr]    Compiling futures-task v0.3.15
[INFO] [stderr]     Checking hashlink v0.6.0
[INFO] [stderr]     Checking dirs-sys v0.3.6
[INFO] [stderr]     Checking thread-id v3.3.0
[INFO] [stderr]     Checking twoway v0.2.1
[INFO] [stderr]    Compiling signal-hook-registry v1.3.0
[INFO] [stderr]    Compiling num_cpus v1.13.0
[INFO] [stderr]    Compiling time v0.1.44
[INFO] [stderr]    Compiling crossbeam-utils v0.8.4
[INFO] [stderr]     Checking indexmap v1.6.2
[INFO] [stderr]    Compiling parking_lot_core v0.8.3
[INFO] [stderr]    Compiling openssl-sys v0.9.63
[INFO] [stderr]     Checking ring v0.16.20
[INFO] [stderr]    Compiling stringprep v0.1.2
[INFO] [stderr]    Compiling futures-channel v0.3.15
[INFO] [stderr]    Compiling syn v1.0.72
[INFO] [stderr]    Compiling crypto-mac v0.10.0
[INFO] [stderr]     Checking ordered-float v2.2.0
[INFO] [stderr]    Compiling num-integer v0.1.44
[INFO] [stderr]     Checking crossbeam-queue v0.3.1
[INFO] [stderr]     Checking openssl v0.10.34
[INFO] [stderr]    Compiling url v2.2.2
[INFO] [stderr]     Checking dirs v3.0.2
[INFO] [stderr]     Checking pem v0.8.3
[INFO] [stderr]    Compiling Inflector v0.11.4
[INFO] [stderr]     Checking sha-1 v0.9.6
[INFO] [stderr]     Checking sha2 v0.9.5
[INFO] [stderr]     Checking rust-argon2 v0.8.3
[INFO] [stderr]    Compiling hmac v0.10.1
[INFO] [stderr]    Compiling crossbeam-channel v0.5.1
[INFO] [stderr]    Compiling parking_lot v0.11.1
[INFO] [stderr]     Checking rand v0.7.3
[INFO] [stderr]     Checking headers v0.3.4
[INFO] [stderr]    Compiling pest_generator v2.1.3
[INFO] [stderr]    Compiling darling_core v0.12.4
[INFO] [stderr]    Compiling proc-macro-error v1.0.4
[INFO] [stderr]    Compiling serde_derive v1.0.126
[INFO] [stderr]    Compiling tokio-macros v1.2.0
[INFO] [stderr]    Compiling futures-macro v0.3.15
[INFO] [stderr]    Compiling thiserror-impl v1.0.24
[INFO] [stderr]    Compiling pin-project-internal v1.0.7
[INFO] [stderr]    Compiling pest_derive v2.1.0
[INFO] [stderr]    Compiling derive_more v0.99.13
[INFO] [stderr]    Compiling async-stream-impl v0.3.1
[INFO] [stderr]    Compiling async-trait v0.1.50
[INFO] [stderr]    Compiling derivative v2.2.0
[INFO] [stderr]    Compiling validator_derive v0.13.0
[INFO] [stderr]    Compiling darling_macro v0.12.4
[INFO] [stderr]     Checking futures-util v0.3.15
[INFO] [stderr]     Checking async-stream v0.3.1
[INFO] [stderr]    Compiling thiserror v1.0.24
[INFO] [stderr]     Checking pin-project v1.0.7
[INFO] [stderr]    Compiling darling v0.12.4
[INFO] [stderr]    Compiling futures-executor v0.3.15
[INFO] [stderr]     Checking futures v0.3.15
[INFO] [stderr]     Checking serde v1.0.126
[INFO] [stderr]     Checking log v0.4.14
[INFO] [stderr]     Checking chrono v0.4.19
[INFO] [stderr]     Checking uuid v0.8.2
[INFO] [stderr]     Checking toml v0.5.8
[INFO] [stderr]     Checking serde_urlencoded v0.7.0
[INFO] [stderr]     Checking serde-value v0.7.0
[INFO] [stderr]     Checking serde_yaml v0.8.17
[INFO] [stderr]     Checking humantime-serde v1.0.1
[INFO] [stderr]     Checking mio v0.7.11
[INFO] [stderr]     Checking tracing v0.1.26
[INFO] [stderr]     Checking native-tls v0.2.7
[INFO] [stderr]     Checking tungstenite v0.12.0
[INFO] [stderr]     Checking want v0.3.0
[INFO] [stderr]     Checking multipart v0.17.1
[INFO] [stderr]     Checking multer v1.2.2
[INFO] [stderr]     Checking simple_asn1 v0.4.1
[INFO] [stderr]     Checking async-graphql-value v2.6.5
[INFO] [stderr]     Checking validator v0.13.0
[INFO] [stderr]     Checking config v0.11.0
[INFO] [stderr]     Checking log4rs v1.0.0
[INFO] [stderr]     Checking serde-aux v2.2.0
[INFO] [stderr]    Compiling proc-macro-crate v1.0.0
[INFO] [stderr]     Checking jsonwebtoken v7.2.0
[INFO] [stderr]     Checking async-graphql-parser v2.8.5
[INFO] [stderr]    Compiling async-graphql-derive v2.8.5
[INFO] [stderr]     Checking tokio-util v0.6.7
[INFO] [stderr]     Checking tokio-stream v0.1.6
[INFO] [stderr]     Checking tokio-native-tls v0.3.0
[INFO] [stderr]     Checking actix-rt v2.2.0
[INFO] [stderr]     Checking tokio-tungstenite v0.13.0
[INFO] [stderr]     Checking sqlx-rt v0.5.2
[INFO] [stderr]     Checking sqlx-core v0.5.2
[INFO] [stderr]     Checking h2 v0.3.3
[INFO] [stderr]     Checking hyper v0.14.7
[INFO] [stderr]     Checking async-graphql v2.8.5
[INFO] [stderr]    Compiling sqlx-macros v0.5.2
[INFO] [stderr]     Checking warp v0.3.1
[INFO] [stderr]     Checking async-graphql-warp v2.8.5
[INFO] [stderr]     Checking sqlx v0.5.2
[INFO] [stderr]  Documenting server v0.1.0 (/opt/rustwide/workdir)
[INFO] [stdout] error: error communicating with the server: Cannot assign requested address (os error 99)
[INFO] [stdout]   --> src/repository/users.rs:35:19
[INFO] [stdout]    |
[INFO] [stdout] 35 |           let row = sqlx::query_as!(
[INFO] [stdout]    |  ___________________^
[INFO] [stdout] 36 | |             Users,
[INFO] [stdout] 37 | |             //language=sql
[INFO] [stdout] 38 | |             "INSERT INTO users(username, nickname, email, password_hash) VALUES ($1, $2, $3, $4) RETURNING *",
[INFO] [stdout] ...  |
[INFO] [stdout] 42 | |             password_hash
[INFO] [stdout] 43 | |         )
[INFO] [stdout]    | |_________^
[INFO] [stdout]    |
[INFO] [stdout]    = note: this error originates in the macro `$crate::sqlx_macros::expand_query` (in Nightly builds, run with -Z macro-backtrace for more info)
[INFO] [stdout] 
[INFO] [stdout] 
[INFO] [stdout] error: error communicating with the server: Cannot assign requested address (os error 99)
[INFO] [stdout]   --> src/repository/users.rs:53:19
[INFO] [stdout]    |
[INFO] [stdout] 53 |           let row = sqlx::query_as!(
[INFO] [stdout]    |  ___________________^
[INFO] [stdout] 54 | |             Users,
[INFO] [stdout] 55 | |             //language=sql
[INFO] [stdout] 56 | |             "SELECT * FROM users WHERE username = $1",
[INFO] [stdout] 57 | |             username
[INFO] [stdout] 58 | |         )
[INFO] [stdout]    | |_________^
[INFO] [stdout]    |
[INFO] [stdout]    = note: this error originates in the macro `$crate::sqlx_macros::expand_query` (in Nightly builds, run with -Z macro-backtrace for more info)
[INFO] [stdout] 
[INFO] [stdout] 
[INFO] [stdout] error: error communicating with the server: Cannot assign requested address (os error 99)
[INFO] [stdout]   --> src/repository/users.rs:67:19
[INFO] [stdout]    |
[INFO] [stdout] 67 |           let row = sqlx::query_as!(
[INFO] [stdout]    |  ___________________^
[INFO] [stdout] 68 | |             Users,
[INFO] [stdout] 69 | |             //language=sql
[INFO] [stdout] 70 | |             "SELECT * FROM users WHERE email = $1",
[INFO] [stdout] 71 | |             email
[INFO] [stdout] 72 | |         )
[INFO] [stdout]    | |_________^
[INFO] [stdout]    |
[INFO] [stdout]    = note: this error originates in the macro `$crate::sqlx_macros::expand_query` (in Nightly builds, run with -Z macro-backtrace for more info)
[INFO] [stdout] 
[INFO] [stdout] 
[INFO] [stdout] error: error communicating with the server: Cannot assign requested address (os error 99)
[INFO] [stdout]   --> src/repository/users.rs:82:19
[INFO] [stdout]    |
[INFO] [stdout] 82 |           let row = sqlx::query_as!(
[INFO] [stdout]    |  ___________________^
[INFO] [stdout] 83 | |             Users,
[INFO] [stdout] 84 | |             //language=sql
[INFO] [stdout] 85 | |             "SELECT * FROM users WHERE username = $1",
[INFO] [stdout] 86 | |             username
[INFO] [stdout] 87 | |         )
[INFO] [stdout]    | |_________^
[INFO] [stdout]    |
[INFO] [stdout]    = note: this error originates in the macro `$crate::sqlx_macros::expand_query` (in Nightly builds, run with -Z macro-backtrace for more info)
[INFO] [stdout] 
[INFO] [stdout] 
[INFO] [stdout] error: error communicating with the server: Cannot assign requested address (os error 99)
[INFO] [stdout]    --> src/repository/users.rs:98:19
[INFO] [stdout]     |
[INFO] [stdout] 98  |           let row = sqlx::query!(
[INFO] [stdout]     |  ___________________^
[INFO] [stdout] 99  | |             //language=sql
[INFO] [stdout] 100 | |             "SELECT EXISTS(SELECT 1 FROM users WHERE username = $1)",
[INFO] [stdout] 101 | |             username,
[INFO] [stdout] 102 | |         )
[INFO] [stdout]     | |_________^
[INFO] [stdout]     |
[INFO] [stdout]     = note: this error originates in the macro `$crate::sqlx_macros::expand_query` (in Nightly builds, run with -Z macro-backtrace for more info)
[INFO] [stdout] 
[INFO] [stdout] 
[INFO] [stdout] error: error communicating with the server: Cannot assign requested address (os error 99)
[INFO] [stdout]    --> src/repository/users.rs:112:19
[INFO] [stdout]     |
[INFO] [stdout] 112 |           let row = sqlx::query!(
[INFO] [stdout]     |  ___________________^
[INFO] [stdout] 113 | |             //language=sql
[INFO] [stdout] 114 | |             "SELECT EXISTS(SELECT 1 FROM users WHERE email = $1)",
[INFO] [stdout] 115 | |             email,
[INFO] [stdout] 116 | |         )
[INFO] [stdout]     | |_________^
[INFO] [stdout]     |
[INFO] [stdout]     = note: this error originates in the macro `$crate::sqlx_macros::expand_query` (in Nightly builds, run with -Z macro-backtrace for more info)
[INFO] [stdout] 
[INFO] [stdout] 
[INFO] [stdout] error: Compilation failed, aborting rustdoc
[INFO] [stdout] 
[INFO] [stdout] 
[INFO] [stdout] error: aborting due to 7 previous errors
[INFO] [stdout] 
[INFO] [stdout] 
[INFO] [stderr] error: could not document `server`
[INFO] [stderr] 
[INFO] [stderr] Caused by:
[INFO] [stderr]   process didn't exit successfully: `rustdoc --edition=2018 --crate-type lib --crate-name server src/lib.rs -o /opt/rustwide/target/doc --error-format=json --json=diagnostic-rendered-ansi --document-private-items -L dependency=/opt/rustwide/target/debug/deps --extern anyhow=/opt/rustwide/target/debug/deps/libanyhow-4b3b63236f90b4c5.rmeta --extern async_graphql=/opt/rustwide/target/debug/deps/libasync_graphql-6d5ab8e535925301.rmeta --extern async_graphql_warp=/opt/rustwide/target/debug/deps/libasync_graphql_warp-22e5ab8f1d67c34f.rmeta --extern async_trait=/opt/rustwide/target/debug/deps/libasync_trait-d483eada87544776.so --extern chrono=/opt/rustwide/target/debug/deps/libchrono-506cfe479a69d5d8.rmeta --extern config=/opt/rustwide/target/debug/deps/libconfig-0e83b8509cf66104.rmeta --extern dotenv=/opt/rustwide/target/debug/deps/libdotenv-9165642b04647e23.rmeta --extern humantime=/opt/rustwide/target/debug/deps/libhumantime-066d030878993e4d.rmeta --extern humantime_serde=/opt/rustwide/target/debug/deps/libhumantime_serde-82b7c52806cce9e9.rmeta --extern jsonwebtoken=/opt/rustwide/target/debug/deps/libjsonwebtoken-476705640ee26dbe.rmeta --extern lazy_static=/opt/rustwide/target/debug/deps/liblazy_static-5e37eee3e84fafab.rmeta --extern log=/opt/rustwide/target/debug/deps/liblog-069b9fd8819c483a.rmeta --extern log4rs=/opt/rustwide/target/debug/deps/liblog4rs-3afd0ef5822a87fc.rmeta --extern regex=/opt/rustwide/target/debug/deps/libregex-9e2d21caad08945c.rmeta --extern argon2=/opt/rustwide/target/debug/deps/libargon2-e034ad17874001a4.rmeta --extern serde=/opt/rustwide/target/debug/deps/libserde-4b2fc62029eca30c.rmeta --extern serde_aux=/opt/rustwide/target/debug/deps/libserde_aux-63d8fe04227883d1.rmeta --extern serde_json=/opt/rustwide/target/debug/deps/libserde_json-bd1af7d7116e6543.rmeta --extern sqlx=/opt/rustwide/target/debug/deps/libsqlx-1211b84ed4ed7164.rmeta --extern thiserror=/opt/rustwide/target/debug/deps/libthiserror-134c5f6268749605.rmeta --extern tokio=/opt/rustwide/target/debug/deps/libtokio-22d0a5104b235e6d.rmeta --extern uuid=/opt/rustwide/target/debug/deps/libuuid-a6d6941ee6db2877.rmeta --extern validator=/opt/rustwide/target/debug/deps/libvalidator-a9f1beb5029225ea.rmeta --extern warp=/opt/rustwide/target/debug/deps/libwarp-5c194e64b18aa5d7.rmeta --cap-lints=warn --crate-version 0.1.0` (exit status: 1)
[INFO] running `Command { std: "docker" "inspect" "1491d4f1b5cb2431cb49e0d82db9944dc8500d97c859d0188d26b2e56e210da4", kill_on_drop: false }`
[INFO] running `Command { std: "docker" "rm" "-f" "1491d4f1b5cb2431cb49e0d82db9944dc8500d97c859d0188d26b2e56e210da4", kill_on_drop: false }`
[INFO] [stdout] 1491d4f1b5cb2431cb49e0d82db9944dc8500d97c859d0188d26b2e56e210da4
