[INFO] cloning repository https://github.com/NeoLegends/runtext
[INFO] running `Command { std: "git" "-c" "credential.helper=" "-c" "credential.helper=/workspace/cargo-home/bin/git-credential-null" "clone" "--bare" "https://github.com/NeoLegends/runtext" "/workspace/cache/git-repos/https%3A%2F%2Fgithub.com%2FNeoLegends%2Fruntext", kill_on_drop: false }`
[INFO] [stderr] Cloning into bare repository '/workspace/cache/git-repos/https%3A%2F%2Fgithub.com%2FNeoLegends%2Fruntext'...
[INFO] running `Command { std: "git" "rev-parse" "HEAD", kill_on_drop: false }`
[INFO] [stdout] d855ac8a6d52e088fd2701839cecf9b366a47412
[INFO] documenting NeoLegends/runtext against beta-2021-08-01 for beta-1.55-rustdoc-1
[INFO] running `Command { std: "git" "clone" "/workspace/cache/git-repos/https%3A%2F%2Fgithub.com%2FNeoLegends%2Fruntext" "/workspace/builds/worker-2/source", kill_on_drop: false }`
[INFO] [stderr] Cloning into '/workspace/builds/worker-2/source'...
[INFO] [stderr] done.
[INFO] validating manifest of git repo https://github.com/NeoLegends/runtext on toolchain beta-2021-08-01
[INFO] running `Command { std: "/workspace/cargo-home/bin/cargo" "+beta-2021-08-01" "metadata" "--manifest-path" "Cargo.toml" "--no-deps", kill_on_drop: false }`
[INFO] started tweaking git repo https://github.com/NeoLegends/runtext
[INFO] finished tweaking git repo https://github.com/NeoLegends/runtext
[INFO] tweaked toml for git repo https://github.com/NeoLegends/runtext written to /workspace/builds/worker-2/source/Cargo.toml
[INFO] crate git repo https://github.com/NeoLegends/runtext already has a lockfile, it will not be regenerated
[INFO] running `Command { std: "/workspace/cargo-home/bin/cargo" "+beta-2021-08-01" "fetch" "--manifest-path" "Cargo.toml", kill_on_drop: false }`
[INFO] [stderr]  Downloading crates ...
[INFO] [stderr]   Downloaded clap v2.29.2
[INFO] [stderr]   Downloaded futures-stream-select-all v0.1.2
[INFO] running `Command { std: "docker" "create" "-v" "/var/lib/crater-agent-workspace/builds/worker-2/target:/opt/rustwide/target:rw,Z" "-v" "/var/lib/crater-agent-workspace/builds/worker-2/source:/opt/rustwide/workdir:ro,Z" "-v" "/var/lib/crater-agent-workspace/cargo-home:/opt/rustwide/cargo-home:ro,Z" "-v" "/var/lib/crater-agent-workspace/rustup-home:/opt/rustwide/rustup-home:ro,Z" "-e" "SOURCE_DIR=/opt/rustwide/workdir" "-e" "CARGO_TARGET_DIR=/opt/rustwide/target" "-e" "CARGO_HOME=/opt/rustwide/cargo-home" "-e" "RUSTUP_HOME=/opt/rustwide/rustup-home" "-w" "/opt/rustwide/workdir" "-m" "1610612736" "--user" "0:0" "--network" "none" "ghcr.io/rust-lang/crates-build-env/linux@sha256:34b6a614d2c27851fe6cbf88fbd1137609cefab8b10d0615aaeb6fd47975d74e" "/opt/rustwide/cargo-home/bin/cargo" "+beta-2021-08-01" "metadata" "--no-deps" "--format-version=1", kill_on_drop: false }`
[INFO] [stdout] 9c7d0330e249c8e85101656e7296a51401ece4bf5c441e4979b9fa04e69a4381
[INFO] [stderr] WARNING: Your kernel does not support swap limit capabilities or the cgroup is not mounted. Memory limited without swap.
[INFO] running `Command { std: "docker" "start" "-a" "9c7d0330e249c8e85101656e7296a51401ece4bf5c441e4979b9fa04e69a4381", kill_on_drop: false }`
[INFO] running `Command { std: "docker" "inspect" "9c7d0330e249c8e85101656e7296a51401ece4bf5c441e4979b9fa04e69a4381", kill_on_drop: false }`
[INFO] running `Command { std: "docker" "rm" "-f" "9c7d0330e249c8e85101656e7296a51401ece4bf5c441e4979b9fa04e69a4381", kill_on_drop: false }`
[INFO] [stdout] 9c7d0330e249c8e85101656e7296a51401ece4bf5c441e4979b9fa04e69a4381
[INFO] running `Command { std: "docker" "create" "-v" "/var/lib/crater-agent-workspace/builds/worker-2/target:/opt/rustwide/target:rw,Z" "-v" "/var/lib/crater-agent-workspace/builds/worker-2/source:/opt/rustwide/workdir:ro,Z" "-v" "/var/lib/crater-agent-workspace/cargo-home:/opt/rustwide/cargo-home:ro,Z" "-v" "/var/lib/crater-agent-workspace/rustup-home:/opt/rustwide/rustup-home:ro,Z" "-e" "SOURCE_DIR=/opt/rustwide/workdir" "-e" "CARGO_TARGET_DIR=/opt/rustwide/target" "-e" "CARGO_INCREMENTAL=0" "-e" "RUST_BACKTRACE=full" "-e" "RUSTDOCFLAGS=--cap-lints=warn" "-e" "CARGO_HOME=/opt/rustwide/cargo-home" "-e" "RUSTUP_HOME=/opt/rustwide/rustup-home" "-w" "/opt/rustwide/workdir" "-m" "1610612736" "--user" "0:0" "--network" "none" "ghcr.io/rust-lang/crates-build-env/linux@sha256:34b6a614d2c27851fe6cbf88fbd1137609cefab8b10d0615aaeb6fd47975d74e" "/opt/rustwide/cargo-home/bin/cargo" "+beta-2021-08-01" "doc" "--frozen" "--no-deps" "--document-private-items" "--message-format=json", kill_on_drop: false }`
[INFO] [stdout] 4fdde33f12e82b7716689ec9810997b0f3ec03db026a84cce4a643a35b8964a5
[INFO] [stderr] WARNING: Your kernel does not support swap limit capabilities or the cgroup is not mounted. Memory limited without swap.
[INFO] running `Command { std: "docker" "start" "-a" "4fdde33f12e82b7716689ec9810997b0f3ec03db026a84cce4a643a35b8964a5", kill_on_drop: false }`
[INFO] [stderr]     Checking iovec v0.1.2
[INFO] [stderr]     Checking yaml-rust v0.4.0
[INFO] [stderr]     Checking futures-stream-select-all v0.1.2
[INFO] [stderr]     Checking bytes v0.4.6
[INFO] [stderr]     Checking mio v0.6.12
[INFO] [stderr]     Checking serde_yaml v0.7.3
[INFO] [stderr]     Checking tokio-io v0.1.4
[INFO] [stderr]     Checking tokio-core v0.1.12
[INFO] [stderr]  Documenting runtext v0.1.0 (/opt/rustwide/workdir)
[INFO] [stdout] error[E0583]: file not found for module `imp`
[INFO] [stdout]  --> src/triggers/wifi/mod.rs:2:1
[INFO] [stdout]   |
[INFO] [stdout] 2 | mod imp;
[INFO] [stdout]   | ^^^^^^^^
[INFO] [stdout]   |
[INFO] [stdout]   = help: to create the module `imp`, create file "src/triggers/wifi/imp.rs" or "src/triggers/wifi/imp/mod.rs"
[INFO] [stdout] 
[INFO] [stdout] 
[INFO] [stdout] error[E0432]: unresolved import `triggers::wifi::WifiTrigger`
[INFO] [stdout]   --> src/driver.rs:13:57
[INFO] [stdout]    |
[INFO] [stdout] 13 | use triggers::wifi::{TRIGGER_NAME as WIFI_TRIGGER_NAME, WifiTrigger};
[INFO] [stdout]    |                                                         ^^^^^^^^^^^ no `WifiTrigger` in `triggers::wifi`
[INFO] [stdout] 
[INFO] [stdout] 
[INFO] [stdout] error[E0554]: `#![feature]` may not be used on the beta release channel
[INFO] [stdout]  --> src/main.rs:1:1
[INFO] [stdout]   |
[INFO] [stdout] 1 | #![feature(conservative_impl_trait)]
[INFO] [stdout]   | ^^^^^^^^^^^^^^^^^^^^^^^^^^^^^^^^^^^^ help: remove the attribute
[INFO] [stdout]   |
[INFO] [stdout]   = help: the feature `conservative_impl_trait` has been stable since 1.26.0 and no longer requires an attribute to enable
[INFO] [stdout] 
[INFO] [stdout] 
[INFO] [stdout] error: Compilation failed, aborting rustdoc
[INFO] [stdout] 
[INFO] [stdout] 
[INFO] [stdout] error: aborting due to 4 previous errors
[INFO] [stdout] 
[INFO] [stdout] 
[INFO] [stdout] Some errors have detailed explanations: E0432, E0554, E0583.
[INFO] [stdout] 
[INFO] [stdout] For more information about an error, try `rustc --explain E0432`.
[INFO] [stdout] 
[INFO] [stderr] error: could not document `runtext`
[INFO] [stderr] 
[INFO] [stderr] Caused by:
[INFO] [stderr]   process didn't exit successfully: `rustdoc --crate-type bin --crate-name runtext src/main.rs -o /opt/rustwide/target/doc --error-format=json --json=diagnostic-rendered-ansi --document-private-items -L dependency=/opt/rustwide/target/debug/deps --extern clap=/opt/rustwide/target/debug/deps/libclap-f143a5fed77be55b.rmeta --extern futures=/opt/rustwide/target/debug/deps/libfutures-5b036eb6fbf13136.rmeta --extern futures_stream_select_all=/opt/rustwide/target/debug/deps/libfutures_stream_select_all-1995c25a2202b19b.rmeta --extern serde=/opt/rustwide/target/debug/deps/libserde-7680915df550e9ac.rmeta --extern serde_derive=/opt/rustwide/target/debug/deps/libserde_derive-461a4cefe8fc3da0.so --extern serde_yaml=/opt/rustwide/target/debug/deps/libserde_yaml-9f5c850a430d3469.rmeta --extern tokio_core=/opt/rustwide/target/debug/deps/libtokio_core-b806474bf6cf9b6d.rmeta --cap-lints=warn --crate-version 0.1.0` (exit status: 1)
[INFO] running `Command { std: "docker" "inspect" "4fdde33f12e82b7716689ec9810997b0f3ec03db026a84cce4a643a35b8964a5", kill_on_drop: false }`
[INFO] running `Command { std: "docker" "rm" "-f" "4fdde33f12e82b7716689ec9810997b0f3ec03db026a84cce4a643a35b8964a5", kill_on_drop: false }`
[INFO] [stdout] 4fdde33f12e82b7716689ec9810997b0f3ec03db026a84cce4a643a35b8964a5
