[INFO] cloning repository https://github.com/MrWint/smb-opt
[INFO] running `Command { std: "git" "-c" "credential.helper=" "-c" "credential.helper=/workspace/cargo-home/bin/git-credential-null" "clone" "--bare" "https://github.com/MrWint/smb-opt" "/workspace/cache/git-repos/https%3A%2F%2Fgithub.com%2FMrWint%2Fsmb-opt", kill_on_drop: false }`
[INFO] [stderr] Cloning into bare repository '/workspace/cache/git-repos/https%3A%2F%2Fgithub.com%2FMrWint%2Fsmb-opt'...
[INFO] running `Command { std: "git" "rev-parse" "HEAD", kill_on_drop: false }`
[INFO] [stdout] daa44287bc9ccab7e85b430e80bf7dff77542542
[INFO] documenting MrWint/smb-opt against beta-2021-08-01 for beta-1.55-rustdoc-1
[INFO] running `Command { std: "git" "clone" "/workspace/cache/git-repos/https%3A%2F%2Fgithub.com%2FMrWint%2Fsmb-opt" "/workspace/builds/worker-5/source", kill_on_drop: false }`
[INFO] [stderr] Cloning into '/workspace/builds/worker-5/source'...
[INFO] [stderr] done.
[INFO] validating manifest of git repo https://github.com/MrWint/smb-opt on toolchain beta-2021-08-01
[INFO] running `Command { std: "/workspace/cargo-home/bin/cargo" "+beta-2021-08-01" "metadata" "--manifest-path" "Cargo.toml" "--no-deps", kill_on_drop: false }`
[INFO] started tweaking git repo https://github.com/MrWint/smb-opt
[INFO] finished tweaking git repo https://github.com/MrWint/smb-opt
[INFO] tweaked toml for git repo https://github.com/MrWint/smb-opt written to /workspace/builds/worker-5/source/Cargo.toml
[INFO] crate git repo https://github.com/MrWint/smb-opt already has a lockfile, it will not be regenerated
[INFO] running `Command { std: "/workspace/cargo-home/bin/cargo" "+beta-2021-08-01" "fetch" "--manifest-path" "Cargo.toml", kill_on_drop: false }`
[INFO] [stderr]     Blocking waiting for file lock on package cache
[INFO] [stderr]     Blocking waiting for file lock on package cache
[INFO] [stderr]  Downloading crates ...
[INFO] [stderr]   Downloaded bitpack v0.2.1
[INFO] running `Command { std: "docker" "create" "-v" "/var/lib/crater-agent-workspace/builds/worker-5/target:/opt/rustwide/target:rw,Z" "-v" "/var/lib/crater-agent-workspace/builds/worker-5/source:/opt/rustwide/workdir:ro,Z" "-v" "/var/lib/crater-agent-workspace/cargo-home:/opt/rustwide/cargo-home:ro,Z" "-v" "/var/lib/crater-agent-workspace/rustup-home:/opt/rustwide/rustup-home:ro,Z" "-e" "SOURCE_DIR=/opt/rustwide/workdir" "-e" "CARGO_TARGET_DIR=/opt/rustwide/target" "-e" "CARGO_HOME=/opt/rustwide/cargo-home" "-e" "RUSTUP_HOME=/opt/rustwide/rustup-home" "-w" "/opt/rustwide/workdir" "-m" "1610612736" "--user" "0:0" "--network" "none" "ghcr.io/rust-lang/crates-build-env/linux@sha256:34b6a614d2c27851fe6cbf88fbd1137609cefab8b10d0615aaeb6fd47975d74e" "/opt/rustwide/cargo-home/bin/cargo" "+beta-2021-08-01" "metadata" "--no-deps" "--format-version=1", kill_on_drop: false }`
[INFO] [stdout] 16a7172c21044010c2499465a48bc603f67da3008f3729940913e533e990ed34
[INFO] running `Command { std: "docker" "start" "-a" "16a7172c21044010c2499465a48bc603f67da3008f3729940913e533e990ed34", kill_on_drop: false }`
[INFO] running `Command { std: "docker" "inspect" "16a7172c21044010c2499465a48bc603f67da3008f3729940913e533e990ed34", kill_on_drop: false }`
[INFO] running `Command { std: "docker" "rm" "-f" "16a7172c21044010c2499465a48bc603f67da3008f3729940913e533e990ed34", kill_on_drop: false }`
[INFO] [stdout] 16a7172c21044010c2499465a48bc603f67da3008f3729940913e533e990ed34
[INFO] running `Command { std: "docker" "create" "-v" "/var/lib/crater-agent-workspace/builds/worker-5/target:/opt/rustwide/target:rw,Z" "-v" "/var/lib/crater-agent-workspace/builds/worker-5/source:/opt/rustwide/workdir:ro,Z" "-v" "/var/lib/crater-agent-workspace/cargo-home:/opt/rustwide/cargo-home:ro,Z" "-v" "/var/lib/crater-agent-workspace/rustup-home:/opt/rustwide/rustup-home:ro,Z" "-e" "SOURCE_DIR=/opt/rustwide/workdir" "-e" "CARGO_TARGET_DIR=/opt/rustwide/target" "-e" "CARGO_INCREMENTAL=0" "-e" "RUST_BACKTRACE=full" "-e" "RUSTDOCFLAGS=--cap-lints=warn" "-e" "CARGO_HOME=/opt/rustwide/cargo-home" "-e" "RUSTUP_HOME=/opt/rustwide/rustup-home" "-w" "/opt/rustwide/workdir" "-m" "1610612736" "--user" "0:0" "--network" "none" "ghcr.io/rust-lang/crates-build-env/linux@sha256:34b6a614d2c27851fe6cbf88fbd1137609cefab8b10d0615aaeb6fd47975d74e" "/opt/rustwide/cargo-home/bin/cargo" "+beta-2021-08-01" "doc" "--frozen" "--no-deps" "--document-private-items" "--message-format=json", kill_on_drop: false }`
[INFO] [stdout] 619fca78da6adf5d23d31c005cff9973797623ab26126efb1667272aa75cd6e6
[INFO] running `Command { std: "docker" "start" "-a" "619fca78da6adf5d23d31c005cff9973797623ab26126efb1667272aa75cd6e6", kill_on_drop: false }`
[INFO] [stderr]    Compiling typenum v1.9.0
[INFO] [stderr]     Checking libc v0.2.36
[INFO] [stderr]     Checking bitpack v0.2.1
[INFO] [stderr]     Checking lazy_static v1.0.0
[INFO] [stderr]     Checking time v0.1.39
[INFO] [stderr]  Documenting smb-opt v0.1.0 (/opt/rustwide/workdir)
[INFO] [stdout] error[E0432]: unresolved import `core::array::FixedSizeArray`
[INFO] [stdout]  --> src/state.rs:2:5
[INFO] [stdout]   |
[INFO] [stdout] 2 | use core::array::FixedSizeArray;
[INFO] [stdout]   |     ^^^^^^^^^^^^^^^^^^^^^^^^^^^ no `FixedSizeArray` in `array`
[INFO] [stdout] 
[INFO] [stdout] 
[INFO] [stdout] error[E0554]: `#![feature]` may not be used on the beta release channel
[INFO] [stdout]  --> src/main.rs:1:1
[INFO] [stdout]   |
[INFO] [stdout] 1 | #![feature(associated_type_defaults)]
[INFO] [stdout]   | ^^^^^^^^^^^^^^^^^^^^^^^^^^^^^^^^^^^^^
[INFO] [stdout] 
[INFO] [stdout] 
[INFO] [stdout] error[E0554]: `#![feature]` may not be used on the beta release channel
[INFO] [stdout]  --> src/main.rs:2:1
[INFO] [stdout]   |
[INFO] [stdout] 2 | #![feature(fixed_size_array)]
[INFO] [stdout]   | ^^^^^^^^^^^^^^^^^^^^^^^^^^^^^
[INFO] [stdout] 
[INFO] [stdout] 
[INFO] [stdout] error: Compilation failed, aborting rustdoc
[INFO] [stdout] 
[INFO] [stdout] 
[INFO] [stdout] error: aborting due to 4 previous errors
[INFO] [stdout] 
[INFO] [stdout] 
[INFO] [stdout] Some errors have detailed explanations: E0432, E0554.
[INFO] [stdout] 
[INFO] [stdout] For more information about an error, try `rustc --explain E0432`.
[INFO] [stdout] 
[INFO] [stderr] error: could not document `smb-opt`
[INFO] [stderr] 
[INFO] [stderr] Caused by:
[INFO] [stderr]   process didn't exit successfully: `rustdoc --crate-type bin --crate-name smb_opt src/main.rs -o /opt/rustwide/target/doc --error-format=json --json=diagnostic-rendered-ansi --document-private-items -L dependency=/opt/rustwide/target/debug/deps --extern bitflags=/opt/rustwide/target/debug/deps/libbitflags-0791119dedd89155.rmeta --extern bitpack=/opt/rustwide/target/debug/deps/libbitpack-bf1be7d45fefff4a.rmeta --extern lazy_static=/opt/rustwide/target/debug/deps/liblazy_static-1fff8cd60e5ee402.rmeta --extern time=/opt/rustwide/target/debug/deps/libtime-4e01497e4da12cb2.rmeta --extern typenum=/opt/rustwide/target/debug/deps/libtypenum-b26ea67f43721f94.rmeta --cap-lints=warn --crate-version 0.1.0` (exit status: 1)
[INFO] running `Command { std: "docker" "inspect" "619fca78da6adf5d23d31c005cff9973797623ab26126efb1667272aa75cd6e6", kill_on_drop: false }`
[INFO] running `Command { std: "docker" "rm" "-f" "619fca78da6adf5d23d31c005cff9973797623ab26126efb1667272aa75cd6e6", kill_on_drop: false }`
[INFO] [stdout] 619fca78da6adf5d23d31c005cff9973797623ab26126efb1667272aa75cd6e6
