[INFO] cloning repository https://github.com/Mr-Milk/SpatialTis-core
[INFO] running `Command { std: "git" "-c" "credential.helper=" "-c" "credential.helper=/workspace/cargo-home/bin/git-credential-null" "clone" "--bare" "https://github.com/Mr-Milk/SpatialTis-core" "/workspace/cache/git-repos/https%3A%2F%2Fgithub.com%2FMr-Milk%2FSpatialTis-core", kill_on_drop: false }`
[INFO] [stderr] Cloning into bare repository '/workspace/cache/git-repos/https%3A%2F%2Fgithub.com%2FMr-Milk%2FSpatialTis-core'...
[INFO] running `Command { std: "git" "rev-parse" "HEAD", kill_on_drop: false }`
[INFO] [stdout] 2b4841928b0eb7d51133905da275b6d881d721c1
[INFO] documenting Mr-Milk/SpatialTis-core against beta-2021-08-01 for beta-1.55-rustdoc-1
[INFO] running `Command { std: "git" "clone" "/workspace/cache/git-repos/https%3A%2F%2Fgithub.com%2FMr-Milk%2FSpatialTis-core" "/workspace/builds/worker-12/source", kill_on_drop: false }`
[INFO] [stderr] Cloning into '/workspace/builds/worker-12/source'...
[INFO] [stderr] done.
[INFO] validating manifest of git repo https://github.com/Mr-Milk/SpatialTis-core on toolchain beta-2021-08-01
[INFO] running `Command { std: "/workspace/cargo-home/bin/cargo" "+beta-2021-08-01" "metadata" "--manifest-path" "Cargo.toml" "--no-deps", kill_on_drop: false }`
[INFO] started tweaking git repo https://github.com/Mr-Milk/SpatialTis-core
[INFO] finished tweaking git repo https://github.com/Mr-Milk/SpatialTis-core
[INFO] tweaked toml for git repo https://github.com/Mr-Milk/SpatialTis-core written to /workspace/builds/worker-12/source/Cargo.toml
[INFO] crate git repo https://github.com/Mr-Milk/SpatialTis-core already has a lockfile, it will not be regenerated
[INFO] running `Command { std: "/workspace/cargo-home/bin/cargo" "+beta-2021-08-01" "fetch" "--manifest-path" "Cargo.toml", kill_on_drop: false }`
[INFO] [stderr] warning: unused manifest key: target.x86_64-apple-darwin.rustflags
[INFO] [stderr]     Blocking waiting for file lock on package cache
[INFO] [stderr]     Blocking waiting for file lock on package cache
[INFO] [stderr]  Downloading crates ...
[INFO] [stderr]   Downloaded pyo3-macros-backend v0.14.1
[INFO] [stderr]   Downloaded counter v0.5.2
[INFO] [stderr]   Downloaded geo-types v0.7.2
[INFO] [stderr]   Downloaded delaunator v0.2.1
[INFO] [stderr]   Downloaded rstar v0.8.3
[INFO] [stderr]   Downloaded geographiclib-rs v0.2.0
[INFO] [stderr]   Downloaded hashbag v0.1.3
[INFO] [stderr]   Downloaded ndarray-stats v0.5.0
[INFO] [stderr]   Downloaded pyo3-build-config v0.14.1
[INFO] [stderr]   Downloaded geo v0.18.0
[INFO] [stderr]   Downloaded nalgebra-sparse v0.4.0
[INFO] [stderr]   Downloaded ndarray v0.15.3
[INFO] [stderr]   Downloaded robust v0.2.3
[INFO] [stderr]   Downloaded numpy v0.14.1
[INFO] [stderr]   Downloaded rstar v0.9.0
[INFO] [stderr]   Downloaded nalgebra v0.28.0
[INFO] [stderr]   Downloaded kiddo v0.1.4
[INFO] [stderr]   Downloaded pyo3 v0.14.1
[INFO] [stderr]   Downloaded pyo3-macros v0.14.1
[INFO] running `Command { std: "docker" "create" "-v" "/var/lib/crater-agent-workspace/builds/worker-12/target:/opt/rustwide/target:rw,Z" "-v" "/var/lib/crater-agent-workspace/builds/worker-12/source:/opt/rustwide/workdir:ro,Z" "-v" "/var/lib/crater-agent-workspace/cargo-home:/opt/rustwide/cargo-home:ro,Z" "-v" "/var/lib/crater-agent-workspace/rustup-home:/opt/rustwide/rustup-home:ro,Z" "-e" "SOURCE_DIR=/opt/rustwide/workdir" "-e" "CARGO_TARGET_DIR=/opt/rustwide/target" "-e" "CARGO_HOME=/opt/rustwide/cargo-home" "-e" "RUSTUP_HOME=/opt/rustwide/rustup-home" "-w" "/opt/rustwide/workdir" "-m" "1610612736" "--user" "0:0" "--network" "none" "ghcr.io/rust-lang/crates-build-env/linux@sha256:34b6a614d2c27851fe6cbf88fbd1137609cefab8b10d0615aaeb6fd47975d74e" "/opt/rustwide/cargo-home/bin/cargo" "+beta-2021-08-01" "metadata" "--no-deps" "--format-version=1", kill_on_drop: false }`
[INFO] [stdout] 34992eb7a15702e41e11d912d41f352cc0fbf189064aca28f8bf6a71dd76dbfd
[INFO] running `Command { std: "docker" "start" "-a" "34992eb7a15702e41e11d912d41f352cc0fbf189064aca28f8bf6a71dd76dbfd", kill_on_drop: false }`
[INFO] running `Command { std: "docker" "inspect" "34992eb7a15702e41e11d912d41f352cc0fbf189064aca28f8bf6a71dd76dbfd", kill_on_drop: false }`
[INFO] running `Command { std: "docker" "rm" "-f" "34992eb7a15702e41e11d912d41f352cc0fbf189064aca28f8bf6a71dd76dbfd", kill_on_drop: false }`
[INFO] [stdout] 34992eb7a15702e41e11d912d41f352cc0fbf189064aca28f8bf6a71dd76dbfd
[INFO] running `Command { std: "docker" "create" "-v" "/var/lib/crater-agent-workspace/builds/worker-12/target:/opt/rustwide/target:rw,Z" "-v" "/var/lib/crater-agent-workspace/builds/worker-12/source:/opt/rustwide/workdir:ro,Z" "-v" "/var/lib/crater-agent-workspace/cargo-home:/opt/rustwide/cargo-home:ro,Z" "-v" "/var/lib/crater-agent-workspace/rustup-home:/opt/rustwide/rustup-home:ro,Z" "-e" "SOURCE_DIR=/opt/rustwide/workdir" "-e" "CARGO_TARGET_DIR=/opt/rustwide/target" "-e" "CARGO_INCREMENTAL=0" "-e" "RUST_BACKTRACE=full" "-e" "RUSTDOCFLAGS=--cap-lints=warn" "-e" "CARGO_HOME=/opt/rustwide/cargo-home" "-e" "RUSTUP_HOME=/opt/rustwide/rustup-home" "-w" "/opt/rustwide/workdir" "-m" "1610612736" "--user" "0:0" "--network" "none" "ghcr.io/rust-lang/crates-build-env/linux@sha256:34b6a614d2c27851fe6cbf88fbd1137609cefab8b10d0615aaeb6fd47975d74e" "/opt/rustwide/cargo-home/bin/cargo" "+beta-2021-08-01" "doc" "--frozen" "--no-deps" "--document-private-items" "--message-format=json", kill_on_drop: false }`
[INFO] [stdout] 4b23af30658c25c95c16c0f751c2cb35b34ddfae474b9332082f5fcae68805d2
[INFO] running `Command { std: "docker" "start" "-a" "4b23af30658c25c95c16c0f751c2cb35b34ddfae474b9332082f5fcae68805d2", kill_on_drop: false }`
[INFO] [stderr] warning: unused manifest key: target.x86_64-apple-darwin.rustflags
[INFO] [stderr]    Compiling libm v0.2.1
[INFO] [stderr]     Checking cfg-if v1.0.0
[INFO] [stderr]    Compiling libc v0.2.97
[INFO] [stderr]    Compiling proc-macro2 v1.0.27
[INFO] [stderr]    Compiling unicode-xid v0.2.2
[INFO] [stderr]    Compiling syn v1.0.73
[INFO] [stderr]     Checking lazy_static v1.4.0
[INFO] [stderr]     Checking scopeguard v1.1.0
[INFO] [stderr]    Compiling version_check v0.9.3
[INFO] [stderr]    Compiling pyo3-build-config v0.14.1
[INFO] [stderr]     Checking smallvec v1.6.1
[INFO] [stderr]     Checking rawpointer v0.2.1
[INFO] [stderr]    Compiling once_cell v1.8.0
[INFO] [stderr]    Compiling heapless v0.6.1
[INFO] [stderr]     Checking ppv-lite86 v0.2.10
[INFO] [stderr]     Checking byteorder v1.4.3
[INFO] [stderr]     Checking stable_deref_trait v1.2.0
[INFO] [stderr]    Compiling paste v1.0.5
[INFO] [stderr]     Checking either v1.6.1
[INFO] [stderr]    Compiling unindent v0.1.7
[INFO] [stderr]     Checking pdqselect v0.1.0
[INFO] [stderr]    Compiling log v0.4.14
[INFO] [stderr]    Compiling anyhow v1.0.41
[INFO] [stderr]     Checking hashbrown v0.11.2
[INFO] [stderr]     Checking cfg-if v0.1.10
[INFO] [stderr]     Checking robust v0.2.3
[INFO] [stderr]     Checking delaunator v0.2.1
[INFO] [stderr]     Checking hashbag v0.1.3
[INFO] [stderr]    Compiling num-traits v0.2.14
[INFO] [stderr]    Compiling num-integer v0.1.44
[INFO] [stderr]    Compiling num-rational v0.4.0
[INFO] [stderr]    Compiling indexmap v1.7.0
[INFO] [stderr]    Compiling typenum v1.13.0
[INFO] [stderr]    Compiling crossbeam-utils v0.8.5
[INFO] [stderr]    Compiling crossbeam-epoch v0.9.5
[INFO] [stderr]    Compiling rayon-core v1.9.1
[INFO] [stderr]    Compiling memoffset v0.6.4
[INFO] [stderr]    Compiling paste-impl v0.1.18
[INFO] [stderr]    Compiling rayon v1.5.1
[INFO] [stderr]     Checking instant v0.1.9
[INFO] [stderr]     Checking geographiclib-rs v0.2.0
[INFO] [stderr]     Checking lock_api v0.4.4
[INFO] [stderr]     Checking matrixmultiply v0.3.1
[INFO] [stderr]     Checking hash32 v0.1.1
[INFO] [stderr]     Checking itertools v0.10.1
[INFO] [stderr]     Checking crossbeam-channel v0.5.1
[INFO] [stderr]    Compiling generic-array v0.14.4
[INFO] [stderr]     Checking generic-array v0.12.4
[INFO] [stderr]     Checking generic-array v0.13.3
[INFO] [stderr]     Checking crossbeam-deque v0.8.0
[INFO] [stderr]     Checking paste v0.1.18
[INFO] [stderr]    Compiling quote v1.0.9
[INFO] [stderr]     Checking getrandom v0.2.3
[INFO] [stderr]     Checking num_cpus v1.13.0
[INFO] [stderr]     Checking parking_lot_core v0.8.3
[INFO] [stderr]    Compiling pyo3 v0.14.1
[INFO] [stderr]     Checking rand_core v0.6.3
[INFO] [stderr]     Checking as-slice v0.1.5
[INFO] [stderr]     Checking parking_lot v0.11.1
[INFO] [stderr]     Checking rand_chacha v0.3.1
[INFO] [stderr]     Checking rand v0.8.4
[INFO] [stderr]     Checking num-complex v0.4.0
[INFO] [stderr]     Checking approx v0.5.0
[INFO] [stderr]     Checking rand_distr v0.4.1
[INFO] [stderr]     Checking approx v0.4.0
[INFO] [stderr]     Checking noisy_float v0.2.0
[INFO] [stderr]     Checking itertools-num v0.1.3
[INFO] [stderr]     Checking counter v0.5.2
[INFO] [stderr]     Checking kiddo v0.1.4
[INFO] [stdout] error[E0554]: `#![feature]` may not be used on the beta release channel
[INFO] [stdout]  --> /opt/rustwide/cargo-home/registry/src/github.com-1ecc6299db9ec823/kiddo-0.1.4/src/lib.rs:1:1
[INFO] [stdout]   |
[INFO] [stdout] 1 | #![feature(allocator_api)]
[INFO] [stdout]   | ^^^^^^^^^^^^^^^^^^^^^^^^^^
[INFO] [stdout] 
[INFO] [stdout] 
[INFO] [stdout] error[E0554]: `#![feature]` may not be used on the beta release channel
[INFO] [stdout]  --> /opt/rustwide/cargo-home/registry/src/github.com-1ecc6299db9ec823/kiddo-0.1.4/src/lib.rs:2:1
[INFO] [stdout]   |
[INFO] [stdout] 2 | #![feature(const_generics)]
[INFO] [stdout]   | ^^^^^^^^^^^^^^^^^^^^^^^^^^^
[INFO] [stdout] 
[INFO] [stdout] 
[INFO] [stdout] error[E0554]: `#![feature]` may not be used on the beta release channel
[INFO] [stdout]  --> /opt/rustwide/cargo-home/registry/src/github.com-1ecc6299db9ec823/kiddo-0.1.4/src/lib.rs:3:1
[INFO] [stdout]   |
[INFO] [stdout] 3 | #![feature(destructuring_assignment)]
[INFO] [stdout]   | ^^^^^^^^^^^^^^^^^^^^^^^^^^^^^^^^^^^^^
[INFO] [stdout] 
[INFO] [stdout] 
[INFO] [stdout] error: aborting due to 3 previous errors
[INFO] [stdout] 
[INFO] [stdout] 
[INFO] [stdout] For more information about this error, try `rustc --explain E0554`.
[INFO] [stdout] 
[INFO] [stderr] error: could not compile `kiddo` due to 4 previous errors
[INFO] [stderr] warning: build failed, waiting for other jobs to finish...
[INFO] [stderr] error: build failed
[INFO] running `Command { std: "docker" "inspect" "4b23af30658c25c95c16c0f751c2cb35b34ddfae474b9332082f5fcae68805d2", kill_on_drop: false }`
[INFO] running `Command { std: "docker" "rm" "-f" "4b23af30658c25c95c16c0f751c2cb35b34ddfae474b9332082f5fcae68805d2", kill_on_drop: false }`
[INFO] [stdout] 4b23af30658c25c95c16c0f751c2cb35b34ddfae474b9332082f5fcae68805d2
