[INFO] cloning repository https://github.com/Mr-Llama-s-Wonderful-Soundboard/mlws_lib
[INFO] running `Command { std: "git" "-c" "credential.helper=" "-c" "credential.helper=/workspace/cargo-home/bin/git-credential-null" "clone" "--bare" "https://github.com/Mr-Llama-s-Wonderful-Soundboard/mlws_lib" "/workspace/cache/git-repos/https%3A%2F%2Fgithub.com%2FMr-Llama-s-Wonderful-Soundboard%2Fmlws_lib", kill_on_drop: false }`
[INFO] [stderr] Cloning into bare repository '/workspace/cache/git-repos/https%3A%2F%2Fgithub.com%2FMr-Llama-s-Wonderful-Soundboard%2Fmlws_lib'...
[INFO] running `Command { std: "git" "rev-parse" "HEAD", kill_on_drop: false }`
[INFO] [stdout] 192aa327740945dfef59f90bc80997647b87fcec
[INFO] documenting Mr-Llama-s-Wonderful-Soundboard/mlws_lib against beta-2021-08-01 for beta-1.55-rustdoc-1
[INFO] running `Command { std: "git" "clone" "/workspace/cache/git-repos/https%3A%2F%2Fgithub.com%2FMr-Llama-s-Wonderful-Soundboard%2Fmlws_lib" "/workspace/builds/worker-60/source", kill_on_drop: false }`
[INFO] [stderr] Cloning into '/workspace/builds/worker-60/source'...
[INFO] [stderr] done.
[INFO] validating manifest of git repo https://github.com/Mr-Llama-s-Wonderful-Soundboard/mlws_lib on toolchain beta-2021-08-01
[INFO] running `Command { std: "/workspace/cargo-home/bin/cargo" "+beta-2021-08-01" "metadata" "--manifest-path" "Cargo.toml" "--no-deps", kill_on_drop: false }`
[INFO] started tweaking git repo https://github.com/Mr-Llama-s-Wonderful-Soundboard/mlws_lib
[INFO] finished tweaking git repo https://github.com/Mr-Llama-s-Wonderful-Soundboard/mlws_lib
[INFO] tweaked toml for git repo https://github.com/Mr-Llama-s-Wonderful-Soundboard/mlws_lib written to /workspace/builds/worker-60/source/Cargo.toml
[INFO] crate git repo https://github.com/Mr-Llama-s-Wonderful-Soundboard/mlws_lib already has a lockfile, it will not be regenerated
[INFO] running `Command { std: "/workspace/cargo-home/bin/cargo" "+beta-2021-08-01" "fetch" "--manifest-path" "Cargo.toml", kill_on_drop: false }`
[INFO] [stderr]     Blocking waiting for file lock on package cache
[INFO] [stderr]     Updating crates.io index
[INFO] [stderr]     Blocking waiting for file lock on package cache
[INFO] [stderr]  Downloading crates ...
[INFO] [stderr]   Downloaded transpose v0.2.1
[INFO] [stderr]   Downloaded async-process v1.2.0
[INFO] [stderr]   Downloaded fastrand v1.5.0
[INFO] [stderr]   Downloaded rustfft v4.1.0
[INFO] [stderr]   Downloaded strength_reduce v0.2.3
[INFO] [stderr]   Downloaded async-fs v1.5.0
[INFO] [stderr]   Downloaded smol v1.1.0
[INFO] [stderr]   Downloaded vec-arena v1.2.0
[INFO] [stderr]   Downloaded avl v0.6.1
[INFO] running `Command { std: "docker" "create" "-v" "/var/lib/crater-agent-workspace/builds/worker-60/target:/opt/rustwide/target:rw,Z" "-v" "/var/lib/crater-agent-workspace/builds/worker-60/source:/opt/rustwide/workdir:ro,Z" "-v" "/var/lib/crater-agent-workspace/cargo-home:/opt/rustwide/cargo-home:ro,Z" "-v" "/var/lib/crater-agent-workspace/rustup-home:/opt/rustwide/rustup-home:ro,Z" "-e" "SOURCE_DIR=/opt/rustwide/workdir" "-e" "CARGO_TARGET_DIR=/opt/rustwide/target" "-e" "CARGO_HOME=/opt/rustwide/cargo-home" "-e" "RUSTUP_HOME=/opt/rustwide/rustup-home" "-w" "/opt/rustwide/workdir" "-m" "1610612736" "--user" "0:0" "--network" "none" "ghcr.io/rust-lang/crates-build-env/linux@sha256:34b6a614d2c27851fe6cbf88fbd1137609cefab8b10d0615aaeb6fd47975d74e" "/opt/rustwide/cargo-home/bin/cargo" "+beta-2021-08-01" "metadata" "--no-deps" "--format-version=1", kill_on_drop: false }`
[INFO] [stdout] 4ea5abf1c89078abb7f4b10abee903aac8c94060a34d82a58839775a566e48e8
[INFO] running `Command { std: "docker" "start" "-a" "4ea5abf1c89078abb7f4b10abee903aac8c94060a34d82a58839775a566e48e8", kill_on_drop: false }`
[INFO] running `Command { std: "docker" "inspect" "4ea5abf1c89078abb7f4b10abee903aac8c94060a34d82a58839775a566e48e8", kill_on_drop: false }`
[INFO] running `Command { std: "docker" "rm" "-f" "4ea5abf1c89078abb7f4b10abee903aac8c94060a34d82a58839775a566e48e8", kill_on_drop: false }`
[INFO] [stdout] 4ea5abf1c89078abb7f4b10abee903aac8c94060a34d82a58839775a566e48e8
[INFO] running `Command { std: "docker" "create" "-v" "/var/lib/crater-agent-workspace/builds/worker-60/target:/opt/rustwide/target:rw,Z" "-v" "/var/lib/crater-agent-workspace/builds/worker-60/source:/opt/rustwide/workdir:ro,Z" "-v" "/var/lib/crater-agent-workspace/cargo-home:/opt/rustwide/cargo-home:ro,Z" "-v" "/var/lib/crater-agent-workspace/rustup-home:/opt/rustwide/rustup-home:ro,Z" "-e" "SOURCE_DIR=/opt/rustwide/workdir" "-e" "CARGO_TARGET_DIR=/opt/rustwide/target" "-e" "CARGO_INCREMENTAL=0" "-e" "RUST_BACKTRACE=full" "-e" "RUSTDOCFLAGS=--cap-lints=warn" "-e" "CARGO_HOME=/opt/rustwide/cargo-home" "-e" "RUSTUP_HOME=/opt/rustwide/rustup-home" "-w" "/opt/rustwide/workdir" "-m" "1610612736" "--user" "0:0" "--network" "none" "ghcr.io/rust-lang/crates-build-env/linux@sha256:34b6a614d2c27851fe6cbf88fbd1137609cefab8b10d0615aaeb6fd47975d74e" "/opt/rustwide/cargo-home/bin/cargo" "+beta-2021-08-01" "doc" "--frozen" "--no-deps" "--document-private-items" "--message-format=json", kill_on_drop: false }`
[INFO] [stdout] f607f0d924920fa61406334f8edc8d29e5e3f89a83ce71d4e6292856a1af8a3e
[INFO] running `Command { std: "docker" "start" "-a" "f607f0d924920fa61406334f8edc8d29e5e3f89a83ce71d4e6292856a1af8a3e", kill_on_drop: false }`
[INFO] [stderr]    Compiling libc v0.2.98
[INFO] [stderr]    Compiling proc-macro2 v1.0.28
[INFO] [stderr]    Compiling unicode-xid v0.2.1
[INFO] [stderr]    Compiling syn v1.0.74
[INFO] [stderr]    Compiling log v0.4.11
[INFO] [stderr]     Checking futures-core v0.3.5
[INFO] [stderr]    Compiling cc v1.0.58
[INFO] [stderr]    Compiling memchr v2.3.3
[INFO] [stderr]    Compiling pkg-config v0.3.18
[INFO] [stderr]     Checking futures-io v0.3.5
[INFO] [stderr]     Checking once_cell v1.8.0
[INFO] [stderr]    Compiling version_check v0.9.2
[INFO] [stderr]    Compiling serde_derive v1.0.127
[INFO] [stderr]     Checking itoa v0.4.6
[INFO] [stderr]    Compiling serde v1.0.127
[INFO] [stderr]     Checking cache-padded v1.1.1
[INFO] [stderr]     Checking fastrand v1.5.0
[INFO] [stderr]     Checking waker-fn v1.0.0
[INFO] [stderr]    Compiling wasm-bindgen-shared v0.2.65
[INFO] [stderr]     Checking pin-project-lite v0.1.7
[INFO] [stderr]     Checking event-listener v2.5.1
[INFO] [stderr]    Compiling pin-project-internal v0.4.22
[INFO] [stderr]     Checking adler v0.2.3
[INFO] [stderr]    Compiling proc-macro-nested v0.1.6
[INFO] [stderr]     Checking bytes v0.5.6
[INFO] [stderr]    Compiling bumpalo v3.4.0
[INFO] [stderr]    Compiling ryu v1.0.5
[INFO] [stderr]    Compiling crc32fast v1.2.0
[INFO] [stderr]     Checking parking v2.0.0
[INFO] [stderr]     Checking pin-project-lite v0.2.7
[INFO] [stderr]    Compiling serde_json v1.0.56
[INFO] [stderr]    Compiling proc-macro-hack v0.5.16
[INFO] [stderr]    Compiling wasm-bindgen v0.2.65
[INFO] [stderr]     Checking pin-utils v0.1.0
[INFO] [stderr]     Checking atomic-waker v1.0.0
[INFO] [stderr]     Checking foreign-types-shared v0.1.1
[INFO] [stderr]    Compiling openssl v0.10.30
[INFO] [stderr]     Checking gimli v0.22.0
[INFO] [stderr]    Compiling syn v0.15.44
[INFO] [stderr]    Compiling httparse v1.3.4
[INFO] [stderr]     Checking futures-sink v0.3.5
[INFO] [stderr]    Compiling native-tls v0.2.4
[INFO] [stderr]     Checking object v0.20.0
[INFO] [stderr]     Checking rustc-demangle v0.1.16
[INFO] [stderr]     Checking tinyvec v0.3.3
[INFO] [stderr]     Checking async-task v4.0.3
[INFO] [stderr]     Checking openssl-probe v0.1.2
[INFO] [stderr]     Checking vec-arena v1.2.0
[INFO] [stderr]     Checking parking v1.0.6
[INFO] [stderr]    Compiling signal-hook v0.3.9
[INFO] [stderr]     Checking try-lock v0.2.3
[INFO] [stderr]     Checking tower-service v0.3.0
[INFO] [stderr]     Checking percent-encoding v2.1.0
[INFO] [stderr]    Compiling encoding_rs v0.8.23
[INFO] [stderr]     Checking uuid v0.8.1
[INFO] [stderr]     Checking strength_reduce v0.2.3
[INFO] [stderr]     Checking scoped-tls v1.0.0
[INFO] [stderr]     Checking podio v0.1.7
[INFO] [stderr]     Checking instant v0.1.6
[INFO] [stderr]     Checking mime v0.3.16
[INFO] [stderr]     Checking async-task v3.0.0
[INFO] [stderr]     Checking smallvec v1.4.1
[INFO] [stderr]    Compiling unicode-segmentation v1.6.0
[INFO] [stderr]     Checking send_wrapper v0.4.0
[INFO] [stderr]     Checking cfg-if v1.0.0
[INFO] [stderr]     Checking dtoa v0.4.6
[INFO] [stderr]    Compiling anyhow v1.0.32
[INFO] [stderr]     Checking base64 v0.13.0
[INFO] [stderr]     Checking base64 v0.12.3
[INFO] [stderr]     Checking hound v3.4.0
[INFO] [stderr]     Checking avl v0.6.1
[INFO] [stderr]     Checking strum v0.19.5
[INFO] [stderr]    Compiling num-traits v0.2.12
[INFO] [stderr]    Compiling hashbrown v0.8.1
[INFO] [stderr]    Compiling indexmap v1.5.0
[INFO] [stderr]     Checking tracing-core v0.1.11
[INFO] [stderr]    Compiling num-integer v0.1.44
[INFO] [stderr]     Checking lock_api v0.4.1
[INFO] [stderr]     Checking crossbeam-channel v0.4.4
[INFO] [stderr]     Checking futures-channel v0.3.5
[INFO] [stderr]     Checking concurrent-queue v1.2.2
[INFO] [stderr]     Checking futures-task v0.3.5
[INFO] [stderr]     Checking unicode-normalization v0.1.13
[INFO] [stderr]     Checking miniz_oxide v0.4.0
[INFO] [stderr]    Compiling heck v0.3.1
[INFO] [stderr]     Checking async-channel v1.6.1
[INFO] [stderr]     Checking async-lock v2.4.0
[INFO] [stderr]     Checking http v0.2.1
[INFO] [stderr]    Compiling unicase v2.6.0
[INFO] [stderr]    Compiling error-chain v0.12.2
[INFO] [stderr]     Checking foreign-types v0.3.2
[INFO] [stderr]    Compiling x11 v2.18.2
[INFO] [stderr]    Compiling openssl-sys v0.9.58
[INFO] [stderr]    Compiling bzip2-sys v0.1.9+1.0.8
[INFO] [stderr]    Compiling ep-miniaudio-sys v2.3.1
[INFO] [stderr]    Compiling minimp3-sys v0.3.2
[INFO] [stderr]     Checking futures-lite v1.12.0
[INFO] [stderr]     Checking futures-lite v0.1.10
[INFO] [stderr]     Checking idna v0.2.0
[INFO] [stderr]     Checking tracing v0.1.17
[INFO] [stderr]     Checking want v0.3.0
[INFO] [stderr]     Checking kv-log-macro v1.0.7
[INFO] [stderr]     Checking fern v0.6.0
[INFO] [stderr]    Compiling quote v1.0.7
[INFO] [stderr]     Checking blocking v0.4.7
[INFO] [stderr]    Compiling mime_guess v2.0.3
[INFO] [stderr]     Checking url v2.1.1
[INFO] [stderr]     Checking socket2 v0.3.12
[INFO] [stderr]     Checking net2 v0.2.34
[INFO] [stderr]     Checking iovec v0.1.4
[INFO] [stderr]     Checking num_cpus v1.13.0
[INFO] [stderr]     Checking flate2 v1.0.16
[INFO] [stderr]     Checking time v0.1.43
[INFO] [stderr]     Checking polling v1.1.0
[INFO] [stderr]     Checking signal-hook-registry v1.4.0
[INFO] [stderr]     Checking parking_lot_core v0.8.0
[INFO] [stderr]     Checking dirs-sys v0.3.5
[INFO] [stderr]     Checking atty v0.2.14
[INFO] [stderr]     Checking slice-deque v0.3.0
[INFO] [stderr]     Checking directories v3.0.1
[INFO] [stderr]     Checking parking_lot v0.11.0
[INFO] [stderr]     Checking recolored v1.9.3
[INFO] [stderr]     Checking http-body v0.3.1
[INFO] [stderr]     Checking mio v0.6.22
[INFO] [stderr]     Checking minimp3 v0.3.5
[INFO] [stderr]     Checking async-io v1.1.0
[INFO] [stderr]     Checking blocking v1.0.2
[INFO] [stderr]     Checking async-executor v1.4.1
[INFO] [stderr]     Checking num-complex v0.3.1
[INFO] [stderr]     Checking bzip2 v0.3.3
[INFO] [stderr]     Checking async-fs v1.5.0
[INFO] [stderr]     Checking zip v0.5.6
[INFO] [stderr]     Checking async-net v1.6.0
[INFO] [stderr]     Checking async-process v1.2.0
[INFO] [stderr]     Checking transpose v0.2.1
[INFO] [stderr]     Checking tokio v0.2.22
[INFO] [stderr]     Checking smol v1.1.0
[INFO] [stderr]     Checking rustfft v4.1.0
[INFO] [stderr]     Checking addr2line v0.13.0
[INFO] [stderr]     Checking backtrace v0.3.50
[INFO] [stderr]     Checking protocol v3.1.7
[INFO] [stderr]     Checking miniaudio v0.10.0
[INFO] [stderr]     Checking tokio-util v0.3.1
[INFO] [stderr]     Checking tokio-tls v0.3.1
[INFO] [stderr]    Compiling protocol-derive v3.1.7
[INFO] [stderr]    Compiling wasm-bindgen-backend v0.2.65
[INFO] [stderr]     Checking xproto v1.1.5
[INFO] [stderr]    Compiling wasm-bindgen-macro-support v0.2.65
[INFO] [stderr]    Compiling futures-macro v0.3.5
[INFO] [stderr]    Compiling thiserror-impl v1.0.20
[INFO] [stderr]    Compiling strum_macros v0.19.4
[INFO] [stderr]    Compiling wasm-bindgen-macro v0.2.65
[INFO] [stderr]     Checking thiserror v1.0.20
[INFO] [stderr]     Checking zip-extract v0.1.0
[INFO] [stderr]     Checking mp3-duration v0.1.10
[INFO] [stderr]     Checking pin-project v0.4.22
[INFO] [stderr]     Checking futures-util v0.3.5
[INFO] [stderr]     Checking h2 v0.2.6
[INFO] [stderr]     Checking smol v0.1.18
[INFO] [stderr]     Checking serde_urlencoded v0.6.1
[INFO] [stderr]     Checking rdev v0.4.0 (/opt/rustwide/workdir/rdev)
[INFO] [stderr]     Checking ron v0.6.4
[INFO] [stdout] warning: taking a mutable reference to a `const` item
[INFO] [stdout]   --> rdev/src/linux/listen.rs:43:13
[INFO] [stdout]    |
[INFO] [stdout] 43 |             &mut xrecord::XRecordAllClients,
[INFO] [stdout]    |             ^^^^^^^^^^^^^^^^^^^^^^^^^^^^^^^
[INFO] [stdout]    |
[INFO] [stdout]    = note: `#[warn(const_item_mutation)]` on by default
[INFO] [stdout]    = note: each usage of a `const` item creates a new temporary
[INFO] [stdout]    = note: the mutable reference will refer to this temporary, not the original `const` item
[INFO] [stdout] note: `const` item defined here
[INFO] [stdout]   --> /opt/rustwide/cargo-home/registry/src/github.com-1ecc6299db9ec823/x11-2.18.2/src/xrecord.rs:57:1
[INFO] [stdout]    |
[INFO] [stdout] 57 | pub const XRecordAllClients: c_ulong = 3;
[INFO] [stdout]    | ^^^^^^^^^^^^^^^^^^^^^^^^^^^^^^^^^^^^^^^^^
[INFO] [stdout] 
[INFO] [stdout] 
[INFO] [stdout] warning: 1 warning emitted
[INFO] [stdout] 
[INFO] [stdout] 
[INFO] [stderr]     Checking js-sys v0.3.42
[INFO] [stdout] error: expected `,`
[INFO] [stdout]    --> /opt/rustwide/cargo-home/registry/src/github.com-1ecc6299db9ec823/js-sys-0.3.42/src/lib.rs:639:39
[INFO] [stdout]     |
[INFO] [stdout] 639 |         #[wasm_bindgen(js_namespace = Atomics, catch)]
[INFO] [stdout]     |                                       ^^^^^^^
[INFO] [stdout] 
[INFO] [stdout] 
[INFO] [stdout] error: expected `,`
[INFO] [stdout]    --> /opt/rustwide/cargo-home/registry/src/github.com-1ecc6299db9ec823/js-sys-0.3.42/src/lib.rs:649:39
[INFO] [stdout]     |
[INFO] [stdout] 649 |         #[wasm_bindgen(js_namespace = Atomics, catch)]
[INFO] [stdout]     |                                       ^^^^^^^
[INFO] [stdout] 
[INFO] [stdout] 
[INFO] [stdout] error: expected `,`
[INFO] [stdout]    --> /opt/rustwide/cargo-home/registry/src/github.com-1ecc6299db9ec823/js-sys-0.3.42/src/lib.rs:660:39
[INFO] [stdout]     |
[INFO] [stdout] 660 |         #[wasm_bindgen(js_namespace = Atomics, catch, js_name = compareExchange)]
[INFO] [stdout]     |                                       ^^^^^^^
[INFO] [stdout] 
[INFO] [stdout] 
[INFO] [stdout] error: expected `,`
[INFO] [stdout]    --> /opt/rustwide/cargo-home/registry/src/github.com-1ecc6299db9ec823/js-sys-0.3.42/src/lib.rs:674:39
[INFO] [stdout]     |
[INFO] [stdout] 674 |         #[wasm_bindgen(js_namespace = Atomics, catch)]
[INFO] [stdout]     |                                       ^^^^^^^
[INFO] [stdout] 
[INFO] [stdout] 
[INFO] [stdout] error: expected `,`
[INFO] [stdout]    --> /opt/rustwide/cargo-home/registry/src/github.com-1ecc6299db9ec823/js-sys-0.3.42/src/lib.rs:683:39
[INFO] [stdout]     |
[INFO] [stdout] 683 |         #[wasm_bindgen(js_namespace = Atomics, js_name = isLockFree)]
[INFO] [stdout]     |                                       ^^^^^^^
[INFO] [stdout] 
[INFO] [stdout] 
[INFO] [stdout] error: expected `,`
[INFO] [stdout]    --> /opt/rustwide/cargo-home/registry/src/github.com-1ecc6299db9ec823/js-sys-0.3.42/src/lib.rs:690:39
[INFO] [stdout]     |
[INFO] [stdout] 690 |         #[wasm_bindgen(js_namespace = Atomics, catch)]
[INFO] [stdout]     |                                       ^^^^^^^
[INFO] [stdout] 
[INFO] [stdout] 
[INFO] [stdout] error: expected `,`
[INFO] [stdout]    --> /opt/rustwide/cargo-home/registry/src/github.com-1ecc6299db9ec823/js-sys-0.3.42/src/lib.rs:699:39
[INFO] [stdout]     |
[INFO] [stdout] 699 |         #[wasm_bindgen(js_namespace = Atomics, catch)]
[INFO] [stdout]     |                                       ^^^^^^^
[INFO] [stdout] 
[INFO] [stdout] 
[INFO] [stdout] error: expected `,`
[INFO] [stdout]    --> /opt/rustwide/cargo-home/registry/src/github.com-1ecc6299db9ec823/js-sys-0.3.42/src/lib.rs:703:39
[INFO] [stdout]     |
[INFO] [stdout] 703 |         #[wasm_bindgen(js_namespace = Atomics, catch, js_name = notify)]
[INFO] [stdout]     |                                       ^^^^^^^
[INFO] [stdout] 
[INFO] [stdout] 
[INFO] [stdout] error: expected `,`
[INFO] [stdout]    --> /opt/rustwide/cargo-home/registry/src/github.com-1ecc6299db9ec823/js-sys-0.3.42/src/lib.rs:716:39
[INFO] [stdout]     |
[INFO] [stdout] 716 |         #[wasm_bindgen(js_namespace = Atomics, catch)]
[INFO] [stdout]     |                                       ^^^^^^^
[INFO] [stdout] 
[INFO] [stdout] 
[INFO] [stdout] error: expected `,`
[INFO] [stdout]    --> /opt/rustwide/cargo-home/registry/src/github.com-1ecc6299db9ec823/js-sys-0.3.42/src/lib.rs:723:39
[INFO] [stdout]     |
[INFO] [stdout] 723 |         #[wasm_bindgen(js_namespace = Atomics, catch)]
[INFO] [stdout]     |                                       ^^^^^^^
[INFO] [stdout] 
[INFO] [stdout] 
[INFO] [stdout] error: expected `,`
[INFO] [stdout]    --> /opt/rustwide/cargo-home/registry/src/github.com-1ecc6299db9ec823/js-sys-0.3.42/src/lib.rs:732:39
[INFO] [stdout]     |
[INFO] [stdout] 732 |         #[wasm_bindgen(js_namespace = Atomics, catch)]
[INFO] [stdout]     |                                       ^^^^^^^
[INFO] [stdout] 
[INFO] [stdout] 
[INFO] [stdout] error: expected `,`
[INFO] [stdout]    --> /opt/rustwide/cargo-home/registry/src/github.com-1ecc6299db9ec823/js-sys-0.3.42/src/lib.rs:743:39
[INFO] [stdout]     |
[INFO] [stdout] 743 |         #[wasm_bindgen(js_namespace = Atomics, catch)]
[INFO] [stdout]     |                                       ^^^^^^^
[INFO] [stdout] 
[INFO] [stdout] 
[INFO] [stdout] error: expected `,`
[INFO] [stdout]    --> /opt/rustwide/cargo-home/registry/src/github.com-1ecc6299db9ec823/js-sys-0.3.42/src/lib.rs:749:39
[INFO] [stdout]     |
[INFO] [stdout] 749 |         #[wasm_bindgen(js_namespace = Atomics, catch, js_name = wait)]
[INFO] [stdout]     |                                       ^^^^^^^
[INFO] [stdout] 
[INFO] [stdout] 
[INFO] [stdout] error: expected `,`
[INFO] [stdout]    --> /opt/rustwide/cargo-home/registry/src/github.com-1ecc6299db9ec823/js-sys-0.3.42/src/lib.rs:764:39
[INFO] [stdout]     |
[INFO] [stdout] 764 |         #[wasm_bindgen(js_namespace = Atomics, catch)]
[INFO] [stdout]     |                                       ^^^^^^^
[INFO] [stdout] 
[INFO] [stdout] 
[INFO] [stderr]     Checking hyper v0.13.7
[INFO] [stdout] error: expected `,`
[INFO] [stdout]     --> /opt/rustwide/cargo-home/registry/src/github.com-1ecc6299db9ec823/js-sys-0.3.42/src/lib.rs:1568:39
[INFO] [stdout]      |
[INFO] [stdout] 1568 |         #[wasm_bindgen(js_namespace = Math)]
[INFO] [stdout]      |                                       ^^^^
[INFO] [stdout] 
[INFO] [stdout] 
[INFO] [stdout] error: expected `,`
[INFO] [stdout]     --> /opt/rustwide/cargo-home/registry/src/github.com-1ecc6299db9ec823/js-sys-0.3.42/src/lib.rs:1576:39
[INFO] [stdout]      |
[INFO] [stdout] 1576 |         #[wasm_bindgen(js_namespace = Math)]
[INFO] [stdout]      |                                       ^^^^
[INFO] [stdout] 
[INFO] [stdout] 
[INFO] [stdout] error: expected `,`
[INFO] [stdout]     --> /opt/rustwide/cargo-home/registry/src/github.com-1ecc6299db9ec823/js-sys-0.3.42/src/lib.rs:1584:39
[INFO] [stdout]      |
[INFO] [stdout] 1584 |         #[wasm_bindgen(js_namespace = Math)]
[INFO] [stdout]      |                                       ^^^^
[INFO] [stdout] 
[INFO] [stdout] 
[INFO] [stdout] error: expected `,`
[INFO] [stdout]     --> /opt/rustwide/cargo-home/registry/src/github.com-1ecc6299db9ec823/js-sys-0.3.42/src/lib.rs:1592:39
[INFO] [stdout]      |
[INFO] [stdout] 1592 |         #[wasm_bindgen(js_namespace = Math)]
[INFO] [stdout]      |                                       ^^^^
[INFO] [stdout] 
[INFO] [stdout] 
[INFO] [stdout] error: expected `,`
[INFO] [stdout]     --> /opt/rustwide/cargo-home/registry/src/github.com-1ecc6299db9ec823/js-sys-0.3.42/src/lib.rs:1599:39
[INFO] [stdout]      |
[INFO] [stdout] 1599 |         #[wasm_bindgen(js_namespace = Math)]
[INFO] [stdout]      |                                       ^^^^
[INFO] [stdout] 
[INFO] [stdout] 
[INFO] [stdout] error: expected `,`
[INFO] [stdout]     --> /opt/rustwide/cargo-home/registry/src/github.com-1ecc6299db9ec823/js-sys-0.3.42/src/lib.rs:1605:39
[INFO] [stdout]      |
[INFO] [stdout] 1605 |         #[wasm_bindgen(js_namespace = Math)]
[INFO] [stdout]      |                                       ^^^^
[INFO] [stdout] 
[INFO] [stdout] 
[INFO] [stdout] error: expected `,`
[INFO] [stdout]     --> /opt/rustwide/cargo-home/registry/src/github.com-1ecc6299db9ec823/js-sys-0.3.42/src/lib.rs:1612:39
[INFO] [stdout]      |
[INFO] [stdout] 1612 |         #[wasm_bindgen(js_namespace = Math)]
[INFO] [stdout]      |                                       ^^^^
[INFO] [stdout] 
[INFO] [stdout] 
[INFO] [stdout] error: expected `,`
[INFO] [stdout]     --> /opt/rustwide/cargo-home/registry/src/github.com-1ecc6299db9ec823/js-sys-0.3.42/src/lib.rs:1620:39
[INFO] [stdout]      |
[INFO] [stdout] 1620 |         #[wasm_bindgen(js_namespace = Math)]
[INFO] [stdout]      |                                       ^^^^
[INFO] [stdout] 
[INFO] [stdout] 
[INFO] [stdout] error: expected `,`
[INFO] [stdout]     --> /opt/rustwide/cargo-home/registry/src/github.com-1ecc6299db9ec823/js-sys-0.3.42/src/lib.rs:1627:39
[INFO] [stdout]      |
[INFO] [stdout] 1627 |         #[wasm_bindgen(js_namespace = Math)]
[INFO] [stdout]      |                                       ^^^^
[INFO] [stdout] 
[INFO] [stdout] 
[INFO] [stdout] error: expected `,`
[INFO] [stdout]     --> /opt/rustwide/cargo-home/registry/src/github.com-1ecc6299db9ec823/js-sys-0.3.42/src/lib.rs:1634:39
[INFO] [stdout]      |
[INFO] [stdout] 1634 |         #[wasm_bindgen(js_namespace = Math)]
[INFO] [stdout]      |                                       ^^^^
[INFO] [stdout] 
[INFO] [stdout] 
[INFO] [stdout] error: expected `,`
[INFO] [stdout]     --> /opt/rustwide/cargo-home/registry/src/github.com-1ecc6299db9ec823/js-sys-0.3.42/src/lib.rs:1641:39
[INFO] [stdout]      |
[INFO] [stdout] 1641 |         #[wasm_bindgen(js_namespace = Math)]
[INFO] [stdout]      |                                       ^^^^
[INFO] [stdout] 
[INFO] [stdout] 
[INFO] [stdout] error: expected `,`
[INFO] [stdout]     --> /opt/rustwide/cargo-home/registry/src/github.com-1ecc6299db9ec823/js-sys-0.3.42/src/lib.rs:1648:39
[INFO] [stdout]      |
[INFO] [stdout] 1648 |         #[wasm_bindgen(js_namespace = Math)]
[INFO] [stdout]      |                                       ^^^^
[INFO] [stdout] 
[INFO] [stdout] 
[INFO] [stdout] error: expected `,`
[INFO] [stdout]     --> /opt/rustwide/cargo-home/registry/src/github.com-1ecc6299db9ec823/js-sys-0.3.42/src/lib.rs:1655:39
[INFO] [stdout]      |
[INFO] [stdout] 1655 |         #[wasm_bindgen(js_namespace = Math)]
[INFO] [stdout]      |                                       ^^^^
[INFO] [stdout] 
[INFO] [stdout] 
[INFO] [stdout] error: expected `,`
[INFO] [stdout]     --> /opt/rustwide/cargo-home/registry/src/github.com-1ecc6299db9ec823/js-sys-0.3.42/src/lib.rs:1662:39
[INFO] [stdout]      |
[INFO] [stdout] 1662 |         #[wasm_bindgen(js_namespace = Math)]
[INFO] [stdout]      |                                       ^^^^
[INFO] [stdout] 
[INFO] [stdout] 
[INFO] [stdout] error: expected `,`
[INFO] [stdout]     --> /opt/rustwide/cargo-home/registry/src/github.com-1ecc6299db9ec823/js-sys-0.3.42/src/lib.rs:1669:39
[INFO] [stdout]      |
[INFO] [stdout] 1669 |         #[wasm_bindgen(js_namespace = Math)]
[INFO] [stdout]      |                                       ^^^^
[INFO] [stdout] 
[INFO] [stdout] 
[INFO] [stdout] error: expected `,`
[INFO] [stdout]     --> /opt/rustwide/cargo-home/registry/src/github.com-1ecc6299db9ec823/js-sys-0.3.42/src/lib.rs:1676:39
[INFO] [stdout]      |
[INFO] [stdout] 1676 |         #[wasm_bindgen(js_namespace = Math)]
[INFO] [stdout]      |                                       ^^^^
[INFO] [stdout] 
[INFO] [stdout] 
[INFO] [stdout] error: expected `,`
[INFO] [stdout]     --> /opt/rustwide/cargo-home/registry/src/github.com-1ecc6299db9ec823/js-sys-0.3.42/src/lib.rs:1683:39
[INFO] [stdout]      |
[INFO] [stdout] 1683 |         #[wasm_bindgen(js_namespace = Math)]
[INFO] [stdout]      |                                       ^^^^
[INFO] [stdout] 
[INFO] [stdout] 
[INFO] [stdout] error: expected `,`
[INFO] [stdout]     --> /opt/rustwide/cargo-home/registry/src/github.com-1ecc6299db9ec823/js-sys-0.3.42/src/lib.rs:1689:39
[INFO] [stdout]      |
[INFO] [stdout] 1689 |         #[wasm_bindgen(js_namespace = Math)]
[INFO] [stdout]      |                                       ^^^^
[INFO] [stdout] 
[INFO] [stdout] 
[INFO] [stdout] error: expected `,`
[INFO] [stdout]     --> /opt/rustwide/cargo-home/registry/src/github.com-1ecc6299db9ec823/js-sys-0.3.42/src/lib.rs:1696:39
[INFO] [stdout]      |
[INFO] [stdout] 1696 |         #[wasm_bindgen(js_namespace = Math)]
[INFO] [stdout]      |                                       ^^^^
[INFO] [stdout] 
[INFO] [stdout] 
[INFO] [stdout] error: expected `,`
[INFO] [stdout]     --> /opt/rustwide/cargo-home/registry/src/github.com-1ecc6299db9ec823/js-sys-0.3.42/src/lib.rs:1703:39
[INFO] [stdout]      |
[INFO] [stdout] 1703 |         #[wasm_bindgen(js_namespace = Math)]
[INFO] [stdout]      |                                       ^^^^
[INFO] [stdout] 
[INFO] [stdout] 
[INFO] [stdout] error: expected `,`
[INFO] [stdout]     --> /opt/rustwide/cargo-home/registry/src/github.com-1ecc6299db9ec823/js-sys-0.3.42/src/lib.rs:1709:39
[INFO] [stdout]      |
[INFO] [stdout] 1709 |         #[wasm_bindgen(js_namespace = Math)]
[INFO] [stdout]      |                                       ^^^^
[INFO] [stdout] 
[INFO] [stdout] 
[INFO] [stdout] error: expected `,`
[INFO] [stdout]     --> /opt/rustwide/cargo-home/registry/src/github.com-1ecc6299db9ec823/js-sys-0.3.42/src/lib.rs:1714:39
[INFO] [stdout]      |
[INFO] [stdout] 1714 |         #[wasm_bindgen(js_namespace = Math)]
[INFO] [stdout]      |                                       ^^^^
[INFO] [stdout] 
[INFO] [stdout] 
[INFO] [stdout] error: expected `,`
[INFO] [stdout]     --> /opt/rustwide/cargo-home/registry/src/github.com-1ecc6299db9ec823/js-sys-0.3.42/src/lib.rs:1720:39
[INFO] [stdout]      |
[INFO] [stdout] 1720 |         #[wasm_bindgen(js_namespace = Math)]
[INFO] [stdout]      |                                       ^^^^
[INFO] [stdout] 
[INFO] [stdout] 
[INFO] [stdout] error: expected `,`
[INFO] [stdout]     --> /opt/rustwide/cargo-home/registry/src/github.com-1ecc6299db9ec823/js-sys-0.3.42/src/lib.rs:1726:39
[INFO] [stdout]      |
[INFO] [stdout] 1726 |         #[wasm_bindgen(js_namespace = Math)]
[INFO] [stdout]      |                                       ^^^^
[INFO] [stdout] 
[INFO] [stdout] 
[INFO] [stdout] error: expected `,`
[INFO] [stdout]     --> /opt/rustwide/cargo-home/registry/src/github.com-1ecc6299db9ec823/js-sys-0.3.42/src/lib.rs:1732:39
[INFO] [stdout]      |
[INFO] [stdout] 1732 |         #[wasm_bindgen(js_namespace = Math)]
[INFO] [stdout]      |                                       ^^^^
[INFO] [stdout] 
[INFO] [stdout] 
[INFO] [stdout] error: expected `,`
[INFO] [stdout]     --> /opt/rustwide/cargo-home/registry/src/github.com-1ecc6299db9ec823/js-sys-0.3.42/src/lib.rs:1738:39
[INFO] [stdout]      |
[INFO] [stdout] 1738 |         #[wasm_bindgen(js_namespace = Math)]
[INFO] [stdout]      |                                       ^^^^
[INFO] [stdout] 
[INFO] [stdout] 
[INFO] [stdout] error: expected `,`
[INFO] [stdout]     --> /opt/rustwide/cargo-home/registry/src/github.com-1ecc6299db9ec823/js-sys-0.3.42/src/lib.rs:1748:39
[INFO] [stdout]      |
[INFO] [stdout] 1748 |         #[wasm_bindgen(js_namespace = Math)]
[INFO] [stdout]      |                                       ^^^^
[INFO] [stdout] 
[INFO] [stdout] 
[INFO] [stdout] error: expected `,`
[INFO] [stdout]     --> /opt/rustwide/cargo-home/registry/src/github.com-1ecc6299db9ec823/js-sys-0.3.42/src/lib.rs:1754:39
[INFO] [stdout]      |
[INFO] [stdout] 1754 |         #[wasm_bindgen(js_namespace = Math)]
[INFO] [stdout]      |                                       ^^^^
[INFO] [stdout] 
[INFO] [stdout] 
[INFO] [stdout] error: expected `,`
[INFO] [stdout]     --> /opt/rustwide/cargo-home/registry/src/github.com-1ecc6299db9ec823/js-sys-0.3.42/src/lib.rs:1761:39
[INFO] [stdout]      |
[INFO] [stdout] 1761 |         #[wasm_bindgen(js_namespace = Math)]
[INFO] [stdout]      |                                       ^^^^
[INFO] [stdout] 
[INFO] [stdout] 
[INFO] [stdout] error: expected `,`
[INFO] [stdout]     --> /opt/rustwide/cargo-home/registry/src/github.com-1ecc6299db9ec823/js-sys-0.3.42/src/lib.rs:1767:39
[INFO] [stdout]      |
[INFO] [stdout] 1767 |         #[wasm_bindgen(js_namespace = Math)]
[INFO] [stdout]      |                                       ^^^^
[INFO] [stdout] 
[INFO] [stdout] 
[INFO] [stdout] error: expected `,`
[INFO] [stdout]     --> /opt/rustwide/cargo-home/registry/src/github.com-1ecc6299db9ec823/js-sys-0.3.42/src/lib.rs:1774:39
[INFO] [stdout]      |
[INFO] [stdout] 1774 |         #[wasm_bindgen(js_namespace = Math)]
[INFO] [stdout]      |                                       ^^^^
[INFO] [stdout] 
[INFO] [stdout] 
[INFO] [stdout] error: expected `,`
[INFO] [stdout]     --> /opt/rustwide/cargo-home/registry/src/github.com-1ecc6299db9ec823/js-sys-0.3.42/src/lib.rs:1781:39
[INFO] [stdout]      |
[INFO] [stdout] 1781 |         #[wasm_bindgen(js_namespace = Math)]
[INFO] [stdout]      |                                       ^^^^
[INFO] [stdout] 
[INFO] [stdout] 
[INFO] [stdout] error: expected `,`
[INFO] [stdout]     --> /opt/rustwide/cargo-home/registry/src/github.com-1ecc6299db9ec823/js-sys-0.3.42/src/lib.rs:1787:39
[INFO] [stdout]      |
[INFO] [stdout] 1787 |         #[wasm_bindgen(js_namespace = Math)]
[INFO] [stdout]      |                                       ^^^^
[INFO] [stdout] 
[INFO] [stdout] 
[INFO] [stdout] error: expected `,`
[INFO] [stdout]     --> /opt/rustwide/cargo-home/registry/src/github.com-1ecc6299db9ec823/js-sys-0.3.42/src/lib.rs:1794:39
[INFO] [stdout]      |
[INFO] [stdout] 1794 |         #[wasm_bindgen(js_namespace = Math)]
[INFO] [stdout]      |                                       ^^^^
[INFO] [stdout] 
[INFO] [stdout] 
[INFO] [stdout] error: expected `,`
[INFO] [stdout]     --> /opt/rustwide/cargo-home/registry/src/github.com-1ecc6299db9ec823/js-sys-0.3.42/src/lib.rs:1801:39
[INFO] [stdout]      |
[INFO] [stdout] 1801 |         #[wasm_bindgen(js_namespace = Math)]
[INFO] [stdout]      |                                       ^^^^
[INFO] [stdout] 
[INFO] [stdout] 
[INFO] [stdout] error: expected `,`
[INFO] [stdout]     --> /opt/rustwide/cargo-home/registry/src/github.com-1ecc6299db9ec823/js-sys-0.3.42/src/lib.rs:2756:39
[INFO] [stdout]      |
[INFO] [stdout] 2756 |         #[wasm_bindgen(js_namespace = Reflect, catch)]
[INFO] [stdout]      |                                       ^^^^^^^
[INFO] [stdout] 
[INFO] [stdout] 
[INFO] [stdout] error: expected `,`
[INFO] [stdout]     --> /opt/rustwide/cargo-home/registry/src/github.com-1ecc6299db9ec823/js-sys-0.3.42/src/lib.rs:2768:39
[INFO] [stdout]      |
[INFO] [stdout] 2768 |         #[wasm_bindgen(js_namespace = Reflect, catch)]
[INFO] [stdout]      |                                       ^^^^^^^
[INFO] [stdout] 
[INFO] [stdout] 
[INFO] [stdout] error: expected `,`
[INFO] [stdout]     --> /opt/rustwide/cargo-home/registry/src/github.com-1ecc6299db9ec823/js-sys-0.3.42/src/lib.rs:2776:39
[INFO] [stdout]      |
[INFO] [stdout] 2776 |         #[wasm_bindgen(js_namespace = Reflect, js_name = construct, catch)]
[INFO] [stdout]      |                                       ^^^^^^^
[INFO] [stdout] 
[INFO] [stdout] 
[INFO] [stdout] error: expected `,`
[INFO] [stdout]     --> /opt/rustwide/cargo-home/registry/src/github.com-1ecc6299db9ec823/js-sys-0.3.42/src/lib.rs:2787:39
[INFO] [stdout]      |
[INFO] [stdout] 2787 |         #[wasm_bindgen(js_namespace = Reflect, js_name = defineProperty, catch)]
[INFO] [stdout]      |                                       ^^^^^^^
[INFO] [stdout] 
[INFO] [stdout] 
[INFO] [stdout] error: expected `,`
[INFO] [stdout]     --> /opt/rustwide/cargo-home/registry/src/github.com-1ecc6299db9ec823/js-sys-0.3.42/src/lib.rs:2798:39
[INFO] [stdout]      |
[INFO] [stdout] 2798 |         #[wasm_bindgen(js_namespace = Reflect, js_name = deleteProperty, catch)]
[INFO] [stdout]      |                                       ^^^^^^^
[INFO] [stdout] 
[INFO] [stdout] 
[INFO] [stdout] error: expected `,`
[INFO] [stdout]     --> /opt/rustwide/cargo-home/registry/src/github.com-1ecc6299db9ec823/js-sys-0.3.42/src/lib.rs:2805:39
[INFO] [stdout]      |
[INFO] [stdout] 2805 |         #[wasm_bindgen(js_namespace = Reflect, catch)]
[INFO] [stdout]      |                                       ^^^^^^^
[INFO] [stdout] 
[INFO] [stdout] 
[INFO] [stdout] error: expected `,`
[INFO] [stdout]     --> /opt/rustwide/cargo-home/registry/src/github.com-1ecc6299db9ec823/js-sys-0.3.42/src/lib.rs:2810:39
[INFO] [stdout]      |
[INFO] [stdout] 2810 |         #[wasm_bindgen(js_namespace = Reflect, js_name = "get", catch)]
[INFO] [stdout]      |                                       ^^^^^^^
[INFO] [stdout] 
[INFO] [stdout] 
[INFO] [stdout] error: expected `,`
[INFO] [stdout]     --> /opt/rustwide/cargo-home/registry/src/github.com-1ecc6299db9ec823/js-sys-0.3.42/src/lib.rs:2815:39
[INFO] [stdout]      |
[INFO] [stdout] 2815 |         #[wasm_bindgen(js_namespace = Reflect, js_name = "get", catch)]
[INFO] [stdout]      |                                       ^^^^^^^
[INFO] [stdout] 
[INFO] [stdout] 
[INFO] [stdout] error: expected `,`
[INFO] [stdout]     --> /opt/rustwide/cargo-home/registry/src/github.com-1ecc6299db9ec823/js-sys-0.3.42/src/lib.rs:2823:39
[INFO] [stdout]      |
[INFO] [stdout] 2823 |         #[wasm_bindgen(js_namespace = Reflect, js_name = getOwnPropertyDescriptor, catch)]
[INFO] [stdout]      |                                       ^^^^^^^
[INFO] [stdout] 
[INFO] [stdout] 
[INFO] [stdout] error: expected `,`
[INFO] [stdout]     --> /opt/rustwide/cargo-home/registry/src/github.com-1ecc6299db9ec823/js-sys-0.3.42/src/lib.rs:2835:39
[INFO] [stdout]      |
[INFO] [stdout] 2835 |         #[wasm_bindgen(js_namespace = Reflect, js_name = getPrototypeOf, catch)]
[INFO] [stdout]      |                                       ^^^^^^^
[INFO] [stdout] 
[INFO] [stdout] 
[INFO] [stdout] error: expected `,`
[INFO] [stdout]     --> /opt/rustwide/cargo-home/registry/src/github.com-1ecc6299db9ec823/js-sys-0.3.42/src/lib.rs:2842:39
[INFO] [stdout]      |
[INFO] [stdout] 2842 |         #[wasm_bindgen(js_namespace = Reflect, catch)]
[INFO] [stdout]      |                                       ^^^^^^^
[INFO] [stdout] 
[INFO] [stdout] 
[INFO] [stdout] error: expected `,`
[INFO] [stdout]     --> /opt/rustwide/cargo-home/registry/src/github.com-1ecc6299db9ec823/js-sys-0.3.42/src/lib.rs:2850:39
[INFO] [stdout]      |
[INFO] [stdout] 2850 |         #[wasm_bindgen(js_namespace = Reflect, js_name = isExtensible, catch)]
[INFO] [stdout]      |                                       ^^^^^^^
[INFO] [stdout] 
[INFO] [stdout] 
[INFO] [stdout] error: expected `,`
[INFO] [stdout]     --> /opt/rustwide/cargo-home/registry/src/github.com-1ecc6299db9ec823/js-sys-0.3.42/src/lib.rs:2857:39
[INFO] [stdout]      |
[INFO] [stdout] 2857 |         #[wasm_bindgen(js_namespace = Reflect, js_name = ownKeys, catch)]
[INFO] [stdout]      |                                       ^^^^^^^
[INFO] [stdout] 
[INFO] [stdout] 
[INFO] [stdout] error: expected `,`
[INFO] [stdout]     --> /opt/rustwide/cargo-home/registry/src/github.com-1ecc6299db9ec823/js-sys-0.3.42/src/lib.rs:2866:39
[INFO] [stdout]      |
[INFO] [stdout] 2866 |         #[wasm_bindgen(js_namespace = Reflect, js_name = preventExtensions, catch)]
[INFO] [stdout]      |                                       ^^^^^^^
[INFO] [stdout] 
[INFO] [stdout] 
[INFO] [stdout] error: expected `,`
[INFO] [stdout]     --> /opt/rustwide/cargo-home/registry/src/github.com-1ecc6299db9ec823/js-sys-0.3.42/src/lib.rs:2873:39
[INFO] [stdout]      |
[INFO] [stdout] 2873 |         #[wasm_bindgen(js_namespace = Reflect, catch)]
[INFO] [stdout]      |                                       ^^^^^^^
[INFO] [stdout] 
[INFO] [stdout] 
[INFO] [stdout] error: expected `,`
[INFO] [stdout]     --> /opt/rustwide/cargo-home/registry/src/github.com-1ecc6299db9ec823/js-sys-0.3.42/src/lib.rs:2882:39
[INFO] [stdout]      |
[INFO] [stdout] 2882 |         #[wasm_bindgen(js_namespace = Reflect, js_name = "set", catch)]
[INFO] [stdout]      |                                       ^^^^^^^
[INFO] [stdout] 
[INFO] [stdout] 
[INFO] [stdout] error: expected `,`
[INFO] [stdout]     --> /opt/rustwide/cargo-home/registry/src/github.com-1ecc6299db9ec823/js-sys-0.3.42/src/lib.rs:2891:39
[INFO] [stdout]      |
[INFO] [stdout] 2891 |         #[wasm_bindgen(js_namespace = Reflect, js_name = "set", catch)]
[INFO] [stdout]      |                                       ^^^^^^^
[INFO] [stdout] 
[INFO] [stdout] 
[INFO] [stdout] error: expected `,`
[INFO] [stdout]     --> /opt/rustwide/cargo-home/registry/src/github.com-1ecc6299db9ec823/js-sys-0.3.42/src/lib.rs:2902:39
[INFO] [stdout]      |
[INFO] [stdout] 2902 |         #[wasm_bindgen(js_namespace = Reflect, js_name = set, catch)]
[INFO] [stdout]      |                                       ^^^^^^^
[INFO] [stdout] 
[INFO] [stdout] 
[INFO] [stdout] error: expected `,`
[INFO] [stdout]     --> /opt/rustwide/cargo-home/registry/src/github.com-1ecc6299db9ec823/js-sys-0.3.42/src/lib.rs:2916:39
[INFO] [stdout]      |
[INFO] [stdout] 2916 |         #[wasm_bindgen(js_namespace = Reflect, js_name = setPrototypeOf, catch)]
[INFO] [stdout]      |                                       ^^^^^^^
[INFO] [stdout] 
[INFO] [stdout] 
[INFO] [stdout] error: expected `,`
[INFO] [stdout]     --> /opt/rustwide/cargo-home/registry/src/github.com-1ecc6299db9ec823/js-sys-0.3.42/src/lib.rs:3333:39
[INFO] [stdout]      |
[INFO] [stdout] 3333 |         #[wasm_bindgen(js_namespace = WebAssembly)]
[INFO] [stdout]      |                                       ^^^^^^^^^^^
[INFO] [stdout] 
[INFO] [stdout] 
[INFO] [stdout] error: expected `,`
[INFO] [stdout]     --> /opt/rustwide/cargo-home/registry/src/github.com-1ecc6299db9ec823/js-sys-0.3.42/src/lib.rs:3340:39
[INFO] [stdout]      |
[INFO] [stdout] 3340 |         #[wasm_bindgen(js_namespace = WebAssembly, js_name = instantiate)]
[INFO] [stdout]      |                                       ^^^^^^^^^^^
[INFO] [stdout] 
[INFO] [stdout] 
[INFO] [stdout] error: expected `,`
[INFO] [stdout]     --> /opt/rustwide/cargo-home/registry/src/github.com-1ecc6299db9ec823/js-sys-0.3.42/src/lib.rs:3347:39
[INFO] [stdout]      |
[INFO] [stdout] 3347 |         #[wasm_bindgen(js_namespace = WebAssembly, js_name = instantiate)]
[INFO] [stdout]      |                                       ^^^^^^^^^^^
[INFO] [stdout] 
[INFO] [stdout] 
[INFO] [stdout] error: expected `,`
[INFO] [stdout]     --> /opt/rustwide/cargo-home/registry/src/github.com-1ecc6299db9ec823/js-sys-0.3.42/src/lib.rs:3356:39
[INFO] [stdout]      |
[INFO] [stdout] 3356 |         #[wasm_bindgen(js_namespace = WebAssembly, js_name = instantiateStreaming)]
[INFO] [stdout]      |                                       ^^^^^^^^^^^
[INFO] [stdout] 
[INFO] [stdout] 
[INFO] [stdout] error: expected `,`
[INFO] [stdout]     --> /opt/rustwide/cargo-home/registry/src/github.com-1ecc6299db9ec823/js-sys-0.3.42/src/lib.rs:3364:39
[INFO] [stdout]      |
[INFO] [stdout] 3364 |         #[wasm_bindgen(js_namespace = WebAssembly, catch)]
[INFO] [stdout]      |                                       ^^^^^^^^^^^
[INFO] [stdout] 
[INFO] [stdout] 
[INFO] [stdout] error: expected `,`
[INFO] [stdout]     --> /opt/rustwide/cargo-home/registry/src/github.com-1ecc6299db9ec823/js-sys-0.3.42/src/lib.rs:3376:56
[INFO] [stdout]      |
[INFO] [stdout] 3376 |         #[wasm_bindgen(extends = Error, js_namespace = WebAssembly, typescript_type = "WebAssembly.CompileError")]
[INFO] [stdout]      |                                                        ^^^^^^^^^^^
[INFO] [stdout] 
[INFO] [stdout] 
[INFO] [stdout] error: expected `,`
[INFO] [stdout]     --> /opt/rustwide/cargo-home/registry/src/github.com-1ecc6299db9ec823/js-sys-0.3.42/src/lib.rs:3385:52
[INFO] [stdout]      |
[INFO] [stdout] 3385 |         #[wasm_bindgen(constructor, js_namespace = WebAssembly)]
[INFO] [stdout]      |                                                    ^^^^^^^^^^^
[INFO] [stdout] 
[INFO] [stdout] 
[INFO] [stdout] error: expected `,`
[INFO] [stdout]     --> /opt/rustwide/cargo-home/registry/src/github.com-1ecc6299db9ec823/js-sys-0.3.42/src/lib.rs:3398:57
[INFO] [stdout]      |
[INFO] [stdout] 3398 |         #[wasm_bindgen(extends = Object, js_namespace = WebAssembly, typescript_type = "WebAssembly.Instance")]
[INFO] [stdout]      |                                                         ^^^^^^^^^^^
[INFO] [stdout] 
[INFO] [stdout] 
[INFO] [stdout] error: expected `,`
[INFO] [stdout]     --> /opt/rustwide/cargo-home/registry/src/github.com-1ecc6299db9ec823/js-sys-0.3.42/src/lib.rs:3408:59
[INFO] [stdout]      |
[INFO] [stdout] 3408 |         #[wasm_bindgen(catch, constructor, js_namespace = WebAssembly)]
[INFO] [stdout]      |                                                           ^^^^^^^^^^^
[INFO] [stdout] 
[INFO] [stdout] 
[INFO] [stdout] error: expected `,`
[INFO] [stdout]     --> /opt/rustwide/cargo-home/registry/src/github.com-1ecc6299db9ec823/js-sys-0.3.42/src/lib.rs:3417:55
[INFO] [stdout]      |
[INFO] [stdout] 3417 |         #[wasm_bindgen(getter, method, js_namespace = WebAssembly)]
[INFO] [stdout]      |                                                       ^^^^^^^^^^^
[INFO] [stdout] 
[INFO] [stdout] 
[INFO] [stdout] error: expected `,`
[INFO] [stdout]     --> /opt/rustwide/cargo-home/registry/src/github.com-1ecc6299db9ec823/js-sys-0.3.42/src/lib.rs:3429:56
[INFO] [stdout]      |
[INFO] [stdout] 3429 |         #[wasm_bindgen(extends = Error, js_namespace = WebAssembly, typescript_type = "WebAssembly.LinkError")]
[INFO] [stdout]      |                                                        ^^^^^^^^^^^
[INFO] [stdout] 
[INFO] [stdout] 
[INFO] [stdout] error: expected `,`
[INFO] [stdout]     --> /opt/rustwide/cargo-home/registry/src/github.com-1ecc6299db9ec823/js-sys-0.3.42/src/lib.rs:3438:52
[INFO] [stdout]      |
[INFO] [stdout] 3438 |         #[wasm_bindgen(constructor, js_namespace = WebAssembly)]
[INFO] [stdout]      |                                                    ^^^^^^^^^^^
[INFO] [stdout] 
[INFO] [stdout] 
[INFO] [stdout] error: expected `,`
[INFO] [stdout]     --> /opt/rustwide/cargo-home/registry/src/github.com-1ecc6299db9ec823/js-sys-0.3.42/src/lib.rs:3450:56
[INFO] [stdout]      |
[INFO] [stdout] 3450 |         #[wasm_bindgen(extends = Error, js_namespace = WebAssembly, typescript_type = "WebAssembly.RuntimeError")]
[INFO] [stdout]      |                                                        ^^^^^^^^^^^
[INFO] [stdout] 
[INFO] [stdout] 
[INFO] [stdout] error: expected `,`
[INFO] [stdout]     --> /opt/rustwide/cargo-home/registry/src/github.com-1ecc6299db9ec823/js-sys-0.3.42/src/lib.rs:3459:52
[INFO] [stdout]      |
[INFO] [stdout] 3459 |         #[wasm_bindgen(constructor, js_namespace = WebAssembly)]
[INFO] [stdout]      |                                                    ^^^^^^^^^^^
[INFO] [stdout] 
[INFO] [stdout] 
[INFO] [stdout] error: expected `,`
[INFO] [stdout]     --> /opt/rustwide/cargo-home/registry/src/github.com-1ecc6299db9ec823/js-sys-0.3.42/src/lib.rs:3471:39
[INFO] [stdout]      |
[INFO] [stdout] 3471 |         #[wasm_bindgen(js_namespace = WebAssembly, extends = Object, typescript_type = "WebAssembly.Module")]
[INFO] [stdout]      |                                       ^^^^^^^^^^^
[INFO] [stdout] 
[INFO] [stdout] 
[INFO] [stdout] error: expected `,`
[INFO] [stdout]     --> /opt/rustwide/cargo-home/registry/src/github.com-1ecc6299db9ec823/js-sys-0.3.42/src/lib.rs:3480:52
[INFO] [stdout]      |
[INFO] [stdout] 3480 |         #[wasm_bindgen(constructor, js_namespace = WebAssembly, catch)]
[INFO] [stdout]      |                                                    ^^^^^^^^^^^
[INFO] [stdout] 
[INFO] [stdout] 
[INFO] [stdout] error: expected `,`
[INFO] [stdout]     --> /opt/rustwide/cargo-home/registry/src/github.com-1ecc6299db9ec823/js-sys-0.3.42/src/lib.rs:3488:66
[INFO] [stdout]      |
[INFO] [stdout] 3488 |         #[wasm_bindgen(static_method_of = Module, js_namespace = WebAssembly, js_name = customSections)]
[INFO] [stdout]      |                                                                  ^^^^^^^^^^^
[INFO] [stdout] 
[INFO] [stdout] 
[INFO] [stdout] error: expected `,`
[INFO] [stdout]     --> /opt/rustwide/cargo-home/registry/src/github.com-1ecc6299db9ec823/js-sys-0.3.42/src/lib.rs:3495:66
[INFO] [stdout]      |
[INFO] [stdout] 3495 |         #[wasm_bindgen(static_method_of = Module, js_namespace = WebAssembly)]
[INFO] [stdout]      |                                                                  ^^^^^^^^^^^
[INFO] [stdout] 
[INFO] [stdout] 
[INFO] [stdout] error: expected `,`
[INFO] [stdout]     --> /opt/rustwide/cargo-home/registry/src/github.com-1ecc6299db9ec823/js-sys-0.3.42/src/lib.rs:3502:66
[INFO] [stdout]      |
[INFO] [stdout] 3502 |         #[wasm_bindgen(static_method_of = Module, js_namespace = WebAssembly)]
[INFO] [stdout]      |                                                                  ^^^^^^^^^^^
[INFO] [stdout] 
[INFO] [stdout] 
[INFO] [stdout] error: expected `,`
[INFO] [stdout]     --> /opt/rustwide/cargo-home/registry/src/github.com-1ecc6299db9ec823/js-sys-0.3.42/src/lib.rs:3513:39
[INFO] [stdout]      |
[INFO] [stdout] 3513 |         #[wasm_bindgen(js_namespace = WebAssembly, extends = Object, typescript_type = "WebAssembly.Table")]
[INFO] [stdout]      |                                       ^^^^^^^^^^^
[INFO] [stdout] 
[INFO] [stdout] 
[INFO] [stdout] error: expected `,`
[INFO] [stdout]     --> /opt/rustwide/cargo-home/registry/src/github.com-1ecc6299db9ec823/js-sys-0.3.42/src/lib.rs:3521:52
[INFO] [stdout]      |
[INFO] [stdout] 3521 |         #[wasm_bindgen(constructor, js_namespace = WebAssembly, catch)]
[INFO] [stdout]      |                                                    ^^^^^^^^^^^
[INFO] [stdout] 
[INFO] [stdout] 
[INFO] [stdout] error: expected `,`
[INFO] [stdout]     --> /opt/rustwide/cargo-home/registry/src/github.com-1ecc6299db9ec823/js-sys-0.3.42/src/lib.rs:3529:55
[INFO] [stdout]      |
[INFO] [stdout] 3529 |         #[wasm_bindgen(method, getter, js_namespace = WebAssembly)]
[INFO] [stdout]      |                                                       ^^^^^^^^^^^
[INFO] [stdout] 
[INFO] [stdout] 
[INFO] [stdout] error: expected `,`
[INFO] [stdout]     --> /opt/rustwide/cargo-home/registry/src/github.com-1ecc6299db9ec823/js-sys-0.3.42/src/lib.rs:3536:54
[INFO] [stdout]      |
[INFO] [stdout] 3536 |         #[wasm_bindgen(method, catch, js_namespace = WebAssembly)]
[INFO] [stdout]      |                                                      ^^^^^^^^^^^
[INFO] [stdout] 
[INFO] [stdout] 
[INFO] [stdout] error: expected `,`
[INFO] [stdout]     --> /opt/rustwide/cargo-home/registry/src/github.com-1ecc6299db9ec823/js-sys-0.3.42/src/lib.rs:3544:54
[INFO] [stdout]      |
[INFO] [stdout] 3544 |         #[wasm_bindgen(method, catch, js_namespace = WebAssembly)]
[INFO] [stdout]      |                                                      ^^^^^^^^^^^
[INFO] [stdout] 
[INFO] [stdout] 
[INFO] [stdout] error: expected `,`
[INFO] [stdout]     --> /opt/rustwide/cargo-home/registry/src/github.com-1ecc6299db9ec823/js-sys-0.3.42/src/lib.rs:3551:54
[INFO] [stdout]      |
[INFO] [stdout] 3551 |         #[wasm_bindgen(method, catch, js_namespace = WebAssembly)]
[INFO] [stdout]      |                                                      ^^^^^^^^^^^
[INFO] [stdout] 
[INFO] [stdout] 
[INFO] [stdout] error: expected `,`
[INFO] [stdout]     --> /opt/rustwide/cargo-home/registry/src/github.com-1ecc6299db9ec823/js-sys-0.3.42/src/lib.rs:3559:39
[INFO] [stdout]      |
[INFO] [stdout] 3559 |         #[wasm_bindgen(js_namespace = WebAssembly, extends = Object, typescript_type = "WebAssembly.Memory")]
[INFO] [stdout]      |                                       ^^^^^^^^^^^
[INFO] [stdout] 
[INFO] [stdout] 
[INFO] [stdout] error: expected `,`
[INFO] [stdout]     --> /opt/rustwide/cargo-home/registry/src/github.com-1ecc6299db9ec823/js-sys-0.3.42/src/lib.rs:3571:52
[INFO] [stdout]      |
[INFO] [stdout] 3571 |         #[wasm_bindgen(constructor, js_namespace = WebAssembly, catch)]
[INFO] [stdout]      |                                                    ^^^^^^^^^^^
[INFO] [stdout] 
[INFO] [stdout] 
[INFO] [stdout] error: expected `,`
[INFO] [stdout]     --> /opt/rustwide/cargo-home/registry/src/github.com-1ecc6299db9ec823/js-sys-0.3.42/src/lib.rs:3578:55
[INFO] [stdout]      |
[INFO] [stdout] 3578 |         #[wasm_bindgen(method, getter, js_namespace = WebAssembly)]
[INFO] [stdout]      |                                                       ^^^^^^^^^^^
[INFO] [stdout] 
[INFO] [stdout] 
[INFO] [stdout] error: expected `,`
[INFO] [stdout]     --> /opt/rustwide/cargo-home/registry/src/github.com-1ecc6299db9ec823/js-sys-0.3.42/src/lib.rs:3589:47
[INFO] [stdout]      |
[INFO] [stdout] 3589 |         #[wasm_bindgen(method, js_namespace = WebAssembly)]
[INFO] [stdout]      |                                               ^^^^^^^^^^^
[INFO] [stdout] 
[INFO] [stdout] 
[INFO] [stdout] error: expected `,`
[INFO] [stdout]     --> /opt/rustwide/cargo-home/registry/src/github.com-1ecc6299db9ec823/js-sys-0.3.42/src/lib.rs:3609:46
[INFO] [stdout]      |
[INFO] [stdout] 3609 |         #[wasm_bindgen(catch, js_namespace = JSON)]
[INFO] [stdout]      |                                              ^^^^
[INFO] [stdout] 
[INFO] [stdout] 
[INFO] [stdout] error: expected `,`
[INFO] [stdout]     --> /opt/rustwide/cargo-home/registry/src/github.com-1ecc6299db9ec823/js-sys-0.3.42/src/lib.rs:3615:46
[INFO] [stdout]      |
[INFO] [stdout] 3615 |         #[wasm_bindgen(catch, js_namespace = JSON)]
[INFO] [stdout]      |                                              ^^^^
[INFO] [stdout] 
[INFO] [stdout] 
[INFO] [stdout] error: expected `,`
[INFO] [stdout]     --> /opt/rustwide/cargo-home/registry/src/github.com-1ecc6299db9ec823/js-sys-0.3.42/src/lib.rs:3627:46
[INFO] [stdout]      |
[INFO] [stdout] 3627 |         #[wasm_bindgen(catch, js_namespace = JSON, js_name = stringify)]
[INFO] [stdout]      |                                              ^^^^
[INFO] [stdout] 
[INFO] [stdout] 
[INFO] [stdout] error: expected `,`
[INFO] [stdout]     --> /opt/rustwide/cargo-home/registry/src/github.com-1ecc6299db9ec823/js-sys-0.3.42/src/lib.rs:3651:46
[INFO] [stdout]      |
[INFO] [stdout] 3651 |         #[wasm_bindgen(catch, js_namespace = JSON, js_name = stringify)]
[INFO] [stdout]      |                                              ^^^^
[INFO] [stdout] 
[INFO] [stdout] 
[INFO] [stdout] error: expected `,`
[INFO] [stdout]     --> /opt/rustwide/cargo-home/registry/src/github.com-1ecc6299db9ec823/js-sys-0.3.42/src/lib.rs:4411:70
[INFO] [stdout]      |
[INFO] [stdout] 4411 |         #[wasm_bindgen(js_name = getCanonicalLocales, js_namespace = Intl)]
[INFO] [stdout]      |                                                                      ^^^^
[INFO] [stdout] 
[INFO] [stdout] 
[INFO] [stdout] error: expected `,`
[INFO] [stdout]     --> /opt/rustwide/cargo-home/registry/src/github.com-1ecc6299db9ec823/js-sys-0.3.42/src/lib.rs:4422:57
[INFO] [stdout]      |
[INFO] [stdout] 4422 |         #[wasm_bindgen(extends = Object, js_namespace = Intl, typescript_type = "Intl.Collator")]
[INFO] [stdout]      |                                                         ^^^^
[INFO] [stdout] 
[INFO] [stdout] 
[INFO] [stdout] error: expected `,`
[INFO] [stdout]     --> /opt/rustwide/cargo-home/registry/src/github.com-1ecc6299db9ec823/js-sys-0.3.42/src/lib.rs:4430:52
[INFO] [stdout]      |
[INFO] [stdout] 4430 |         #[wasm_bindgen(constructor, js_namespace = Intl)]
[INFO] [stdout]      |                                                    ^^^^
[INFO] [stdout] 
[INFO] [stdout] 
[INFO] [stdout] error: expected `,`
[INFO] [stdout]     --> /opt/rustwide/cargo-home/registry/src/github.com-1ecc6299db9ec823/js-sys-0.3.42/src/lib.rs:4446:47
[INFO] [stdout]      |
[INFO] [stdout] 4446 |         #[wasm_bindgen(method, js_namespace = Intl, js_name = resolvedOptions)]
[INFO] [stdout]      |                                               ^^^^
[INFO] [stdout] 
[INFO] [stdout] 
[INFO] [stdout] error: expected `,`
[INFO] [stdout]     --> /opt/rustwide/cargo-home/registry/src/github.com-1ecc6299db9ec823/js-sys-0.3.42/src/lib.rs:4455:68
[INFO] [stdout]      |
[INFO] [stdout] 4455 |         #[wasm_bindgen(static_method_of = Collator, js_namespace = Intl, js_name = supportedLocalesOf)]
[INFO] [stdout]      |                                                                    ^^^^
[INFO] [stdout] 
[INFO] [stdout] 
[INFO] [stdout] error: expected `,`
[INFO] [stdout]     --> /opt/rustwide/cargo-home/registry/src/github.com-1ecc6299db9ec823/js-sys-0.3.42/src/lib.rs:4466:57
[INFO] [stdout]      |
[INFO] [stdout] 4466 |         #[wasm_bindgen(extends = Object, js_namespace = Intl, typescript_type = "Intl.DateTimeFormat")]
[INFO] [stdout]      |                                                         ^^^^
[INFO] [stdout] 
[INFO] [stdout] 
[INFO] [stdout] error: expected `,`
[INFO] [stdout]     --> /opt/rustwide/cargo-home/registry/src/github.com-1ecc6299db9ec823/js-sys-0.3.42/src/lib.rs:4474:52
[INFO] [stdout]      |
[INFO] [stdout] 4474 |         #[wasm_bindgen(constructor, js_namespace = Intl)]
[INFO] [stdout]      |                                                    ^^^^
[INFO] [stdout] 
[INFO] [stdout] 
[INFO] [stdout] error: expected `,`
[INFO] [stdout]     --> /opt/rustwide/cargo-home/registry/src/github.com-1ecc6299db9ec823/js-sys-0.3.42/src/lib.rs:4497:47
[INFO] [stdout]      |
[INFO] [stdout] 4497 |         #[wasm_bindgen(method, js_namespace = Intl, js_name = resolvedOptions)]
[INFO] [stdout]      |                                               ^^^^
[INFO] [stdout] 
[INFO] [stdout] 
[INFO] [stdout] error: expected `,`
[INFO] [stdout]     --> /opt/rustwide/cargo-home/registry/src/github.com-1ecc6299db9ec823/js-sys-0.3.42/src/lib.rs:4506:74
[INFO] [stdout]      |
[INFO] [stdout] 4506 |         #[wasm_bindgen(static_method_of = DateTimeFormat, js_namespace = Intl, js_name = supportedLocalesOf)]
[INFO] [stdout]      |                                                                          ^^^^
[INFO] [stdout] 
[INFO] [stdout] 
[INFO] [stdout] error: expected `,`
[INFO] [stdout]     --> /opt/rustwide/cargo-home/registry/src/github.com-1ecc6299db9ec823/js-sys-0.3.42/src/lib.rs:4517:57
[INFO] [stdout]      |
[INFO] [stdout] 4517 |         #[wasm_bindgen(extends = Object, js_namespace = Intl, typescript_type = "Intl.NumberFormat")]
[INFO] [stdout]      |                                                         ^^^^
[INFO] [stdout] 
[INFO] [stdout] 
[INFO] [stdout] error: expected `,`
[INFO] [stdout]     --> /opt/rustwide/cargo-home/registry/src/github.com-1ecc6299db9ec823/js-sys-0.3.42/src/lib.rs:4525:52
[INFO] [stdout]      |
[INFO] [stdout] 4525 |         #[wasm_bindgen(constructor, js_namespace = Intl)]
[INFO] [stdout]      |                                                    ^^^^
[INFO] [stdout] 
[INFO] [stdout] 
[INFO] [stdout] error: expected `,`
[INFO] [stdout]     --> /opt/rustwide/cargo-home/registry/src/github.com-1ecc6299db9ec823/js-sys-0.3.42/src/lib.rs:4548:47
[INFO] [stdout]      |
[INFO] [stdout] 4548 |         #[wasm_bindgen(method, js_namespace = Intl, js_name = resolvedOptions)]
[INFO] [stdout]      |                                               ^^^^
[INFO] [stdout] 
[INFO] [stdout] 
[INFO] [stdout] error: expected `,`
[INFO] [stdout]     --> /opt/rustwide/cargo-home/registry/src/github.com-1ecc6299db9ec823/js-sys-0.3.42/src/lib.rs:4556:72
[INFO] [stdout]      |
[INFO] [stdout] 4556 |         #[wasm_bindgen(static_method_of = NumberFormat, js_namespace = Intl, js_name = supportedLocalesOf)]
[INFO] [stdout]      |                                                                        ^^^^
[INFO] [stdout] 
[INFO] [stdout] 
[INFO] [stdout] error: expected `,`
[INFO] [stdout]     --> /opt/rustwide/cargo-home/registry/src/github.com-1ecc6299db9ec823/js-sys-0.3.42/src/lib.rs:4567:57
[INFO] [stdout]      |
[INFO] [stdout] 4567 |         #[wasm_bindgen(extends = Object, js_namespace = Intl, typescript_type = "Intl.PluralRules")]
[INFO] [stdout]      |                                                         ^^^^
[INFO] [stdout] 
[INFO] [stdout] 
[INFO] [stdout] error: expected `,`
[INFO] [stdout]     --> /opt/rustwide/cargo-home/registry/src/github.com-1ecc6299db9ec823/js-sys-0.3.42/src/lib.rs:4575:52
[INFO] [stdout]      |
[INFO] [stdout] 4575 |         #[wasm_bindgen(constructor, js_namespace = Intl)]
[INFO] [stdout]      |                                                    ^^^^
[INFO] [stdout] 
[INFO] [stdout] 
[INFO] [stdout] error: expected `,`
[INFO] [stdout]     --> /opt/rustwide/cargo-home/registry/src/github.com-1ecc6299db9ec823/js-sys-0.3.42/src/lib.rs:4583:47
[INFO] [stdout]      |
[INFO] [stdout] 4583 |         #[wasm_bindgen(method, js_namespace = Intl, js_name = resolvedOptions)]
[INFO] [stdout]      |                                               ^^^^
[INFO] [stdout] 
[INFO] [stdout] 
[INFO] [stdout] error: expected `,`
[INFO] [stdout]     --> /opt/rustwide/cargo-home/registry/src/github.com-1ecc6299db9ec823/js-sys-0.3.42/src/lib.rs:4590:47
[INFO] [stdout]      |
[INFO] [stdout] 4590 |         #[wasm_bindgen(method, js_namespace = Intl)]
[INFO] [stdout]      |                                               ^^^^
[INFO] [stdout] 
[INFO] [stdout] 
[INFO] [stdout] error: expected `,`
[INFO] [stdout]     --> /opt/rustwide/cargo-home/registry/src/github.com-1ecc6299db9ec823/js-sys-0.3.42/src/lib.rs:4598:71
[INFO] [stdout]      |
[INFO] [stdout] 4598 |         #[wasm_bindgen(static_method_of = PluralRules, js_namespace = Intl, js_name = supportedLocalesOf)]
[INFO] [stdout]      |                                                                       ^^^^
[INFO] [stdout] 
[INFO] [stdout] 
[INFO] [stdout] error[E0425]: cannot find function `get` in module `Reflect`
[INFO] [stdout]     --> /opt/rustwide/cargo-home/registry/src/github.com-1ecc6299db9ec823/js-sys-0.3.42/src/lib.rs:1516:28
[INFO] [stdout]      |
[INFO] [stdout] 1516 |     let iter_fn = Reflect::get(val, iter_sym.as_ref())?;
[INFO] [stdout]      |                            ^^^ not found in `Reflect`
[INFO] [stdout] 
[INFO] [stdout] 
[INFO] [stdout] error[E0412]: cannot find type `Memory` in module `WebAssembly`
[INFO] [stdout]     --> /opt/rustwide/cargo-home/registry/src/github.com-1ecc6299db9ec823/js-sys-0.3.42/src/lib.rs:4924:60
[INFO] [stdout]      |
[INFO] [stdout] 4924 |                   let mem = buf.unchecked_ref::<WebAssembly::Memory>();
[INFO] [stdout]      |                                                              ^^^^^^ not found in `WebAssembly`
[INFO] [stdout] ...
[INFO] [stdout] 4999 | / arrays! {
[INFO] [stdout] 5000 | |     /// `Int8Array()`
[INFO] [stdout] 5001 | |     /// https://developer.mozilla.org/en-US/docs/Web/JavaScript/Reference/Global_Objects/Int8Array
[INFO] [stdout] 5002 | |     Int8Array: i8,
[INFO] [stdout] ...    |
[INFO] [stdout] 5034 | |     Float64Array: f64,
[INFO] [stdout] 5035 | | }
[INFO] [stdout]      | |_- in this macro invocation
[INFO] [stdout]      |
[INFO] [stdout]      = note: this error originates in the macro `arrays` (in Nightly builds, run with -Z macro-backtrace for more info)
[INFO] [stdout] 
[INFO] [stdout] 
[INFO] [stdout] error[E0412]: cannot find type `Memory` in module `WebAssembly`
[INFO] [stdout]     --> /opt/rustwide/cargo-home/registry/src/github.com-1ecc6299db9ec823/js-sys-0.3.42/src/lib.rs:4949:60
[INFO] [stdout]      |
[INFO] [stdout] 4949 |                   let mem = buf.unchecked_ref::<WebAssembly::Memory>();
[INFO] [stdout]      |                                                              ^^^^^^ not found in `WebAssembly`
[INFO] [stdout] ...
[INFO] [stdout] 4999 | / arrays! {
[INFO] [stdout] 5000 | |     /// `Int8Array()`
[INFO] [stdout] 5001 | |     /// https://developer.mozilla.org/en-US/docs/Web/JavaScript/Reference/Global_Objects/Int8Array
[INFO] [stdout] 5002 | |     Int8Array: i8,
[INFO] [stdout] ...    |
[INFO] [stdout] 5034 | |     Float64Array: f64,
[INFO] [stdout] 5035 | | }
[INFO] [stdout]      | |_- in this macro invocation
[INFO] [stdout]      |
[INFO] [stdout]      = note: this error originates in the macro `arrays` (in Nightly builds, run with -Z macro-backtrace for more info)
[INFO] [stdout] 
[INFO] [stdout] 
[INFO] [stdout] error[E0412]: cannot find type `Memory` in module `WebAssembly`
[INFO] [stdout]     --> /opt/rustwide/cargo-home/registry/src/github.com-1ecc6299db9ec823/js-sys-0.3.42/src/lib.rs:4959:60
[INFO] [stdout]      |
[INFO] [stdout] 4959 |                   let mem = buf.unchecked_ref::<WebAssembly::Memory>();
[INFO] [stdout]      |                                                              ^^^^^^ not found in `WebAssembly`
[INFO] [stdout] ...
[INFO] [stdout] 4999 | / arrays! {
[INFO] [stdout] 5000 | |     /// `Int8Array()`
[INFO] [stdout] 5001 | |     /// https://developer.mozilla.org/en-US/docs/Web/JavaScript/Reference/Global_Objects/Int8Array
[INFO] [stdout] 5002 | |     Int8Array: i8,
[INFO] [stdout] ...    |
[INFO] [stdout] 5034 | |     Float64Array: f64,
[INFO] [stdout] 5035 | | }
[INFO] [stdout]      | |_- in this macro invocation
[INFO] [stdout]      |
[INFO] [stdout]      = note: this error originates in the macro `arrays` (in Nightly builds, run with -Z macro-backtrace for more info)
[INFO] [stdout] 
[INFO] [stdout] 
[INFO] [stdout] error: aborting due to 123 previous errors
[INFO] [stdout] 
[INFO] [stdout] 
[INFO] [stdout] Some errors have detailed explanations: E0412, E0425.
[INFO] [stdout] 
[INFO] [stdout] For more information about an error, try `rustc --explain E0412`.
[INFO] [stdout] 
[INFO] [stderr] error: could not compile `js-sys` due to 124 previous errors
[INFO] [stderr] warning: build failed, waiting for other jobs to finish...
[INFO] [stderr] error: build failed
[INFO] running `Command { std: "docker" "inspect" "f607f0d924920fa61406334f8edc8d29e5e3f89a83ce71d4e6292856a1af8a3e", kill_on_drop: false }`
[INFO] running `Command { std: "docker" "rm" "-f" "f607f0d924920fa61406334f8edc8d29e5e3f89a83ce71d4e6292856a1af8a3e", kill_on_drop: false }`
[INFO] [stdout] f607f0d924920fa61406334f8edc8d29e5e3f89a83ce71d4e6292856a1af8a3e
