[INFO] cloning repository https://github.com/MagnificentPako/rust-sharex-server
[INFO] running `Command { std: "git" "-c" "credential.helper=" "-c" "credential.helper=/workspace/cargo-home/bin/git-credential-null" "clone" "--bare" "https://github.com/MagnificentPako/rust-sharex-server" "/workspace/cache/git-repos/https%3A%2F%2Fgithub.com%2FMagnificentPako%2Frust-sharex-server", kill_on_drop: false }`
[INFO] [stderr] Cloning into bare repository '/workspace/cache/git-repos/https%3A%2F%2Fgithub.com%2FMagnificentPako%2Frust-sharex-server'...
[INFO] running `Command { std: "git" "rev-parse" "HEAD", kill_on_drop: false }`
[INFO] [stdout] 664fb38b3c2284af313c6c1dcc924345b6dd3601
[INFO] documenting MagnificentPako/rust-sharex-server against beta-2021-08-01 for beta-1.55-rustdoc-1
[INFO] running `Command { std: "git" "clone" "/workspace/cache/git-repos/https%3A%2F%2Fgithub.com%2FMagnificentPako%2Frust-sharex-server" "/workspace/builds/worker-39/source", kill_on_drop: false }`
[INFO] [stderr] Cloning into '/workspace/builds/worker-39/source'...
[INFO] [stderr] done.
[INFO] validating manifest of git repo https://github.com/MagnificentPako/rust-sharex-server on toolchain beta-2021-08-01
[INFO] running `Command { std: "/workspace/cargo-home/bin/cargo" "+beta-2021-08-01" "metadata" "--manifest-path" "Cargo.toml" "--no-deps", kill_on_drop: false }`
[INFO] started tweaking git repo https://github.com/MagnificentPako/rust-sharex-server
[INFO] finished tweaking git repo https://github.com/MagnificentPako/rust-sharex-server
[INFO] tweaked toml for git repo https://github.com/MagnificentPako/rust-sharex-server written to /workspace/builds/worker-39/source/Cargo.toml
[INFO] crate git repo https://github.com/MagnificentPako/rust-sharex-server already has a lockfile, it will not be regenerated
[INFO] running `Command { std: "/workspace/cargo-home/bin/cargo" "+beta-2021-08-01" "fetch" "--manifest-path" "Cargo.toml", kill_on_drop: false }`
[INFO] [stderr]     Blocking waiting for file lock on package cache
[INFO] [stderr]  Downloading crates ...
[INFO] [stderr]   Downloaded buf_redux v0.6.1
[INFO] [stderr]   Downloaded num v0.1.37
[INFO] [stderr]   Downloaded term-painter v0.2.3
[INFO] [stderr]   Downloaded ascii v0.7.1
[INFO] [stderr]   Downloaded term v0.4.5
[INFO] [stderr]   Downloaded safemem v0.1.1
[INFO] [stderr]   Downloaded handlebars v0.25.3
[INFO] [stderr]   Downloaded state v0.2.1
[INFO] [stderr]   Downloaded tiny_http v0.5.8
[INFO] [stderr]   Downloaded cookie v0.6.1
[INFO] [stderr]   Downloaded httparse v1.2.2
[INFO] [stderr]   Downloaded rocket_contrib v0.2.6
[INFO] [stderr]   Downloaded byte-tools v0.1.3
[INFO] [stderr]   Downloaded serde v0.9.14
[INFO] [stderr]   Downloaded idna v0.1.1
[INFO] [stderr]   Downloaded num-integer v0.1.34
[INFO] [stderr]   Downloaded twoway v0.1.3
[INFO] [stderr]   Downloaded url v0.2.38
[INFO] [stderr]   Downloaded digest-buffer v0.3.0
[INFO] [stderr]   Downloaded pest v0.3.3
[INFO] [stderr]   Downloaded hyper v0.10.9
[INFO] [stderr]   Downloaded version_check v0.1.0
[INFO] [stderr]   Downloaded toml v0.2.1
[INFO] [stderr]   Downloaded typenum v1.5.2
[INFO] [stderr]   Downloaded digest v0.5.0
[INFO] [stderr]   Downloaded chunked_transfer v0.3.1
[INFO] [stderr]   Downloaded generic-array v0.7.2
[INFO] [stderr]   Downloaded multipart v0.11.0
[INFO] [stderr]   Downloaded rocket_codegen v0.2.6
[INFO] [stderr]   Downloaded rocket v0.2.6
[INFO] [stderr]   Downloaded sha2 v0.5.0
[INFO] running `Command { std: "docker" "create" "-v" "/var/lib/crater-agent-workspace/builds/worker-39/target:/opt/rustwide/target:rw,Z" "-v" "/var/lib/crater-agent-workspace/builds/worker-39/source:/opt/rustwide/workdir:ro,Z" "-v" "/var/lib/crater-agent-workspace/cargo-home:/opt/rustwide/cargo-home:ro,Z" "-v" "/var/lib/crater-agent-workspace/rustup-home:/opt/rustwide/rustup-home:ro,Z" "-e" "SOURCE_DIR=/opt/rustwide/workdir" "-e" "CARGO_TARGET_DIR=/opt/rustwide/target" "-e" "CARGO_HOME=/opt/rustwide/cargo-home" "-e" "RUSTUP_HOME=/opt/rustwide/rustup-home" "-w" "/opt/rustwide/workdir" "-m" "1610612736" "--user" "0:0" "--network" "none" "ghcr.io/rust-lang/crates-build-env/linux@sha256:34b6a614d2c27851fe6cbf88fbd1137609cefab8b10d0615aaeb6fd47975d74e" "/opt/rustwide/cargo-home/bin/cargo" "+beta-2021-08-01" "metadata" "--no-deps" "--format-version=1", kill_on_drop: false }`
[INFO] [stdout] d421fa52335d23e04ef02bcd445f2a0edea6c476057204c7a7ccd3a6eda886ac
[INFO] running `Command { std: "docker" "start" "-a" "d421fa52335d23e04ef02bcd445f2a0edea6c476057204c7a7ccd3a6eda886ac", kill_on_drop: false }`
[INFO] running `Command { std: "docker" "inspect" "d421fa52335d23e04ef02bcd445f2a0edea6c476057204c7a7ccd3a6eda886ac", kill_on_drop: false }`
[INFO] running `Command { std: "docker" "rm" "-f" "d421fa52335d23e04ef02bcd445f2a0edea6c476057204c7a7ccd3a6eda886ac", kill_on_drop: false }`
[INFO] [stdout] d421fa52335d23e04ef02bcd445f2a0edea6c476057204c7a7ccd3a6eda886ac
[INFO] running `Command { std: "docker" "create" "-v" "/var/lib/crater-agent-workspace/builds/worker-39/target:/opt/rustwide/target:rw,Z" "-v" "/var/lib/crater-agent-workspace/builds/worker-39/source:/opt/rustwide/workdir:ro,Z" "-v" "/var/lib/crater-agent-workspace/cargo-home:/opt/rustwide/cargo-home:ro,Z" "-v" "/var/lib/crater-agent-workspace/rustup-home:/opt/rustwide/rustup-home:ro,Z" "-e" "SOURCE_DIR=/opt/rustwide/workdir" "-e" "CARGO_TARGET_DIR=/opt/rustwide/target" "-e" "CARGO_INCREMENTAL=0" "-e" "RUST_BACKTRACE=full" "-e" "RUSTDOCFLAGS=--cap-lints=warn" "-e" "CARGO_HOME=/opt/rustwide/cargo-home" "-e" "RUSTUP_HOME=/opt/rustwide/rustup-home" "-w" "/opt/rustwide/workdir" "-m" "1610612736" "--user" "0:0" "--network" "none" "ghcr.io/rust-lang/crates-build-env/linux@sha256:34b6a614d2c27851fe6cbf88fbd1137609cefab8b10d0615aaeb6fd47975d74e" "/opt/rustwide/cargo-home/bin/cargo" "+beta-2021-08-01" "doc" "--frozen" "--no-deps" "--document-private-items" "--message-format=json", kill_on_drop: false }`
[INFO] [stdout] 52ca75cec97912ae527b8c7e9b6ee4c10042a9ff92197f145348e8126a654ebf
[INFO] running `Command { std: "docker" "start" "-a" "52ca75cec97912ae527b8c7e9b6ee4c10042a9ff92197f145348e8126a654ebf", kill_on_drop: false }`
[INFO] [stderr]     Blocking waiting for file lock on package cache
[INFO] [stderr]     Blocking waiting for file lock on package cache
[INFO] [stderr]     Blocking waiting for file lock on package cache
[INFO] [stderr]     Checking libc v0.2.21
[INFO] [stderr]    Compiling semver v0.1.20
[INFO] [stderr]     Checking matches v0.1.4
[INFO] [stderr]     Checking log v0.3.7
[INFO] [stderr]     Checking rustc-serialize v0.3.23
[INFO] [stderr]     Checking unicode-normalization v0.1.4
[INFO] [stderr]     Checking num-traits v0.1.37
[INFO] [stderr]    Compiling ansi_term v0.9.0
[INFO] [stderr]     Checking encoding_index_tests v0.1.4
[INFO] [stderr]    Compiling version_check v0.1.0
[INFO] [stderr]     Checking httparse v1.2.2
[INFO] [stderr]    Compiling typenum v1.5.2
[INFO] [stderr]     Checking void v1.0.2
[INFO] [stderr]     Checking odds v0.2.25
[INFO] [stderr]    Compiling term v0.4.5
[INFO] [stderr]    Compiling language-tags v0.2.2
[INFO] [stderr]     Checking regex-syntax v0.4.0
[INFO] [stderr]    Compiling typeable v0.1.2
[INFO] [stderr]    Compiling traitobject v0.1.0
[INFO] [stderr]     Checking utf8-ranges v1.0.0
[INFO] [stderr]     Checking serde v0.9.14
[INFO] [stderr]     Checking pest v0.3.3
[INFO] [stderr]     Checking state v0.2.1
[INFO] [stderr]     Checking quick-error v1.1.0
[INFO] [stderr]     Checking toml v0.2.1
[INFO] [stderr]     Checking traitobject v0.0.1
[INFO] [stderr]     Checking ascii v0.7.1
[INFO] [stderr]     Checking safemem v0.1.1
[INFO] [stderr]     Checking byte-tools v0.1.3
[INFO] [stderr]     Checking chunked_transfer v0.3.1
[INFO] [stderr]     Checking glob v0.2.11
[INFO] [stderr]     Checking safemem v0.2.0
[INFO] [stderr]     Checking unsafe-any v0.4.1
[INFO] [stderr]     Checking error v0.1.9
[INFO] [stderr]     Checking unicode-bidi v0.2.5
[INFO] [stderr]     Checking encoding-index-simpchinese v1.20141219.5
[INFO] [stderr]     Checking encoding-index-tradchinese v1.20141219.5
[INFO] [stderr]     Checking encoding-index-korean v1.20141219.5
[INFO] [stderr]     Checking encoding-index-singlebyte v1.20141219.5
[INFO] [stderr]     Checking encoding-index-japanese v1.20141219.5
[INFO] [stderr]     Checking unreachable v0.1.1
[INFO] [stderr]    Compiling mime v0.2.3
[INFO] [stdout] error[E0557]: feature has been removed
[INFO] [stdout]  --> /opt/rustwide/cargo-home/registry/src/github.com-1ecc6299db9ec823/state-0.2.1/src/lib.rs:1:12
[INFO] [stdout]   |
[INFO] [stdout] 1 | #![feature(const_fn)]
[INFO] [stdout]   |            ^^^^^^^^ feature has been removed
[INFO] [stdout]   |
[INFO] [stdout]   = note: split into finer-grained feature gates
[INFO] [stdout] 
[INFO] [stdout] 
[INFO] [stdout] error[E0554]: `#![feature]` may not be used on the beta release channel
[INFO] [stdout]  --> /opt/rustwide/cargo-home/registry/src/github.com-1ecc6299db9ec823/state-0.2.1/src/lib.rs:1:1
[INFO] [stdout]   |
[INFO] [stdout] 1 | #![feature(const_fn)]
[INFO] [stdout]   | ^^^^^^^^^^^^^^^^^^^^^
[INFO] [stdout] 
[INFO] [stdout] 
[INFO] [stderr]     Checking hpack v0.2.0
[INFO] [stderr]    Compiling rustc_version v0.1.7
[INFO] [stdout] error[E0557]: feature has been removed
[INFO] [stdout]  --> /opt/rustwide/cargo-home/registry/src/github.com-1ecc6299db9ec823/state-0.2.1/src/lib.rs:1:12
[INFO] [stdout]   |
[INFO] [stdout] 1 | #![feature(const_fn)]
[INFO] [stdout]   |            ^^^^^^^^ feature has been removed
[INFO] [stdout]   |
[INFO] [stdout]   = note: split into finer-grained feature gates
[INFO] [stdout] 
[INFO] [stdout] 
[INFO] [stdout] error[E0554]: `#![feature]` may not be used on the beta release channel
[INFO] [stdout]  --> /opt/rustwide/cargo-home/registry/src/github.com-1ecc6299db9ec823/state-0.2.1/src/lib.rs:1:1
[INFO] [stdout]   |
[INFO] [stdout] 1 | #![feature(const_fn)]
[INFO] [stdout]   | ^^^^^^^^^^^^^^^^^^^^^
[INFO] [stdout] 
[INFO] [stdout] 
[INFO] [stdout] error: aborting due to 2 previous errors
[INFO] [stdout] 
[INFO] [stdout] 
[INFO] [stdout] Some errors have detailed explanations: E0554, E0557.
[INFO] [stdout] 
[INFO] [stdout] For more information about an error, try `rustc --explain E0554`.
[INFO] [stdout] 
[INFO] [stdout] error: aborting due to 2 previous errors
[INFO] [stdout] 
[INFO] [stdout] 
[INFO] [stdout] Some errors have detailed explanations: E0554, E0557.
[INFO] [stdout] 
[INFO] [stdout] For more information about an error, try `rustc --explain E0554`.
[INFO] [stdout] 
[INFO] [stderr] error: could not compile `state` due to 3 previous errors
[INFO] [stderr] warning: build failed, waiting for other jobs to finish...
[INFO] [stderr] error: build failed
[INFO] running `Command { std: "docker" "inspect" "52ca75cec97912ae527b8c7e9b6ee4c10042a9ff92197f145348e8126a654ebf", kill_on_drop: false }`
[INFO] running `Command { std: "docker" "rm" "-f" "52ca75cec97912ae527b8c7e9b6ee4c10042a9ff92197f145348e8126a654ebf", kill_on_drop: false }`
[INFO] [stdout] 52ca75cec97912ae527b8c7e9b6ee4c10042a9ff92197f145348e8126a654ebf
