[INFO] cloning repository https://github.com/Luapix/hissy
[INFO] running `Command { std: "git" "-c" "credential.helper=" "-c" "credential.helper=/workspace/cargo-home/bin/git-credential-null" "clone" "--bare" "https://github.com/Luapix/hissy" "/workspace/cache/git-repos/https%3A%2F%2Fgithub.com%2FLuapix%2Fhissy", kill_on_drop: false }`
[INFO] [stderr] Cloning into bare repository '/workspace/cache/git-repos/https%3A%2F%2Fgithub.com%2FLuapix%2Fhissy'...
[INFO] running `Command { std: "git" "rev-parse" "HEAD", kill_on_drop: false }`
[INFO] [stdout] 286490749c9be88c958bf6b7034ee5d169c0ca1f
[INFO] documenting Luapix/hissy against beta-2021-08-01 for beta-1.55-rustdoc-1
[INFO] running `Command { std: "git" "clone" "/workspace/cache/git-repos/https%3A%2F%2Fgithub.com%2FLuapix%2Fhissy" "/workspace/builds/worker-88/source", kill_on_drop: false }`
[INFO] [stderr] Cloning into '/workspace/builds/worker-88/source'...
[INFO] [stderr] done.
[INFO] validating manifest of git repo https://github.com/Luapix/hissy on toolchain beta-2021-08-01
[INFO] running `Command { std: "/workspace/cargo-home/bin/cargo" "+beta-2021-08-01" "metadata" "--manifest-path" "Cargo.toml" "--no-deps", kill_on_drop: false }`
[INFO] started tweaking git repo https://github.com/Luapix/hissy
[INFO] finished tweaking git repo https://github.com/Luapix/hissy
[INFO] tweaked toml for git repo https://github.com/Luapix/hissy written to /workspace/builds/worker-88/source/Cargo.toml
[INFO] crate git repo https://github.com/Luapix/hissy already has a lockfile, it will not be regenerated
[INFO] running `Command { std: "/workspace/cargo-home/bin/cargo" "+beta-2021-08-01" "fetch" "--manifest-path" "Cargo.toml", kill_on_drop: false }`
[INFO] [stderr]     Blocking waiting for file lock on package cache
[INFO] [stderr]     Blocking waiting for file lock on package cache
[INFO] [stderr]  Downloading crates ...
[INFO] [stderr]   Downloaded peg-runtime v0.6.2
[INFO] [stderr]   Downloaded peg v0.6.2
[INFO] [stderr]   Downloaded peg-macros v0.6.2
[INFO] [stderr]   Downloaded smallstr v0.2.0
[INFO] running `Command { std: "docker" "create" "-v" "/var/lib/crater-agent-workspace/builds/worker-88/target:/opt/rustwide/target:rw,Z" "-v" "/var/lib/crater-agent-workspace/builds/worker-88/source:/opt/rustwide/workdir:ro,Z" "-v" "/var/lib/crater-agent-workspace/cargo-home:/opt/rustwide/cargo-home:ro,Z" "-v" "/var/lib/crater-agent-workspace/rustup-home:/opt/rustwide/rustup-home:ro,Z" "-e" "SOURCE_DIR=/opt/rustwide/workdir" "-e" "CARGO_TARGET_DIR=/opt/rustwide/target" "-e" "CARGO_HOME=/opt/rustwide/cargo-home" "-e" "RUSTUP_HOME=/opt/rustwide/rustup-home" "-w" "/opt/rustwide/workdir" "-m" "1610612736" "--user" "0:0" "--network" "none" "ghcr.io/rust-lang/crates-build-env/linux@sha256:34b6a614d2c27851fe6cbf88fbd1137609cefab8b10d0615aaeb6fd47975d74e" "/opt/rustwide/cargo-home/bin/cargo" "+beta-2021-08-01" "metadata" "--no-deps" "--format-version=1", kill_on_drop: false }`
[INFO] [stdout] 2bbaddc3bd9f3f468d1a1f421523b2d58824d4835bc66930ad28b3769586cb2e
[INFO] running `Command { std: "docker" "start" "-a" "2bbaddc3bd9f3f468d1a1f421523b2d58824d4835bc66930ad28b3769586cb2e", kill_on_drop: false }`
[INFO] running `Command { std: "docker" "inspect" "2bbaddc3bd9f3f468d1a1f421523b2d58824d4835bc66930ad28b3769586cb2e", kill_on_drop: false }`
[INFO] running `Command { std: "docker" "rm" "-f" "2bbaddc3bd9f3f468d1a1f421523b2d58824d4835bc66930ad28b3769586cb2e", kill_on_drop: false }`
[INFO] [stdout] 2bbaddc3bd9f3f468d1a1f421523b2d58824d4835bc66930ad28b3769586cb2e
[INFO] running `Command { std: "docker" "create" "-v" "/var/lib/crater-agent-workspace/builds/worker-88/target:/opt/rustwide/target:rw,Z" "-v" "/var/lib/crater-agent-workspace/builds/worker-88/source:/opt/rustwide/workdir:ro,Z" "-v" "/var/lib/crater-agent-workspace/cargo-home:/opt/rustwide/cargo-home:ro,Z" "-v" "/var/lib/crater-agent-workspace/rustup-home:/opt/rustwide/rustup-home:ro,Z" "-e" "SOURCE_DIR=/opt/rustwide/workdir" "-e" "CARGO_TARGET_DIR=/opt/rustwide/target" "-e" "CARGO_INCREMENTAL=0" "-e" "RUST_BACKTRACE=full" "-e" "RUSTDOCFLAGS=--cap-lints=warn" "-e" "CARGO_HOME=/opt/rustwide/cargo-home" "-e" "RUSTUP_HOME=/opt/rustwide/rustup-home" "-w" "/opt/rustwide/workdir" "-m" "1610612736" "--user" "0:0" "--network" "none" "ghcr.io/rust-lang/crates-build-env/linux@sha256:34b6a614d2c27851fe6cbf88fbd1137609cefab8b10d0615aaeb6fd47975d74e" "/opt/rustwide/cargo-home/bin/cargo" "+beta-2021-08-01" "doc" "--frozen" "--no-deps" "--document-private-items" "--message-format=json", kill_on_drop: false }`
[INFO] [stdout] 1536c162c14694056dc50ae03d96e4d003face0ee1b0de9c4d10ce16c8604610
[INFO] running `Command { std: "docker" "start" "-a" "1536c162c14694056dc50ae03d96e4d003face0ee1b0de9c4d10ce16c8604610", kill_on_drop: false }`
[INFO] [stderr]     Blocking waiting for file lock on package cache
[INFO] [stderr]    Compiling proc-macro2 v1.0.10
[INFO] [stderr]    Compiling unicode-xid v0.2.0
[INFO] [stderr]    Compiling serde v1.0.106
[INFO] [stderr]    Compiling syn v1.0.18
[INFO] [stderr]    Compiling peg-runtime v0.6.2
[INFO] [stderr]     Checking smallvec v1.4.0
[INFO] [stderr]     Checking dtoa v0.4.5
[INFO] [stderr]     Checking smallstr v0.2.0
[INFO] [stderr]    Compiling quote v1.0.3
[INFO] [stderr]    Compiling peg-macros v0.6.2
[INFO] [stderr]     Checking peg v0.6.2
[INFO] [stderr]    Compiling toml v0.5.6
[INFO] [stderr]    Compiling proc-macro-crate v0.1.4
[INFO] [stderr]    Compiling derivative v2.1.1
[INFO] [stderr]    Compiling num_enum_derive v0.4.3
[INFO] [stderr]     Checking num_enum v0.4.3
[INFO] [stderr]     Checking hissy v0.1.0 (/opt/rustwide/workdir)
[INFO] [stderr]  Documenting hissy v0.1.0 (/opt/rustwide/workdir)
[INFO] [stdout] error[E0432]: unresolved import `std::raw`
[INFO] [stdout]  --> src/vm/gc.rs:4:21
[INFO] [stdout]   |
[INFO] [stdout] 4 | use std::{ptr, mem, raw, fmt};
[INFO] [stdout]   |                     ^^^ no `raw` in the root
[INFO] [stdout] 
[INFO] [stdout] 
[INFO] [stdout] error[E0554]: `#![feature]` may not be used on the beta release channel
[INFO] [stdout]  --> src/lib.rs:3:1
[INFO] [stdout]   |
[INFO] [stdout] 3 | #![feature(raw)]
[INFO] [stdout]   | ^^^^^^^^^^^^^^^^
[INFO] [stdout] 
[INFO] [stdout] 
[INFO] [stdout] error[E0432]: unresolved import `std::raw`
[INFO] [stdout]  --> src/vm/gc.rs:4:21
[INFO] [stdout]   |
[INFO] [stdout] 4 | use std::{ptr, mem, raw, fmt};
[INFO] [stdout]   |                     ^^^ no `raw` in the root
[INFO] [stdout] 
[INFO] [stdout] 
[INFO] [stdout] error[E0554]: `#![feature]` may not be used on the beta release channel
[INFO] [stdout]  --> src/lib.rs:3:1
[INFO] [stdout]   |
[INFO] [stdout] 3 | #![feature(raw)]
[INFO] [stdout]   | ^^^^^^^^^^^^^^^^
[INFO] [stdout] 
[INFO] [stdout] 
[INFO] [stdout] error: Compilation failed, aborting rustdoc
[INFO] [stdout] 
[INFO] [stdout] 
[INFO] [stdout] error: aborting due to 3 previous errors
[INFO] [stdout] 
[INFO] [stdout] 
[INFO] [stdout] Some errors have detailed explanations: E0432, E0554.
[INFO] [stdout] 
[INFO] [stdout] For more information about an error, try `rustc --explain E0432`.
[INFO] [stdout] 
[INFO] [stderr] error: could not document `hissy`
[INFO] [stderr] 
[INFO] [stderr] Caused by:
[INFO] [stderr]   process didn't exit successfully: `rustdoc --edition=2018 --crate-type lib --crate-name hissy_lib src/lib.rs -o /opt/rustwide/target/doc --error-format=json --json=diagnostic-rendered-ansi --document-private-items -L dependency=/opt/rustwide/target/debug/deps --extern dtoa=/opt/rustwide/target/debug/deps/libdtoa-f2a57c96a3585f87.rmeta --extern num_enum=/opt/rustwide/target/debug/deps/libnum_enum-83ffd33317260bc2.rmeta --extern peg=/opt/rustwide/target/debug/deps/libpeg-44160e6ea9e4a743.rmeta --extern smallstr=/opt/rustwide/target/debug/deps/libsmallstr-73699f0e1a715b2f.rmeta --extern unicode_xid=/opt/rustwide/target/debug/deps/libunicode_xid-2fbaf48f912e0377.rmeta --cap-lints=warn --crate-version 0.1.0` (exit status: 1)
[INFO] [stderr] warning: build failed, waiting for other jobs to finish...
[INFO] [stdout] error: aborting due to 2 previous errors
[INFO] [stdout] 
[INFO] [stdout] 
[INFO] [stdout] Some errors have detailed explanations: E0432, E0554.
[INFO] [stdout] 
[INFO] [stdout] For more information about an error, try `rustc --explain E0432`.
[INFO] [stdout] 
[INFO] [stderr] error: build failed
[INFO] running `Command { std: "docker" "inspect" "1536c162c14694056dc50ae03d96e4d003face0ee1b0de9c4d10ce16c8604610", kill_on_drop: false }`
[INFO] running `Command { std: "docker" "rm" "-f" "1536c162c14694056dc50ae03d96e4d003face0ee1b0de9c4d10ce16c8604610", kill_on_drop: false }`
[INFO] [stdout] 1536c162c14694056dc50ae03d96e4d003face0ee1b0de9c4d10ce16c8604610
