[INFO] cloning repository https://github.com/Lonami/memo
[INFO] running `Command { std: "git" "-c" "credential.helper=" "-c" "credential.helper=/workspace/cargo-home/bin/git-credential-null" "clone" "--bare" "https://github.com/Lonami/memo" "/workspace/cache/git-repos/https%3A%2F%2Fgithub.com%2FLonami%2Fmemo", kill_on_drop: false }`
[INFO] [stderr] Cloning into bare repository '/workspace/cache/git-repos/https%3A%2F%2Fgithub.com%2FLonami%2Fmemo'...
[INFO] running `Command { std: "git" "rev-parse" "HEAD", kill_on_drop: false }`
[INFO] [stdout] 9e4617f9b2c54ecbb1511968fe728a1e726daa74
[INFO] documenting Lonami/memo against 1.54.0 for beta-1.55-rustdoc-1
[INFO] running `Command { std: "git" "clone" "/workspace/cache/git-repos/https%3A%2F%2Fgithub.com%2FLonami%2Fmemo" "/workspace/builds/worker-61/source", kill_on_drop: false }`
[INFO] [stderr] Cloning into '/workspace/builds/worker-61/source'...
[INFO] [stderr] done.
[INFO] validating manifest of git repo https://github.com/Lonami/memo on toolchain 1.54.0
[INFO] running `Command { std: "/workspace/cargo-home/bin/cargo" "+1.54.0" "metadata" "--manifest-path" "Cargo.toml" "--no-deps", kill_on_drop: false }`
[INFO] started tweaking git repo https://github.com/Lonami/memo
[INFO] finished tweaking git repo https://github.com/Lonami/memo
[INFO] tweaked toml for git repo https://github.com/Lonami/memo written to /workspace/builds/worker-61/source/Cargo.toml
[INFO] crate git repo https://github.com/Lonami/memo already has a lockfile, it will not be regenerated
[INFO] running `Command { std: "/workspace/cargo-home/bin/cargo" "+1.54.0" "fetch" "--manifest-path" "Cargo.toml", kill_on_drop: false }`
[INFO] [stderr]     Blocking waiting for file lock on package cache
[INFO] running `Command { std: "docker" "create" "-v" "/var/lib/crater-agent-workspace/builds/worker-61/target:/opt/rustwide/target:rw,Z" "-v" "/var/lib/crater-agent-workspace/builds/worker-61/source:/opt/rustwide/workdir:ro,Z" "-v" "/var/lib/crater-agent-workspace/cargo-home:/opt/rustwide/cargo-home:ro,Z" "-v" "/var/lib/crater-agent-workspace/rustup-home:/opt/rustwide/rustup-home:ro,Z" "-e" "SOURCE_DIR=/opt/rustwide/workdir" "-e" "CARGO_TARGET_DIR=/opt/rustwide/target" "-e" "CARGO_HOME=/opt/rustwide/cargo-home" "-e" "RUSTUP_HOME=/opt/rustwide/rustup-home" "-w" "/opt/rustwide/workdir" "-m" "1610612736" "--user" "0:0" "--network" "none" "ghcr.io/rust-lang/crates-build-env/linux@sha256:34b6a614d2c27851fe6cbf88fbd1137609cefab8b10d0615aaeb6fd47975d74e" "/opt/rustwide/cargo-home/bin/cargo" "+1.54.0" "metadata" "--no-deps" "--format-version=1", kill_on_drop: false }`
[INFO] [stdout] 78771ef9e9cc6a415e17f083426885f95bf79e885ed82c71d1f7e1e593633f71
[INFO] running `Command { std: "docker" "start" "-a" "78771ef9e9cc6a415e17f083426885f95bf79e885ed82c71d1f7e1e593633f71", kill_on_drop: false }`
[INFO] running `Command { std: "docker" "inspect" "78771ef9e9cc6a415e17f083426885f95bf79e885ed82c71d1f7e1e593633f71", kill_on_drop: false }`
[INFO] running `Command { std: "docker" "rm" "-f" "78771ef9e9cc6a415e17f083426885f95bf79e885ed82c71d1f7e1e593633f71", kill_on_drop: false }`
[INFO] [stdout] 78771ef9e9cc6a415e17f083426885f95bf79e885ed82c71d1f7e1e593633f71
[INFO] running `Command { std: "docker" "create" "-v" "/var/lib/crater-agent-workspace/builds/worker-61/target:/opt/rustwide/target:rw,Z" "-v" "/var/lib/crater-agent-workspace/builds/worker-61/source:/opt/rustwide/workdir:ro,Z" "-v" "/var/lib/crater-agent-workspace/cargo-home:/opt/rustwide/cargo-home:ro,Z" "-v" "/var/lib/crater-agent-workspace/rustup-home:/opt/rustwide/rustup-home:ro,Z" "-e" "SOURCE_DIR=/opt/rustwide/workdir" "-e" "CARGO_TARGET_DIR=/opt/rustwide/target" "-e" "CARGO_INCREMENTAL=0" "-e" "RUST_BACKTRACE=full" "-e" "RUSTDOCFLAGS=--cap-lints=warn" "-e" "CARGO_HOME=/opt/rustwide/cargo-home" "-e" "RUSTUP_HOME=/opt/rustwide/rustup-home" "-w" "/opt/rustwide/workdir" "-m" "1610612736" "--user" "0:0" "--network" "none" "ghcr.io/rust-lang/crates-build-env/linux@sha256:34b6a614d2c27851fe6cbf88fbd1137609cefab8b10d0615aaeb6fd47975d74e" "/opt/rustwide/cargo-home/bin/cargo" "+1.54.0" "doc" "--frozen" "--no-deps" "--document-private-items" "--message-format=json", kill_on_drop: false }`
[INFO] [stdout] 6691db26207e3c1e809996facc80712168371e0c9054aa786a929ed297453fed
[INFO] running `Command { std: "docker" "start" "-a" "6691db26207e3c1e809996facc80712168371e0c9054aa786a929ed297453fed", kill_on_drop: false }`
[INFO] [stderr]    Compiling libc v0.2.85
[INFO] [stderr]    Compiling proc-macro2 v1.0.28
[INFO] [stderr]     Checking cfg-if v1.0.0
[INFO] [stderr]    Compiling unicode-xid v0.2.2
[INFO] [stderr]    Compiling log v0.4.14
[INFO] [stderr]    Compiling syn v1.0.74
[INFO] [stderr]    Compiling serde_derive v1.0.127
[INFO] [stderr]    Compiling serde v1.0.127
[INFO] [stderr]     Checking smallvec v1.6.1
[INFO] [stderr]     Checking scopeguard v1.1.0
[INFO] [stderr]    Compiling winapi v0.3.9
[INFO] [stderr]     Checking instant v0.1.9
[INFO] [stderr]     Checking lock_api v0.4.2
[INFO] [stderr]     Checking mio v0.7.7
[INFO] [stderr]     Checking parking_lot_core v0.8.2
[INFO] [stderr]     Checking signal-hook-registry v1.3.0
[INFO] [stderr]    Compiling quote v1.0.9
[INFO] [stderr]     Checking signal-hook v0.1.17
[INFO] [stderr]     Checking parking_lot v0.11.1
[INFO] [stderr]     Checking crossterm v0.19.0
[INFO] [stderr]     Checking bincode v1.3.3
[INFO] [stderr]  Documenting memo v0.1.0 (/opt/rustwide/workdir)
[INFO] [stdout] error[E0433]: failed to resolve: could not find `shared` in `winapi`
[INFO] [stdout]  --> src/debug.rs:5:13
[INFO] [stdout]   |
[INFO] [stdout] 5 | use winapi::shared::minwindef::FALSE;
[INFO] [stdout]   |             ^^^^^^ could not find `shared` in `winapi`
[INFO] [stdout] 
[INFO] [stdout] 
[INFO] [stdout] error[E0433]: failed to resolve: could not find `shared` in `winapi`
[INFO] [stdout]  --> src/process.rs:6:13
[INFO] [stdout]   |
[INFO] [stdout] 6 | use winapi::shared::minwindef::{DWORD, FALSE, HMODULE};
[INFO] [stdout]   |             ^^^^^^ could not find `shared` in `winapi`
[INFO] [stdout] 
[INFO] [stdout] 
[INFO] [stdout] error[E0432]: unresolved import `winapi::ctypes`
[INFO] [stdout]  --> src/process.rs:5:13
[INFO] [stdout]   |
[INFO] [stdout] 5 | use winapi::ctypes::c_void;
[INFO] [stdout]   |             ^^^^^^ could not find `ctypes` in `winapi`
[INFO] [stdout] 
[INFO] [stdout] 
[INFO] [stdout] error[E0433]: failed to resolve: could not find `um` in `winapi`
[INFO] [stdout]  --> src/process.rs:8:13
[INFO] [stdout]   |
[INFO] [stdout] 8 | use winapi::um::winnt::MEMORY_BASIC_INFORMATION;
[INFO] [stdout]   |             ^^ could not find `um` in `winapi`
[INFO] [stdout] 
[INFO] [stdout] 
[INFO] [stdout] error[E0433]: failed to resolve: could not find `um` in `winapi`
[INFO] [stdout]  --> src/scan.rs:7:13
[INFO] [stdout]   |
[INFO] [stdout] 7 | use winapi::um::winnt::MEMORY_BASIC_INFORMATION;
[INFO] [stdout]   |             ^^ could not find `um` in `winapi`
[INFO] [stdout] 
[INFO] [stdout] 
[INFO] [stdout] error[E0432]: unresolved import `winapi::um`
[INFO] [stdout]  --> src/process.rs:7:13
[INFO] [stdout]   |
[INFO] [stdout] 7 | use winapi::um::winnt;
[INFO] [stdout]   |             ^^ could not find `um` in `winapi`
[INFO] [stdout] 
[INFO] [stdout] 
[INFO] [stdout] error[E0433]: failed to resolve: could not find `shared` in `winapi`
[INFO] [stdout]  --> src/thread.rs:5:13
[INFO] [stdout]   |
[INFO] [stdout] 5 | use winapi::shared::minwindef::{DWORD, FALSE};
[INFO] [stdout]   |             ^^^^^^ could not find `shared` in `winapi`
[INFO] [stdout] 
[INFO] [stdout] 
[INFO] [stdout] error[E0432]: unresolved import `winapi::ctypes`
[INFO] [stdout]  --> src/thread.rs:4:13
[INFO] [stdout]   |
[INFO] [stdout] 4 | use winapi::ctypes::c_void;
[INFO] [stdout]   |             ^^^^^^ could not find `ctypes` in `winapi`
[INFO] [stdout] 
[INFO] [stdout] 
[INFO] [stdout] error[E0432]: unresolved import `winapi::um`
[INFO] [stdout]   --> src/main.rs:12:13
[INFO] [stdout]    |
[INFO] [stdout] 12 | use winapi::um::winnt;
[INFO] [stdout]    |             ^^ could not find `um` in `winapi`
[INFO] [stdout] 
[INFO] [stdout] 
[INFO] [stdout] error[E0433]: failed to resolve: could not find `um` in `winapi`
[INFO] [stdout]   --> src/debug.rs:32:29
[INFO] [stdout]    |
[INFO] [stdout] 32 |     ) -> io::Result<winapi::um::minwinbase::DEBUG_EVENT> {
[INFO] [stdout]    |                             ^^ could not find `um` in `winapi`
[INFO] [stdout] 
[INFO] [stdout] 
[INFO] [stdout] error[E0433]: failed to resolve: could not find `um` in `winapi`
[INFO] [stdout]   --> src/debug.rs:51:24
[INFO] [stdout]    |
[INFO] [stdout] 51 |         event: winapi::um::minwinbase::DEBUG_EVENT,
[INFO] [stdout]    |                        ^^ could not find `um` in `winapi`
[INFO] [stdout] 
[INFO] [stdout] 
[INFO] [stdout] error[E0433]: failed to resolve: could not find `shared` in `winapi`
[INFO] [stdout]    --> src/process.rs:107:58
[INFO] [stdout]     |
[INFO] [stdout] 107 |     pub fn enum_modules(&self) -> io::Result<Vec<winapi::shared::minwindef::HMODULE>> {
[INFO] [stdout]     |                                                          ^^^^^^ could not find `shared` in `winapi`
[INFO] [stdout] 
[INFO] [stdout] 
[INFO] [stdout] error[E0433]: failed to resolve: could not find `um` in `winapi`
[INFO] [stdout]    --> src/snapshot.rs:176:54
[INFO] [stdout]     |
[INFO] [stdout] 176 |     pub fn new(process: &Process, regions: &[winapi::um::winnt::MEMORY_BASIC_INFORMATION]) -> Self {
[INFO] [stdout]     |                                                      ^^ could not find `um` in `winapi`
[INFO] [stdout] 
[INFO] [stdout] 
[INFO] [stdout] error[E0433]: failed to resolve: could not find `um` in `winapi`
[INFO] [stdout]   --> src/thread.rs:56:21
[INFO] [stdout]    |
[INFO] [stdout] 56 |     handle: winapi::um::winnt::HANDLE,
[INFO] [stdout]    |                     ^^ could not find `um` in `winapi`
[INFO] [stdout] 
[INFO] [stdout] 
[INFO] [stdout] error[E0433]: failed to resolve: could not find `um` in `winapi`
[INFO] [stdout]   --> src/thread.rs:69:52
[INFO] [stdout]    |
[INFO] [stdout] 69 |     const ENTRY_SIZE: u32 = mem::size_of::<winapi::um::tlhelp32::THREADENTRY32>() as u32;
[INFO] [stdout]    |                                                    ^^ could not find `um` in `winapi`
[INFO] [stdout] 
[INFO] [stdout] 
[INFO] [stdout] error[E0433]: failed to resolve: could not find `um` in `winapi`
[INFO] [stdout]    --> src/thread.rs:162:53
[INFO] [stdout]     |
[INFO] [stdout] 162 |     pub fn get_context(&self) -> io::Result<winapi::um::winnt::CONTEXT> {
[INFO] [stdout]     |                                                     ^^ could not find `um` in `winapi`
[INFO] [stdout] 
[INFO] [stdout] 
[INFO] [stdout] error[E0433]: failed to resolve: could not find `um` in `winapi`
[INFO] [stdout]    --> src/thread.rs:182:49
[INFO] [stdout]     |
[INFO] [stdout] 182 |     pub fn set_context(&self, context: &winapi::um::winnt::CONTEXT) -> io::Result<()> {
[INFO] [stdout]     |                                                 ^^ could not find `um` in `winapi`
[INFO] [stdout] 
[INFO] [stdout] 
[INFO] [stdout] error[E0412]: cannot find type `MEMORY_BASIC_INFORMATION` in this scope
[INFO] [stdout]    --> src/process.rs:144:41
[INFO] [stdout]     |
[INFO] [stdout] 45  | impl Process {
[INFO] [stdout]     |     - help: you might be missing a type parameter: `<MEMORY_BASIC_INFORMATION>`
[INFO] [stdout] ...
[INFO] [stdout] 144 |     pub fn memory_regions(&self) -> Vec<MEMORY_BASIC_INFORMATION> {
[INFO] [stdout]     |                                         ^^^^^^^^^^^^^^^^^^^^^^^^ not found in this scope
[INFO] [stdout] 
[INFO] [stdout] 
[INFO] [stdout] error[E0412]: cannot find type `MEMORY_BASIC_INFORMATION` in this scope
[INFO] [stdout]    --> src/process.rs:172:57
[INFO] [stdout]     |
[INFO] [stdout] 45  | impl Process {
[INFO] [stdout]     |     - help: you might be missing a type parameter: `<MEMORY_BASIC_INFORMATION>`
[INFO] [stdout] ...
[INFO] [stdout] 172 |     pub fn base_memory_regions(&self) -> io::Result<Vec<MEMORY_BASIC_INFORMATION>> {
[INFO] [stdout]     |                                                         ^^^^^^^^^^^^^^^^^^^^^^^^ not found in this scope
[INFO] [stdout] 
[INFO] [stdout] 
[INFO] [stdout] error[E0412]: cannot find type `MEMORY_BASIC_INFORMATION` in this scope
[INFO] [stdout]    --> src/process.rs:235:20
[INFO] [stdout]     |
[INFO] [stdout] 235 |         regions: &[MEMORY_BASIC_INFORMATION],
[INFO] [stdout]     |                    ^^^^^^^^^^^^^^^^^^^^^^^^ not found in this scope
[INFO] [stdout] 
[INFO] [stdout] 
[INFO] [stdout] error[E0412]: cannot find type `MEMORY_BASIC_INFORMATION` in this scope
[INFO] [stdout]    --> src/scan.rs:144:15
[INFO] [stdout]     |
[INFO] [stdout] 144 |     pub info: MEMORY_BASIC_INFORMATION,
[INFO] [stdout]     |               ^^^^^^^^^^^^^^^^^^^^^^^^ not found in this scope
[INFO] [stdout] 
[INFO] [stdout] 
[INFO] [stdout] error[E0412]: cannot find type `MEMORY_BASIC_INFORMATION` in this scope
[INFO] [stdout]    --> src/scan.rs:269:29
[INFO] [stdout]     |
[INFO] [stdout] 269 |     pub fn run(&self, info: MEMORY_BASIC_INFORMATION, memory: Vec<u8>) -> Region {
[INFO] [stdout]     |                             ^^^^^^^^^^^^^^^^^^^^^^^^ not found in this scope
[INFO] [stdout] 
[INFO] [stdout] 
[INFO] [stdout] error[E0412]: cannot find type `DWORD` in this scope
[INFO] [stdout]   --> src/thread.rs:72:55
[INFO] [stdout]    |
[INFO] [stdout] 72 |     const NEEDED_ENTRY_SIZE: u32 = 4 * mem::size_of::<DWORD>() as u32;
[INFO] [stdout]    |                                                       ^^^^^ not found in this scope
[INFO] [stdout] 
[INFO] [stdout] 
[INFO] [stdout] error: Compilation failed, aborting rustdoc
[INFO] [stdout] 
[INFO] [stdout] 
[INFO] [stdout] error: aborting due to 24 previous errors
[INFO] [stdout] 
[INFO] [stdout] 
[INFO] [stdout] Some errors have detailed explanations: E0412, E0432, E0433.
[INFO] [stdout] 
[INFO] [stdout] For more information about an error, try `rustc --explain E0412`.
[INFO] [stdout] 
[INFO] [stderr] error: could not document `memo`
[INFO] [stderr] 
[INFO] [stderr] Caused by:
[INFO] [stderr]   process didn't exit successfully: `rustdoc --edition=2018 --crate-type bin --crate-name memo src/main.rs -o /opt/rustwide/target/doc --error-format=json --json=diagnostic-rendered-ansi --document-private-items -L dependency=/opt/rustwide/target/debug/deps --extern bincode=/opt/rustwide/target/debug/deps/libbincode-f483f3d4173a80af.rmeta --extern crossterm=/opt/rustwide/target/debug/deps/libcrossterm-2a17930db0c16cb8.rmeta --extern serde=/opt/rustwide/target/debug/deps/libserde-a148e46ac9993373.rmeta --extern winapi=/opt/rustwide/target/debug/deps/libwinapi-ed00ab0deb737275.rmeta --cap-lints=warn --crate-version 0.1.0` (exit status: 1)
[INFO] running `Command { std: "docker" "inspect" "6691db26207e3c1e809996facc80712168371e0c9054aa786a929ed297453fed", kill_on_drop: false }`
[INFO] running `Command { std: "docker" "rm" "-f" "6691db26207e3c1e809996facc80712168371e0c9054aa786a929ed297453fed", kill_on_drop: false }`
[INFO] [stdout] 6691db26207e3c1e809996facc80712168371e0c9054aa786a929ed297453fed
