[INFO] cloning repository https://github.com/LeoAdamek/iracing-websocket
[INFO] running `Command { std: "git" "-c" "credential.helper=" "-c" "credential.helper=/workspace/cargo-home/bin/git-credential-null" "clone" "--bare" "https://github.com/LeoAdamek/iracing-websocket" "/workspace/cache/git-repos/https%3A%2F%2Fgithub.com%2FLeoAdamek%2Firacing-websocket", kill_on_drop: false }`
[INFO] [stderr] Cloning into bare repository '/workspace/cache/git-repos/https%3A%2F%2Fgithub.com%2FLeoAdamek%2Firacing-websocket'...
[INFO] running `Command { std: "git" "rev-parse" "HEAD", kill_on_drop: false }`
[INFO] [stdout] 4c1a9253982fdabc1bff3bc25e02aea8cd014c52
[INFO] documenting LeoAdamek/iracing-websocket against beta-2021-08-01 for beta-1.55-rustdoc-1
[INFO] running `Command { std: "git" "clone" "/workspace/cache/git-repos/https%3A%2F%2Fgithub.com%2FLeoAdamek%2Firacing-websocket" "/workspace/builds/worker-13/source", kill_on_drop: false }`
[INFO] [stderr] Cloning into '/workspace/builds/worker-13/source'...
[INFO] [stderr] done.
[INFO] validating manifest of git repo https://github.com/LeoAdamek/iracing-websocket on toolchain beta-2021-08-01
[INFO] running `Command { std: "/workspace/cargo-home/bin/cargo" "+beta-2021-08-01" "metadata" "--manifest-path" "Cargo.toml" "--no-deps", kill_on_drop: false }`
[INFO] started tweaking git repo https://github.com/LeoAdamek/iracing-websocket
[INFO] finished tweaking git repo https://github.com/LeoAdamek/iracing-websocket
[INFO] tweaked toml for git repo https://github.com/LeoAdamek/iracing-websocket written to /workspace/builds/worker-13/source/Cargo.toml
[INFO] crate git repo https://github.com/LeoAdamek/iracing-websocket already has a lockfile, it will not be regenerated
[INFO] running `Command { std: "/workspace/cargo-home/bin/cargo" "+beta-2021-08-01" "fetch" "--manifest-path" "Cargo.toml", kill_on_drop: false }`
[INFO] [stderr]  Downloading crates ...
[INFO] [stderr]   Downloaded serde_yaml v0.8.11
[INFO] [stderr]   Downloaded derive_more v0.99.3
[INFO] [stderr]   Downloaded rmp v0.8.9
[INFO] [stderr]   Downloaded rmp-serde v0.14.3
[INFO] [stderr]   Downloaded webpki-roots v0.17.0
[INFO] [stderr]   Downloaded tokio v0.2.13
[INFO] [stderr]   Downloaded tokio-rustls v0.12.2
[INFO] [stderr]   Downloaded bytestring v0.1.4
[INFO] [stderr]   Downloaded async-trait v0.1.26
[INFO] [stderr]   Downloaded h2 v0.2.3
[INFO] [stderr]   Downloaded iracing v0.2.8
[INFO] [stderr]   Downloaded proc-macro-hack v0.5.14
[INFO] [stderr]   Downloaded ring v0.16.11
[INFO] running `Command { std: "docker" "create" "-v" "/var/lib/crater-agent-workspace/builds/worker-13/target:/opt/rustwide/target:rw,Z" "-v" "/var/lib/crater-agent-workspace/builds/worker-13/source:/opt/rustwide/workdir:ro,Z" "-v" "/var/lib/crater-agent-workspace/cargo-home:/opt/rustwide/cargo-home:ro,Z" "-v" "/var/lib/crater-agent-workspace/rustup-home:/opt/rustwide/rustup-home:ro,Z" "-e" "SOURCE_DIR=/opt/rustwide/workdir" "-e" "CARGO_TARGET_DIR=/opt/rustwide/target" "-e" "CARGO_HOME=/opt/rustwide/cargo-home" "-e" "RUSTUP_HOME=/opt/rustwide/rustup-home" "-w" "/opt/rustwide/workdir" "-m" "1610612736" "--user" "0:0" "--network" "none" "ghcr.io/rust-lang/crates-build-env/linux@sha256:34b6a614d2c27851fe6cbf88fbd1137609cefab8b10d0615aaeb6fd47975d74e" "/opt/rustwide/cargo-home/bin/cargo" "+beta-2021-08-01" "metadata" "--no-deps" "--format-version=1", kill_on_drop: false }`
[INFO] [stdout] b7eafb5dea09dbc2444fadb3b7efbdbd36e05de499030c6ff5c271398376226c
[INFO] [stderr] WARNING: Your kernel does not support swap limit capabilities or the cgroup is not mounted. Memory limited without swap.
[INFO] running `Command { std: "docker" "start" "-a" "b7eafb5dea09dbc2444fadb3b7efbdbd36e05de499030c6ff5c271398376226c", kill_on_drop: false }`
[INFO] running `Command { std: "docker" "inspect" "b7eafb5dea09dbc2444fadb3b7efbdbd36e05de499030c6ff5c271398376226c", kill_on_drop: false }`
[INFO] running `Command { std: "docker" "rm" "-f" "b7eafb5dea09dbc2444fadb3b7efbdbd36e05de499030c6ff5c271398376226c", kill_on_drop: false }`
[INFO] [stdout] b7eafb5dea09dbc2444fadb3b7efbdbd36e05de499030c6ff5c271398376226c
[INFO] running `Command { std: "docker" "create" "-v" "/var/lib/crater-agent-workspace/builds/worker-13/target:/opt/rustwide/target:rw,Z" "-v" "/var/lib/crater-agent-workspace/builds/worker-13/source:/opt/rustwide/workdir:ro,Z" "-v" "/var/lib/crater-agent-workspace/cargo-home:/opt/rustwide/cargo-home:ro,Z" "-v" "/var/lib/crater-agent-workspace/rustup-home:/opt/rustwide/rustup-home:ro,Z" "-e" "SOURCE_DIR=/opt/rustwide/workdir" "-e" "CARGO_TARGET_DIR=/opt/rustwide/target" "-e" "CARGO_INCREMENTAL=0" "-e" "RUST_BACKTRACE=full" "-e" "RUSTDOCFLAGS=--cap-lints=warn" "-e" "CARGO_HOME=/opt/rustwide/cargo-home" "-e" "RUSTUP_HOME=/opt/rustwide/rustup-home" "-w" "/opt/rustwide/workdir" "-m" "1610612736" "--user" "0:0" "--network" "none" "ghcr.io/rust-lang/crates-build-env/linux@sha256:34b6a614d2c27851fe6cbf88fbd1137609cefab8b10d0615aaeb6fd47975d74e" "/opt/rustwide/cargo-home/bin/cargo" "+beta-2021-08-01" "doc" "--frozen" "--no-deps" "--document-private-items" "--message-format=json", kill_on_drop: false }`
[INFO] [stdout] 6b1ae84f9e18588eb99b87953a174c70642b48b15f84d9e3ae26f1e32aa13f6c
[INFO] [stderr] WARNING: Your kernel does not support swap limit capabilities or the cgroup is not mounted. Memory limited without swap.
[INFO] running `Command { std: "docker" "start" "-a" "6b1ae84f9e18588eb99b87953a174c70642b48b15f84d9e3ae26f1e32aa13f6c", kill_on_drop: false }`
[INFO] [stderr]    Compiling syn v1.0.17
[INFO] [stderr]     Checking arc-swap v0.4.5
[INFO] [stderr]    Compiling proc-macro-hack v0.5.14
[INFO] [stderr]     Checking linked-hash-map v0.5.2
[INFO] [stderr]    Compiling failure_derive v0.1.7
[INFO] [stderr]     Checking copyless v0.1.4
[INFO] [stderr]    Compiling winapi v0.3.8
[INFO] [stderr]     Checking futures-channel v0.3.4
[INFO] [stderr]    Compiling ring v0.16.11
[INFO] [stderr]    Compiling backtrace-sys v0.1.35
[INFO] [stderr]    Compiling brotli-sys v0.3.2
[INFO] [stderr]     Checking bytestring v0.1.4
[INFO] [stderr]     Checking idna v0.2.0
[INFO] [stderr]     Checking parking_lot_core v0.7.0
[INFO] [stderr]     Checking hostname v0.3.1
[INFO] [stderr]     Checking socket2 v0.3.11
[INFO] [stderr]     Checking flate2 v1.0.14
[INFO] [stderr]     Checking mio v0.6.21
[INFO] [stderr]     Checking threadpool v1.7.1
[INFO] [stderr]     Checking nom v4.2.3
[INFO] [stderr]     Checking num-integer v0.1.42
[INFO] [stderr]     Checking num-traits v0.1.43
[INFO] [stderr]     Checking rmp v0.8.9
[INFO] [stderr]     Checking resolv-conf v0.6.3
[INFO] [stderr]     Checking lru-cache v0.1.2
[INFO] [stderr]     Checking yaml-rust v0.4.3
[INFO] [stderr]     Checking env_logger v0.7.1
[INFO] [stderr]     Checking signal-hook-registry v1.2.0
[INFO] [stderr]     Checking parking_lot v0.10.0
[INFO] [stderr]     Checking serde-hjson v0.8.2
[INFO] [stderr]     Checking url v2.1.1
[INFO] [stderr]     Checking chrono v0.4.11
[INFO] [stderr]     Checking mio-uds v0.6.7
[INFO] [stderr]     Checking backtrace v0.3.46
[INFO] [stderr]     Checking tokio v0.2.13
[INFO] [stderr]     Checking webpki v0.21.2
[INFO] [stderr]     Checking sct v0.6.0
[INFO] [stderr]     Checking rustls v0.16.0
[INFO] [stderr]     Checking webpki-roots v0.17.0
[INFO] [stderr]     Checking tokio-util v0.2.0
[INFO] [stderr]     Checking actix-codec v0.2.0
[INFO] [stderr]     Checking brotli2 v0.3.2
[INFO] [stderr]     Checking tokio-rustls v0.12.2
[INFO] [stderr]    Compiling synstructure v0.12.3
[INFO] [stderr]    Compiling futures-macro v0.3.4
[INFO] [stderr]    Compiling serde_derive v1.0.105
[INFO] [stderr]    Compiling derive_more v0.99.3
[INFO] [stderr]    Compiling pin-project-internal v0.4.8
[INFO] [stderr]    Compiling actix-macros v0.1.1
[INFO] [stderr]    Compiling async-trait v0.1.26
[INFO] [stderr]    Compiling enum-as-inner v0.3.2
[INFO] [stderr]    Compiling actix-web-codegen v0.2.1
[INFO] [stderr]    Compiling actix_derive v0.5.0
[INFO] [stderr]     Checking failure v0.1.7
[INFO] [stderr]     Checking futures-util v0.3.4
[INFO] [stderr]     Checking pin-project v0.4.8
[INFO] [stderr]     Checking futures-executor v0.3.4
[INFO] [stderr]     Checking actix-service v1.0.5
[INFO] [stderr]     Checking h2 v0.2.3
[INFO] [stderr]     Checking actix-threadpool v0.3.1
[INFO] [stderr]     Checking futures v0.3.4
[INFO] [stderr]     Checking actix-rt v1.0.0
[INFO] [stderr]     Checking trust-dns-proto v0.18.0-alpha.2
[INFO] [stderr]     Checking actix-utils v1.0.6
[INFO] [stderr]     Checking serde v1.0.105
[INFO] [stderr]     Checking actix-tls v1.0.0
[INFO] [stderr]     Checking actix-server v1.0.2
[INFO] [stderr]     Checking trust-dns-resolver v0.18.0-alpha.2
[INFO] [stderr]     Checking actix-testing v1.0.0
[INFO] [stderr]     Checking actix-connect v1.0.2
[INFO] [stderr]     Checking serde_json v1.0.48
[INFO] [stderr]     Checking serde_urlencoded v0.6.1
[INFO] [stderr]     Checking actix-router v0.2.4
[INFO] [stderr]     Checking serde_yaml v0.8.11
[INFO] [stderr]     Checking toml v0.4.10
[INFO] [stderr]     Checking rmp-serde v0.14.3
[INFO] [stderr]     Checking iracing v0.2.8
[INFO] [stderr]     Checking actix-http v1.0.1
[INFO] [stderr]     Checking config v0.9.3
[INFO] [stdout] error[E0433]: failed to resolve: could not find `windows` in `os`
[INFO] [stdout]   --> /opt/rustwide/cargo-home/registry/src/github.com-1ecc6299db9ec823/iracing-0.2.8/src/lib.rs:18:14
[INFO] [stdout]    |
[INFO] [stdout] 18 | use std::os::windows::raw::HANDLE;
[INFO] [stdout]    |              ^^^^^^^ could not find `windows` in `os`
[INFO] [stdout] 
[INFO] [stdout] 
[INFO] [stdout] error[E0433]: failed to resolve: could not find `shared` in `winapi`
[INFO] [stdout]   --> /opt/rustwide/cargo-home/registry/src/github.com-1ecc6299db9ec823/iracing-0.2.8/src/lib.rs:23:13
[INFO] [stdout]    |
[INFO] [stdout] 23 | use winapi::shared::minwindef::LPVOID;
[INFO] [stdout]    |             ^^^^^^ could not find `shared` in `winapi`
[INFO] [stdout] 
[INFO] [stdout] 
[INFO] [stdout] error[E0433]: failed to resolve: could not find `um` in `winapi`
[INFO] [stdout]   --> /opt/rustwide/cargo-home/registry/src/github.com-1ecc6299db9ec823/iracing-0.2.8/src/lib.rs:24:13
[INFO] [stdout]    |
[INFO] [stdout] 24 | use winapi::um::errhandlingapi::GetLastError;
[INFO] [stdout]    |             ^^ could not find `um` in `winapi`
[INFO] [stdout] 
[INFO] [stdout] 
[INFO] [stdout] error[E0433]: failed to resolve: could not find `um` in `winapi`
[INFO] [stdout]   --> /opt/rustwide/cargo-home/registry/src/github.com-1ecc6299db9ec823/iracing-0.2.8/src/lib.rs:25:13
[INFO] [stdout]    |
[INFO] [stdout] 25 | use winapi::um::handleapi::CloseHandle;
[INFO] [stdout]    |             ^^ could not find `um` in `winapi`
[INFO] [stdout] 
[INFO] [stdout] 
[INFO] [stdout] error[E0433]: failed to resolve: could not find `um` in `winapi`
[INFO] [stdout]   --> /opt/rustwide/cargo-home/registry/src/github.com-1ecc6299db9ec823/iracing-0.2.8/src/lib.rs:26:13
[INFO] [stdout]    |
[INFO] [stdout] 26 | use winapi::um::memoryapi::{OpenFileMappingW, FILE_MAP_READ, MapViewOfFile};
[INFO] [stdout]    |             ^^ could not find `um` in `winapi`
[INFO] [stdout] 
[INFO] [stdout] 
[INFO] [stdout] error[E0433]: failed to resolve: could not find `windows` in `os`
[INFO] [stdout]  --> /opt/rustwide/cargo-home/registry/src/github.com-1ecc6299db9ec823/iracing-0.2.8/src/telemetry.rs:7:14
[INFO] [stdout]   |
[INFO] [stdout] 7 | use std::os::windows::raw::HANDLE;
[INFO] [stdout]   |              ^^^^^^^ could not find `windows` in `os`
[INFO] [stdout] 
[INFO] [stdout] 
[INFO] [stdout] error[E0433]: failed to resolve: could not find `um` in `winapi`
[INFO] [stdout]   --> /opt/rustwide/cargo-home/registry/src/github.com-1ecc6299db9ec823/iracing-0.2.8/src/telemetry.rs:14:13
[INFO] [stdout]    |
[INFO] [stdout] 14 | use winapi::um::errhandlingapi::GetLastError;
[INFO] [stdout]    |             ^^ could not find `um` in `winapi`
[INFO] [stdout] 
[INFO] [stdout] 
[INFO] [stdout] error[E0433]: failed to resolve: could not find `um` in `winapi`
[INFO] [stdout]   --> /opt/rustwide/cargo-home/registry/src/github.com-1ecc6299db9ec823/iracing-0.2.8/src/telemetry.rs:15:13
[INFO] [stdout]    |
[INFO] [stdout] 15 | use winapi::um::handleapi::CloseHandle;
[INFO] [stdout]    |             ^^ could not find `um` in `winapi`
[INFO] [stdout] 
[INFO] [stdout] 
[INFO] [stdout] error[E0433]: failed to resolve: could not find `um` in `winapi`
[INFO] [stdout]   --> /opt/rustwide/cargo-home/registry/src/github.com-1ecc6299db9ec823/iracing-0.2.8/src/telemetry.rs:16:13
[INFO] [stdout]    |
[INFO] [stdout] 16 | use winapi::um::minwinbase::LPSECURITY_ATTRIBUTES;
[INFO] [stdout]    |             ^^ could not find `um` in `winapi`
[INFO] [stdout] 
[INFO] [stdout] 
[INFO] [stdout] error[E0433]: failed to resolve: could not find `um` in `winapi`
[INFO] [stdout]   --> /opt/rustwide/cargo-home/registry/src/github.com-1ecc6299db9ec823/iracing-0.2.8/src/telemetry.rs:17:13
[INFO] [stdout]    |
[INFO] [stdout] 17 | use winapi::um::synchapi::{CreateEventW,WaitForSingleObject,ResetEvent};
[INFO] [stdout]    |             ^^ could not find `um` in `winapi`
[INFO] [stdout] 
[INFO] [stdout] 
[INFO] [stdout] error[E0412]: cannot find type `HANDLE` in this scope
[INFO] [stdout]   --> /opt/rustwide/cargo-home/registry/src/github.com-1ecc6299db9ec823/iracing-0.2.8/src/telemetry.rs:51:19
[INFO] [stdout]    |
[INFO] [stdout] 51 |     event_handle: HANDLE
[INFO] [stdout]    |                   ^^^^^^ not found in this scope
[INFO] [stdout] 
[INFO] [stdout] 
[INFO] [stdout] error[E0412]: cannot find type `LPSECURITY_ATTRIBUTES` in this scope
[INFO] [stdout]    --> /opt/rustwide/cargo-home/registry/src/github.com-1ecc6299db9ec823/iracing-0.2.8/src/telemetry.rs:505:17
[INFO] [stdout]     |
[INFO] [stdout] 505 |         let sc: LPSECURITY_ATTRIBUTES = unsafe { std::mem::zeroed() };
[INFO] [stdout]     |                 ^^^^^^^^^^^^^^^^^^^^^ not found in this scope
[INFO] [stdout] 
[INFO] [stdout] 
[INFO] [stdout] error[E0412]: cannot find type `HANDLE` in this scope
[INFO] [stdout]    --> /opt/rustwide/cargo-home/registry/src/github.com-1ecc6299db9ec823/iracing-0.2.8/src/telemetry.rs:507:21
[INFO] [stdout]     |
[INFO] [stdout] 507 |         let handle: HANDLE = unsafe { CreateEventW(sc, 0, 0, event_name.as_ptr()) };
[INFO] [stdout]     |                     ^^^^^^ not found in this scope
[INFO] [stdout] 
[INFO] [stdout] 
[INFO] [stdout] error[E0425]: cannot find function, tuple struct or tuple variant `CreateEventW` in this scope
[INFO] [stdout]    --> /opt/rustwide/cargo-home/registry/src/github.com-1ecc6299db9ec823/iracing-0.2.8/src/telemetry.rs:507:39
[INFO] [stdout]     |
[INFO] [stdout] 507 |         let handle: HANDLE = unsafe { CreateEventW(sc, 0, 0, event_name.as_ptr()) };
[INFO] [stdout]     |                                       ^^^^^^^^^^^^ not found in this scope
[INFO] [stdout] 
[INFO] [stdout] 
[INFO] [stdout] error[E0425]: cannot find function, tuple struct or tuple variant `GetLastError` in this scope
[INFO] [stdout]    --> /opt/rustwide/cargo-home/registry/src/github.com-1ecc6299db9ec823/iracing-0.2.8/src/telemetry.rs:510:39
[INFO] [stdout]     |
[INFO] [stdout] 510 |             let errno: i32 = unsafe { GetLastError() as i32 };
[INFO] [stdout]     |                                       ^^^^^^^^^^^^ not found in this scope
[INFO] [stdout] 
[INFO] [stdout] 
[INFO] [stdout] error[E0425]: cannot find function, tuple struct or tuple variant `CloseHandle` in this scope
[INFO] [stdout]    --> /opt/rustwide/cargo-home/registry/src/github.com-1ecc6299db9ec823/iracing-0.2.8/src/telemetry.rs:529:29
[INFO] [stdout]     |
[INFO] [stdout] 529 |         let succ = unsafe { CloseHandle(self.event_handle) };
[INFO] [stdout]     |                             ^^^^^^^^^^^ not found in this scope
[INFO] [stdout] 
[INFO] [stdout] 
[INFO] [stdout] error[E0425]: cannot find function, tuple struct or tuple variant `GetLastError` in this scope
[INFO] [stdout]    --> /opt/rustwide/cargo-home/registry/src/github.com-1ecc6299db9ec823/iracing-0.2.8/src/telemetry.rs:532:37
[INFO] [stdout]     |
[INFO] [stdout] 532 |             let err: i32 = unsafe { GetLastError() as i32 };
[INFO] [stdout]     |                                     ^^^^^^^^^^^^ not found in this scope
[INFO] [stdout] 
[INFO] [stdout] 
[INFO] [stdout] error[E0425]: cannot find function, tuple struct or tuple variant `CloseHandle` in this scope
[INFO] [stdout]    --> /opt/rustwide/cargo-home/registry/src/github.com-1ecc6299db9ec823/iracing-0.2.8/src/telemetry.rs:541:29
[INFO] [stdout]     |
[INFO] [stdout] 541 |         let succ = unsafe { CloseHandle(self.origin as HANDLE) };
[INFO] [stdout]     |                             ^^^^^^^^^^^ not found in this scope
[INFO] [stdout] 
[INFO] [stdout] 
[INFO] [stdout] error[E0412]: cannot find type `HANDLE` in this scope
[INFO] [stdout]    --> /opt/rustwide/cargo-home/registry/src/github.com-1ecc6299db9ec823/iracing-0.2.8/src/telemetry.rs:541:56
[INFO] [stdout]     |
[INFO] [stdout] 541 |         let succ = unsafe { CloseHandle(self.origin as HANDLE) };
[INFO] [stdout]     |                                                        ^^^^^^ not found in this scope
[INFO] [stdout] 
[INFO] [stdout] 
[INFO] [stdout] error[E0425]: cannot find function, tuple struct or tuple variant `GetLastError` in this scope
[INFO] [stdout]    --> /opt/rustwide/cargo-home/registry/src/github.com-1ecc6299db9ec823/iracing-0.2.8/src/telemetry.rs:544:37
[INFO] [stdout]     |
[INFO] [stdout] 544 |             let err: i32 = unsafe { GetLastError() as i32 };
[INFO] [stdout]     |                                     ^^^^^^^^^^^^ not found in this scope
[INFO] [stdout] 
[INFO] [stdout] 
[INFO] [stdout] error[E0425]: cannot find function, tuple struct or tuple variant `WaitForSingleObject` in this scope
[INFO] [stdout]    --> /opt/rustwide/cargo-home/registry/src/github.com-1ecc6299db9ec823/iracing-0.2.8/src/telemetry.rs:574:31
[INFO] [stdout]     |
[INFO] [stdout] 574 |         let signal = unsafe { WaitForSingleObject(self.event_handle, wait_time)  };
[INFO] [stdout]     |                               ^^^^^^^^^^^^^^^^^^^ not found in this scope
[INFO] [stdout] 
[INFO] [stdout] 
[INFO] [stdout] error[E0425]: cannot find function, tuple struct or tuple variant `GetLastError` in this scope
[INFO] [stdout]    --> /opt/rustwide/cargo-home/registry/src/github.com-1ecc6299db9ec823/iracing-0.2.8/src/telemetry.rs:580:38
[INFO] [stdout]     |
[INFO] [stdout] 580 |                 let errno = unsafe { GetLastError() as i32 };
[INFO] [stdout]     |                                      ^^^^^^^^^^^^ not found in this scope
[INFO] [stdout] 
[INFO] [stdout] 
[INFO] [stdout] error[E0425]: cannot find function, tuple struct or tuple variant `ResetEvent` in this scope
[INFO] [stdout]    --> /opt/rustwide/cargo-home/registry/src/github.com-1ecc6299db9ec823/iracing-0.2.8/src/telemetry.rs:584:26
[INFO] [stdout]     |
[INFO] [stdout] 584 |                 unsafe { ResetEvent(self.event_handle) };
[INFO] [stdout]     |                          ^^^^^^^^^^ not found in this scope
[INFO] [stdout] 
[INFO] [stdout] 
[INFO] [stdout] error[E0412]: cannot find type `HANDLE` in this scope
[INFO] [stdout]   --> /opt/rustwide/cargo-home/registry/src/github.com-1ecc6299db9ec823/iracing-0.2.8/src/lib.rs:63:22
[INFO] [stdout]    |
[INFO] [stdout] 63 |         let mapping: HANDLE;
[INFO] [stdout]    |                      ^^^^^^ not found in this scope
[INFO] [stdout] 
[INFO] [stdout] 
[INFO] [stdout] error[E0425]: cannot find function, tuple struct or tuple variant `OpenFileMappingW` in this scope
[INFO] [stdout]   --> /opt/rustwide/cargo-home/registry/src/github.com-1ecc6299db9ec823/iracing-0.2.8/src/lib.rs:66:28
[INFO] [stdout]    |
[INFO] [stdout] 66 |         unsafe { mapping = OpenFileMappingW(FILE_MAP_READ, 0, path.as_ptr()); };
[INFO] [stdout]    |                            ^^^^^^^^^^^^^^^^ not found in this scope
[INFO] [stdout] 
[INFO] [stdout] 
[INFO] [stdout] error[E0425]: cannot find value `FILE_MAP_READ` in this scope
[INFO] [stdout]   --> /opt/rustwide/cargo-home/registry/src/github.com-1ecc6299db9ec823/iracing-0.2.8/src/lib.rs:66:45
[INFO] [stdout]    |
[INFO] [stdout] 66 |         unsafe { mapping = OpenFileMappingW(FILE_MAP_READ, 0, path.as_ptr()); };
[INFO] [stdout]    |                                             ^^^^^^^^^^^^^ not found in this scope
[INFO] [stdout] 
[INFO] [stdout] 
[INFO] [stdout] error[E0425]: cannot find function, tuple struct or tuple variant `GetLastError` in this scope
[INFO] [stdout]   --> /opt/rustwide/cargo-home/registry/src/github.com-1ecc6299db9ec823/iracing-0.2.8/src/lib.rs:70:30
[INFO] [stdout]    |
[INFO] [stdout] 70 |             unsafe { errno = GetLastError() as i32; }
[INFO] [stdout]    |                              ^^^^^^^^^^^^ not found in this scope
[INFO] [stdout] 
[INFO] [stdout] 
[INFO] [stdout] error[E0412]: cannot find type `LPVOID` in this scope
[INFO] [stdout]   --> /opt/rustwide/cargo-home/registry/src/github.com-1ecc6299db9ec823/iracing-0.2.8/src/lib.rs:75:19
[INFO] [stdout]    |
[INFO] [stdout] 75 |         let view: LPVOID;
[INFO] [stdout]    |                   ^^^^^^ not found in this scope
[INFO] [stdout] 
[INFO] [stdout] 
[INFO] [stdout] error[E0425]: cannot find function, tuple struct or tuple variant `MapViewOfFile` in this scope
[INFO] [stdout]   --> /opt/rustwide/cargo-home/registry/src/github.com-1ecc6299db9ec823/iracing-0.2.8/src/lib.rs:78:20
[INFO] [stdout]    |
[INFO] [stdout] 78 |             view = MapViewOfFile(mapping, FILE_MAP_READ, 0, 0, 0);
[INFO] [stdout]    |                    ^^^^^^^^^^^^^ not found in this scope
[INFO] [stdout] 
[INFO] [stdout] 
[INFO] [stdout] error[E0425]: cannot find value `FILE_MAP_READ` in this scope
[INFO] [stdout]   --> /opt/rustwide/cargo-home/registry/src/github.com-1ecc6299db9ec823/iracing-0.2.8/src/lib.rs:78:43
[INFO] [stdout]    |
[INFO] [stdout] 78 |             view = MapViewOfFile(mapping, FILE_MAP_READ, 0, 0, 0);
[INFO] [stdout]    |                                           ^^^^^^^^^^^^^ not found in this scope
[INFO] [stdout] 
[INFO] [stdout] 
[INFO] [stdout] error[E0425]: cannot find function, tuple struct or tuple variant `GetLastError` in this scope
[INFO] [stdout]   --> /opt/rustwide/cargo-home/registry/src/github.com-1ecc6299db9ec823/iracing-0.2.8/src/lib.rs:82:30
[INFO] [stdout]    |
[INFO] [stdout] 82 |             unsafe { errno = GetLastError() as i32; }
[INFO] [stdout]    |                              ^^^^^^^^^^^^ not found in this scope
[INFO] [stdout] 
[INFO] [stdout] 
[INFO] [stdout] error[E0425]: cannot find function, tuple struct or tuple variant `CloseHandle` in this scope
[INFO] [stdout]    --> /opt/rustwide/cargo-home/registry/src/github.com-1ecc6299db9ec823/iracing-0.2.8/src/lib.rs:188:29
[INFO] [stdout]     |
[INFO] [stdout] 188 |         let succ = unsafe { CloseHandle(self.location) };
[INFO] [stdout]     |                             ^^^^^^^^^^^ not found in this scope
[INFO] [stdout] 
[INFO] [stdout] 
[INFO] [stdout] error[E0425]: cannot find function, tuple struct or tuple variant `GetLastError` in this scope
[INFO] [stdout]    --> /opt/rustwide/cargo-home/registry/src/github.com-1ecc6299db9ec823/iracing-0.2.8/src/lib.rs:193:39
[INFO] [stdout]     |
[INFO] [stdout] 193 |             let errno: i32 = unsafe { GetLastError() as i32 };
[INFO] [stdout]     |                                       ^^^^^^^^^^^^ not found in this scope
[INFO] [stdout] 
[INFO] [stdout] 
[INFO] [stdout] error: aborting due to 33 previous errors
[INFO] [stdout] 
[INFO] [stdout] 
[INFO] [stdout] Some errors have detailed explanations: E0412, E0425, E0433.
[INFO] [stdout] 
[INFO] [stdout] For more information about an error, try `rustc --explain E0412`.
[INFO] [stdout] 
[INFO] [stderr] error: could not compile `iracing` due to 34 previous errors
[INFO] [stderr] warning: build failed, waiting for other jobs to finish...
[INFO] [stderr] error: build failed
[INFO] running `Command { std: "docker" "inspect" "6b1ae84f9e18588eb99b87953a174c70642b48b15f84d9e3ae26f1e32aa13f6c", kill_on_drop: false }`
[INFO] running `Command { std: "docker" "rm" "-f" "6b1ae84f9e18588eb99b87953a174c70642b48b15f84d9e3ae26f1e32aa13f6c", kill_on_drop: false }`
[INFO] [stdout] 6b1ae84f9e18588eb99b87953a174c70642b48b15f84d9e3ae26f1e32aa13f6c
