[INFO] cloning repository https://github.com/LaMeraChuleta/Api-Enfermeria
[INFO] running `Command { std: "git" "-c" "credential.helper=" "-c" "credential.helper=/workspace/cargo-home/bin/git-credential-null" "clone" "--bare" "https://github.com/LaMeraChuleta/Api-Enfermeria" "/workspace/cache/git-repos/https%3A%2F%2Fgithub.com%2FLaMeraChuleta%2FApi-Enfermeria", kill_on_drop: false }`
[INFO] [stderr] Cloning into bare repository '/workspace/cache/git-repos/https%3A%2F%2Fgithub.com%2FLaMeraChuleta%2FApi-Enfermeria'...
[INFO] running `Command { std: "git" "rev-parse" "HEAD", kill_on_drop: false }`
[INFO] [stdout] b265adbf30777b46f7249d32895d974bf11637ff
[INFO] documenting LaMeraChuleta/Api-Enfermeria against beta-2021-08-01 for beta-1.55-rustdoc-1
[INFO] running `Command { std: "git" "clone" "/workspace/cache/git-repos/https%3A%2F%2Fgithub.com%2FLaMeraChuleta%2FApi-Enfermeria" "/workspace/builds/worker-14/source", kill_on_drop: false }`
[INFO] [stderr] Cloning into '/workspace/builds/worker-14/source'...
[INFO] [stderr] done.
[INFO] validating manifest of git repo https://github.com/LaMeraChuleta/Api-Enfermeria on toolchain beta-2021-08-01
[INFO] running `Command { std: "/workspace/cargo-home/bin/cargo" "+beta-2021-08-01" "metadata" "--manifest-path" "Cargo.toml" "--no-deps", kill_on_drop: false }`
[INFO] started tweaking git repo https://github.com/LaMeraChuleta/Api-Enfermeria
[INFO] finished tweaking git repo https://github.com/LaMeraChuleta/Api-Enfermeria
[INFO] tweaked toml for git repo https://github.com/LaMeraChuleta/Api-Enfermeria written to /workspace/builds/worker-14/source/Cargo.toml
[INFO] crate git repo https://github.com/LaMeraChuleta/Api-Enfermeria already has a lockfile, it will not be regenerated
[INFO] running `Command { std: "/workspace/cargo-home/bin/cargo" "+beta-2021-08-01" "fetch" "--manifest-path" "Cargo.toml", kill_on_drop: false }`
[INFO] [stderr]     Blocking waiting for file lock on package cache
[INFO] [stderr]  Downloading crates ...
[INFO] [stderr]   Downloaded atoi v0.3.3
[INFO] [stderr]   Downloaded pem v0.8.2
[INFO] [stderr]   Downloaded num-bigint-dig v0.6.1
[INFO] [stderr]   Downloaded lopdf v0.26.0
[INFO] [stderr]   Downloaded whoami v0.9.0
[INFO] [stderr]   Downloaded actix-cors v0.5.0
[INFO] [stderr]   Downloaded sqlx-core v0.4.0
[INFO] [stderr]   Downloaded sqlformat v0.1.1
[INFO] [stderr]   Downloaded sqlx v0.4.1
[INFO] [stderr]   Downloaded printpdf v0.3.3
[INFO] [stderr]   Downloaded ahash v0.5.7
[INFO] [stderr]   Downloaded sqlx-macros v0.4.0
[INFO] [stderr]   Downloaded sqlx-rt v0.2.0
[INFO] [stderr]   Downloaded rsa v0.3.0
[INFO] [stderr]   Downloaded tokio-native-tls v0.1.0
[INFO] running `Command { std: "docker" "create" "-v" "/var/lib/crater-agent-workspace/builds/worker-14/target:/opt/rustwide/target:rw,Z" "-v" "/var/lib/crater-agent-workspace/builds/worker-14/source:/opt/rustwide/workdir:ro,Z" "-v" "/var/lib/crater-agent-workspace/cargo-home:/opt/rustwide/cargo-home:ro,Z" "-v" "/var/lib/crater-agent-workspace/rustup-home:/opt/rustwide/rustup-home:ro,Z" "-e" "SOURCE_DIR=/opt/rustwide/workdir" "-e" "CARGO_TARGET_DIR=/opt/rustwide/target" "-e" "CARGO_HOME=/opt/rustwide/cargo-home" "-e" "RUSTUP_HOME=/opt/rustwide/rustup-home" "-w" "/opt/rustwide/workdir" "-m" "1610612736" "--user" "0:0" "--network" "none" "ghcr.io/rust-lang/crates-build-env/linux@sha256:34b6a614d2c27851fe6cbf88fbd1137609cefab8b10d0615aaeb6fd47975d74e" "/opt/rustwide/cargo-home/bin/cargo" "+beta-2021-08-01" "metadata" "--no-deps" "--format-version=1", kill_on_drop: false }`
[INFO] [stderr] WARNING: Your kernel does not support swap limit capabilities or the cgroup is not mounted. Memory limited without swap.
[INFO] [stdout] 23159109c663851bfb7522bdeb971ef1749f39af6c3f478b4131d5c3a574ba74
[INFO] running `Command { std: "docker" "start" "-a" "23159109c663851bfb7522bdeb971ef1749f39af6c3f478b4131d5c3a574ba74", kill_on_drop: false }`
[INFO] running `Command { std: "docker" "inspect" "23159109c663851bfb7522bdeb971ef1749f39af6c3f478b4131d5c3a574ba74", kill_on_drop: false }`
[INFO] running `Command { std: "docker" "rm" "-f" "23159109c663851bfb7522bdeb971ef1749f39af6c3f478b4131d5c3a574ba74", kill_on_drop: false }`
[INFO] [stdout] 23159109c663851bfb7522bdeb971ef1749f39af6c3f478b4131d5c3a574ba74
[INFO] running `Command { std: "docker" "create" "-v" "/var/lib/crater-agent-workspace/builds/worker-14/target:/opt/rustwide/target:rw,Z" "-v" "/var/lib/crater-agent-workspace/builds/worker-14/source:/opt/rustwide/workdir:ro,Z" "-v" "/var/lib/crater-agent-workspace/cargo-home:/opt/rustwide/cargo-home:ro,Z" "-v" "/var/lib/crater-agent-workspace/rustup-home:/opt/rustwide/rustup-home:ro,Z" "-e" "SOURCE_DIR=/opt/rustwide/workdir" "-e" "CARGO_TARGET_DIR=/opt/rustwide/target" "-e" "CARGO_INCREMENTAL=0" "-e" "RUST_BACKTRACE=full" "-e" "RUSTDOCFLAGS=--cap-lints=warn" "-e" "CARGO_HOME=/opt/rustwide/cargo-home" "-e" "RUSTUP_HOME=/opt/rustwide/rustup-home" "-w" "/opt/rustwide/workdir" "-m" "1610612736" "--user" "0:0" "--network" "none" "ghcr.io/rust-lang/crates-build-env/linux@sha256:34b6a614d2c27851fe6cbf88fbd1137609cefab8b10d0615aaeb6fd47975d74e" "/opt/rustwide/cargo-home/bin/cargo" "+beta-2021-08-01" "doc" "--frozen" "--no-deps" "--document-private-items" "--message-format=json", kill_on_drop: false }`
[INFO] [stdout] e57c9ebdd2fd83b1a443145a604f4cf093abcc7e1d7bbd4c3a4e47c271decb47
[INFO] [stderr] WARNING: Your kernel does not support swap limit capabilities or the cgroup is not mounted. Memory limited without swap.
[INFO] running `Command { std: "docker" "start" "-a" "e57c9ebdd2fd83b1a443145a604f4cf093abcc7e1d7bbd4c3a4e47c271decb47", kill_on_drop: false }`
[INFO] [stderr]    Compiling libc v0.2.79
[INFO] [stderr]    Compiling syn v1.0.53
[INFO] [stderr]     Checking once_cell v1.4.1
[INFO] [stderr]     Checking smallvec v1.4.2
[INFO] [stderr]     Checking futures-io v0.3.6
[INFO] [stderr]    Compiling serde v1.0.116
[INFO] [stderr]    Compiling const_fn v0.4.2
[INFO] [stderr]    Compiling futures-core v0.3.6
[INFO] [stderr]    Compiling native-tls v0.2.6
[INFO] [stderr]    Compiling futures-sink v0.3.6
[INFO] [stderr]     Checking rustc-demangle v0.1.17
[INFO] [stderr]    Compiling getrandom v0.2.0
[INFO] [stderr]    Compiling arc-swap v0.4.7
[INFO] [stderr]    Compiling pin-project-lite v0.1.10
[INFO] [stderr]    Compiling regex-syntax v0.6.21
[INFO] [stderr]    Compiling copyless v0.1.5
[INFO] [stderr]    Compiling v_escape v0.13.1
[INFO] [stderr]    Compiling subtle v2.3.0
[INFO] [stderr]     Checking weezl v0.1.3
[INFO] [stderr]    Compiling hex v0.4.2
[INFO] [stderr]    Compiling whoami v0.9.0
[INFO] [stderr]    Compiling v_htmlescape v0.10.3
[INFO] [stderr]    Compiling anyhow v1.0.34
[INFO] [stderr]    Compiling dotenv v0.15.0
[INFO] [stderr]    Compiling standback v0.2.11
[INFO] [stderr]    Compiling time v0.2.22
[INFO] [stderr]    Compiling cookie v0.14.2
[INFO] [stderr]    Compiling instant v0.1.7
[INFO] [stderr]     Checking bytestring v0.1.5
[INFO] [stderr]     Checking buf-min v0.1.1
[INFO] [stderr]     Checking futures-channel v0.3.6
[INFO] [stderr]    Compiling brotli-sys v0.3.2
[INFO] [stderr]    Compiling openssl-sys v0.9.58
[INFO] [stderr]    Compiling lock_api v0.4.1
[INFO] [stderr]     Checking futures-task v0.3.6
[INFO] [stderr]     Checking tinyvec v1.0.1
[INFO] [stderr]     Checking thread_local v1.0.1
[INFO] [stderr]     Checking tracing-core v0.1.17
[INFO] [stderr]    Compiling proc-macro-nested v0.1.6
[INFO] [stderr]     Checking gif v0.11.1
[INFO] [stderr]    Compiling maybe-uninit v2.0.0
[INFO] [stderr]    Compiling idna v0.2.0
[INFO] [stderr]    Compiling stringprep v0.1.2
[INFO] [stderr]     Checking crossbeam-utils v0.8.1
[INFO] [stderr]    Compiling crossbeam-utils v0.7.2
[INFO] [stderr]     Checking twoway v0.2.1
[INFO] [stderr]    Compiling crc v1.8.1
[INFO] [stderr]    Compiling nom v4.2.3
[INFO] [stderr]     Checking approx v0.3.2
[INFO] [stderr]     Checking atoi v0.3.3
[INFO] [stderr]     Checking ordered-float v1.1.1
[INFO] [stderr]     Checking regex v1.4.2
[INFO] [stderr]     Checking png v0.16.8
[INFO] [stderr]    Compiling block-buffer v0.9.0
[INFO] [stderr]    Compiling digest v0.9.0
[INFO] [stderr]     Checking tracing v0.1.21
[INFO] [stderr]     Checking num-rational v0.3.2
[INFO] [stderr]     Checking num-bigint v0.3.1
[INFO] [stderr]     Checking crossbeam-channel v0.5.0
[INFO] [stderr]    Compiling crossbeam-channel v0.4.4
[INFO] [stderr]    Compiling crossbeam-queue v0.2.3
[INFO] [stderr]    Compiling num-iter v0.1.42
[INFO] [stderr]    Compiling num-bigint v0.2.6
[INFO] [stderr]     Checking rusttype v0.8.3
[INFO] [stderr]     Checking sha-1 v0.9.1
[INFO] [stderr]     Checking sha2 v0.9.2
[INFO] [stderr]    Compiling url v2.1.1
[INFO] [stderr]     Checking num_cpus v1.13.0
[INFO] [stderr]     Checking net2 v0.2.35
[INFO] [stderr]     Checking iovec v0.1.4
[INFO] [stderr]     Checking signal-hook-registry v1.2.1
[INFO] [stderr]     Checking parking_lot_core v0.8.0
[INFO] [stderr]     Checking getrandom v0.1.15
[INFO] [stderr]     Checking hostname v0.3.1
[INFO] [stderr]     Checking backtrace v0.3.52
[INFO] [stderr]     Checking flate2 v1.0.18
[INFO] [stderr]     Checking socket2 v0.3.17
[INFO] [stderr]     Checking time v0.1.44
[INFO] [stderr]     Checking crossbeam-epoch v0.9.1
[INFO] [stderr]    Compiling openssl v0.10.30
[INFO] [stderr]     Checking threadpool v1.8.1
[INFO] [stderr]     Checking pem v0.8.2
[INFO] [stderr]     Checking sqlformat v0.1.1
[INFO] [stderr]     Checking mio v0.6.22
[INFO] [stderr]     Checking resolv-conf v0.6.3
[INFO] [stderr]     Checking rand_core v0.5.1
[INFO] [stderr]     Checking parking_lot v0.11.0
[INFO] [stderr]     Checking ahash v0.5.7
[INFO] [stderr]     Checking chrono v0.4.19
[INFO] [stderr]     Checking crossbeam-deque v0.8.0
[INFO] [stderr]     Checking rand_chacha v0.2.2
[INFO] [stderr]     Checking rayon-core v1.9.0
[INFO] [stderr]     Checking mio-uds v0.6.8
[INFO] [stderr]    Compiling rand v0.7.3
[INFO] [stderr]     Checking simple_asn1 v0.4.1
[INFO] [stderr]     Checking rayon v1.5.0
[INFO] [stderr]    Compiling synstructure v0.12.4
[INFO] [stderr]     Checking brotli2 v0.3.2
[INFO] [stderr]     Checking jpeg-decoder v0.1.20
[INFO] [stderr]    Compiling pin-project-internal v0.4.26
[INFO] [stderr]    Compiling futures-macro v0.3.6
[INFO] [stderr]    Compiling tokio-macros v0.2.6
[INFO] [stderr]    Compiling derive_more v0.99.11
[INFO] [stderr]    Compiling actix-macros v0.1.2
[INFO] [stderr]    Compiling serde_derive v1.0.116
[INFO] [stderr]    Compiling thiserror-impl v1.0.21
[INFO] [stderr]    Compiling time-macros-impl v0.1.1
[INFO] [stderr]    Compiling zeroize_derive v1.0.1
[INFO] [stderr]    Compiling async-trait v0.1.41
[INFO] [stderr]    Compiling enum-as-inner v0.3.3
[INFO] [stderr]    Compiling pin-project-internal v1.0.2
[INFO] [stderr]    Compiling actix-web-codegen v0.4.0
[INFO] [stderr]    Compiling v_escape_derive v0.8.3
[INFO] [stderr]     Checking tiff v0.6.1
[INFO] [stderr]     Checking image v0.23.12
[INFO] [stderr]    Compiling zeroize v1.1.1
[INFO] [stderr]     Checking time-macros v0.1.1
[INFO] [stderr]     Checking tokio v0.2.22
[INFO] [stderr]     Checking thiserror v1.0.21
[INFO] [stderr]     Checking lopdf v0.26.0
[INFO] [stderr]     Checking pin-project v0.4.26
[INFO] [stderr]     Checking pin-project v1.0.2
[INFO] [stderr]     Checking futures-util v0.3.6
[INFO] [stderr]     Checking actix-threadpool v0.3.3
[INFO] [stderr]     Checking printpdf v0.3.3
[INFO] [stderr]     Checking tokio-util v0.3.1
[INFO] [stderr]     Checking tokio-native-tls v0.1.0
[INFO] [stderr]     Checking actix-codec v0.3.0
[INFO] [stderr]    Compiling actix-rt v1.1.1
[INFO] [stderr]    Compiling futures-executor v0.3.6
[INFO] [stderr]     Checking actix-service v1.0.6
[INFO] [stderr]     Checking h2 v0.2.6
[INFO] [stderr]    Compiling futures v0.3.6
[INFO] [stderr]     Checking sqlx-rt v0.2.0
[INFO] [stderr]     Checking trust-dns-proto v0.19.5
[INFO] [stderr]     Checking actix-utils v2.0.0
[INFO] [stderr]     Checking serde_urlencoded v0.7.0
[INFO] [stderr]     Checking serde_json v1.0.58
[INFO] [stderr]     Checking actix-router v0.2.5
[INFO] [stderr]     Checking num-bigint-dig v0.6.1
[INFO] [stderr]     Checking actix-server v1.0.4
[INFO] [stderr]     Checking actix-tls v2.0.0
[INFO] [stderr]     Checking actix-testing v1.0.1
[INFO] [stderr]     Checking trust-dns-resolver v0.19.5
[INFO] [stderr]     Checking rsa v0.3.0
[INFO] [stderr]     Checking sqlx-core v0.4.0
[INFO] [stderr]     Checking actix-connect v2.0.0
[INFO] [stderr]     Checking actix-http v2.2.0
[INFO] [stderr]     Checking awc v2.0.3
[INFO] [stderr]     Checking actix-web v3.3.2
[INFO] [stderr]    Compiling sqlx-macros v0.4.0
[INFO] [stderr]     Checking actix-multipart v0.3.0
[INFO] [stderr]     Checking actix-files v0.4.0
[INFO] [stderr]     Checking actix-cors v0.5.0
[INFO] [stderr]     Checking sqlx v0.4.1
[INFO] [stderr]  Documenting actix-enfermeria v0.1.0 (/opt/rustwide/workdir)
[INFO] [stdout] error: error communicating with the server: Connection refused (os error 111)
[INFO] [stdout]    --> src/models/enfermeras.rs:87:25
[INFO] [stdout]     |
[INFO] [stdout] 87  |       let rows_affected = sqlx::query!(
[INFO] [stdout]     |  _________________________^
[INFO] [stdout] 88  | |         r#"
[INFO] [stdout] 89  | |             INSERT INTO
[INFO] [stdout] 90  | |             enfermeras(Matricula,Nombres,Apellido_M,Apellido_P,
[INFO] [stdout] ...   |
[INFO] [stdout] 107 | |         &new_enfermera.telefono.to_string(),
[INFO] [stdout] 108 | |     )
[INFO] [stdout]     | |_____^
[INFO] [stdout]     |
[INFO] [stdout]     = note: this error originates in the macro `$crate::sqlx_macros::expand_query` (in Nightly builds, run with -Z macro-backtrace for more info)
[INFO] [stdout] 
[INFO] [stdout] 
[INFO] [stdout] error: error communicating with the server: Connection refused (os error 111)
[INFO] [stdout]    --> src/models/enfermeras.rs:116:25
[INFO] [stdout]     |
[INFO] [stdout] 116 |       let rows_affected = sqlx::query!(
[INFO] [stdout]     |  _________________________^
[INFO] [stdout] 117 | |         r#"
[INFO] [stdout] 118 | |             DELETE FROM
[INFO] [stdout] 119 | |                 enfermeras
[INFO] [stdout] ...   |
[INFO] [stdout] 122 | |         matricula
[INFO] [stdout] 123 | |     )
[INFO] [stdout]     | |_____^
[INFO] [stdout]     |
[INFO] [stdout]     = note: this error originates in the macro `$crate::sqlx_macros::expand_query` (in Nightly builds, run with -Z macro-backtrace for more info)
[INFO] [stdout] 
[INFO] [stdout] 
[INFO] [stdout] error: error communicating with the server: Connection refused (os error 111)
[INFO] [stdout]    --> src/models/enfermeras.rs:131:25
[INFO] [stdout]     |
[INFO] [stdout] 131 |       let rows_affected = sqlx::query!(
[INFO] [stdout]     |  _________________________^
[INFO] [stdout] 132 | |         r#"
[INFO] [stdout] 133 | |             UPDATE enfermeras
[INFO] [stdout] 134 | |                 SET Matricula = ?, Nombres = ?, Apellido_M = ?, Apellido_P = ?,
[INFO] [stdout] ...   |
[INFO] [stdout] 153 | |         matricula
[INFO] [stdout] 154 | |     )
[INFO] [stdout]     | |_____^
[INFO] [stdout]     |
[INFO] [stdout]     = note: this error originates in the macro `$crate::sqlx_macros::expand_query` (in Nightly builds, run with -Z macro-backtrace for more info)
[INFO] [stdout] 
[INFO] [stdout] 
[INFO] [stdout] error: error communicating with the server: Connection refused (os error 111)
[INFO] [stdout]   --> src/models/familia.rs:54:25
[INFO] [stdout]    |
[INFO] [stdout] 54 |       let rows_affected = sqlx::query!(
[INFO] [stdout]    |  _________________________^
[INFO] [stdout] 55 | |         r#"
[INFO] [stdout] 56 | |             INSERT INTO
[INFO] [stdout] 57 | |             familia(Id_Enfermera,Nombres,Apellido_M,
[INFO] [stdout] ...  |
[INFO] [stdout] 66 | |         &new_familia.edad,  
[INFO] [stdout] 67 | |     )
[INFO] [stdout]    | |_____^
[INFO] [stdout]    |
[INFO] [stdout]    = note: this error originates in the macro `$crate::sqlx_macros::expand_query` (in Nightly builds, run with -Z macro-backtrace for more info)
[INFO] [stdout] 
[INFO] [stdout] 
[INFO] [stdout] error: error communicating with the server: Connection refused (os error 111)
[INFO] [stdout]   --> src/models/familia.rs:75:25
[INFO] [stdout]    |
[INFO] [stdout] 75 |       let rows_affected = sqlx::query!(
[INFO] [stdout]    |  _________________________^
[INFO] [stdout] 76 | |         r#"
[INFO] [stdout] 77 | |             DELETE FROM
[INFO] [stdout] 78 | |                 familia
[INFO] [stdout] ...  |
[INFO] [stdout] 82 | |         id_familia
[INFO] [stdout] 83 | |     )
[INFO] [stdout]    | |_____^
[INFO] [stdout]    |
[INFO] [stdout]    = note: this error originates in the macro `$crate::sqlx_macros::expand_query` (in Nightly builds, run with -Z macro-backtrace for more info)
[INFO] [stdout] 
[INFO] [stdout] 
[INFO] [stdout] error: error communicating with the server: Connection refused (os error 111)
[INFO] [stdout]    --> src/models/familia.rs:91:25
[INFO] [stdout]     |
[INFO] [stdout] 91  |       let rows_affected = sqlx::query!(
[INFO] [stdout]     |  _________________________^
[INFO] [stdout] 92  | |         r#"
[INFO] [stdout] 93  | |             UPDATE familia
[INFO] [stdout] 94  | |                 SET Id_Enfermera = ?, Id_Familia = ?, Nombres = ?, 
[INFO] [stdout] ...   |
[INFO] [stdout] 106 | |         id_familiar,            
[INFO] [stdout] 107 | |     )
[INFO] [stdout]     | |_____^
[INFO] [stdout]     |
[INFO] [stdout]     = note: this error originates in the macro `$crate::sqlx_macros::expand_query` (in Nightly builds, run with -Z macro-backtrace for more info)
[INFO] [stdout] 
[INFO] [stdout] 
[INFO] [stdout] error: error communicating with the server: Connection refused (os error 111)
[INFO] [stdout]   --> src/models/estudios.rs:52:25
[INFO] [stdout]    |
[INFO] [stdout] 52 |       let rows_affected = sqlx::query!(
[INFO] [stdout]    |  _________________________^
[INFO] [stdout] 53 | |         r#"
[INFO] [stdout] 54 | |             INSERT INTO
[INFO] [stdout] 55 | |             estudios(Id_Enfermera,Nivel,Titulo,
[INFO] [stdout] ...  |
[INFO] [stdout] 63 | |         &new_estudio.tipo_escuela.to_string(),    
[INFO] [stdout] 64 | |     )
[INFO] [stdout]    | |_____^
[INFO] [stdout]    |
[INFO] [stdout]    = note: this error originates in the macro `$crate::sqlx_macros::expand_query` (in Nightly builds, run with -Z macro-backtrace for more info)
[INFO] [stdout] 
[INFO] [stdout] 
[INFO] [stdout] error: error communicating with the server: Connection refused (os error 111)
[INFO] [stdout]   --> src/models/estudios.rs:72:25
[INFO] [stdout]    |
[INFO] [stdout] 72 |       let rows_affected = sqlx::query!(
[INFO] [stdout]    |  _________________________^
[INFO] [stdout] 73 | |         r#"
[INFO] [stdout] 74 | |             DELETE FROM
[INFO] [stdout] 75 | |                 estudios
[INFO] [stdout] ...  |
[INFO] [stdout] 79 | |         id_estudio
[INFO] [stdout] 80 | |     )
[INFO] [stdout]    | |_____^
[INFO] [stdout]    |
[INFO] [stdout]    = note: this error originates in the macro `$crate::sqlx_macros::expand_query` (in Nightly builds, run with -Z macro-backtrace for more info)
[INFO] [stdout] 
[INFO] [stdout] 
[INFO] [stdout] error: error communicating with the server: Connection refused (os error 111)
[INFO] [stdout]    --> src/models/estudios.rs:88:25
[INFO] [stdout]     |
[INFO] [stdout] 88  |       let rows_affected = sqlx::query!(
[INFO] [stdout]     |  _________________________^
[INFO] [stdout] 89  | |         r#"
[INFO] [stdout] 90  | |             UPDATE estudios
[INFO] [stdout] 91  | |                 SET Id_Enfermera = ?, Nivel = ?, 
[INFO] [stdout] ...   |
[INFO] [stdout] 101 | |         id_estudios,            
[INFO] [stdout] 102 | |     )
[INFO] [stdout]     | |_____^
[INFO] [stdout]     |
[INFO] [stdout]     = note: this error originates in the macro `$crate::sqlx_macros::expand_query` (in Nightly builds, run with -Z macro-backtrace for more info)
[INFO] [stdout] 
[INFO] [stdout] 
[INFO] [stdout] error: error communicating with the server: Connection refused (os error 111)
[INFO] [stdout]   --> src/models/vivienda.rs:54:25
[INFO] [stdout]    |
[INFO] [stdout] 54 |       let rows_affected = sqlx::query!(
[INFO] [stdout]    |  _________________________^
[INFO] [stdout] 55 | |         r#"
[INFO] [stdout] 56 | |             INSERT INTO
[INFO] [stdout] 57 | |             vivienda(Id_Enfermera,Estado,Delegacion,
[INFO] [stdout] ...  |
[INFO] [stdout] 68 | |         &new_vivienda.num_int.to_string(),    
[INFO] [stdout] 69 | |     )
[INFO] [stdout]    | |_____^
[INFO] [stdout]    |
[INFO] [stdout]    = note: this error originates in the macro `$crate::sqlx_macros::expand_query` (in Nightly builds, run with -Z macro-backtrace for more info)
[INFO] [stdout] 
[INFO] [stdout] 
[INFO] [stdout] error: error communicating with the server: Connection refused (os error 111)
[INFO] [stdout]   --> src/models/vivienda.rs:77:25
[INFO] [stdout]    |
[INFO] [stdout] 77 |       let rows_affected = sqlx::query!(
[INFO] [stdout]    |  _________________________^
[INFO] [stdout] 78 | |         r#"
[INFO] [stdout] 79 | |             DELETE FROM
[INFO] [stdout] 80 | |                 vivienda
[INFO] [stdout] ...  |
[INFO] [stdout] 83 | |         id_enfermera,
[INFO] [stdout] 84 | |     )
[INFO] [stdout]    | |_____^
[INFO] [stdout]    |
[INFO] [stdout]    = note: this error originates in the macro `$crate::sqlx_macros::expand_query` (in Nightly builds, run with -Z macro-backtrace for more info)
[INFO] [stdout] 
[INFO] [stdout] 
[INFO] [stdout] error: error communicating with the server: Connection refused (os error 111)
[INFO] [stdout]    --> src/models/vivienda.rs:92:25
[INFO] [stdout]     |
[INFO] [stdout] 92  |       let rows_affected = sqlx::query!(
[INFO] [stdout]     |  _________________________^
[INFO] [stdout] 93  | |         r#"
[INFO] [stdout] 94  | |             UPDATE vivienda
[INFO] [stdout] 95  | |                 SET Id_Enfermera = ?, Estado = ?, Delegacion = ?,
[INFO] [stdout] ...   |
[INFO] [stdout] 107 | |         id_enfermera,                    
[INFO] [stdout] 108 | |     )
[INFO] [stdout]     | |_____^
[INFO] [stdout]     |
[INFO] [stdout]     = note: this error originates in the macro `$crate::sqlx_macros::expand_query` (in Nightly builds, run with -Z macro-backtrace for more info)
[INFO] [stdout] 
[INFO] [stdout] 
[INFO] [stdout] error: Compilation failed, aborting rustdoc
[INFO] [stdout] 
[INFO] [stdout] 
[INFO] [stdout] error: aborting due to 13 previous errors
[INFO] [stdout] 
[INFO] [stdout] 
[INFO] [stderr] error: could not document `actix-enfermeria`
[INFO] [stderr] 
[INFO] [stderr] Caused by:
[INFO] [stderr]   process didn't exit successfully: `rustdoc --edition=2018 --crate-type bin --crate-name actix_enfermeria src/main.rs -o /opt/rustwide/target/doc --error-format=json --json=diagnostic-rendered-ansi --document-private-items -L dependency=/opt/rustwide/target/debug/deps --extern actix_cors=/opt/rustwide/target/debug/deps/libactix_cors-1be59a8f317b24ff.rmeta --extern actix_files=/opt/rustwide/target/debug/deps/libactix_files-f4464552f8f48d40.rmeta --extern actix_multipart=/opt/rustwide/target/debug/deps/libactix_multipart-d92c8d632de16a08.rmeta --extern actix_web=/opt/rustwide/target/debug/deps/libactix_web-bde53dd45a2a25d7.rmeta --extern anyhow=/opt/rustwide/target/debug/deps/libanyhow-3f37b63a2befa1d3.rmeta --extern dotenv=/opt/rustwide/target/debug/deps/libdotenv-9165642b04647e23.rmeta --extern futures=/opt/rustwide/target/debug/deps/libfutures-e05e313e601152db.rmeta --extern image=/opt/rustwide/target/debug/deps/libimage-bcbc50ef709cd8d7.rmeta --extern printpdf=/opt/rustwide/target/debug/deps/libprintpdf-9f01d99bb87090d1.rmeta --extern serde=/opt/rustwide/target/debug/deps/libserde-3597f9daa96919dd.rmeta --extern serde_json=/opt/rustwide/target/debug/deps/libserde_json-12a38f0dd98f1260.rmeta --extern sqlx=/opt/rustwide/target/debug/deps/libsqlx-64bcd8813e067968.rmeta --cap-lints=warn --crate-version 0.1.0` (exit status: 1)
[INFO] running `Command { std: "docker" "inspect" "e57c9ebdd2fd83b1a443145a604f4cf093abcc7e1d7bbd4c3a4e47c271decb47", kill_on_drop: false }`
[INFO] running `Command { std: "docker" "rm" "-f" "e57c9ebdd2fd83b1a443145a604f4cf093abcc7e1d7bbd4c3a4e47c271decb47", kill_on_drop: false }`
[INFO] [stdout] e57c9ebdd2fd83b1a443145a604f4cf093abcc7e1d7bbd4c3a4e47c271decb47
