[INFO] cloning repository https://github.com/LU15W1R7H/cogis
[INFO] running `Command { std: "git" "-c" "credential.helper=" "-c" "credential.helper=/workspace/cargo-home/bin/git-credential-null" "clone" "--bare" "https://github.com/LU15W1R7H/cogis" "/workspace/cache/git-repos/https%3A%2F%2Fgithub.com%2FLU15W1R7H%2Fcogis", kill_on_drop: false }`
[INFO] [stderr] Cloning into bare repository '/workspace/cache/git-repos/https%3A%2F%2Fgithub.com%2FLU15W1R7H%2Fcogis'...
[INFO] running `Command { std: "git" "rev-parse" "HEAD", kill_on_drop: false }`
[INFO] [stdout] 0b636ec3d5d0e91972b6900b8f1dadc84067e3f5
[INFO] documenting LU15W1R7H/cogis against 1.54.0 for beta-1.55-rustdoc-1
[INFO] running `Command { std: "git" "clone" "/workspace/cache/git-repos/https%3A%2F%2Fgithub.com%2FLU15W1R7H%2Fcogis" "/workspace/builds/worker-0/source", kill_on_drop: false }`
[INFO] [stderr] Cloning into '/workspace/builds/worker-0/source'...
[INFO] [stderr] done.
[INFO] validating manifest of git repo https://github.com/LU15W1R7H/cogis on toolchain 1.54.0
[INFO] running `Command { std: "/workspace/cargo-home/bin/cargo" "+1.54.0" "metadata" "--manifest-path" "Cargo.toml" "--no-deps", kill_on_drop: false }`
[INFO] removed /workspace/builds/worker-0/source/.cargo/config.toml
[INFO] started tweaking git repo https://github.com/LU15W1R7H/cogis
[INFO] finished tweaking git repo https://github.com/LU15W1R7H/cogis
[INFO] tweaked toml for git repo https://github.com/LU15W1R7H/cogis written to /workspace/builds/worker-0/source/Cargo.toml
[INFO] crate git repo https://github.com/LU15W1R7H/cogis already has a lockfile, it will not be regenerated
[INFO] running `Command { std: "/workspace/cargo-home/bin/cargo" "+1.54.0" "fetch" "--manifest-path" "Cargo.toml", kill_on_drop: false }`
[INFO] [stderr]     Blocking waiting for file lock on package cache
[INFO] [stderr]  Downloading crates ...
[INFO] [stderr]   Downloaded ab_glyph v0.2.7
[INFO] [stderr]   Downloaded inotify v0.8.3
[INFO] [stderr]   Downloaded owned_ttf_parser v0.9.0
[INFO] [stderr]   Downloaded inotify-sys v0.1.4
[INFO] [stderr]   Downloaded find-crate v0.6.2
[INFO] [stderr]   Downloaded bevy_dylib v0.4.0
[INFO] [stderr]   Downloaded combine v4.5.1
[INFO] [stderr]   Downloaded hexasphere v3.1.0
[INFO] [stderr]   Downloaded ncollide2d v0.26.1
[INFO] [stderr]   Downloaded wide v0.6.4
[INFO] [stderr]   Downloaded notify v5.0.0-pre.4
[INFO] [stderr]   Downloaded nalgebra v0.23.2
[INFO] [stderr]   Downloaded rapier2d v0.4.2
[INFO] [stderr]   Downloaded bevy_rapier2d v0.7.0
[INFO] [stderr]   Downloaded fixedbitset v0.3.1
[INFO] [stderr]   Downloaded time v0.2.23
[INFO] running `Command { std: "docker" "create" "-v" "/var/lib/crater-agent-workspace/builds/worker-0/target:/opt/rustwide/target:rw,Z" "-v" "/var/lib/crater-agent-workspace/builds/worker-0/source:/opt/rustwide/workdir:ro,Z" "-v" "/var/lib/crater-agent-workspace/cargo-home:/opt/rustwide/cargo-home:ro,Z" "-v" "/var/lib/crater-agent-workspace/rustup-home:/opt/rustwide/rustup-home:ro,Z" "-e" "SOURCE_DIR=/opt/rustwide/workdir" "-e" "CARGO_TARGET_DIR=/opt/rustwide/target" "-e" "CARGO_HOME=/opt/rustwide/cargo-home" "-e" "RUSTUP_HOME=/opt/rustwide/rustup-home" "-w" "/opt/rustwide/workdir" "-m" "1610612736" "--user" "0:0" "--network" "none" "ghcr.io/rust-lang/crates-build-env/linux@sha256:34b6a614d2c27851fe6cbf88fbd1137609cefab8b10d0615aaeb6fd47975d74e" "/opt/rustwide/cargo-home/bin/cargo" "+1.54.0" "metadata" "--no-deps" "--format-version=1", kill_on_drop: false }`
[INFO] [stdout] 2d722df8d42f4574e228b94a0d10366d33a2e089447936ecce9b230d1263021b
[INFO] [stderr] WARNING: Your kernel does not support swap limit capabilities or the cgroup is not mounted. Memory limited without swap.
[INFO] running `Command { std: "docker" "start" "-a" "2d722df8d42f4574e228b94a0d10366d33a2e089447936ecce9b230d1263021b", kill_on_drop: false }`
[INFO] running `Command { std: "docker" "inspect" "2d722df8d42f4574e228b94a0d10366d33a2e089447936ecce9b230d1263021b", kill_on_drop: false }`
[INFO] running `Command { std: "docker" "rm" "-f" "2d722df8d42f4574e228b94a0d10366d33a2e089447936ecce9b230d1263021b", kill_on_drop: false }`
[INFO] [stdout] 2d722df8d42f4574e228b94a0d10366d33a2e089447936ecce9b230d1263021b
[INFO] running `Command { std: "docker" "create" "-v" "/var/lib/crater-agent-workspace/builds/worker-0/target:/opt/rustwide/target:rw,Z" "-v" "/var/lib/crater-agent-workspace/builds/worker-0/source:/opt/rustwide/workdir:ro,Z" "-v" "/var/lib/crater-agent-workspace/cargo-home:/opt/rustwide/cargo-home:ro,Z" "-v" "/var/lib/crater-agent-workspace/rustup-home:/opt/rustwide/rustup-home:ro,Z" "-e" "SOURCE_DIR=/opt/rustwide/workdir" "-e" "CARGO_TARGET_DIR=/opt/rustwide/target" "-e" "CARGO_INCREMENTAL=0" "-e" "RUST_BACKTRACE=full" "-e" "RUSTDOCFLAGS=--cap-lints=warn" "-e" "CARGO_HOME=/opt/rustwide/cargo-home" "-e" "RUSTUP_HOME=/opt/rustwide/rustup-home" "-w" "/opt/rustwide/workdir" "-m" "1610612736" "--user" "0:0" "--network" "none" "ghcr.io/rust-lang/crates-build-env/linux@sha256:34b6a614d2c27851fe6cbf88fbd1137609cefab8b10d0615aaeb6fd47975d74e" "/opt/rustwide/cargo-home/bin/cargo" "+1.54.0" "doc" "--frozen" "--no-deps" "--document-private-items" "--message-format=json", kill_on_drop: false }`
[INFO] [stdout] 44e13e378ce5418615f0450226e9735b853c09157fc4959f2e7575cc788a495d
[INFO] [stderr] WARNING: Your kernel does not support swap limit capabilities or the cgroup is not mounted. Memory limited without swap.
[INFO] running `Command { std: "docker" "start" "-a" "44e13e378ce5418615f0450226e9735b853c09157fc4959f2e7575cc788a495d", kill_on_drop: false }`
[INFO] [stderr]     Blocking waiting for file lock on package cache
[INFO] [stderr]    Compiling syn v1.0.56
[INFO] [stderr]    Compiling const_fn v0.4.4
[INFO] [stderr]    Compiling getrandom v0.2.0
[INFO] [stderr]    Compiling serde_json v1.0.61
[INFO] [stderr]    Compiling paste v1.0.4
[INFO] [stderr]     Checking slotmap v0.4.0
[INFO] [stderr]    Compiling standback v0.2.14
[INFO] [stderr]    Compiling time v0.2.23
[INFO] [stderr]    Compiling glam v0.11.3
[INFO] [stderr]     Checking safe_arch v0.5.2
[INFO] [stderr]     Checking bit-set v0.5.2
[INFO] [stderr]     Checking alsa-sys v0.3.1
[INFO] [stderr]     Checking approx v0.4.0
[INFO] [stderr]     Checking euclid v0.22.1
[INFO] [stderr]     Checking num-complex v0.3.1
[INFO] [stderr]     Checking crossbeam-channel v0.5.0
[INFO] [stderr]     Checking chrono v0.4.19
[INFO] [stderr]     Checking glyph_brush_layout v0.2.1
[INFO] [stderr]     Checking image v0.23.12
[INFO] [stderr]     Checking gfx-memory v0.2.2
[INFO] [stderr]     Checking rand_distr v0.3.0
[INFO] [stderr]     Checking wide v0.6.4
[INFO] [stderr]     Checking alsa v0.4.3
[INFO] [stderr]     Checking ahash v0.6.2
[INFO] [stderr]     Checking rand_core v0.6.0
[INFO] [stderr]     Checking guillotiere v0.6.0
[INFO] [stderr]     Checking rand_chacha v0.3.0
[INFO] [stderr]     Checking crossbeam-epoch v0.9.1
[INFO] [stderr]     Checking rand v0.8.0
[INFO] [stderr]     Checking crossbeam-deque v0.8.0
[INFO] [stderr]     Checking rayon-core v1.9.0
[INFO] [stderr]     Checking crossbeam v0.8.0
[INFO] [stderr]     Checking simba v0.3.1
[INFO] [stderr]     Checking rayon v1.5.0
[INFO] [stderr]    Compiling serde_derive v1.0.118
[INFO] [stderr]    Compiling time-macros-impl v0.1.1
[INFO] [stderr]    Compiling thiserror-impl v1.0.23
[INFO] [stderr]    Compiling tracing-attributes v0.1.11
[INFO] [stderr]    Compiling pin-project-internal v1.0.2
[INFO] [stderr]    Compiling futures-macro v0.3.8
[INFO] [stderr]    Compiling gltf-derive v0.15.2
[INFO] [stderr]    Compiling num-derive v0.3.3
[INFO] [stderr]     Checking time-macros v0.1.1
[INFO] [stderr]     Checking tracing v0.1.22
[INFO] [stderr]     Checking thiserror v1.0.23
[INFO] [stderr]     Checking naga v0.2.0
[INFO] [stderr]     Checking cpal v0.13.1
[INFO] [stderr]     Checking pin-project v1.0.2
[INFO] [stderr]     Checking instant v0.1.9
[INFO] [stderr]     Checking futures-util v0.3.8
[INFO] [stderr]     Checking bevy_tasks v0.4.0
[INFO] [stderr]     Checking rodio v0.13.0
[INFO] [stderr]     Checking nalgebra v0.23.2
[INFO] [stderr]     Checking serde v1.0.118
[INFO] [stderr]     Checking futures-executor v0.3.8
[INFO] [stderr]     Checking futures v0.3.8
[INFO] [stderr]     Checking smallvec v1.5.1
[INFO] [stderr]     Checking uuid v0.8.1
[INFO] [stderr]     Checking erased-serde v0.3.13
[INFO] [stderr]     Checking ron v0.6.4
[INFO] [stderr]     Checking spirv-reflect v0.2.3
[INFO] [stderr]     Checking tracing-serde v0.1.2
[INFO] [stderr]     Checking parking_lot_core v0.8.2
[INFO] [stderr]     Checking gfx-backend-vulkan v0.6.5
[INFO] [stderr]    Compiling toml v0.5.8
[INFO] [stderr]     Checking bevy_utils v0.4.0
[INFO] [stderr]     Checking gilrs-core v0.3.0
[INFO] [stderr]     Checking parking_lot v0.11.1
[INFO] [stderr]     Checking hexasphere v3.1.0
[INFO] [stderr]     Checking gilrs v0.8.0
[INFO] [stderr]     Checking winit v0.24.0
[INFO] [stderr]     Checking gltf-json v0.15.2
[INFO] [stderr]     Checking tracing-subscriber v0.2.15
[INFO] [stderr]     Checking wgpu-core v0.6.5
[INFO] [stderr]    Compiling find-crate v0.6.2
[INFO] [stderr]    Compiling bevy_ecs_macros v0.4.0
[INFO] [stderr]    Compiling bevy_derive v0.4.0
[INFO] [stderr]    Compiling bevy_reflect_derive v0.4.0
[INFO] [stderr]     Checking gltf v0.15.2
[INFO] [stderr]     Checking bevy_ecs v0.4.0
[INFO] [stderr]     Checking ncollide2d v0.26.1
[INFO] [stderr]     Checking wgpu v0.6.2
[INFO] [stderr]     Checking bevy_app v0.4.0
[INFO] [stderr]     Checking bevy_reflect v0.4.0
[INFO] [stderr]     Checking bevy_log v0.4.0
[INFO] [stderr]     Checking bevy_dynamic_plugin v0.4.0
[INFO] [stderr]     Checking bevy_math v0.4.0
[INFO] [stderr]     Checking bevy_asset v0.4.0
[INFO] [stderr]     Checking rapier2d v0.4.2
[INFO] [stderr]     Checking bevy_core v0.4.0
[INFO] [stderr]     Checking bevy_window v0.4.0
[INFO] [stderr]     Checking bevy_transform v0.4.0
[INFO] [stderr]     Checking bevy_input v0.4.0
[INFO] [stderr]     Checking bevy_audio v0.4.0
[INFO] [stderr]     Checking bevy_diagnostic v0.4.0
[INFO] [stderr]     Checking bevy_render v0.4.0
[INFO] [stderr]     Checking bevy_scene v0.4.0
[INFO] [stderr]     Checking bevy_winit v0.4.0
[INFO] [stderr]     Checking bevy_gilrs v0.4.0
[INFO] [stderr]     Checking bevy_sprite v0.4.0
[INFO] [stderr]     Checking bevy_pbr v0.4.0
[INFO] [stderr]     Checking bevy_wgpu v0.4.0
[INFO] [stderr]     Checking bevy_gltf v0.4.0
[INFO] [stderr]     Checking bevy_text v0.4.0
[INFO] [stderr]     Checking bevy_ui v0.4.0
[INFO] [stderr]     Checking bevy_internal v0.4.0
[INFO] [stderr]     Checking bevy_dylib v0.4.0
[INFO] [stderr]     Checking bevy v0.4.0
[INFO] [stderr]     Checking bevy_rapier2d v0.7.0
[INFO] [stderr]  Documenting corgis v0.0.0 (/opt/rustwide/workdir)
[INFO] [stdout] error: expected expression, found `.`
[INFO] [stdout]   --> src/intelligence/mod.rs:77:13
[INFO] [stdout]    |
[INFO] [stdout] 77 |             .add_system_to_stage("think", think.system())
[INFO] [stdout]    |             ^ expected expression
[INFO] [stdout] 
[INFO] [stdout] 
[INFO] [stdout] error[E0432]: unresolved import `super::test`
[INFO] [stdout]  --> src/intelligence/mod.rs:7:5
[INFO] [stdout]   |
[INFO] [stdout] 7 | use super::test;
[INFO] [stdout]   |     ^^^^^^^^^^^ no `test` in the root
[INFO] [stdout] 
[INFO] [stdout] 
[INFO] [stdout] error: cannot find macro `perception` in this scope
[INFO] [stdout]    --> src/intelligence/mod.rs:146:1
[INFO] [stdout]     |
[INFO] [stdout] 146 | perception!(BodyPerception, VisionPerception);
[INFO] [stdout]     | ^^^^^^^^^^
[INFO] [stdout]     |
[INFO] [stdout]     = help: have you added the `#[macro_use]` on the module/import?
[INFO] [stdout] 
[INFO] [stdout] 
[INFO] [stdout] error: cannot find macro `decision` in this scope
[INFO] [stdout]    --> src/intelligence/mod.rs:153:1
[INFO] [stdout]     |
[INFO] [stdout] 153 | decision!(MovementDecision, ReproductionDecision);
[INFO] [stdout]     | ^^^^^^^^
[INFO] [stdout]     |
[INFO] [stdout]     = help: have you added the `#[macro_use]` on the module/import?
[INFO] [stdout] 
[INFO] [stdout] 
[INFO] [stdout] error[E0412]: cannot find type `Query` in this scope
[INFO] [stdout]  --> src/intelligence/test.rs:1:35
[INFO] [stdout]   |
[INFO] [stdout] 1 | pub fn perceive_vision(mut query: Query<&mut VisionPerception>) {
[INFO] [stdout]   |                                   ^^^^^ not found in this scope
[INFO] [stdout]   |
[INFO] [stdout] help: consider importing one of these items
[INFO] [stdout]   |
[INFO] [stdout] 1 | use bevy::ecs::Query;
[INFO] [stdout]   |
[INFO] [stdout] 1 | use crate::Query;
[INFO] [stdout]   |
[INFO] [stdout] 
[INFO] [stdout] 
[INFO] [stdout] error[E0412]: cannot find type `VisionPerception` in this scope
[INFO] [stdout]  --> src/intelligence/test.rs:1:46
[INFO] [stdout]   |
[INFO] [stdout] 1 | pub fn perceive_vision(mut query: Query<&mut VisionPerception>) {
[INFO] [stdout]   |                       -                      ^^^^^^^^^^^^^^^^ not found in this scope
[INFO] [stdout]   |                       |
[INFO] [stdout]   |                       help: you might be missing a type parameter: `<VisionPerception>`
[INFO] [stdout] 
[INFO] [stdout] 
[INFO] [stdout] error[E0412]: cannot find type `Query` in this scope
[INFO] [stdout]  --> src/intelligence/test.rs:8:33
[INFO] [stdout]   |
[INFO] [stdout] 8 | pub fn perceive_body(mut query: Query<&mut BodyPerception>) {
[INFO] [stdout]   |                                 ^^^^^ not found in this scope
[INFO] [stdout]   |
[INFO] [stdout] help: consider importing one of these items
[INFO] [stdout]   |
[INFO] [stdout] 1 | use bevy::ecs::Query;
[INFO] [stdout]   |
[INFO] [stdout] 1 | use crate::Query;
[INFO] [stdout]   |
[INFO] [stdout] 
[INFO] [stdout] 
[INFO] [stdout] error[E0412]: cannot find type `BodyPerception` in this scope
[INFO] [stdout]  --> src/intelligence/test.rs:8:44
[INFO] [stdout]   |
[INFO] [stdout] 8 | pub fn perceive_body(mut query: Query<&mut BodyPerception>) {
[INFO] [stdout]   |                     -                      ^^^^^^^^^^^^^^ not found in this scope
[INFO] [stdout]   |                     |
[INFO] [stdout]   |                     help: you might be missing a type parameter: `<BodyPerception>`
[INFO] [stdout] 
[INFO] [stdout] 
[INFO] [stdout] error[E0412]: cannot find type `Query` in this scope
[INFO] [stdout]   --> src/intelligence/test.rs:16:16
[INFO] [stdout]    |
[INFO] [stdout] 16 |     mut query: Query<&mut MovementDecision>
[INFO] [stdout]    |                ^^^^^ not found in this scope
[INFO] [stdout]    |
[INFO] [stdout] help: consider importing one of these items
[INFO] [stdout]    |
[INFO] [stdout] 1  | use bevy::ecs::Query;
[INFO] [stdout]    |
[INFO] [stdout] 1  | use crate::Query;
[INFO] [stdout]    |
[INFO] [stdout] 
[INFO] [stdout] 
[INFO] [stdout] error[E0412]: cannot find type `MovementDecision` in this scope
[INFO] [stdout]   --> src/intelligence/test.rs:16:27
[INFO] [stdout]    |
[INFO] [stdout] 15 | pub fn decide_movement(
[INFO] [stdout]    |                       - help: you might be missing a type parameter: `<MovementDecision>`
[INFO] [stdout] 16 |     mut query: Query<&mut MovementDecision>
[INFO] [stdout]    |                           ^^^^^^^^^^^^^^^^ not found in this scope
[INFO] [stdout] 
[INFO] [stdout] 
[INFO] [stdout] error[E0412]: cannot find type `Query` in this scope
[INFO] [stdout]   --> src/intelligence/test.rs:24:16
[INFO] [stdout]    |
[INFO] [stdout] 24 |     mut query: Query<&mut ReproductionDecision>
[INFO] [stdout]    |                ^^^^^ not found in this scope
[INFO] [stdout]    |
[INFO] [stdout] help: consider importing one of these items
[INFO] [stdout]    |
[INFO] [stdout] 1  | use bevy::ecs::Query;
[INFO] [stdout]    |
[INFO] [stdout] 1  | use crate::Query;
[INFO] [stdout]    |
[INFO] [stdout] 
[INFO] [stdout] 
[INFO] [stdout] error[E0412]: cannot find type `ReproductionDecision` in this scope
[INFO] [stdout]   --> src/intelligence/test.rs:24:27
[INFO] [stdout]    |
[INFO] [stdout] 23 | pub fn decide_reproduction(
[INFO] [stdout]    |                           - help: you might be missing a type parameter: `<ReproductionDecision>`
[INFO] [stdout] 24 |     mut query: Query<&mut ReproductionDecision>
[INFO] [stdout]    |                           ^^^^^^^^^^^^^^^^^^^^ not found in this scope
[INFO] [stdout] 
[INFO] [stdout] 
[INFO] [stdout] error[E0412]: cannot find type `BodyPerception` in this scope
[INFO] [stdout]    --> src/intelligence/mod.rs:149:11
[INFO] [stdout]     |
[INFO] [stdout] 136 | pub struct Perception {
[INFO] [stdout]     | --------------------- similarly named struct `Perception` defined here
[INFO] [stdout] ...
[INFO] [stdout] 149 |     body: BodyPerception,
[INFO] [stdout]     |           ^^^^^^^^^^^^^^ help: a struct with a similar name exists: `Perception`
[INFO] [stdout] 
[INFO] [stdout] 
[INFO] [stdout] error[E0412]: cannot find type `VisionPerception` in this scope
[INFO] [stdout]    --> src/intelligence/mod.rs:150:13
[INFO] [stdout]     |
[INFO] [stdout] 150 |     vision: VisionPerception,
[INFO] [stdout]     |             ^^^^^^^^^^^^^^^^ not found in this scope
[INFO] [stdout] 
[INFO] [stdout] 
[INFO] [stdout] error[E0412]: cannot find type `MovementDecision` in this scope
[INFO] [stdout]    --> src/intelligence/mod.rs:156:15
[INFO] [stdout]     |
[INFO] [stdout] 156 |     movement: MovementDecision,
[INFO] [stdout]     |               ^^^^^^^^^^^^^^^^ not found in this scope
[INFO] [stdout] 
[INFO] [stdout] 
[INFO] [stdout] error[E0412]: cannot find type `ReproductionDecision` in this scope
[INFO] [stdout]    --> src/intelligence/mod.rs:157:19
[INFO] [stdout]     |
[INFO] [stdout] 157 |     reproduction: ReproductionDecision,
[INFO] [stdout]     |                   ^^^^^^^^^^^^^^^^^^^^ not found in this scope
[INFO] [stdout] 
[INFO] [stdout] 
[INFO] [stdout] error[E0412]: cannot find type `PerceptionDryRun` in this scope
[INFO] [stdout]    --> src/intelligence/mod.rs:266:26
[INFO] [stdout]     |
[INFO] [stdout] 266 | fn dry_run(query: Query<(PerceptionDryRun, DecisionDryRun), Added<IntelligenceBundle>>) {
[INFO] [stdout]     |           -              ^^^^^^^^^^^^^^^^ not found in this scope
[INFO] [stdout]     |           |
[INFO] [stdout]     |           help: you might be missing a type parameter: `<PerceptionDryRun>`
[INFO] [stdout] 
[INFO] [stdout] 
[INFO] [stdout] error[E0412]: cannot find type `DecisionDryRun` in this scope
[INFO] [stdout]    --> src/intelligence/mod.rs:266:44
[INFO] [stdout]     |
[INFO] [stdout] 266 | fn dry_run(query: Query<(PerceptionDryRun, DecisionDryRun), Added<IntelligenceBundle>>) {
[INFO] [stdout]     |           -                                ^^^^^^^^^^^^^^ not found in this scope
[INFO] [stdout]     |           |
[INFO] [stdout]     |           help: you might be missing a type parameter: `<DecisionDryRun>`
[INFO] [stdout] 
[INFO] [stdout] 
[INFO] [stdout] error: Compilation failed, aborting rustdoc
[INFO] [stdout] 
[INFO] [stdout] 
[INFO] [stdout] error: aborting due to 19 previous errors
[INFO] [stdout] 
[INFO] [stdout] 
[INFO] [stdout] Some errors have detailed explanations: E0412, E0432.
[INFO] [stdout] 
[INFO] [stdout] For more information about an error, try `rustc --explain E0412`.
[INFO] [stdout] 
[INFO] [stderr] error: could not document `corgis`
[INFO] [stderr] 
[INFO] [stderr] Caused by:
[INFO] [stderr]   process didn't exit successfully: `rustdoc --edition=2018 --crate-type bin --crate-name corgis src/main.rs -o /opt/rustwide/target/doc --error-format=json --json=diagnostic-rendered-ansi --document-private-items -L dependency=/opt/rustwide/target/debug/deps --extern bevy=/opt/rustwide/target/debug/deps/libbevy-b4b13a95693a8e45.rmeta --extern bevy_rapier2d=/opt/rustwide/target/debug/deps/libbevy_rapier2d-7795eb769e77ba40.rmeta --extern rand=/opt/rustwide/target/debug/deps/librand-1e418563711b27c2.rmeta --cap-lints=warn --crate-version 0.0.0` (exit status: 1)
[INFO] running `Command { std: "docker" "inspect" "44e13e378ce5418615f0450226e9735b853c09157fc4959f2e7575cc788a495d", kill_on_drop: false }`
[INFO] running `Command { std: "docker" "rm" "-f" "44e13e378ce5418615f0450226e9735b853c09157fc4959f2e7575cc788a495d", kill_on_drop: false }`
[INFO] [stdout] 44e13e378ce5418615f0450226e9735b853c09157fc4959f2e7575cc788a495d
