[INFO] cloning repository https://github.com/JoshOrndorff/state-changer
[INFO] running `Command { std: "git" "-c" "credential.helper=" "-c" "credential.helper=/workspace/cargo-home/bin/git-credential-null" "clone" "--bare" "https://github.com/JoshOrndorff/state-changer" "/workspace/cache/git-repos/https%3A%2F%2Fgithub.com%2FJoshOrndorff%2Fstate-changer", kill_on_drop: false }`
[INFO] [stderr] Cloning into bare repository '/workspace/cache/git-repos/https%3A%2F%2Fgithub.com%2FJoshOrndorff%2Fstate-changer'...
[INFO] running `Command { std: "git" "rev-parse" "HEAD", kill_on_drop: false }`
[INFO] [stdout] 338e27d7c420b643699464d594e73f5cd61150bc
[INFO] documenting JoshOrndorff/state-changer against beta-2021-08-01 for beta-1.55-rustdoc-1
[INFO] running `Command { std: "git" "clone" "/workspace/cache/git-repos/https%3A%2F%2Fgithub.com%2FJoshOrndorff%2Fstate-changer" "/workspace/builds/worker-7/source", kill_on_drop: false }`
[INFO] [stderr] Cloning into '/workspace/builds/worker-7/source'...
[INFO] [stderr] done.
[INFO] validating manifest of git repo https://github.com/JoshOrndorff/state-changer on toolchain beta-2021-08-01
[INFO] running `Command { std: "/workspace/cargo-home/bin/cargo" "+beta-2021-08-01" "metadata" "--manifest-path" "Cargo.toml" "--no-deps", kill_on_drop: false }`
[INFO] started tweaking git repo https://github.com/JoshOrndorff/state-changer
[INFO] finished tweaking git repo https://github.com/JoshOrndorff/state-changer
[INFO] tweaked toml for git repo https://github.com/JoshOrndorff/state-changer written to /workspace/builds/worker-7/source/Cargo.toml
[INFO] crate git repo https://github.com/JoshOrndorff/state-changer already has a lockfile, it will not be regenerated
[INFO] running `Command { std: "/workspace/cargo-home/bin/cargo" "+beta-2021-08-01" "fetch" "--manifest-path" "Cargo.toml", kill_on_drop: false }`
[INFO] [stderr]     Blocking waiting for file lock on package cache
[INFO] [stderr]     Updating git repository `https://github.com/paritytech/parity-common`
[INFO] [stderr]  Downloading crates ...
[INFO] [stderr]   Downloaded tokio-udp v0.1.3
[INFO] [stderr]   Downloaded tokio-current-thread v0.1.6
[INFO] [stderr]   Downloaded tokio-fs v0.1.6
[INFO] [stderr]   Downloaded error-chain v0.12.1
[INFO] [stderr]   Downloaded unicase v2.4.0
[INFO] [stderr]   Downloaded vcpkg v0.2.7
[INFO] [stderr]   Downloaded ws v0.7.9
[INFO] [stderr]   Downloaded tokio-threadpool v0.1.15
[INFO] [stderr]   Downloaded tokio-timer v0.2.11
[INFO] [stderr]   Downloaded h2 v0.1.25
[INFO] [stderr]   Downloaded scrypt v0.1.2
[INFO] [stderr]   Downloaded jsonrpc-server-utils v10.1.0
[INFO] [stderr]   Downloaded zeroize v0.5.2
[INFO] [stderr]   Downloaded block-modes v0.3.3
[INFO] [stderr]   Downloaded wincolor v1.0.1
[INFO] [stderr]   Downloaded aes v0.3.2
[INFO] [stderr]   Downloaded crypto-mac v0.6.2
[INFO] [stderr]   Downloaded cexpr v0.3.5
[INFO] [stderr]   Downloaded rocksdb v0.11.0
[INFO] [stderr]   Downloaded c2-chacha v0.2.2
[INFO] [stderr]   Downloaded which v2.0.1
[INFO] [stderr]   Downloaded ctrlc v3.1.3
[INFO] [stderr]   Downloaded humantime v1.2.0
[INFO] [stderr]   Downloaded schannel v0.1.15
[INFO] [stderr]   Downloaded libp2p-identify v0.7.0
[INFO] [stderr]   Downloaded libp2p-plaintext v0.7.0
[INFO] [stderr]   Downloaded clang-sys v0.26.4
[INFO] [stderr]   Downloaded libp2p-kad v0.7.0
[INFO] [stderr]   Downloaded libp2p-mdns v0.7.0
[INFO] [stderr]   Downloaded libp2p-secio v0.7.0
[INFO] [stderr]   Downloaded libp2p-dns v0.7.0
[INFO] [stderr]   Downloaded snow v0.5.2
[INFO] [stderr]   Downloaded libp2p-floodsub v0.7.0
[INFO] [stderr]   Downloaded sha2 v0.7.1
[INFO] [stderr]   Downloaded block-buffer v0.3.3
[INFO] [stderr]   Downloaded libp2p-core-derive v0.7.0
[INFO] [stderr]   Downloaded hmac v0.6.3
[INFO] [stderr]   Downloaded digest v0.7.6
[INFO] [stderr]   Downloaded bstr v0.2.1
[INFO] [stderr]   Downloaded parity-ws v0.8.0
[INFO] [stderr]   Downloaded jsonrpc-ws-server v10.1.0
[INFO] [stderr]   Downloaded security-framework-sys v0.3.1
[INFO] [stderr]   Downloaded yamux v0.2.1
[INFO] [stderr]   Downloaded libp2p-ping v0.7.0
[INFO] [stderr]   Downloaded chrono v0.4.7
[INFO] [stderr]   Downloaded aio-limited v0.1.0
[INFO] [stderr]   Downloaded malloc_size_of_derive v0.1.0
[INFO] [stderr]   Downloaded libp2p-tcp v0.7.2
[INFO] [stderr]   Downloaded bigint v4.4.1
[INFO] [stderr]   Downloaded jsonrpc-core v10.1.0
[INFO] [stderr]   Downloaded libp2p-mplex v0.7.0
[INFO] [stderr]   Downloaded librocksdb-sys v5.18.3
[INFO] [stderr]   Downloaded ppv-lite86 v0.2.5
[INFO] [stderr]   Downloaded nohash-hasher v0.1.1
[INFO] [stderr]   Downloaded wasm-bindgen-macro-support v0.2.47
[INFO] [stderr]   Downloaded secp256k1 v0.12.2
[INFO] [stderr]   Downloaded static_slice v0.0.3
[INFO] [stderr]   Downloaded wasm-bindgen v0.2.47
[INFO] [stderr]   Downloaded openssl v0.10.23
[INFO] [stderr]   Downloaded wasm-bindgen-macro v0.2.47
[INFO] [stderr]   Downloaded impl-serde v0.2.0
[INFO] [stderr]   Downloaded slog-scope v4.1.1
[INFO] [stderr]   Downloaded backtrace v0.3.32
[INFO] [stderr]   Downloaded data-encoding v2.1.2
[INFO] [stderr]   Downloaded openssl-sys v0.9.47
[INFO] [stderr]   Downloaded libp2p-uds v0.7.0
[INFO] [stderr]   Downloaded hyper v0.12.32
[INFO] [stderr]   Downloaded wasm-bindgen-webidl v0.2.47
[INFO] [stderr]   Downloaded wasm-bindgen-backend v0.2.47
[INFO] [stderr]   Downloaded proc-macro-hack v0.5.8
[INFO] [stderr]   Downloaded toml v0.5.1
[INFO] [stderr]   Downloaded libp2p-ratelimit v0.7.0
[INFO] [stderr]   Downloaded websocket v0.22.4
[INFO] [stderr]   Downloaded serde_json v1.0.40
[INFO] [stderr]   Downloaded sysinfo v0.8.6
[INFO] [stderr]   Downloaded wasm-bindgen-futures v0.3.24
[INFO] [stderr]   Downloaded asn1_der v0.6.2
[INFO] [stderr]   Downloaded getrandom v0.1.6
[INFO] [stderr]   Downloaded jsonrpc-pubsub v10.1.0
[INFO] [stderr]   Downloaded libp2p-websocket v0.7.0
[INFO] [stderr]   Downloaded web-sys v0.3.24
[INFO] [stderr]   Downloaded twox-hash v1.4.2
[INFO] [stderr]   Downloaded js-sys v0.3.24
[INFO] [stderr]   Downloaded fdlimit v0.1.1
[INFO] [stderr]   Downloaded jsonrpc-derive v10.1.0
[INFO] [stderr]   Downloaded jsonrpc-http-server v10.1.0
[INFO] [stderr]   Downloaded stream-cipher v0.3.0
[INFO] [stderr]   Downloaded libp2p v0.7.0
[INFO] [stderr]   Downloaded weedle v0.9.0
[INFO] [stderr]   Downloaded tk-listen v0.2.1
[INFO] [stderr]   Downloaded serde_derive v1.0.94
[INFO] [stderr]   Downloaded curve25519-dalek v1.2.1
[INFO] [stderr]   Downloaded http v0.1.17
[INFO] [stderr]   Downloaded serde v1.0.94
[INFO] [stderr]   Downloaded slog v2.4.1
[INFO] [stderr]   Downloaded wasm-bindgen-shared v0.2.47
[INFO] [stderr]   Downloaded protobuf v2.7.0
[INFO] [stderr]   Downloaded bindgen v0.47.3
[INFO] [stderr]   Downloaded regex v1.1.9
[INFO] [stderr]   Downloaded libc v0.2.59
[INFO] [stderr]   Downloaded regex-syntax v0.6.8
[INFO] [stderr]   Downloaded libp2p-noise v0.5.0
[INFO] [stderr]   Downloaded security-framework v0.3.1
[INFO] [stderr]   Downloaded tokio-reactor v0.1.9
[INFO] [stderr]   Downloaded rand_core v0.5.0
[INFO] [stderr]   Downloaded exit-future v0.1.4
[INFO] [stderr]   Downloaded libp2p-core v0.7.1
[INFO] [stderr]   Downloaded ripemd160 v0.8.0
[INFO] [stderr]   Downloaded generic-array v0.9.0
[INFO] [stderr]   Downloaded bs58 v0.2.2
[INFO] [stderr]   Downloaded rand_chacha v0.2.0
[INFO] [stderr]   Downloaded rand v0.7.0
[INFO] [stderr]   Downloaded unsigned-varint v0.2.2
[INFO] [stderr]   Downloaded asn1_der_derive v0.1.1
[INFO] [stderr]   Downloaded quick-error v0.1.4
[INFO] [stderr]   Downloaded sha-1 v0.8.1
[INFO] [stderr]   Downloaded multistream-select v0.4.0
[INFO] [stderr]   Downloaded libp2p-yamux v0.7.0
[INFO] [stderr]   Downloaded parity-multiaddr v0.4.1
[INFO] [stderr]   Downloaded pbkdf2 v0.2.3
[INFO] [stderr]   Downloaded bumpalo v2.5.0
[INFO] [stderr]   Downloaded parity-crypto v0.3.1
[INFO] [stderr]   Downloaded parity-multihash v0.1.2
[INFO] [stderr]   Downloaded slog-async v2.3.0
[INFO] [stderr]   Downloaded aho-corasick v0.7.4
[INFO] [stderr]   Downloaded syn v0.15.39
[INFO] [stderr]   Downloaded tokio-executor v0.1.8
[INFO] [stderr]   Downloaded tokio-sync v0.1.6
[INFO] [stderr]   Downloaded tokio-uds v0.2.5
[INFO] [stderr]   Downloaded cc v1.0.26
[INFO] [stderr]   Downloaded backtrace-sys v0.1.30
[INFO] [stderr]   Downloaded blake2 v0.8.0
[INFO] [stderr]   Downloaded ryu v1.0.0
[INFO] [stderr]   Downloaded futures v0.1.28
[INFO] running `Command { std: "docker" "create" "-v" "/var/lib/crater-agent-workspace/builds/worker-7/target:/opt/rustwide/target:rw,Z" "-v" "/var/lib/crater-agent-workspace/builds/worker-7/source:/opt/rustwide/workdir:ro,Z" "-v" "/var/lib/crater-agent-workspace/cargo-home:/opt/rustwide/cargo-home:ro,Z" "-v" "/var/lib/crater-agent-workspace/rustup-home:/opt/rustwide/rustup-home:ro,Z" "-e" "SOURCE_DIR=/opt/rustwide/workdir" "-e" "CARGO_TARGET_DIR=/opt/rustwide/target" "-e" "CARGO_HOME=/opt/rustwide/cargo-home" "-e" "RUSTUP_HOME=/opt/rustwide/rustup-home" "-w" "/opt/rustwide/workdir" "-m" "1610612736" "--user" "0:0" "--network" "none" "ghcr.io/rust-lang/crates-build-env/linux@sha256:34b6a614d2c27851fe6cbf88fbd1137609cefab8b10d0615aaeb6fd47975d74e" "/opt/rustwide/cargo-home/bin/cargo" "+beta-2021-08-01" "metadata" "--no-deps" "--format-version=1", kill_on_drop: false }`
[INFO] [stdout] c29a4f6466d82c38ae6decf7b82cb15a44f9f34c5f15b023b6fdf89f1ae1e7f1
[INFO] [stderr] WARNING: Your kernel does not support swap limit capabilities or the cgroup is not mounted. Memory limited without swap.
[INFO] running `Command { std: "docker" "start" "-a" "c29a4f6466d82c38ae6decf7b82cb15a44f9f34c5f15b023b6fdf89f1ae1e7f1", kill_on_drop: false }`
[INFO] running `Command { std: "docker" "inspect" "c29a4f6466d82c38ae6decf7b82cb15a44f9f34c5f15b023b6fdf89f1ae1e7f1", kill_on_drop: false }`
[INFO] running `Command { std: "docker" "rm" "-f" "c29a4f6466d82c38ae6decf7b82cb15a44f9f34c5f15b023b6fdf89f1ae1e7f1", kill_on_drop: false }`
[INFO] [stdout] c29a4f6466d82c38ae6decf7b82cb15a44f9f34c5f15b023b6fdf89f1ae1e7f1
[INFO] running `Command { std: "docker" "create" "-v" "/var/lib/crater-agent-workspace/builds/worker-7/target:/opt/rustwide/target:rw,Z" "-v" "/var/lib/crater-agent-workspace/builds/worker-7/source:/opt/rustwide/workdir:ro,Z" "-v" "/var/lib/crater-agent-workspace/cargo-home:/opt/rustwide/cargo-home:ro,Z" "-v" "/var/lib/crater-agent-workspace/rustup-home:/opt/rustwide/rustup-home:ro,Z" "-e" "SOURCE_DIR=/opt/rustwide/workdir" "-e" "CARGO_TARGET_DIR=/opt/rustwide/target" "-e" "CARGO_INCREMENTAL=0" "-e" "RUST_BACKTRACE=full" "-e" "RUSTDOCFLAGS=--cap-lints=warn" "-e" "CARGO_HOME=/opt/rustwide/cargo-home" "-e" "RUSTUP_HOME=/opt/rustwide/rustup-home" "-w" "/opt/rustwide/workdir" "-m" "1610612736" "--user" "0:0" "--network" "none" "ghcr.io/rust-lang/crates-build-env/linux@sha256:34b6a614d2c27851fe6cbf88fbd1137609cefab8b10d0615aaeb6fd47975d74e" "/opt/rustwide/cargo-home/bin/cargo" "+beta-2021-08-01" "doc" "--frozen" "--no-deps" "--document-private-items" "--message-format=json", kill_on_drop: false }`
[INFO] [stdout] f7814860d1d7e4ebabd2e44f5c391dd956da9b9a226dca8a1485303c0105ecc4
[INFO] [stderr] WARNING: Your kernel does not support swap limit capabilities or the cgroup is not mounted. Memory limited without swap.
[INFO] running `Command { std: "docker" "start" "-a" "f7814860d1d7e4ebabd2e44f5c391dd956da9b9a226dca8a1485303c0105ecc4", kill_on_drop: false }`
[INFO] [stderr]    Compiling libc v0.2.59
[INFO] [stderr]    Compiling spin v0.5.0
[INFO] [stderr]    Compiling nodrop v0.1.13
[INFO] [stderr]    Compiling rayon-core v1.5.0
[INFO] [stderr]    Compiling either v1.5.2
[INFO] [stderr]    Compiling syn v0.15.39
[INFO] [stderr]    Compiling subtle v2.1.0
[INFO] [stderr]     Checking constant_time_eq v0.1.3
[INFO] [stderr]     Checking rustc-hex v2.0.1
[INFO] [stderr]    Compiling proc-macro-hack-impl v0.4.1
[INFO] [stderr]     Checking hash-db v0.12.4
[INFO] [stderr]     Checking hashmap_core v0.1.10
[INFO] [stderr]    Compiling protobuf v2.7.0
[INFO] [stderr]     Checking bs58 v0.2.2
[INFO] [stderr]     Checking zeroize v0.5.2
[INFO] [stderr]     Checking environmental v1.0.1
[INFO] [stderr]     Checking integer-sqrt v0.1.2
[INFO] [stderr]     Checking static_slice v0.0.3
[INFO] [stderr]     Checking quick-error v0.1.4
[INFO] [stderr]     Checking nohash-hasher v0.1.1
[INFO] [stderr]     Checking strum v0.14.0
[INFO] [stderr]     Checking parity-bytes v0.1.0 (https://github.com/paritytech/parity-common?rev=b0317f649ab2c665b7987b8475878fc4d2e1f81d#b0317f64)
[INFO] [stderr]    Compiling rustc-demangle v0.1.15
[INFO] [stderr]     Checking bitmask v0.5.0
[INFO] [stderr]    Compiling unicode-width v0.1.5
[INFO] [stderr]    Compiling utf8-ranges v1.0.3
[INFO] [stderr]     Checking interleaved-ordered v0.1.1
[INFO] [stderr]    Compiling names v0.11.0
[INFO] [stderr]    Compiling sysinfo v0.8.6
[INFO] [stderr]     Checking target_info v0.1.0
[INFO] [stderr]    Compiling rand v0.6.5
[INFO] [stderr]    Compiling num-traits v0.2.8
[INFO] [stderr]    Compiling num-integer v0.1.41
[INFO] [stderr]    Compiling log v0.4.6
[INFO] [stderr]     Checking rand_core v0.3.1
[INFO] [stderr]     Checking trie-root v0.12.4
[INFO] [stderr]    Compiling lazy_static v1.3.0
[INFO] [stderr]    Compiling regex-syntax v0.6.8
[INFO] [stderr]     Checking linked_hash_set v0.1.3
[INFO] [stderr]     Checking app_dirs v1.2.1
[INFO] [stderr]    Compiling arrayvec v0.4.10
[INFO] [stderr]    Compiling byteorder v1.3.2
[INFO] [stderr]    Compiling typenum v1.10.0
[INFO] [stderr]     Checking log v0.3.9
[INFO] [stderr]     Checking want v0.2.0
[INFO] [stderr]    Compiling textwrap v0.10.0
[INFO] [stderr]     Checking slog v2.4.1
[INFO] [stderr]     Checking rand_hc v0.1.0
[INFO] [stderr]     Checking rand_xorshift v0.1.1
[INFO] [stderr]     Checking rand_isaac v0.1.1
[INFO] [stderr]    Compiling crossbeam-utils v0.6.5
[INFO] [stderr]    Compiling thread_local v0.3.6
[INFO] [stderr]     Checking blake2-rfc v0.2.18
[INFO] [stderr]     Checking parity-wasm v0.31.3
[INFO] [stderr]     Checking hashbrown v0.1.8
[INFO] [stderr]     Checking base64 v0.9.3
[INFO] [stderr]     Checking base64 v0.10.1
[INFO] [stderr]     Checking dns-parser v0.8.0
[INFO] [stderr]     Checking generic-array v0.8.3
[INFO] [stderr]    Compiling proc-macro-hack v0.4.1
[INFO] [stderr]     Checking rand_chacha v0.1.1
[INFO] [stderr]     Checking crossbeam-epoch v0.7.1
[INFO] [stderr]     Checking crossbeam-channel v0.3.8
[INFO] [stderr]    Compiling sr-std v1.0.0 (https://github.com/paritytech/substrate.git?rev=2e30b7321df0cc4dba525cfcf18df8438e12b830#2e30b732)
[INFO] [stderr]    Compiling sr-io v1.0.0 (https://github.com/paritytech/substrate.git?rev=2e30b7321df0cc4dba525cfcf18df8438e12b830#2e30b732)
[INFO] [stderr]    Compiling snow v0.5.2
[INFO] [stderr]    Compiling safe-mix v1.0.0
[INFO] [stderr]    Compiling hyper v0.12.32
[INFO] [stderr]     Checking bstr v0.2.1
[INFO] [stderr]    Compiling aho-corasick v0.7.4
[INFO] [stderr]     Checking uint v0.7.1
[INFO] [stderr]     Checking hash256-std-hasher v0.12.4
[INFO] [stderr]     Checking tiny-keccak v1.5.0
[INFO] [stderr]     Checking bigint v4.4.1
[INFO] [stderr]     Checking mime v0.2.6
[INFO] [stderr]     Checking block-buffer v0.7.3
[INFO] [stderr]     Checking crypto-mac v0.7.0
[INFO] [stderr]     Checking block-cipher-trait v0.6.2
[INFO] [stderr]     Checking stream-cipher v0.3.0
[INFO] [stderr]     Checking crypto-mac v0.6.2
[INFO] [stderr]     Checking slog-async v2.3.0
[INFO] [stderr]    Compiling crossbeam-queue v0.1.2
[INFO] [stderr]    Compiling hex-literal-impl v0.1.2
[INFO] [stderr]     Checking digest v0.6.2
[INFO] [stderr]     Checking crypto-mac v0.4.0
[INFO] [stderr]     Checking block-buffer v0.2.0
[INFO] [stderr]     Checking kvdb v0.1.0 (https://github.com/paritytech/parity-common?rev=b0317f649ab2c665b7987b8475878fc4d2e1f81d#b0317f64)
[INFO] [stderr]    Compiling generic-array v0.12.3
[INFO] [stderr]     Checking crossbeam-deque v0.7.1
[INFO] [stderr]     Checking crossbeam-deque v0.6.3
[INFO] [stderr]     Checking sha2 v0.7.1
[INFO] [stderr]     Checking hmac v0.7.0
[INFO] [stderr]     Checking pbkdf2 v0.3.0
[INFO] [stderr]     Checking blake2 v0.8.0
[INFO] [stderr]     Checking sha2 v0.8.0
[INFO] [stderr]     Checking sha3 v0.8.2
[INFO] [stderr]     Checking sha-1 v0.8.1
[INFO] [stderr]     Checking ripemd160 v0.8.0
[INFO] [stderr]     Checking aes-soft v0.3.3
[INFO] [stderr]     Checking twofish v0.2.0
[INFO] [stderr]     Checking block-modes v0.3.3
[INFO] [stderr]     Checking ctr v0.3.2
[INFO] [stderr]     Checking hmac v0.6.3
[INFO] [stderr]     Checking pbkdf2 v0.2.3
[INFO] [stderr]     Checking rand_os v0.1.3
[INFO] [stderr]     Checking iovec v0.1.2
[INFO] [stderr]     Checking rand v0.4.6
[INFO] [stderr]     Checking rand v0.5.6
[INFO] [stderr]     Checking num_cpus v1.10.1
[INFO] [stderr]     Checking net2 v0.2.33
[INFO] [stderr]     Checking time v0.1.42
[INFO] [stderr]     Checking get_if_addrs v0.5.3
[INFO] [stderr]     Checking fs-swap v0.2.4
[INFO] [stderr]     Checking atty v0.2.11
[INFO] [stderr]     Checking fdlimit v0.1.1
[INFO] [stderr]     Checking nix v0.14.1
[INFO] [stderr]     Checking globset v0.4.4
[INFO] [stderr]     Checking hmac v0.4.2
[INFO] [stderr]     Checking wasmi-validation v0.1.0
[INFO] [stderr]     Checking sha2 v0.6.0
[INFO] [stderr]    Compiling digest v0.8.1
[INFO] [stderr]     Checking hex-literal v0.1.4
[INFO] [stderr]     Checking aes v0.3.2
[INFO] [stderr]     Checking aes-ctr v0.3.0
[INFO] [stderr]     Checking scrypt v0.1.2
[INFO] [stderr]    Compiling regex v1.1.9
[INFO] [stderr]     Checking bytes v0.4.12
[INFO] [stderr]     Checking futures-cpupool v0.1.8
[INFO] [stderr]     Checking clap v2.32.0
[INFO] [stderr]     Checking env_logger v0.6.2
[INFO] [stderr]     Checking mio v0.6.19
[INFO] [stderr]     Checking hyper v0.10.16
[INFO] [stderr]     Checking hmac-drbg v0.1.2
[INFO] [stderr]     Checking rand v0.3.23
[INFO] [stderr]     Checking parking_lot_core v0.2.14
[INFO] [stderr]     Checking wasmi v0.4.5
[INFO] [stderr]     Checking fixed-hash v0.3.2
[INFO] [stderr]     Checking parking_lot_core v0.3.1
[INFO] [stderr]     Checking tokio-io v0.1.12
[INFO] [stderr]     Checking http v0.1.17
[INFO] [stderr]     Checking string v0.2.1
[INFO] [stderr]     Checking tokio-buf v0.1.1
[INFO] [stderr]     Checking rayon v1.1.0
[INFO] [stderr]     Checking libsecp256k1 v0.2.2
[INFO] [stderr]     Checking chrono v0.4.7
[INFO] [stderr]     Checking cuckoofilter v0.3.2
[INFO] [stderr]     Checking parking_lot v0.5.5
[INFO] [stderr]     Checking parking_lot_core v0.4.0
[INFO] [stderr]     Checking twox-hash v1.4.2
[INFO] [stderr]     Checking trie-db v0.12.4
[INFO] [stderr]     Checking tokio-threadpool v0.1.15
[INFO] [stderr]     Checking mio-uds v0.6.7
[INFO] [stderr]     Checking mio-extras v2.0.5
[INFO] [stderr]     Checking parking_lot v0.6.4
[INFO] [stderr]     Checking tokio-codec v0.1.1
[INFO] [stderr]     Checking rw-stream-sink v0.1.2
[INFO] [stderr]     Checking aio-limited v0.1.0
[INFO] [stderr]     Checking parking_lot v0.7.1
[INFO] [stderr]     Checking ctrlc v3.1.3
[INFO] [stderr]     Checking parity-ws v0.8.0
[INFO] [stderr]     Checking unsigned-varint v0.2.2
[INFO] [stderr]     Checking yamux v0.2.1
[INFO] [stderr]     Checking tokio-fs v0.1.6
[INFO] [stderr]     Checking once_cell v0.1.8
[INFO] [stderr]     Checking tokio-reactor v0.1.9
[INFO] [stderr]     Checking crossbeam v0.6.0
[INFO] [stderr]     Checking exit-future v0.1.4
[INFO] [stderr]     Checking parity-multihash v0.1.2
[INFO] [stderr]     Checking multistream-select v0.4.0
[INFO] [stderr]    Compiling vergen v3.0.4
[INFO] [stderr]     Checking http-body v0.1.0
[INFO] [stderr]     Checking h2 v0.1.25
[INFO] [stderr]     Checking tokio-tcp v0.1.3
[INFO] [stderr]     Checking tokio-uds v0.2.5
[INFO] [stderr]     Checking tokio-udp v0.1.3
[INFO] [stderr]     Checking slog-scope v4.1.1
[INFO] [stderr]    Compiling synstructure v0.10.2
[INFO] [stderr]    Compiling cc v1.0.26
[INFO] [stderr]     Checking tokio v0.1.22
[INFO] [stderr]     Checking tokio-dns-unofficial v0.4.0
[INFO] [stderr]     Checking tk-listen v0.2.1
[INFO] [stderr]    Compiling backtrace-sys v0.1.30
[INFO] [stderr]    Compiling clear_on_drop v0.2.3
[INFO] [stderr]    Compiling ring v0.14.6
[INFO] [stderr]    Compiling secp256k1 v0.12.2
[INFO] [stderr]    Compiling openssl-sys v0.9.47
[INFO] [stderr]    Compiling libloading v0.5.2
[INFO] [stderr]    Compiling serde_derive v1.0.94
[INFO] [stderr]    Compiling failure_derive v0.1.5
[INFO] [stderr]    Compiling malloc_size_of_derive v0.1.0
[INFO] [stderr]    Compiling asn1_der_derive v0.1.1
[INFO] [stderr]    Compiling strum_macros v0.14.0
[INFO] [stderr]    Compiling libp2p-core-derive v0.7.0
[INFO] [stderr]    Compiling proc-macro-hack v0.5.8
[INFO] [stderr]    Compiling srml-support-procedural-tools-derive v1.0.0 (https://github.com/paritytech/substrate.git?rev=2e30b7321df0cc4dba525cfcf18df8438e12b830#2e30b732)
[INFO] [stderr]    Compiling jsonrpc-derive v10.1.0
[INFO] [stderr] error: failed to run custom build command for `clear_on_drop v0.2.3`
[INFO] [stderr] 
[INFO] [stderr] Caused by:
[INFO] [stderr]   process didn't exit successfully: `/opt/rustwide/target/debug/build/clear_on_drop-fbf5a52c7f92fff7/build-script-build` (signal: 6, SIGABRT: process abort signal)
[INFO] [stderr]   --- stdout
[INFO] [stderr]   TARGET = Some("x86_64-unknown-linux-gnu")
[INFO] [stderr]   OPT_LEVEL = Some("0")
[INFO] [stderr]   HOST = Some("x86_64-unknown-linux-gnu")
[INFO] [stderr]   CC_x86_64-unknown-linux-gnu = None
[INFO] [stderr]   CC_x86_64_unknown_linux_gnu = None
[INFO] [stderr]   HOST_CC = None
[INFO] [stderr]   CC = None
[INFO] [stderr]   CFLAGS_x86_64-unknown-linux-gnu = None
[INFO] [stderr]   CFLAGS_x86_64_unknown_linux_gnu = None
[INFO] [stderr]   HOST_CFLAGS = None
[INFO] [stderr]   CFLAGS = None
[INFO] [stderr]   DEBUG = Some("true")
[INFO] [stderr]   running: "cc" "-O0" "-ffunction-sections" "-fdata-sections" "-fPIC" "-g" "-fno-omit-frame-pointer" "-m64" "-Wall" "-Wextra" "-o" "/opt/rustwide/target/debug/build/clear_on_drop-13096180a1e2a943/out/src/hide.o" "-c" "src/hide.c"
[INFO] [stderr] 
[INFO] [stderr]   --- stderr
[INFO] [stderr]   thread 'thread '<unnamed>thread '' panicked at 'attempted to leave type `internal::Local` uninitialized, which is invalidthread '<unnamed>', ' panicked at '<unnamed>/rustc/53fd98ca776cb875bc9e5514f56b52eb74f9e7a9/library/core/src/mem/mod.rsattempted to leave type `internal::Local` uninitialized, which is invalid:' panicked at '', attempted to leave type `internal::Local` uninitialized, which is invalid663', /rustc/53fd98ca776cb875bc9e5514f56b52eb74f9e7a9/library/core/src/mem/mod.rs:/rustc/53fd98ca776cb875bc9e5514f56b52eb74f9e7a9/library/core/src/mem/mod.rs:9:663663
[INFO] [stderr]   ::99
[INFO] [stderr] 
[INFO] [stderr]   stack backtrace:
[INFO] [stderr]   <unnamed>' panicked at 'attempted to leave type `internal::Local` uninitialized, which is invalid', /rustc/53fd98ca776cb875bc9e5514f56b52eb74f9e7a9/library/core/src/mem/mod.rs:663:9
[INFO] [stderr]   thread '<unnamed>' panicked at 'attempted to leave type `internal::Local` uninitialized, which is invalid', /rustc/53fd98ca776cb875bc9e5514f56b52eb74f9e7a9/library/core/src/mem/mod.rs:663:9
[INFO] [stderr]   thread '<unnamed>' panicked at 'attempted to leave type `internal::Local` uninitialized, which is invalid', /rustc/53fd98ca776cb875bc9e5514f56b52eb74f9e7a9/library/core/src/mem/mod.rs:663:9
[INFO] [stderr]   thread '<unnamed>' panicked at 'attempted to leave type `internal::Local` uninitialized, which is invalid', /rustc/53fd98ca776cb875bc9e5514f56b52eb74f9e7a9/library/core/src/mem/mod.rs:663:9
[INFO] [stderr]   thread 'thread '<unnamed>' panicked at 'attempted to leave type `internal::Local` uninitialized, which is invalid', /rustc/53fd98ca776cb875bc9e5514f56b52eb74f9e7a9/library/core/src/mem/mod.rs:663:9
[INFO] [stderr]   thread '<unnamed>' panicked at 'attempted to leave type `internal::Local` uninitialized, which is invalid', /rustc/53fd98ca776cb875bc9e5514f56b52eb74f9e7a9/library/core/src/mem/mod.rs:663:9<unnamed>
[INFO] [stderr]   ' panicked at 'attempted to leave type `internal::Local` uninitialized, which is invalid', /rustc/53fd98ca776cb875bc9e5514f56b52eb74f9e7a9/library/core/src/mem/mod.rs:663:9
[INFO] [stderr]   thread '<unnamed>' panicked at 'attempted to leave type `internal::Local` uninitialized, which is invalid', /rustc/53fd98ca776cb875bc9e5514f56b52eb74f9e7a9/library/core/src/mem/mod.rs:663:9
[INFO] [stderr]   thread 'thread '<unnamed>' panicked at 'attempted to leave type `internal::Local` uninitialized, which is invalid', /rustc/53fd98ca776cb875bc9e5514f56b52eb74f9e7a9/library/core/src/mem/mod.rs:663:9
[INFO] [stderr]   thread '<unnamed>' panicked at 'attempted to leave type `internal::Local` uninitialized, which is invalid', /rustc/53fd98ca776cb875bc9e5514f56b52eb74f9e7a9/library/core/src/mem/mod.rs:663:9
[INFO] [stderr]   <unnamed>' panicked at 'attempted to leave type `internal::Local` uninitialized, which is invalid', /rustc/53fd98ca776cb875bc9e5514f56b52eb74f9e7a9/library/core/src/mem/mod.rs:663:9
[INFO] [stderr]    thread '<unnamed>' panicked at 'attempted to leave type `internal::Local` uninitialized, which is invalid', /rustc/53fd98ca776cb875bc9e5514f56b52eb74f9e7a9/library/core/src/mem/mod.rs:663:9
[INFO] [stderr]     0:    thread ' <unnamed>' panicked at 'attempted to leave type `internal::Local` uninitialized, which is invalid', /rustc/53fd98ca776cb875bc9e5514f56b52eb74f9e7a9/library/core/src/mem/mod.rs:663:9
[INFO] [stderr]   0x55bd477413d0 - std::backtrace_rs::backtrace::libunwind::trace::hff4d1766e93f64f1
[INFO] [stderr]                                  at /rustc/53fd98ca776cb875bc9e5514f56b52eb74f9e7a9/library/std/src/../../backtrace/src/backtrace/libunwind.rs:90:5
[INFO] [stderr]      1:     0x55bd477413d0 - std::backtrace_rs::backtrace::trace_unsynchronized::h56bbc8eb78770bcb
[INFO] [stderr]                                  at /rustc/53fd98ca776cb875bc9e5514f56b52eb74f9e7a9/library/std/src/../../backtrace/src/backtrace/mod.rs:66:5
[INFO] [stderr]      2:     0x55bd477413d0 - std::sys_common::backtrace::_print_fmt::h5c8e75464faca780
[INFO] [stderr]                                  at /rustc/53fd98ca776cb875bc9e5514f56b52eb74f9e7a9/library/std/src/sys_common/backtrace.rs:67:5
[INFO] [stderr]      3:     0x55bd477413d0 - <std::sys_common::backtrace::_print::DisplayBacktrace as core::fmt::Display>::fmt::h48b88277def8b362
[INFO] [stderr]                                  at /rustc/53fd98ca776cb875bc9e5514f56b52eb74f9e7a9/library/std/src/sys_common/backtrace.rs:46:22
[INFO] [stderr]      4:     0x55bd47760bcc - core::fmt::write::h3381b3176fe2b3d3
[INFO] [stderr]                                  at /rustc/53fd98ca776cb875bc9e5514f56b52eb74f9e7a9/library/core/src/fmt/mod.rs:1115:17
[INFO] [stderr]      5:     0x55bd4773dd65 - std::io::Write::write_fmt::hd42607e5d8e44db0
[INFO] [stderr]                                  at /rustc/53fd98ca776cb875bc9e5514f56b52eb74f9e7a9/library/std/src/io/mod.rs:1665:15
[INFO] [stderr]      6:     0x55bd477435db - std::sys_common::backtrace::_print::ha537687d6c17dd0d
[INFO] [stderr]                                  at /rustc/53fd98ca776cb875bc9e5514f56b52eb74f9e7a9/library/std/src/sys_common/backtrace.rs:49:5
[INFO] [stderr]      7:     0x55bd477435db - std::sys_common::backtrace::print::h61376ae57d131d72
[INFO] [stderr]                                  at /rustc/53fd98ca776cb875bc9e5514f56b52eb74f9e7a9/library/std/src/sys_common/backtrace.rs:36:9
[INFO] [stderr]      8:     0x55bd477435db - std::panicking::default_hook::{{closure}}::h0f7208c0b9644a54
[INFO] [stderr]                                  at /rustc/53fd98ca776cb875bc9e5514f56b52eb74f9e7a9/library/std/src/panicking.rs:208:50
[INFO] [stderr]      9:     0x55bd477430b1 - std::panicking::default_hook::hdac7fc06578c14ce
[INFO] [stderr]                                  at /rustc/53fd98ca776cb875bc9e5514f56b52eb74f9e7a9/library/std/src/panicking.rs:225:9
[INFO] [stderr]     10:     0x55bd47743ca4 - std::panicking::rust_panic_with_hook::h72b21c283da3d1ef
[INFO] [stderr]                                  at /rustc/53fd98ca776cb875bc9e5514f56b52eb74f9e7a9/library/std/src/panicking.rs:622:17
[INFO] [stderr]     11:     0x55bd47743757 - std::panicking::begin_panic_handler::{{closure}}::he5778f1729cff84a
[INFO] [stderr]                                  at /rustc/53fd98ca776cb875bc9e5514f56b52eb74f9e7a9/library/std/src/panicking.rs:517:13
[INFO] [stderr]     12:     0x55bd477418ac - std::sys_common::backtrace::__rust_end_short_backtrace::h2d11ca8b453b4b1d
[INFO] [stderr]                                  at /rustc/53fd98ca776cb875bc9e5514f56b52eb74f9e7a9/library/std/src/sys_common/backtrace.rs:141:18
[INFO] [stderr]     13:     0x55bd477436e9 - rust_begin_unwind
[INFO] [stderr]                                  at /rustc/53fd98ca776cb875bc9e5514f56b52eb74f9e7a9/library/std/src/panicking.rs:515:5
[INFO] [stderr]     14:     0x55bd4769c3a1 - core::panicking::panic_fmt::hf9de31d4acbce4db
[INFO] [stderr]                                  at /rustc/53fd98ca776cb875bc9e5514f56b52eb74f9e7a9/library/core/src/panicking.rs:92:14
[INFO] [stderr]     15:     0x55bd4769c2ed - core::panicking::panic::h8a6bc58a21c6c095
[INFO] [stderr]                                  at /rustc/53fd98ca776cb875bc9e5514f56b52eb74f9e7a9/library/core/src/panicking.rs:50:5
[INFO] [stderr]     16:     0x55bd47716093 - core::mem::uninitialized::h4b612cc38602b64d
[INFO] [stderr]                                  at /rustc/53fd98ca776cb875bc9e5514f56b52eb74f9e7a9/library/core/src/mem/mod.rs:663:9
[INFO] [stderr]     17:     0x55bd47716093 - <crossbeam_epoch::internal::Local as crossbeam_epoch::sync::list::IsElement<crossbeam_epoch::internal::Local>>::entry_of::h51c17b5d53fab8fe
[INFO] [stderr]                                  at /opt/rustwide/cargo-home/registry/src/github.com-1ecc6299db9ec823/crossbeam-epoch-0.7.1/src/internal.rs:493:59
[INFO] [stderr]     18:     0x55bd4771f0e0 - crossbeam_epoch::sync::list::List<T,C>::insert::haede2021a9226cff
[INFO] [stderr]                                  at /opt/rustwide/cargo-home/registry/src/github.com-1ecc6299db9ec823/crossbeam-epoch-0.7.1/src/sync/list.rs:176:29
[INFO] [stderr]     19:     0x55bd477154f5 - crossbeam_epoch::internal::Local::register::h0e3c3b2ec8bba95e
[INFO] [stderr]                                  at /opt/rustwide/cargo-home/registry/src/github.com-1ecc6299db9ec823/crossbeam-epoch-0.7.1/src/internal.rs:291:13
[INFO] [stderr]     20:     0x55bd4771ad6e - crossbeam_epoch::collector::Collector::register::h020f6192707379c7
[INFO] [stderr]                                  at /opt/rustwide/cargo-home/registry/src/github.com-1ecc6299db9ec823/crossbeam-epoch-0.7.1/src/collector.rs:39:9
[INFO] [stderr]     21:     0x55bd4771ef51 - crossbeam_epoch::default::HANDLE::__init::h627854aef9deaefa
[INFO] [stderr]                                  at /opt/rustwide/cargo-home/registry/src/github.com-1ecc6299db9ec823/crossbeam-epoch-0.7.1/src/default.rs:17:34
[INFO] [stderr]     22:     0x55bd4771c8c9 - core::ops::function::FnOnce::call_once::h064dea67e28e0540
[INFO] [stderr]                                  at /rustc/53fd98ca776cb875bc9e5514f56b52eb74f9e7a9/library/core/src/ops/function.rs:227:5
[INFO] [stderr]     23:     0x55bd4771a5ac - std::thread::local::lazy::LazyKeyInner<T>::initialize::h21fa524ff706278d
[INFO] [stderr]                                  at /rustc/53fd98ca776cb875bc9e5514f56b52eb74f9e7a9/library/std/src/thread/local.rs:431:25
[INFO] [stderr]     24:     0x55bd47717a70 - std::thread::local::fast::Key<T>::try_initialize::hbf9a01d9cead3eb4
[INFO] [stderr]                                  at /rustc/53fd98ca776cb875bc9e5514f56b52eb74f9e7a9/library/std/src/thread/local.rs:609:31
[INFO] [stderr]     25:     0x55bd47717bb7 - std::thread::local::fast::Key<T>::get::h396e1b4c57183bdc
[INFO] [stderr]                                  at /rustc/53fd98ca776cb875bc9e5514f56b52eb74f9e7a9/library/std/src/thread/local.rs:592:29
[INFO] [stderr]     26:     0x55bd4770786d - crossbeam_epoch::default::HANDLE::__getit::hd00fb4efd45de95c
[INFO] [stderr]                                  at /rustc/53fd98ca776cb875bc9e5514f56b52eb74f9e7a9/library/std/src/thread/local.rs:311:26
[INFO] [stderr]     27:     0x55bd47707aa5 - std::thread::local::LocalKey<T>::try_with::h10ea66af8e7d78ec
[INFO] [stderr]                                  at /rustc/53fd98ca776cb875bc9e5514f56b52eb74f9e7a9/library/std/src/thread/local.rs:398:32
[INFO] [stderr]     28:     0x55bd47707603 - crossbeam_epoch::default::with_handle::h78c70d8deadf9af9
[INFO] [stderr]                                  at /opt/rustwide/cargo-home/registry/src/github.com-1ecc6299db9ec823/crossbeam-epoch-0.7.1/src/default.rs:42:5
[INFO] [stderr]     29:     0x55bd47707887 - crossbeam_epoch::default::is_pinned::h9528043c79054fc8
[INFO] [stderr]                                  at /opt/rustwide/cargo-home/registry/src/github.com-1ecc6299db9ec823/crossbeam-epoch-0.7.1/src/default.rs:29:5
[INFO] [stderr]     30:     0x55bd47705f70 - crossbeam_deque::Stealer<T>::steal::h791a6fc0781cf825
[INFO] [stderr]                                  at /opt/rustwide/cargo-home/registry/src/github.com-1ecc6299db9ec823/crossbeam-deque-0.6.3/src/lib.rs:660:12
[INFO] [stderr]     31:     0x55bd477017bd - rayon_core::registry::WorkerThread::steal::{{closure}}::hd3b68834c2e3f13c
[INFO] [stderr]                                  at /opt/rustwide/cargo-home/registry/src/github.com-1ecc6299db9ec823/rayon-core-1.5.0/src/registry.rs:764:27
[INFO] [stderr]     32:     0x55bd476fe5fb - core::ops::function::impls::<impl core::ops::function::FnMut<A> for &mut F>::call_mut::h91001f537eed42c5
[INFO] [stderr]                                  at /rustc/53fd98ca776cb875bc9e5514f56b52eb74f9e7a9/library/core/src/ops/function.rs:269:13
[INFO] [stderr]     33:     0x55bd476fb001 - core::iter::traits::iterator::Iterator::find_map::check::{{closure}}::h398ee2c36148e4b3
[INFO] [stderr]                                  at /rustc/53fd98ca776cb875bc9e5514f56b52eb74f9e7a9/library/core/src/iter/traits/iterator.rs:2411:32
[INFO] [stderr]     34:     0x55bd476f6371 - core::iter::adapters::filter::filter_try_fold::{{closure}}::hb5839e39c4ec410d
[INFO] [stderr]                                  at /rustc/53fd98ca776cb875bc9e5514f56b52eb74f9e7a9/library/core/src/iter/adapters/filter.rs:44:44
[INFO] [stderr]     35:     0x55bd476f496c - core::ops::function::impls::<impl core::ops::function::FnMut<A> for &mut F>::call_mut::hb8dd09747dc73fbb
[INFO] [stderr]                                  at /rustc/53fd98ca776cb875bc9e5514f56b52eb74f9e7a9/library/core/src/ops/function.rs:269:13
[INFO] [stderr]     36:     0x55bd476fb3f3 - core::iter::traits::iterator::Iterator::try_fold::h50a9fe12af26ff67
[INFO] [stderr]                                  at /rustc/53fd98ca776cb875bc9e5514f56b52eb74f9e7a9/library/core/src/iter/traits/iterator.rs:1998:21
[INFO] [stderr]     37:     0x55bd476eb76e - <core::iter::adapters::chain::Chain<A,B> as core::iter::traits::iterator::Iterator>::try_fold::h91989188b3a8710a
[INFO] [stderr]                                  at /rustc/53fd98ca776cb875bc9e5514f56b52eb74f9e7a9/library/core/src/iter/adapters/chain.rs:104:19
[INFO] [stderr]     38:     0x55bd476f41ec - <core::iter::adapters::filter::Filter<I,P> as core::iter::traits::iterator::Iterator>::try_fold::h79e6d360c181bc37
[INFO] [stderr]                                  at /rustc/53fd98ca776cb875bc9e5514f56b52eb74f9e7a9/library/core/src/iter/adapters/filter.rs:93:9
[INFO] [stderr]     39:     0x55bd476f624b - core::iter::traits::iterator::Iterator::find_map::h72ae85d3576791e0
[INFO] [stderr]                                  at /rustc/53fd98ca776cb875bc9e5514f56b52eb74f9e7a9/library/core/src/iter/traits/iterator.rs:2417:9
[INFO] [stderr]     40:     0x55bd476efa59 - <core::iter::adapters::filter_map::FilterMap<I,F> as core::iter::traits::iterator::Iterator>::next::h8eb847cd2dccc168
[INFO] [stderr]                                  at /rustc/53fd98ca776cb875bc9e5514f56b52eb74f9e7a9/library/core/src/iter/adapters/filter_map.rs:61:9
[INFO] [stderr]     41:     0x55bd477016f2 - rayon_core::registry::WorkerThread::steal::hb3c464b771333a5c
[INFO] [stderr]                                  at /opt/rustwide/cargo-home/registry/src/github.com-1ecc6299db9ec823/rayon-core-1.5.0/src/registry.rs:758:9
[INFO] [stderr]     42:     0x55bd47701402 - rayon_core::registry::WorkerThread::wait_until_cold::{{closure}}::h2d7bb5915c0e636b
[INFO] [stderr]                                  at /opt/rustwide/cargo-home/registry/src/github.com-1ecc6299db9ec823/rayon-core-1.5.0/src/registry.rs:714:29
[INFO] [stderr]     43:     0x55bd476f6bf1 - core::option::Option<T>::or_else::h0409c77d055c7575
[INFO] [stderr]                                  at /rustc/53fd98ca776cb875bc9e5514f56b52eb74f9e7a9/library/core/src/option.rs:1124:21
[INFO] [stderr]     44:     0x55bd4770110a - rayon_core::registry::WorkerThread::wait_until_cold::h8da0f3aac82b54d0
[INFO] [stderr]                                  at /opt/rustwide/cargo-home/registry/src/github.com-1ecc6299db9ec823/rayon-core-1.5.0/src/registry.rs:712:32
[INFO] [stderr]     45:     0x55bd47700c1f - rayon_core::registry::WorkerThread::wait_until::hfa3e51566a9ba19d
[INFO] [stderr]                                  at /opt/rustwide/cargo-home/registry/src/github.com-1ecc6299db9ec823/rayon-core-1.5.0/src/registry.rs:692:13
[INFO] [stderr]     46:     0x55bd47701e10 - rayon_core::registry::main_loop::hdd0fa4012d76ac41
[INFO] [stderr]                                  at /opt/rustwide/cargo-home/registry/src/github.com-1ecc6299db9ec823/rayon-core-1.5.0/src/registry.rs:812:5
[INFO] [stderr]     47:     0x55bd476fe89d - rayon_core::registry::ThreadBuilder::run::h3a79cf00b1c788d2
[INFO] [stderr]                                  at /opt/rustwide/cargo-home/registry/src/github.com-1ecc6299db9ec823/rayon-core-1.5.0/src/registry.rs:58:18
[INFO] [stderr]     48:     0x55bd476fedcd - <rayon_core::registry::DefaultSpawn as rayon_core::registry::ThreadSpawn>::spawn::{{closure}}::h219ca9037fd32fc3
[INFO] [stderr]                                  at /opt/rustwide/cargo-home/registry/src/github.com-1ecc6299db9ec823/rayon-core-1.5.0/src/registry.rs:103:20
[INFO] [stderr]     49:     0x55bd476e99f0 - std::sys_common::backtrace::__rust_begin_short_backtrace::h4c33b06e225066f1
[INFO] [stderr]                                  at /rustc/53fd98ca776cb875bc9e5514f56b52eb74f9e7a9/library/std/src/sys_common/backtrace.rs:125:18
[INFO] [stderr]     50:     0x55bd476ee1cd - std::thread::Builder::spawn_unchecked::{{closure}}::{{closure}}::hb86e387671603b1c
[INFO] [stderr]                                  at /rustc/53fd98ca776cb875bc9e5514f56b52eb74f9e7a9/library/std/src/thread/mod.rs:476:17
[INFO] [stderr]     51:     0x55bd476efa31 - <std::panic::AssertUnwindSafe<F> as core::ops::function::FnOnce<()>>::call_once::hf557b0b13acbf7b3
[INFO] [stderr]                                  at /rustc/53fd98ca776cb875bc9e5514f56b52eb74f9e7a9/library/std/src/panic.rs:347:9
[INFO] [stderr]     52:     0x55bd4770327c - std::panicking::try::do_call::hc8c8e45d49962176
[INFO] [stderr]                                  at /rustc/53fd98ca776cb875bc9e5514f56b52eb74f9e7a9/library/std/src/panicking.rs:401:40
[INFO] [stderr]     53:     0x55bd477044bd - __rust_try
[INFO] [stderr]     54:     0x55bd47703117 - std::panicking::try::h40014826a9346083
[INFO] [stderr]                                  at /rustc/53fd98ca776cb875bc9e5514f56b52eb74f9e7a9/library/std/src/panicking.rs:365:19
[INFO] [stderr]     55:     0x55bd476f0201 - std::panic::catch_unwind::h4c9885f2fa2b3643
[INFO] [stderr]                                  at /rustc/53fd98ca776cb875bc9e5514f56b52eb74f9e7a9/library/std/src/panic.rs:434:14
[INFO] [stderr]     56:     0x55bd476edfdc - std::thread::Builder::spawn_unchecked::{{closure}}::hc9645349340c5770
[INFO] [stderr]                                  at /rustc/53fd98ca776cb875bc9e5514f56b52eb74f9e7a9/library/std/src/thread/mod.rs:475:30
[INFO] [stderr]     57:     0x55bd476f49df - core::ops::function::FnOnce::call_once{{vtable.shim}}::h8199a4584bf088cd
[INFO] [stderr]                                  at /rustc/53fd98ca776cb875bc9e5514f56b52eb74f9e7a9/library/core/src/ops/function.rs:227:5
[INFO] [stderr]     58:     0x55bd47749a27 - <alloc::boxed::Box<F,A> as core::ops::function::FnOnce<Args>>::call_once::h65c29e4642be2358
[INFO] [stderr]                                  at /rustc/53fd98ca776cb875bc9e5514f56b52eb74f9e7a9/library/alloc/src/boxed.rs:1572:9
[INFO] [stderr]     59:     0x55bd47749a27 - <alloc::boxed::Box<F,A> as core::ops::function::FnOnce<Args>>::call_once::hd0f8f7fbbd9fffbf
[INFO] [stderr]                                  at /rustc/53fd98ca776cb875bc9e5514f56b52eb74f9e7a9/library/alloc/src/boxed.rs:1572:9
[INFO] [stderr]     60:     0x55bd47749a27 - std::sys::unix::thread::Thread::new::thread_start::h2fd22fee3ca77b65
[INFO] [stderr]                                  at /rustc/53fd98ca776cb875bc9e5514f56b52eb74f9e7a9/library/std/src/sys/unix/thread.rs:74:17
[INFO] [stderr]     61:     0x7f07d89ea609 - start_thread
[INFO] [stderr]     62:     0x7f07d87bc293 - clone
[INFO] [stderr]     63:                0x0 - <unknown>
[INFO] [stderr]   stack backtrace:
[INFO] [stderr]      0:     0x55bd477413d0 - std::backtrace_rs::backtrace::libunwind::trace::hff4d1766e93f64f1
[INFO] [stderr]                                  at /rustc/53fd98ca776cb875bc9e5514f56b52eb74f9e7a9/library/std/src/../../backtrace/src/backtrace/libunwind.rs:90:5
[INFO] [stderr]      1:     0x55bd477413d0 - std::backtrace_rs::backtrace::trace_unsynchronized::h56bbc8eb78770bcb
[INFO] [stderr]                                  at /rustc/53fd98ca776cb875bc9e5514f56b52eb74f9e7a9/library/std/src/../../backtrace/src/backtrace/mod.rs:66:5
[INFO] [stderr]      2:     0x55bd477413d0 - std::sys_common::backtrace::_print_fmt::h5c8e75464faca780
[INFO] [stderr]                                  at /rustc/53fd98ca776cb875bc9e5514f56b52eb74f9e7a9/library/std/src/sys_common/backtrace.rs:67:5
[INFO] [stderr]      3:     0x55bd477413d0 - <std::sys_common::backtrace::_print::DisplayBacktrace as core::fmt::Display>::fmt::h48b88277def8b362
[INFO] [stderr]                                  at /rustc/53fd98ca776cb875bc9e5514f56b52eb74f9e7a9/library/std/src/sys_common/backtrace.rs:46:22
[INFO] [stderr]      4:     0x55bd47760bcc - core::fmt::write::h3381b3176fe2b3d3
[INFO] [stderr]                                  at /rustc/53fd98ca776cb875bc9e5514f56b52eb74f9e7a9/library/core/src/fmt/mod.rs:1115:17
[INFO] [stderr]      5:     0x55bd4773dd65 - std::io::Write::write_fmt::hd42607e5d8e44db0
[INFO] [stderr]                                  at /rustc/53fd98ca776cb875bc9e5514f56b52eb74f9e7a9/library/std/src/io/mod.rs:1665:15
[INFO] [stderr]      6:     0x55bd477435db - std::sys_common::backtrace::_print::ha537687d6c17dd0d
[INFO] [stderr]                                  at /rustc/53fd98ca776cb875bc9e5514f56b52eb74f9e7a9/library/std/src/sys_common/backtrace.rs:49:5
[INFO] [stderr]      7:     0x55bd477435db - std::sys_common::backtrace::print::h61376ae57d131d72
[INFO] [stderr]                                  at /rustc/53fd98ca776cb875bc9e5514f56b52eb74f9e7a9/library/std/src/sys_common/backtrace.rs:36:9
[INFO] [stderr]      8:     0x55bd477435db - std::panicking::default_hook::{{closure}}::h0f7208c0b9644a54
[INFO] [stderr]                                  at /rustc/53fd98ca776cb875bc9e5514f56b52eb74f9e7a9/library/std/src/panicking.rs:208:50
[INFO] [stderr]      9:     0x55bd477430b1 - std::panicking::default_hook::hdac7fc06578c14ce
[INFO] [stderr]                                  at /rustc/53fd98ca776cb875bc9e5514f56b52eb74f9e7a9/library/std/src/panicking.rs:225:9
[INFO] [stderr]     10:     0x55bd47743ca4 - std::panicking::rust_panic_with_hook::h72b21c283da3d1ef
[INFO] [stderr]                                  at /rustc/53fd98ca776cb875bc9e5514f56b52eb74f9e7a9/library/std/src/panicking.rs:622:17
[INFO] [stderr]     11:     0x55bd47743757 - std::panicking::begin_panic_handler::{{closure}}::he5778f1729cff84a
[INFO] [stderr]                                  at /rustc/53fd98ca776cb875bc9e5514f56b52eb74f9e7a9/library/std/src/panicking.rs:517:13
[INFO] [stderr]     12:     0x55bd477418ac - std::sys_common::backtrace::__rust_end_short_backtrace::h2d11ca8b453b4b1d
[INFO] [stderr]                                  at /rustc/53fd98ca776cb875bc9e5514f56b52eb74f9e7a9/library/std/src/sys_common/backtrace.rs:141:18
[INFO] [stderr]     13:     0x55bd477436e9 - rust_begin_unwind
[INFO] [stderr]                                  at /rustc/53fd98ca776cb875bc9e5514f56b52eb74f9e7a9/library/std/src/panicking.rs:515:5
[INFO] [stderr]     14:     0x55bd4769c3a1 - core::panicking::panic_fmt::hf9de31d4acbce4db
[INFO] [stderr]                                  at /rustc/53fd98ca776cb875bc9e5514f56b52eb74f9e7a9/library/core/src/panicking.rs:92:14
[INFO] [stderr]     15:     0x55bd4769c2ed - core::panicking::panic::h8a6bc58a21c6c095
[INFO] [stderr]                                  at /rustc/53fd98ca776cb875bc9e5514f56b52eb74f9e7a9/library/core/src/panicking.rs:50:5
[INFO] [stderr]     16:     0x55bd47716093 - core::mem::uninitialized::h4b612cc38602b64d
[INFO] [stderr]                                  at /rustc/53fd98ca776cb875bc9e5514f56b52eb74f9e7a9/library/core/src/mem/mod.rs:663:9
[INFO] [stderr]     17:     0x55bd47716093 - <crossbeam_epoch::internal::Local as crossbeam_epoch::sync::list::IsElement<crossbeam_epoch::internal::Local>>::entry_of::h51c17b5d53fab8fe
[INFO] [stderr]                                  at /opt/rustwide/cargo-home/registry/src/github.com-1ecc6299db9ec823/crossbeam-epoch-0.7.1/src/internal.rs:493:59
[INFO] [stderr]     18:     0x55bd4771f0e0 - crossbeam_epoch::sync::list::List<T,C>::insert::haede2021a9226cff
[INFO] [stderr]                                  at /opt/rustwide/cargo-home/registry/src/github.com-1ecc6299db9ec823/crossbeam-epoch-0.7.1/src/sync/list.rs:176:29
[INFO] [stderr]     19:     0x55bd477154f5 - crossbeam_epoch::internal::Local::register::h0e3c3b2ec8bba95e
[INFO] [stderr]                                  at /opt/rustwide/cargo-home/registry/src/github.com-1ecc6299db9ec823/crossbeam-epoch-0.7.1/src/internal.rs:291:13
[INFO] [stderr]     20:     0x55bd4771ad6e - crossbeam_epoch::collector::Collector::register::h020f6192707379c7
[INFO] [stderr]                                  at /opt/rustwide/cargo-home/registry/src/github.com-1ecc6299db9ec823/crossbeam-epoch-0.7.1/src/collector.rs:39:9
[INFO] [stderr]     21:     0x55bd4771ef51 - crossbeam_epoch::default::HANDLE::__init::h627854aef9deaefa
[INFO] [stderr]                                  at /opt/rustwide/cargo-home/registry/src/github.com-1ecc6299db9ec823/crossbeam-epoch-0.7.1/src/default.rs:17:34
[INFO] [stderr]     22:     0x55bd4771c8c9 - core::ops::function::FnOnce::call_once::h064dea67e28e0540
[INFO] [stderr]                                  at /rustc/53fd98ca776cb875bc9e5514f56b52eb74f9e7a9/library/core/src/ops/function.rs:227:5
[INFO] [stderr]     23:     0x55bd4771a5ac - std::thread::local::lazy::LazyKeyInner<T>::initialize::h21fa524ff706278d
[INFO] [stderr]                                  at /rustc/53fd98ca776cb875bc9e5514f56b52eb74f9e7a9/library/std/src/thread/local.rs:431:25
[INFO] [stderr]     24:     0x55bd47717a70 - std::thread::local::fast::Key<T>::try_initialize::hbf9a01d9cead3eb4
[INFO] [stderr]                                  at /rustc/53fd98ca776cb875bc9e5514f56b52eb74f9e7a9/library/std/src/thread/local.rs:609:31
[INFO] [stderr]     25:     0x55bd47717bb7 - std::thread::local::fast::Key<T>::get::h396e1b4c57183bdc
[INFO] [stderr]                                  at /rustc/53fd98ca776cb875bc9e5514f56b52eb74f9e7a9/library/std/src/thread/local.rs:592:29
[INFO] [stderr]     26:     0x55bd4770786d - crossbeam_epoch::default::HANDLE::__getit::hd00fb4efd45de95c
[INFO] [stderr]                                  at /rustc/53fd98ca776cb875bc9e5514f56b52eb74f9e7a9/library/std/src/thread/local.rs:311:26
[INFO] [stderr]     27:     0x55bd47707aa5 - std::thread::local::LocalKey<T>::try_with::h10ea66af8e7d78ec
[INFO] [stderr]                                  at /rustc/53fd98ca776cb875bc9e5514f56b52eb74f9e7a9/library/std/src/thread/local.rs:398:32
[INFO] [stderr]     28:     0x55bd47707603 - crossbeam_epoch::default::with_handle::h78c70d8deadf9af9
[INFO] [stderr]                                  at /opt/rustwide/cargo-home/registry/src/github.com-1ecc6299db9ec823/crossbeam-epoch-0.7.1/src/default.rs:42:5
[INFO] [stderr]     29:     0x55bd47707887 - crossbeam_epoch::default::is_pinned::h9528043c79054fc8
[INFO] [stderr]                                  at /opt/rustwide/cargo-home/registry/src/github.com-1ecc6299db9ec823/crossbeam-epoch-0.7.1/src/default.rs:29:5
[INFO] [stderr]     30:     0x55bd47705f70 - crossbeam_deque::Stealer<T>::steal::h791a6fc0781cf825
[INFO] [stderr]                                  at /opt/rustwide/cargo-home/registry/src/github.com-1ecc6299db9ec823/crossbeam-deque-0.6.3/src/lib.rs:660:12
[INFO] [stderr]     31:     0x55bd477017bd - rayon_core::registry::WorkerThread::steal::{{closure}}::hd3b68834c2e3f13c
[INFO] [stderr]                                  at /opt/rustwide/cargo-home/registry/src/github.com-1ecc6299db9ec823/rayon-core-1.5.0/src/registry.rs:764:27
[INFO] [stderr]     32:     0x55bd476fe5fb - core::ops::function::impls::<impl core::ops::function::FnMut<A> for &mut F>::call_mut::h91001f537eed42c5
[INFO] [stderr]                                  at /rustc/53fd98ca776cb875bc9e5514f56b52eb74f9e7a9/library/core/src/ops/function.rs:269:13
[INFO] [stderr]     33:     0x55bd476fb001 - core::iter::traits::iterator::Iterator::find_map::check::{{closure}}::h398ee2c36148e4b3
[INFO] [stderr]                                  at /rustc/53fd98ca776cb875bc9e5514f56b52eb74f9e7a9/library/core/src/iter/traits/iterator.rs:2411:32
[INFO] [stderr]     34:     0x55bd476f6371 - core::iter::adapters::filter::filter_try_fold::{{closure}}::hb5839e39c4ec410d
[INFO] [stderr]                                  at /rustc/53fd98ca776cb875bc9e5514f56b52eb74f9e7a9/library/core/src/iter/adapters/filter.rs:44:44
[INFO] [stderr]     35:     0x55bd476f496c - core::ops::function::impls::<impl core::ops::function::FnMut<A> for &mut F>::call_mut::hb8dd09747dc73fbb
[INFO] [stderr]                                  at /rustc/53fd98ca776cb875bc9e5514f56b52eb74f9e7a9/library/core/src/ops/function.rs:269:13
[INFO] [stderr]     36:     0x55bd476fb3f3 - core::iter::traits::iterator::Iterator::try_fold::h50a9fe12af26ff67
[INFO] [stderr]                                  at /rustc/53fd98ca776cb875bc9e5514f56b52eb74f9e7a9/library/core/src/iter/traits/iterator.rs:1998:21
[INFO] [stderr]     37:     0x55bd476eb76e - <core::iter::adapters::chain::Chain<A,B> as core::iter::traits::iterator::Iterator>::try_fold::h91989188b3a8710a
[INFO] [stderr]                                  at /rustc/53fd98ca776cb875bc9e5514f56b52eb74f9e7a9/library/core/src/iter/adapters/chain.rs:104:19
[INFO] [stderr]     38:     0x55bd476f41ec - <core::iter::adapters::filter::Filter<I,P> as core::iter::traits::iterator::Iterator>::try_fold::h79e6d360c181bc37
[INFO] [stderr]                                  at /rustc/53fd98ca776cb875bc9e5514f56b52eb74f9e7a9/library/core/src/iter/adapters/filter.rs:93:9
[INFO] [stderr]     39:     0x55bd476f624b - core::iter::traits::iterator::Iterator::find_map::h72ae85d3576791e0
[INFO] [stderr]                                  at /rustc/53fd98ca776cb875bc9e5514f56b52eb74f9e7a9/library/core/src/iter/traits/iterator.rs:2417:9
[INFO] [stderr]     40:     0x55bd476efa59 - <core::iter::adapters::filter_map::FilterMap<I,F> as core::iter::traits::iterator::Iterator>::next::h8eb847cd2dccc168
[INFO] [stderr]                                  at /rustc/53fd98ca776cb875bc9e5514f56b52eb74f9e7a9/library/core/src/iter/adapters/filter_map.rs:61:9
[INFO] [stderr]     41:     0x55bd477016f2 - rayon_core::registry::WorkerThread::steal::hb3c464b771333a5c
[INFO] [stderr]                                  at /opt/rustwide/cargo-home/registry/src/github.com-1ecc6299db9ec823/rayon-core-1.5.0/src/registry.rs:758:9
[INFO] [stderr]     42:     0x55bd47701402 - rayon_core::registry::WorkerThread::wait_until_cold::{{closure}}::h2d7bb5915c0e636b
[INFO] [stderr]                                  at /opt/rustwide/cargo-home/registry/src/github.com-1ecc6299db9ec823/rayon-core-1.5.0/src/registry.rs:714:29
[INFO] [stderr]     43:     0x55bd476f6bf1 - core::option::Option<T>::or_else::h0409c77d055c7575
[INFO] [stderr]                                  at /rustc/53fd98ca776cb875bc9e5514f56b52eb74f9e7a9/library/core/src/option.rs:1124:21
[INFO] [stderr]     44:     0x55bd4770110a - rayon_core::registry::WorkerThread::wait_until_cold::h8da0f3aac82b54d0
[INFO] [stderr]                                  at /opt/rustwide/cargo-home/registry/src/github.com-1ecc6299db9ec823/rayon-core-1.5.0/src/registry.rs:712:32
[INFO] [stderr]     45:     0x55bd47700c1f - rayon_core::registry::WorkerThread::wait_until::hfa3e51566a9ba19d
[INFO] [stderr]                                  at /opt/rustwide/cargo-home/registry/src/github.com-1ecc6299db9ec823/rayon-core-1.5.0/src/registry.rs:692:13
[INFO] [stderr]     46:     0x55bd47701e10 - rayon_core::registry::main_loop::hdd0fa4012d76ac41
[INFO] [stderr]                                  at /opt/rustwide/cargo-home/registry/src/github.com-1ecc6299db9ec823/rayon-core-1.5.0/src/registry.rs:812:5
[INFO] [stderr]     47:     0x55bd476fe89d - rayon_core::registry::ThreadBuilder::run::h3a79cf00b1c788d2
[INFO] [stderr]                                  at /opt/rustwide/cargo-home/registry/src/github.com-1ecc6299db9ec823/rayon-core-1.5.0/src/registry.rs:58:18
[INFO] [stderr]     48:     0x55bd476fedcd - <rayon_core::registry::DefaultSpawn as rayon_core::registry::ThreadSpawn>::spawn::{{closure}}::h219ca9037fd32fc3
[INFO] [stderr]                                  at /opt/rustwide/cargo-home/registry/src/github.com-1ecc6299db9ec823/rayon-core-1.5.0/src/registry.rs:103:20
[INFO] [stderr]     49:     0x55bd476e99f0 - std::sys_common::backtrace::__rust_begin_short_backtrace::h4c33b06e225066f1
[INFO] [stderr]                                  at /rustc/53fd98ca776cb875bc9e5514f56b52eb74f9e7a9/library/std/src/sys_common/backtrace.rs:125:18
[INFO] [stderr]     50:     0x55bd476ee1cd - std::thread::Builder::spawn_unchecked::{{closure}}::{{closure}}::hb86e387671603b1c
[INFO] [stderr]                                  at /rustc/53fd98ca776cb875bc9e5514f56b52eb74f9e7a9/library/std/src/thread/mod.rs:476:17
[INFO] [stderr]     51:     0x55bd476efa31 - <std::panic::AssertUnwindSafe<F> as core::ops::function::FnOnce<()>>::call_once::hf557b0b13acbf7b3
[INFO] [stderr]                                  at /rustc/53fd98ca776cb875bc9e5514f56b52eb74f9e7a9/library/std/src/panic.rs:347:9
[INFO] [stderr]     52:     0x55bd4770327c - std::panicking::try::do_call::hc8c8e45d49962176
[INFO] [stderr]                                  at /rustc/53fd98ca776cb875bc9e5514f56b52eb74f9e7a9/library/std/src/panicking.rs:401:40
[INFO] [stderr]     53:     0x55bd477044bd - __rust_try
[INFO] [stderr]     54:     0x55bd47703117 - std::panicking::try::h40014826a9346083
[INFO] [stderr]                                  at /rustc/53fd98ca776cb875bc9e5514f56b52eb74f9e7a9/library/std/src/panicking.rs:365:19
[INFO] [stderr]     55:     0x55bd476f0201 - std::panic::catch_unwind::h4c9885f2fa2b3643
[INFO] [stderr]                                  at /rustc/53fd98ca776cb875bc9e5514f56b52eb74f9e7a9/library/std/src/panic.rs:434:14
[INFO] [stderr]     56:     0x55bd476edfdc - std::thread::Builder::spawn_unchecked::{{closure}}::hc9645349340c5770
[INFO] [stderr]                                  at /rustc/53fd98ca776cb875bc9e5514f56b52eb74f9e7a9/library/std/src/thread/mod.rs:475:30
[INFO] [stderr]     57:     0x55bd476f49df - core::ops::function::FnOnce::call_once{{vtable.shim}}::h8199a4584bf088cd
[INFO] [stderr]                                  at /rustc/53fd98ca776cb875bc9e5514f56b52eb74f9e7a9/library/core/src/ops/function.rs:227:5
[INFO] [stderr]     58:     0x55bd47749a27 - <alloc::boxed::Box<F,A> as core::ops::function::FnOnce<Args>>::call_once::h65c29e4642be2358
[INFO] [stderr]                                  at /rustc/53fd98ca776cb875bc9e5514f56b52eb74f9e7a9/library/alloc/src/boxed.rs:1572:9
[INFO] [stderr]     59:     0x55bd47749a27 - <alloc::boxed::Box<F,A> as core::ops::function::FnOnce<Args>>::call_once::hd0f8f7fbbd9fffbf
[INFO] [stderr]                                  at /rustc/53fd98ca776cb875bc9e5514f56b52eb74f9e7a9/library/alloc/src/boxed.rs:1572:9
[INFO] [stderr]     60:     0x55bd47749a27 - std::sys::unix::thread::Thread::new::thread_start::h2fd22fee3ca77b65
[INFO] [stderr]                                  at /rustc/53fd98ca776cb875bc9e5514f56b52eb74f9e7a9/library/std/src/sys/unix/thread.rs:74:17
[INFO] [stderr]     61:     0x7f07d89ea609 - start_thread
[INFO] [stderr]     62:     0x7f07d87bc293 - clone
[INFO] [stderr]     63:                0x0 - <unknown>
[INFO] [stderr]   Rayon: detected unexpected panic; aborting
[INFO] [stderr] warning: build failed, waiting for other jobs to finish...
[INFO] [stderr] error: build failed
[INFO] running `Command { std: "docker" "inspect" "f7814860d1d7e4ebabd2e44f5c391dd956da9b9a226dca8a1485303c0105ecc4", kill_on_drop: false }`
[INFO] running `Command { std: "docker" "rm" "-f" "f7814860d1d7e4ebabd2e44f5c391dd956da9b9a226dca8a1485303c0105ecc4", kill_on_drop: false }`
[INFO] [stdout] f7814860d1d7e4ebabd2e44f5c391dd956da9b9a226dca8a1485303c0105ecc4
