[INFO] cloning repository https://github.com/JesperAxelsson/rust-virtual-listview
[INFO] running `Command { std: "git" "-c" "credential.helper=" "-c" "credential.helper=/workspace/cargo-home/bin/git-credential-null" "clone" "--bare" "https://github.com/JesperAxelsson/rust-virtual-listview" "/workspace/cache/git-repos/https%3A%2F%2Fgithub.com%2FJesperAxelsson%2Frust-virtual-listview", kill_on_drop: false }`
[INFO] [stderr] Cloning into bare repository '/workspace/cache/git-repos/https%3A%2F%2Fgithub.com%2FJesperAxelsson%2Frust-virtual-listview'...
[INFO] running `Command { std: "git" "rev-parse" "HEAD", kill_on_drop: false }`
[INFO] [stdout] 3907acff8b103fde1ea80639addb00377e24ae8d
[INFO] documenting JesperAxelsson/rust-virtual-listview against 1.54.0 for beta-1.55-rustdoc-1
[INFO] running `Command { std: "git" "clone" "/workspace/cache/git-repos/https%3A%2F%2Fgithub.com%2FJesperAxelsson%2Frust-virtual-listview" "/workspace/builds/worker-5/source", kill_on_drop: false }`
[INFO] [stderr] Cloning into '/workspace/builds/worker-5/source'...
[INFO] [stderr] done.
[INFO] validating manifest of git repo https://github.com/JesperAxelsson/rust-virtual-listview on toolchain 1.54.0
[INFO] running `Command { std: "/workspace/cargo-home/bin/cargo" "+1.54.0" "metadata" "--manifest-path" "Cargo.toml" "--no-deps", kill_on_drop: false }`
[INFO] started tweaking git repo https://github.com/JesperAxelsson/rust-virtual-listview
[INFO] finished tweaking git repo https://github.com/JesperAxelsson/rust-virtual-listview
[INFO] tweaked toml for git repo https://github.com/JesperAxelsson/rust-virtual-listview written to /workspace/builds/worker-5/source/Cargo.toml
[INFO] crate git repo https://github.com/JesperAxelsson/rust-virtual-listview already has a lockfile, it will not be regenerated
[INFO] running `Command { std: "/workspace/cargo-home/bin/cargo" "+1.54.0" "fetch" "--manifest-path" "Cargo.toml", kill_on_drop: false }`
[INFO] [stderr]     Blocking waiting for file lock on package cache
[INFO] running `Command { std: "docker" "create" "-v" "/var/lib/crater-agent-workspace/builds/worker-5/target:/opt/rustwide/target:rw,Z" "-v" "/var/lib/crater-agent-workspace/builds/worker-5/source:/opt/rustwide/workdir:ro,Z" "-v" "/var/lib/crater-agent-workspace/cargo-home:/opt/rustwide/cargo-home:ro,Z" "-v" "/var/lib/crater-agent-workspace/rustup-home:/opt/rustwide/rustup-home:ro,Z" "-e" "SOURCE_DIR=/opt/rustwide/workdir" "-e" "CARGO_TARGET_DIR=/opt/rustwide/target" "-e" "CARGO_HOME=/opt/rustwide/cargo-home" "-e" "RUSTUP_HOME=/opt/rustwide/rustup-home" "-w" "/opt/rustwide/workdir" "-m" "1610612736" "--user" "0:0" "--network" "none" "ghcr.io/rust-lang/crates-build-env/linux@sha256:34b6a614d2c27851fe6cbf88fbd1137609cefab8b10d0615aaeb6fd47975d74e" "/opt/rustwide/cargo-home/bin/cargo" "+1.54.0" "metadata" "--no-deps" "--format-version=1", kill_on_drop: false }`
[INFO] [stderr] WARNING: Your kernel does not support swap limit capabilities or the cgroup is not mounted. Memory limited without swap.
[INFO] [stdout] 89054acb334a4998bdcc02aa323b5b9b7cb1520d194c3fc9f8bf4ca426d5814e
[INFO] running `Command { std: "docker" "start" "-a" "89054acb334a4998bdcc02aa323b5b9b7cb1520d194c3fc9f8bf4ca426d5814e", kill_on_drop: false }`
[INFO] running `Command { std: "docker" "inspect" "89054acb334a4998bdcc02aa323b5b9b7cb1520d194c3fc9f8bf4ca426d5814e", kill_on_drop: false }`
[INFO] running `Command { std: "docker" "rm" "-f" "89054acb334a4998bdcc02aa323b5b9b7cb1520d194c3fc9f8bf4ca426d5814e", kill_on_drop: false }`
[INFO] [stdout] 89054acb334a4998bdcc02aa323b5b9b7cb1520d194c3fc9f8bf4ca426d5814e
[INFO] running `Command { std: "docker" "create" "-v" "/var/lib/crater-agent-workspace/builds/worker-5/target:/opt/rustwide/target:rw,Z" "-v" "/var/lib/crater-agent-workspace/builds/worker-5/source:/opt/rustwide/workdir:ro,Z" "-v" "/var/lib/crater-agent-workspace/cargo-home:/opt/rustwide/cargo-home:ro,Z" "-v" "/var/lib/crater-agent-workspace/rustup-home:/opt/rustwide/rustup-home:ro,Z" "-e" "SOURCE_DIR=/opt/rustwide/workdir" "-e" "CARGO_TARGET_DIR=/opt/rustwide/target" "-e" "CARGO_INCREMENTAL=0" "-e" "RUST_BACKTRACE=full" "-e" "RUSTDOCFLAGS=--cap-lints=warn" "-e" "CARGO_HOME=/opt/rustwide/cargo-home" "-e" "RUSTUP_HOME=/opt/rustwide/rustup-home" "-w" "/opt/rustwide/workdir" "-m" "1610612736" "--user" "0:0" "--network" "none" "ghcr.io/rust-lang/crates-build-env/linux@sha256:34b6a614d2c27851fe6cbf88fbd1137609cefab8b10d0615aaeb6fd47975d74e" "/opt/rustwide/cargo-home/bin/cargo" "+1.54.0" "doc" "--frozen" "--no-deps" "--document-private-items" "--message-format=json", kill_on_drop: false }`
[INFO] [stdout] 1765a2f888ec1ab217af62e3702c4468c093643e948c0e7049c1d95703c1eda7
[INFO] [stderr] WARNING: Your kernel does not support swap limit capabilities or the cgroup is not mounted. Memory limited without swap.
[INFO] running `Command { std: "docker" "start" "-a" "1765a2f888ec1ab217af62e3702c4468c093643e948c0e7049c1d95703c1eda7", kill_on_drop: false }`
[INFO] [stderr]    Compiling comctl32-sys v0.2.0
[INFO] [stderr]    Compiling user32-sys v0.2.0
[INFO] [stderr]  Documenting rust-virtual-listview v0.1.0 (/opt/rustwide/workdir)
[INFO] [stdout] error[E0433]: failed to resolve: could not find `windows` in `os`
[INFO] [stdout]   --> src/main.rs:15:14
[INFO] [stdout]    |
[INFO] [stdout] 15 | use std::os::windows::ffi::OsStrExt;
[INFO] [stdout]    |              ^^^^^^^ could not find `windows` in `os`
[INFO] [stdout] 
[INFO] [stdout] 
[INFO] [stdout] error[E0412]: cannot find type `HWND` in this scope
[INFO] [stdout]   --> src/main.rs:54:23
[INFO] [stdout]    |
[INFO] [stdout] 54 | static mut LIST_HWND: HWND = 0 as HWND;
[INFO] [stdout]    |                       ^^^^ not found in this scope
[INFO] [stdout] 
[INFO] [stdout] 
[INFO] [stdout] error[E0412]: cannot find type `HWND` in this scope
[INFO] [stdout]   --> src/main.rs:54:35
[INFO] [stdout]    |
[INFO] [stdout] 54 | static mut LIST_HWND: HWND = 0 as HWND;
[INFO] [stdout]    |                                   ^^^^ not found in this scope
[INFO] [stdout] 
[INFO] [stdout] 
[INFO] [stdout] error[E0412]: cannot find type `HMENU` in this scope
[INFO] [stdout]   --> src/main.rs:56:26
[INFO] [stdout]    |
[INFO] [stdout] 56 | const IDC_MAIN_LISTVIEW: HMENU = 101 as HMENU;
[INFO] [stdout]    |                          ^^^^^ not found in this scope
[INFO] [stdout] 
[INFO] [stdout] 
[INFO] [stdout] error[E0412]: cannot find type `HMENU` in this scope
[INFO] [stdout]   --> src/main.rs:56:41
[INFO] [stdout]    |
[INFO] [stdout] 56 | const IDC_MAIN_LISTVIEW: HMENU = 101 as HMENU;
[INFO] [stdout]    |                                         ^^^^^ not found in this scope
[INFO] [stdout] 
[INFO] [stdout] 
[INFO] [stdout] error[E0412]: cannot find type `HWND` in this scope
[INFO] [stdout]   --> src/main.rs:62:49
[INFO] [stdout]    |
[INFO] [stdout] 62 | pub unsafe extern "system" fn window_proc(hwnd: HWND, msg: UINT, w_param: WPARAM, l_param: LPARAM) -> LRESULT
[INFO] [stdout]    |                                                 ^^^^ not found in this scope
[INFO] [stdout] 
[INFO] [stdout] 
[INFO] [stdout] error[E0412]: cannot find type `UINT` in this scope
[INFO] [stdout]   --> src/main.rs:62:60
[INFO] [stdout]    |
[INFO] [stdout] 62 | pub unsafe extern "system" fn window_proc(hwnd: HWND, msg: UINT, w_param: WPARAM, l_param: LPARAM) -> LRESULT
[INFO] [stdout]    |                                                            ^^^^ not found in this scope
[INFO] [stdout] 
[INFO] [stdout] 
[INFO] [stdout] error[E0412]: cannot find type `WPARAM` in this scope
[INFO] [stdout]   --> src/main.rs:62:75
[INFO] [stdout]    |
[INFO] [stdout] 62 | pub unsafe extern "system" fn window_proc(hwnd: HWND, msg: UINT, w_param: WPARAM, l_param: LPARAM) -> LRESULT
[INFO] [stdout]    |                                                                           ^^^^^^ not found in this scope
[INFO] [stdout] 
[INFO] [stdout] 
[INFO] [stdout] error[E0412]: cannot find type `LPARAM` in this scope
[INFO] [stdout]   --> src/main.rs:62:92
[INFO] [stdout]    |
[INFO] [stdout] 62 | pub unsafe extern "system" fn window_proc(hwnd: HWND, msg: UINT, w_param: WPARAM, l_param: LPARAM) -> LRESULT
[INFO] [stdout]    |                                                                                            ^^^^^^ not found in this scope
[INFO] [stdout] 
[INFO] [stdout] 
[INFO] [stdout] error[E0412]: cannot find type `LRESULT` in this scope
[INFO] [stdout]   --> src/main.rs:62:103
[INFO] [stdout]    |
[INFO] [stdout] 62 | pub unsafe extern "system" fn window_proc(hwnd: HWND, msg: UINT, w_param: WPARAM, l_param: LPARAM) -> LRESULT
[INFO] [stdout]    |                                                                                                       ^^^^^^^ not found in this scope
[INFO] [stdout] 
[INFO] [stdout] 
[INFO] [stdout] error[E0412]: cannot find type `HWND` in this scope
[INFO] [stdout]    --> src/main.rs:159:18
[INFO] [stdout]     |
[INFO] [stdout] 159 | fn on_size(hwnd: HWND, cx: i32, cy: i32, flags: u32) {
[INFO] [stdout]     |                  ^^^^ not found in this scope
[INFO] [stdout] 
[INFO] [stdout] 
[INFO] [stdout] error[E0412]: cannot find type `HWND` in this scope
[INFO] [stdout]    --> src/main.rs:173:26
[INFO] [stdout]     |
[INFO] [stdout] 173 | fn test_setup_list(hwnd: HWND) {
[INFO] [stdout]     |                          ^^^^ not found in this scope
[INFO] [stdout] 
[INFO] [stdout] 
[INFO] [stdout] error[E0412]: cannot find type `HWND` in this scope
[INFO] [stdout]    --> src/main.rs:202:29
[INFO] [stdout]     |
[INFO] [stdout] 202 | fn create_column(list_hwnd: HWND, text: &str, sub_item: i32) {
[INFO] [stdout]     |                             ^^^^ not found in this scope
[INFO] [stdout] 
[INFO] [stdout] 
[INFO] [stdout] error[E0412]: cannot find type `HWND` in this scope
[INFO] [stdout]    --> src/main.rs:227:34
[INFO] [stdout]     |
[INFO] [stdout] 227 | fn create_window(title: &str) -> HWND {
[INFO] [stdout]     |                                  ^^^^ not found in this scope
[INFO] [stdout] 
[INFO] [stdout] 
[INFO] [stdout] error[E0412]: cannot find type `HWND` in this scope
[INFO] [stdout]    --> src/main.rs:283:34
[INFO] [stdout]     |
[INFO] [stdout] 283 | fn create_list_view(hwnd_parent: HWND) -> HWND {
[INFO] [stdout]     |                                  ^^^^ not found in this scope
[INFO] [stdout] 
[INFO] [stdout] 
[INFO] [stdout] error[E0412]: cannot find type `HWND` in this scope
[INFO] [stdout]    --> src/main.rs:283:43
[INFO] [stdout]     |
[INFO] [stdout] 283 | fn create_list_view(hwnd_parent: HWND) -> HWND {
[INFO] [stdout]     |                                           ^^^^ not found in this scope
[INFO] [stdout] 
[INFO] [stdout] 
[INFO] [stdout] error: Compilation failed, aborting rustdoc
[INFO] [stdout] 
[INFO] [stdout] 
[INFO] [stdout] error: aborting due to 17 previous errors
[INFO] [stdout] 
[INFO] [stdout] 
[INFO] [stdout] Some errors have detailed explanations: E0412, E0433.
[INFO] [stdout] 
[INFO] [stdout] For more information about an error, try `rustc --explain E0412`.
[INFO] [stdout] 
[INFO] [stderr] error: could not document `rust-virtual-listview`
[INFO] [stderr] 
[INFO] [stderr] Caused by:
[INFO] [stderr]   process didn't exit successfully: `rustdoc --crate-type bin --crate-name rust_virtual_listview src/main.rs -o /opt/rustwide/target/doc --error-format=json --json=diagnostic-rendered-ansi --document-private-items -L dependency=/opt/rustwide/target/debug/deps --extern comctl32=/opt/rustwide/target/debug/deps/libcomctl32-8b2cf31badfd67bd.rmeta --extern kernel32=/opt/rustwide/target/debug/deps/libkernel32-7ba4361c2b0a7c74.rmeta --extern lazy_static=/opt/rustwide/target/debug/deps/liblazy_static-6aa7848aa34808c1.rmeta --extern user32=/opt/rustwide/target/debug/deps/libuser32-de3546980ce5a1a6.rmeta --extern winapi=/opt/rustwide/target/debug/deps/libwinapi-fc24033f8415559e.rmeta --cap-lints=warn --crate-version 0.1.0` (exit status: 1)
[INFO] running `Command { std: "docker" "inspect" "1765a2f888ec1ab217af62e3702c4468c093643e948c0e7049c1d95703c1eda7", kill_on_drop: false }`
[INFO] running `Command { std: "docker" "rm" "-f" "1765a2f888ec1ab217af62e3702c4468c093643e948c0e7049c1d95703c1eda7", kill_on_drop: false }`
[INFO] [stdout] 1765a2f888ec1ab217af62e3702c4468c093643e948c0e7049c1d95703c1eda7
