[INFO] cloning repository https://github.com/Jasper-Bekkers/xatlast-rs
[INFO] running `Command { std: "git" "-c" "credential.helper=" "-c" "credential.helper=/workspace/cargo-home/bin/git-credential-null" "clone" "--bare" "https://github.com/Jasper-Bekkers/xatlast-rs" "/workspace/cache/git-repos/https%3A%2F%2Fgithub.com%2FJasper-Bekkers%2Fxatlast-rs", kill_on_drop: false }`
[INFO] [stderr] Cloning into bare repository '/workspace/cache/git-repos/https%3A%2F%2Fgithub.com%2FJasper-Bekkers%2Fxatlast-rs'...
[INFO] running `Command { std: "git" "rev-parse" "HEAD", kill_on_drop: false }`
[INFO] [stdout] 24e0c2755ba118a044487a4faa1faf179b9232db
[INFO] documenting Jasper-Bekkers/xatlast-rs against beta-2021-08-01 for beta-1.55-rustdoc-1
[INFO] running `Command { std: "git" "clone" "/workspace/cache/git-repos/https%3A%2F%2Fgithub.com%2FJasper-Bekkers%2Fxatlast-rs" "/workspace/builds/worker-4/source", kill_on_drop: false }`
[INFO] [stderr] Cloning into '/workspace/builds/worker-4/source'...
[INFO] [stderr] done.
[INFO] validating manifest of git repo https://github.com/Jasper-Bekkers/xatlast-rs on toolchain beta-2021-08-01
[INFO] running `Command { std: "/workspace/cargo-home/bin/cargo" "+beta-2021-08-01" "metadata" "--manifest-path" "Cargo.toml" "--no-deps", kill_on_drop: false }`
[INFO] started tweaking git repo https://github.com/Jasper-Bekkers/xatlast-rs
[INFO] finished tweaking git repo https://github.com/Jasper-Bekkers/xatlast-rs
[INFO] tweaked toml for git repo https://github.com/Jasper-Bekkers/xatlast-rs written to /workspace/builds/worker-4/source/Cargo.toml
[INFO] crate git repo https://github.com/Jasper-Bekkers/xatlast-rs already has a lockfile, it will not be regenerated
[INFO] running `Command { std: "/workspace/cargo-home/bin/cargo" "+beta-2021-08-01" "fetch" "--manifest-path" "Cargo.toml", kill_on_drop: false }`
[INFO] [stderr]     Blocking waiting for file lock on package cache
[INFO] [stderr]  Downloading crates ...
[INFO] [stderr]   Downloaded cexpr v0.3.4
[INFO] [stderr]   Downloaded clang-sys v0.28.0
[INFO] [stderr]   Downloaded bindgen v0.49.2
[INFO] [stderr]   Downloaded nom v4.2.2
[INFO] running `Command { std: "docker" "create" "-v" "/var/lib/crater-agent-workspace/builds/worker-4/target:/opt/rustwide/target:rw,Z" "-v" "/var/lib/crater-agent-workspace/builds/worker-4/source:/opt/rustwide/workdir:ro,Z" "-v" "/var/lib/crater-agent-workspace/cargo-home:/opt/rustwide/cargo-home:ro,Z" "-v" "/var/lib/crater-agent-workspace/rustup-home:/opt/rustwide/rustup-home:ro,Z" "-e" "SOURCE_DIR=/opt/rustwide/workdir" "-e" "CARGO_TARGET_DIR=/opt/rustwide/target" "-e" "CARGO_HOME=/opt/rustwide/cargo-home" "-e" "RUSTUP_HOME=/opt/rustwide/rustup-home" "-w" "/opt/rustwide/workdir" "-m" "1610612736" "--user" "0:0" "--network" "none" "ghcr.io/rust-lang/crates-build-env/linux@sha256:34b6a614d2c27851fe6cbf88fbd1137609cefab8b10d0615aaeb6fd47975d74e" "/opt/rustwide/cargo-home/bin/cargo" "+beta-2021-08-01" "metadata" "--no-deps" "--format-version=1", kill_on_drop: false }`
[INFO] [stdout] c3d9465ff92cdebe2a719fa0b08709c667efb59c59500a00f882b5d27c64d046
[INFO] [stderr] WARNING: Your kernel does not support swap limit capabilities or the cgroup is not mounted. Memory limited without swap.
[INFO] running `Command { std: "docker" "start" "-a" "c3d9465ff92cdebe2a719fa0b08709c667efb59c59500a00f882b5d27c64d046", kill_on_drop: false }`
[INFO] running `Command { std: "docker" "inspect" "c3d9465ff92cdebe2a719fa0b08709c667efb59c59500a00f882b5d27c64d046", kill_on_drop: false }`
[INFO] running `Command { std: "docker" "rm" "-f" "c3d9465ff92cdebe2a719fa0b08709c667efb59c59500a00f882b5d27c64d046", kill_on_drop: false }`
[INFO] [stdout] c3d9465ff92cdebe2a719fa0b08709c667efb59c59500a00f882b5d27c64d046
[INFO] running `Command { std: "docker" "create" "-v" "/var/lib/crater-agent-workspace/builds/worker-4/target:/opt/rustwide/target:rw,Z" "-v" "/var/lib/crater-agent-workspace/builds/worker-4/source:/opt/rustwide/workdir:ro,Z" "-v" "/var/lib/crater-agent-workspace/cargo-home:/opt/rustwide/cargo-home:ro,Z" "-v" "/var/lib/crater-agent-workspace/rustup-home:/opt/rustwide/rustup-home:ro,Z" "-e" "SOURCE_DIR=/opt/rustwide/workdir" "-e" "CARGO_TARGET_DIR=/opt/rustwide/target" "-e" "CARGO_INCREMENTAL=0" "-e" "RUST_BACKTRACE=full" "-e" "RUSTDOCFLAGS=--cap-lints=warn" "-e" "CARGO_HOME=/opt/rustwide/cargo-home" "-e" "RUSTUP_HOME=/opt/rustwide/rustup-home" "-w" "/opt/rustwide/workdir" "-m" "1610612736" "--user" "0:0" "--network" "none" "ghcr.io/rust-lang/crates-build-env/linux@sha256:34b6a614d2c27851fe6cbf88fbd1137609cefab8b10d0615aaeb6fd47975d74e" "/opt/rustwide/cargo-home/bin/cargo" "+beta-2021-08-01" "doc" "--frozen" "--no-deps" "--document-private-items" "--message-format=json", kill_on_drop: false }`
[INFO] [stdout] 713b45fb0f81b7a61f88b14a39ddddd49f5b052da1dfb8e88ff250ca759093c9
[INFO] [stderr] WARNING: Your kernel does not support swap limit capabilities or the cgroup is not mounted. Memory limited without swap.
[INFO] running `Command { std: "docker" "start" "-a" "713b45fb0f81b7a61f88b14a39ddddd49f5b052da1dfb8e88ff250ca759093c9", kill_on_drop: false }`
[INFO] [stderr]     Blocking waiting for file lock on package cache
[INFO] [stderr]    Compiling xatlas-rs v0.1.3 (/opt/rustwide/workdir)
[INFO] [stderr] The following warnings were emitted during compilation:
[INFO] [stderr] 
[INFO] [stderr] warning: c++: error: vendor/xatlas.cpp: No such file or directory
[INFO] [stderr] warning: c++: fatal error: no input files
[INFO] [stderr] warning: compilation terminated.
[INFO] [stderr] 
[INFO] [stderr] error: failed to run custom build command for `xatlas-rs v0.1.3 (/opt/rustwide/workdir)`
[INFO] [stderr] 
[INFO] [stderr] Caused by:
[INFO] [stderr]   process didn't exit successfully: `/opt/rustwide/target/debug/build/xatlas-rs-1dd4fbc4e5b9c366/build-script-build` (exit status: 1)
[INFO] [stderr]   --- stdout
[INFO] [stderr]   TARGET = Some("x86_64-unknown-linux-gnu")
[INFO] [stderr]   OPT_LEVEL = Some("0")
[INFO] [stderr]   HOST = Some("x86_64-unknown-linux-gnu")
[INFO] [stderr]   CXX_x86_64-unknown-linux-gnu = None
[INFO] [stderr]   CXX_x86_64_unknown_linux_gnu = None
[INFO] [stderr]   HOST_CXX = None
[INFO] [stderr]   CXX = None
[INFO] [stderr]   CXXFLAGS_x86_64-unknown-linux-gnu = None
[INFO] [stderr]   CXXFLAGS_x86_64_unknown_linux_gnu = None
[INFO] [stderr]   HOST_CXXFLAGS = None
[INFO] [stderr]   CXXFLAGS = None
[INFO] [stderr]   CRATE_CC_NO_DEFAULTS = None
[INFO] [stderr]   CARGO_CFG_TARGET_FEATURE = Some("fxsr,sse,sse2")
[INFO] [stderr]   running: "c++" "-O0" "-ffunction-sections" "-fdata-sections" "-fPIC" "-m64" "-I" "src" "-Wall" "-Wextra" "-std=c++11" "-DNDEBUG" "-o" "/opt/rustwide/target/debug/build/xatlas-rs-115dc1100a588c73/out/vendor/xatlas.o" "-c" "vendor/xatlas.cpp"
[INFO] [stderr]   cargo:warning=c++: error: vendor/xatlas.cpp: No such file or directory
[INFO] [stderr]   cargo:warning=c++: fatal error: no input files
[INFO] [stderr]   cargo:warning=compilation terminated.
[INFO] [stderr]   exit status: 1
[INFO] [stderr] 
[INFO] [stderr]   --- stderr
[INFO] [stderr] 
[INFO] [stderr] 
[INFO] [stderr]   error occurred: Command "c++" "-O0" "-ffunction-sections" "-fdata-sections" "-fPIC" "-m64" "-I" "src" "-Wall" "-Wextra" "-std=c++11" "-DNDEBUG" "-o" "/opt/rustwide/target/debug/build/xatlas-rs-115dc1100a588c73/out/vendor/xatlas.o" "-c" "vendor/xatlas.cpp" with args "c++" did not execute successfully (status code exit status: 1).
[INFO] [stderr] 
[INFO] [stderr] 
[INFO] running `Command { std: "docker" "inspect" "713b45fb0f81b7a61f88b14a39ddddd49f5b052da1dfb8e88ff250ca759093c9", kill_on_drop: false }`
[INFO] running `Command { std: "docker" "rm" "-f" "713b45fb0f81b7a61f88b14a39ddddd49f5b052da1dfb8e88ff250ca759093c9", kill_on_drop: false }`
[INFO] [stdout] 713b45fb0f81b7a61f88b14a39ddddd49f5b052da1dfb8e88ff250ca759093c9
