[INFO] cloning repository https://github.com/Jascha-N/voctra
[INFO] running `Command { std: "git" "-c" "credential.helper=" "-c" "credential.helper=/workspace/cargo-home/bin/git-credential-null" "clone" "--bare" "https://github.com/Jascha-N/voctra" "/workspace/cache/git-repos/https%3A%2F%2Fgithub.com%2FJascha-N%2Fvoctra", kill_on_drop: false }`
[INFO] [stderr] Cloning into bare repository '/workspace/cache/git-repos/https%3A%2F%2Fgithub.com%2FJascha-N%2Fvoctra'...
[INFO] running `Command { std: "git" "rev-parse" "HEAD", kill_on_drop: false }`
[INFO] [stdout] ae7823b9b43d710669936bc741f706ddfa99d060
[INFO] documenting Jascha-N/voctra against beta-2021-08-01 for beta-1.55-rustdoc-1
[INFO] running `Command { std: "git" "clone" "/workspace/cache/git-repos/https%3A%2F%2Fgithub.com%2FJascha-N%2Fvoctra" "/workspace/builds/worker-5/source", kill_on_drop: false }`
[INFO] [stderr] Cloning into '/workspace/builds/worker-5/source'...
[INFO] [stderr] done.
[INFO] validating manifest of git repo https://github.com/Jascha-N/voctra on toolchain beta-2021-08-01
[INFO] running `Command { std: "/workspace/cargo-home/bin/cargo" "+beta-2021-08-01" "metadata" "--manifest-path" "Cargo.toml" "--no-deps", kill_on_drop: false }`
[INFO] started tweaking git repo https://github.com/Jascha-N/voctra
[INFO] finished tweaking git repo https://github.com/Jascha-N/voctra
[INFO] tweaked toml for git repo https://github.com/Jascha-N/voctra written to /workspace/builds/worker-5/source/Cargo.toml
[INFO] crate git repo https://github.com/Jascha-N/voctra already has a lockfile, it will not be regenerated
[INFO] running `Command { std: "/workspace/cargo-home/bin/cargo" "+beta-2021-08-01" "fetch" "--manifest-path" "Cargo.toml", kill_on_drop: false }`
[INFO] [stderr]  Downloading crates ...
[INFO] [stderr]   Downloaded derive-error-chain v0.10.1
[INFO] [stderr]   Downloaded log4rs v0.7.0
[INFO] [stderr]   Downloaded quick-error v1.2.0
[INFO] [stderr]   Downloaded miniz-sys v0.1.9
[INFO] [stderr]   Downloaded diesel_codegen v0.14.0
[INFO] [stderr]   Downloaded hyper v0.10.12
[INFO] [stderr]   Downloaded ordermap v0.2.10
[INFO] [stderr]   Downloaded flate2 v0.2.19
[INFO] [stderr]   Downloaded dotenv v0.10.1
[INFO] [stderr]   Downloaded chan v0.1.19
[INFO] [stderr]   Downloaded bcrypt v0.1.3
[INFO] [stderr]   Downloaded pq-sys v0.4.4
[INFO] [stderr]   Downloaded base64 v0.5.2
[INFO] [stderr]   Downloaded chan-signal v0.2.0
[INFO] [stderr]   Downloaded serde-value v0.5.0
[INFO] [stderr]   Downloaded nix v0.8.1
[INFO] [stderr]   Downloaded untrusted v0.5.0
[INFO] [stderr]   Downloaded state v0.3.1
[INFO] [stderr]   Downloaded users v0.5.2
[INFO] [stderr]   Downloaded walkdir v1.0.7
[INFO] [stderr]   Downloaded same-file v0.1.3
[INFO] [stderr]   Downloaded redox_syscall v0.1.26
[INFO] [stderr]   Downloaded r2d2 v0.7.3
[INFO] [stderr]   Downloaded ordered-float v0.4.0
[INFO] [stderr]   Downloaded humantime v1.0.0
[INFO] [stderr]   Downloaded mysqlclient-sys v0.2.3
[INFO] [stderr]   Downloaded rocket_codegen v0.3.0
[INFO] [stderr]   Downloaded yansi v0.3.0
[INFO] [stderr]   Downloaded rocket_contrib v0.3.0
[INFO] [stderr]   Downloaded diesel_infer_schema v0.14.0
[INFO] [stderr]   Downloaded r2d2-diesel v0.14.0
[INFO] [stderr]   Downloaded scheduled-thread-pool v0.1.0
[INFO] [stderr]   Downloaded jsonwebtoken v2.0.2
[INFO] [stderr]   Downloaded smallvec v0.4.1
[INFO] [stderr]   Downloaded toml v0.4.2
[INFO] [stderr]   Downloaded diesel v0.14.1
[INFO] [stderr]   Downloaded rocket v0.3.0
[INFO] running `Command { std: "docker" "create" "-v" "/var/lib/crater-agent-workspace/builds/worker-5/target:/opt/rustwide/target:rw,Z" "-v" "/var/lib/crater-agent-workspace/builds/worker-5/source:/opt/rustwide/workdir:ro,Z" "-v" "/var/lib/crater-agent-workspace/cargo-home:/opt/rustwide/cargo-home:ro,Z" "-v" "/var/lib/crater-agent-workspace/rustup-home:/opt/rustwide/rustup-home:ro,Z" "-e" "SOURCE_DIR=/opt/rustwide/workdir" "-e" "CARGO_TARGET_DIR=/opt/rustwide/target" "-e" "CARGO_HOME=/opt/rustwide/cargo-home" "-e" "RUSTUP_HOME=/opt/rustwide/rustup-home" "-w" "/opt/rustwide/workdir" "-m" "1610612736" "--user" "0:0" "--network" "none" "ghcr.io/rust-lang/crates-build-env/linux@sha256:34b6a614d2c27851fe6cbf88fbd1137609cefab8b10d0615aaeb6fd47975d74e" "/opt/rustwide/cargo-home/bin/cargo" "+beta-2021-08-01" "metadata" "--no-deps" "--format-version=1", kill_on_drop: false }`
[INFO] [stdout] 05a02a4b179f28232c711daf14df92b6c5ab1d42644f0c3e2a3d9c2ea1e94756
[INFO] [stderr] WARNING: Your kernel does not support swap limit capabilities or the cgroup is not mounted. Memory limited without swap.
[INFO] running `Command { std: "docker" "start" "-a" "05a02a4b179f28232c711daf14df92b6c5ab1d42644f0c3e2a3d9c2ea1e94756", kill_on_drop: false }`
[INFO] running `Command { std: "docker" "inspect" "05a02a4b179f28232c711daf14df92b6c5ab1d42644f0c3e2a3d9c2ea1e94756", kill_on_drop: false }`
[INFO] running `Command { std: "docker" "rm" "-f" "05a02a4b179f28232c711daf14df92b6c5ab1d42644f0c3e2a3d9c2ea1e94756", kill_on_drop: false }`
[INFO] [stdout] 05a02a4b179f28232c711daf14df92b6c5ab1d42644f0c3e2a3d9c2ea1e94756
[INFO] running `Command { std: "docker" "create" "-v" "/var/lib/crater-agent-workspace/builds/worker-5/target:/opt/rustwide/target:rw,Z" "-v" "/var/lib/crater-agent-workspace/builds/worker-5/source:/opt/rustwide/workdir:ro,Z" "-v" "/var/lib/crater-agent-workspace/cargo-home:/opt/rustwide/cargo-home:ro,Z" "-v" "/var/lib/crater-agent-workspace/rustup-home:/opt/rustwide/rustup-home:ro,Z" "-e" "SOURCE_DIR=/opt/rustwide/workdir" "-e" "CARGO_TARGET_DIR=/opt/rustwide/target" "-e" "CARGO_INCREMENTAL=0" "-e" "RUST_BACKTRACE=full" "-e" "RUSTDOCFLAGS=--cap-lints=warn" "-e" "CARGO_HOME=/opt/rustwide/cargo-home" "-e" "RUSTUP_HOME=/opt/rustwide/rustup-home" "-w" "/opt/rustwide/workdir" "-m" "1610612736" "--user" "0:0" "--network" "none" "ghcr.io/rust-lang/crates-build-env/linux@sha256:34b6a614d2c27851fe6cbf88fbd1137609cefab8b10d0615aaeb6fd47975d74e" "/opt/rustwide/cargo-home/bin/cargo" "+beta-2021-08-01" "doc" "--frozen" "--no-deps" "--document-private-items" "--message-format=json", kill_on_drop: false }`
[INFO] [stdout] 54cb5ae29b21712e9c8f4f7fa7643a13cfb28ad820a6e35752a7dca0ca8d5cd0
[INFO] [stderr] WARNING: Your kernel does not support swap limit capabilities or the cgroup is not mounted. Memory limited without swap.
[INFO] running `Command { std: "docker" "start" "-a" "54cb5ae29b21712e9c8f4f7fa7643a13cfb28ad820a6e35752a7dca0ca8d5cd0", kill_on_drop: false }`
[INFO] [stderr]    Compiling libc v0.2.26
[INFO] [stderr]    Compiling scopeguard v0.3.2
[INFO] [stderr]    Compiling either v1.1.0
[INFO] [stderr]    Compiling rayon-core v1.2.1
[INFO] [stderr]    Compiling futures v0.1.14
[INFO] [stderr]    Compiling byteorder v1.1.0
[INFO] [stderr]    Compiling yansi v0.3.0
[INFO] [stderr]    Compiling void v1.0.2
[INFO] [stderr]    Compiling percent-encoding v1.0.0
[INFO] [stderr]     Checking untrusted v0.5.0
[INFO] [stderr]    Compiling pear_codegen v0.0.10
[INFO] [stderr]    Compiling rustc-demangle v0.1.4
[INFO] [stderr]    Compiling log v0.3.8
[INFO] [stderr]     Checking linked-hash-map v0.3.0
[INFO] [stderr]    Compiling same-file v0.1.3
[INFO] [stdout] error[E0557]: feature has been removed
[INFO] [stdout]  --> /opt/rustwide/cargo-home/registry/src/github.com-1ecc6299db9ec823/yansi-0.3.0/src/lib.rs:1:40
[INFO] [stdout]   |
[INFO] [stdout] 1 | #![cfg_attr(feature="nightly", feature(const_fn))]
[INFO] [stdout]   |                                        ^^^^^^^^ feature has been removed
[INFO] [stdout]   |
[INFO] [stdout]   = note: split into finer-grained feature gates
[INFO] [stdout] 
[INFO] [stdout] 
[INFO] [stdout] error[E0554]: `#![feature]` may not be used on the beta release channel
[INFO] [stdout]  --> /opt/rustwide/cargo-home/registry/src/github.com-1ecc6299db9ec823/yansi-0.3.0/src/lib.rs:1:32
[INFO] [stdout]   |
[INFO] [stdout] 1 | #![cfg_attr(feature="nightly", feature(const_fn))]
[INFO] [stdout]   |                                ^^^^^^^^^^^^^^^^^
[INFO] [stdout] 
[INFO] [stdout] 
[INFO] [stderr]    Compiling httparse v1.2.3
[INFO] [stdout] error[E0557]: feature has been removed
[INFO] [stdout]  --> /opt/rustwide/cargo-home/registry/src/github.com-1ecc6299db9ec823/pear_codegen-0.0.10/src/lib.rs:1:45
[INFO] [stdout]   |
[INFO] [stdout] 1 | #![feature(plugin_registrar, rustc_private, quote)]
[INFO] [stdout]   |                                             ^^^^^ feature has been removed
[INFO] [stdout] 
[INFO] [stdout] 
[INFO] [stdout] error: aborting due to 2 previous errors
[INFO] [stdout] 
[INFO] [stdout] 
[INFO] [stdout] Some errors have detailed explanations: E0554, E0557.
[INFO] [stdout] 
[INFO] [stdout] For more information about an error, try `rustc --explain E0554`.
[INFO] [stdout] 
[INFO] [stderr] error: could not compile `yansi` due to 3 previous errors
[INFO] [stderr] warning: build failed, waiting for other jobs to finish...
[INFO] [stdout] error[E0462]: found staticlib `rustc` instead of rlib or dylib
[INFO] [stdout]  --> /opt/rustwide/cargo-home/registry/src/github.com-1ecc6299db9ec823/pear_codegen-0.0.10/src/lib.rs:3:1
[INFO] [stdout]   |
[INFO] [stdout] 3 | extern crate rustc;
[INFO] [stdout]   | ^^^^^^^^^^^^^^^^^^^
[INFO] [stdout]   |
[INFO] [stdout]   = help: please recompile that crate using --crate-type lib
[INFO] [stdout]   = note: the following crate versions were found:
[INFO] [stdout]           crate `rustc`: /opt/rustwide/rustup-home/toolchains/beta-2021-08-01-x86_64-unknown-linux-gnu/lib/rustlib/x86_64-unknown-linux-gnu/lib/librustc-beta_rt.tsan.a
[INFO] [stdout]           crate `rustc`: /opt/rustwide/rustup-home/toolchains/beta-2021-08-01-x86_64-unknown-linux-gnu/lib/rustlib/x86_64-unknown-linux-gnu/lib/librustc-beta_rt.msan.a
[INFO] [stdout]           crate `rustc`: /opt/rustwide/rustup-home/toolchains/beta-2021-08-01-x86_64-unknown-linux-gnu/lib/rustlib/x86_64-unknown-linux-gnu/lib/librustc-beta_rt.lsan.a
[INFO] [stdout]           crate `rustc`: /opt/rustwide/rustup-home/toolchains/beta-2021-08-01-x86_64-unknown-linux-gnu/lib/rustlib/x86_64-unknown-linux-gnu/lib/librustc-beta_rt.asan.a
[INFO] [stdout] 
[INFO] [stdout] 
[INFO] [stdout] error: aborting due to 2 previous errors
[INFO] [stdout] 
[INFO] [stdout] 
[INFO] [stdout] For more information about this error, try `rustc --explain E0557`.
[INFO] [stdout] 
[INFO] [stderr] error: build failed
[INFO] running `Command { std: "docker" "inspect" "54cb5ae29b21712e9c8f4f7fa7643a13cfb28ad820a6e35752a7dca0ca8d5cd0", kill_on_drop: false }`
[INFO] running `Command { std: "docker" "rm" "-f" "54cb5ae29b21712e9c8f4f7fa7643a13cfb28ad820a6e35752a7dca0ca8d5cd0", kill_on_drop: false }`
[INFO] [stdout] 54cb5ae29b21712e9c8f4f7fa7643a13cfb28ad820a6e35752a7dca0ca8d5cd0
