[INFO] cloning repository https://github.com/J-F-Liu/camera_winrt
[INFO] running `Command { std: "git" "-c" "credential.helper=" "-c" "credential.helper=/workspace/cargo-home/bin/git-credential-null" "clone" "--bare" "https://github.com/J-F-Liu/camera_winrt" "/workspace/cache/git-repos/https%3A%2F%2Fgithub.com%2FJ-F-Liu%2Fcamera_winrt", kill_on_drop: false }`
[INFO] [stderr] Cloning into bare repository '/workspace/cache/git-repos/https%3A%2F%2Fgithub.com%2FJ-F-Liu%2Fcamera_winrt'...
[INFO] running `Command { std: "git" "rev-parse" "HEAD", kill_on_drop: false }`
[INFO] [stdout] fa8bff4b1f793030ea276a06062abf8e0b1518d8
[INFO] documenting J-F-Liu/camera_winrt against beta-2021-08-01 for beta-1.55-rustdoc-1
[INFO] running `Command { std: "git" "clone" "/workspace/cache/git-repos/https%3A%2F%2Fgithub.com%2FJ-F-Liu%2Fcamera_winrt" "/workspace/builds/worker-15/source", kill_on_drop: false }`
[INFO] [stderr] Cloning into '/workspace/builds/worker-15/source'...
[INFO] [stderr] done.
[INFO] validating manifest of git repo https://github.com/J-F-Liu/camera_winrt on toolchain beta-2021-08-01
[INFO] running `Command { std: "/workspace/cargo-home/bin/cargo" "+beta-2021-08-01" "metadata" "--manifest-path" "Cargo.toml" "--no-deps", kill_on_drop: false }`
[INFO] started tweaking git repo https://github.com/J-F-Liu/camera_winrt
[INFO] finished tweaking git repo https://github.com/J-F-Liu/camera_winrt
[INFO] tweaked toml for git repo https://github.com/J-F-Liu/camera_winrt written to /workspace/builds/worker-15/source/Cargo.toml
[INFO] crate git repo https://github.com/J-F-Liu/camera_winrt already has a lockfile, it will not be regenerated
[INFO] running `Command { std: "/workspace/cargo-home/bin/cargo" "+beta-2021-08-01" "fetch" "--manifest-path" "Cargo.toml", kill_on_drop: false }`
[INFO] [stderr]     Blocking waiting for file lock on package cache
[INFO] [stderr]     Blocking waiting for file lock on package cache
[INFO] [stderr]  Downloading crates ...
[INFO] [stderr]   Downloaded wayland-sys v0.27.0
[INFO] [stderr]   Downloaded wayland-cursor v0.27.0
[INFO] [stderr]   Downloaded winrt_gen v0.7.2
[INFO] [stderr]   Downloaded wayland-client v0.27.0
[INFO] [stderr]   Downloaded futures-lite v1.11.1
[INFO] [stderr]   Downloaded polling v2.0.1
[INFO] [stderr]   Downloaded wayland-commons v0.27.0
[INFO] [stderr]   Downloaded wayland-scanner v0.27.0
[INFO] [stderr]   Downloaded wayland-protocols v0.27.0
[INFO] [stderr]   Downloaded winrt v0.7.2
[INFO] [stderr]   Downloaded winrt_gen_macros v0.7.2
[INFO] [stderr]   Downloaded minifb v0.19.1
[INFO] [stderr]   Downloaded winrt_macros v0.7.2
[INFO] running `Command { std: "docker" "create" "-v" "/var/lib/crater-agent-workspace/builds/worker-15/target:/opt/rustwide/target:rw,Z" "-v" "/var/lib/crater-agent-workspace/builds/worker-15/source:/opt/rustwide/workdir:ro,Z" "-v" "/var/lib/crater-agent-workspace/cargo-home:/opt/rustwide/cargo-home:ro,Z" "-v" "/var/lib/crater-agent-workspace/rustup-home:/opt/rustwide/rustup-home:ro,Z" "-e" "SOURCE_DIR=/opt/rustwide/workdir" "-e" "CARGO_TARGET_DIR=/opt/rustwide/target" "-e" "CARGO_HOME=/opt/rustwide/cargo-home" "-e" "RUSTUP_HOME=/opt/rustwide/rustup-home" "-w" "/opt/rustwide/workdir" "-m" "1610612736" "--user" "0:0" "--network" "none" "ghcr.io/rust-lang/crates-build-env/linux@sha256:34b6a614d2c27851fe6cbf88fbd1137609cefab8b10d0615aaeb6fd47975d74e" "/opt/rustwide/cargo-home/bin/cargo" "+beta-2021-08-01" "metadata" "--no-deps" "--format-version=1", kill_on_drop: false }`
[INFO] [stdout] 9073366a828a9ab4212cc6d31a3f456a90fb5d7c655f0582d5bc2a0408f5bab8
[INFO] running `Command { std: "docker" "start" "-a" "9073366a828a9ab4212cc6d31a3f456a90fb5d7c655f0582d5bc2a0408f5bab8", kill_on_drop: false }`
[INFO] running `Command { std: "docker" "inspect" "9073366a828a9ab4212cc6d31a3f456a90fb5d7c655f0582d5bc2a0408f5bab8", kill_on_drop: false }`
[INFO] running `Command { std: "docker" "rm" "-f" "9073366a828a9ab4212cc6d31a3f456a90fb5d7c655f0582d5bc2a0408f5bab8", kill_on_drop: false }`
[INFO] [stdout] 9073366a828a9ab4212cc6d31a3f456a90fb5d7c655f0582d5bc2a0408f5bab8
[INFO] running `Command { std: "docker" "create" "-v" "/var/lib/crater-agent-workspace/builds/worker-15/target:/opt/rustwide/target:rw,Z" "-v" "/var/lib/crater-agent-workspace/builds/worker-15/source:/opt/rustwide/workdir:ro,Z" "-v" "/var/lib/crater-agent-workspace/cargo-home:/opt/rustwide/cargo-home:ro,Z" "-v" "/var/lib/crater-agent-workspace/rustup-home:/opt/rustwide/rustup-home:ro,Z" "-e" "SOURCE_DIR=/opt/rustwide/workdir" "-e" "CARGO_TARGET_DIR=/opt/rustwide/target" "-e" "CARGO_INCREMENTAL=0" "-e" "RUST_BACKTRACE=full" "-e" "RUSTDOCFLAGS=--cap-lints=warn" "-e" "CARGO_HOME=/opt/rustwide/cargo-home" "-e" "RUSTUP_HOME=/opt/rustwide/rustup-home" "-w" "/opt/rustwide/workdir" "-m" "1610612736" "--user" "0:0" "--network" "none" "ghcr.io/rust-lang/crates-build-env/linux@sha256:34b6a614d2c27851fe6cbf88fbd1137609cefab8b10d0615aaeb6fd47975d74e" "/opt/rustwide/cargo-home/bin/cargo" "+beta-2021-08-01" "doc" "--frozen" "--no-deps" "--document-private-items" "--message-format=json", kill_on_drop: false }`
[INFO] [stdout] 35f52c9c8b29ff33d5b832584beb3c1203d1ff22d5a847f3e586521f86b86330
[INFO] running `Command { std: "docker" "start" "-a" "35f52c9c8b29ff33d5b832584beb3c1203d1ff22d5a847f3e586521f86b86330", kill_on_drop: false }`
[INFO] [stderr]     Blocking waiting for file lock on package cache
[INFO] [stderr]    Compiling libc v0.2.79
[INFO] [stderr]    Compiling proc-macro2 v1.0.24
[INFO] [stderr]    Compiling unicode-xid v0.2.1
[INFO] [stderr]    Compiling memchr v2.3.3
[INFO] [stderr]     Checking once_cell v1.4.1
[INFO] [stderr]    Compiling xml-rs v0.8.3
[INFO] [stderr]    Compiling syn v1.0.44
[INFO] [stderr]    Compiling getrandom v0.1.15
[INFO] [stderr]    Compiling byteorder v1.3.4
[INFO] [stderr]    Compiling log v0.4.11
[INFO] [stderr]    Compiling nix v0.17.0
[INFO] [stderr]     Checking futures-core v0.3.6
[INFO] [stderr]    Compiling rayon-core v1.8.1
[INFO] [stderr]     Checking void v1.0.2
[INFO] [stderr]     Checking futures-io v0.3.6
[INFO] [stderr]     Checking pin-project-lite v0.1.10
[INFO] [stderr]     Checking fastrand v1.4.0
[INFO] [stderr]    Compiling serde v1.0.116
[INFO] [stderr]    Compiling version_check v0.9.2
[INFO] [stderr]     Checking smallvec v1.4.2
[INFO] [stderr]    Compiling serde_json v1.0.59
[INFO] [stderr]     Checking async-task v4.0.2
[INFO] [stderr]     Checking ppv-lite86 v0.2.9
[INFO] [stderr]    Compiling itoa v0.4.6
[INFO] [stderr]     Checking vec-arena v1.0.0
[INFO] [stderr]    Compiling crc32fast v1.2.0
[INFO] [stderr]    Compiling cc v1.0.61
[INFO] [stderr]    Compiling sha1 v0.6.0
[INFO] [stderr]     Checking atomic-waker v1.0.0
[INFO] [stderr]     Checking weezl v0.1.1
[INFO] [stderr]     Checking remove_dir_all v0.5.3
[INFO] [stderr]     Checking slab v0.4.2
[INFO] [stderr]     Checking bytemuck v1.4.1
[INFO] [stderr]     Checking pin-utils v0.1.0
[INFO] [stderr]    Compiling crossbeam-utils v0.7.2
[INFO] [stderr]    Compiling memoffset v0.5.6
[INFO] [stderr]    Compiling crossbeam-epoch v0.8.2
[INFO] [stderr]    Compiling num-traits v0.2.12
[INFO] [stderr]    Compiling num-integer v0.1.43
[INFO] [stderr]    Compiling rayon v1.4.1
[INFO] [stderr]    Compiling num-iter v0.1.41
[INFO] [stderr]    Compiling num-rational v0.3.0
[INFO] [stderr]    Compiling maybe-uninit v2.0.0
[INFO] [stderr]    Compiling wayland-sys v0.27.0
[INFO] [stderr]    Compiling ryu v1.0.5
[INFO] [stderr]    Compiling xkbcommon-sys v0.7.4
[INFO] [stderr]    Compiling x11-dl v2.18.5
[INFO] [stderr]     Checking async-mutex v1.4.0
[INFO] [stderr]     Checking async-channel v1.5.1
[INFO] [stderr]     Checking gif v0.11.1
[INFO] [stderr]    Compiling nom v5.1.2
[INFO] [stderr]     Checking futures-lite v1.11.1
[INFO] [stderr]    Compiling quote v1.0.7
[INFO] [stderr]     Checking deflate v0.8.6
[INFO] [stderr]     Checking tiff v0.5.0
[INFO] [stderr]     Checking kv-log-macro v1.0.7
[INFO] [stderr]    Compiling wayland-scanner v0.27.0
[INFO] [stderr]    Compiling minifb v0.19.1
[INFO] [stderr]     Checking png v0.16.7
[INFO] [stderr]     Checking crossbeam-channel v0.4.4
[INFO] [stderr]     Checking async-executor v1.3.0
[INFO] [stderr]     Checking blocking v1.0.2
[INFO] [stderr]     Checking crossbeam-deque v0.7.3
[INFO] [stderr]     Checking num_cpus v1.13.0
[INFO] [stderr]     Checking nb-connect v1.0.2
[INFO] [stderr]     Checking polling v2.0.1
[INFO] [stderr]     Checking raw-window-handle v0.3.3
[INFO] [stderr]     Checking async-io v1.1.10
[INFO] [stderr]     Checking rand_core v0.5.1
[INFO] [stderr]     Checking xkb v0.2.1
[INFO] [stderr]     Checking rand_chacha v0.2.2
[INFO] [stderr]    Compiling wayland-client v0.27.0
[INFO] [stderr]    Compiling wayland-protocols v0.27.0
[INFO] [stderr]     Checking async-global-executor v1.3.0
[INFO] [stderr]     Checking rand v0.7.3
[INFO] [stderr]     Checking xcursor v0.3.2
[INFO] [stderr]     Checking tempfile v3.1.0
[INFO] [stderr]     Checking jpeg-decoder v0.1.20
[INFO] [stderr]     Checking image v0.23.10
[INFO] [stderr]     Checking wayland-commons v0.27.0
[INFO] [stderr]    Compiling winrt_gen_macros v0.7.2
[INFO] [stderr]    Compiling async-attributes v1.1.1
[INFO] [stderr]     Checking wayland-cursor v0.27.0
[INFO] [stderr]     Checking async-std v1.6.5
[INFO] [stderr]    Compiling winrt_gen v0.7.2
[INFO] [stderr]    Compiling winrt_macros v0.7.2
[INFO] [stderr]     Checking winrt v0.7.2
[INFO] [stderr]  Documenting camera v0.1.0 (/opt/rustwide/workdir)
[INFO] [stdout] error: 'windir' environment variable is not set. Perhaps you're trying to use operating system dependencies on a non-Windows OS?
[INFO] [stdout]   --> src/main.rs:16:9
[INFO] [stdout]    |
[INFO] [stdout] 16 |         os
[INFO] [stdout]    |         ^^
[INFO] [stdout] 
[INFO] [stdout] 
[INFO] [stdout] error[E0433]: failed to resolve: use of undeclared crate or module `windows`
[INFO] [stdout]  --> src/main.rs:7:5
[INFO] [stdout]   |
[INFO] [stdout] 7 | use windows::media::capture::{LowLagPhotoCapture, MediaCapture};
[INFO] [stdout]   |     ^^^^^^^ use of undeclared crate or module `windows`
[INFO] [stdout] 
[INFO] [stdout] 
[INFO] [stdout] error[E0433]: failed to resolve: use of undeclared crate or module `windows`
[INFO] [stdout]  --> src/main.rs:8:5
[INFO] [stdout]   |
[INFO] [stdout] 8 | use windows::media::media_properties::{
[INFO] [stdout]   |     ^^^^^^^ use of undeclared crate or module `windows`
[INFO] [stdout] 
[INFO] [stdout] 
[INFO] [stdout] error[E0433]: failed to resolve: use of undeclared crate or module `windows`
[INFO] [stdout]    --> src/main.rs:154:9
[INFO] [stdout]     |
[INFO] [stdout] 154 |     use windows::devices::enumeration::{DeviceClass, DeviceInformation};
[INFO] [stdout]     |         ^^^^^^^ use of undeclared crate or module `windows`
[INFO] [stdout] 
[INFO] [stdout] 
[INFO] [stdout] error[E0433]: failed to resolve: use of undeclared crate or module `windows`
[INFO] [stdout]    --> src/main.rs:173:9
[INFO] [stdout]     |
[INFO] [stdout] 173 |     use windows::media::capture::{MediaCaptureInitializationSettings, MediaStreamType};
[INFO] [stdout]     |         ^^^^^^^ use of undeclared crate or module `windows`
[INFO] [stdout] 
[INFO] [stdout] 
[INFO] [stdout] error[E0433]: failed to resolve: use of undeclared crate or module `windows`
[INFO] [stdout]    --> src/main.rs:210:9
[INFO] [stdout]     |
[INFO] [stdout] 210 |     use windows::storage::streams::{
[INFO] [stdout]     |         ^^^^^^^ use of undeclared crate or module `windows`
[INFO] [stdout] 
[INFO] [stdout] 
[INFO] [stdout] error[E0433]: failed to resolve: use of undeclared crate or module `windows`
[INFO] [stdout]    --> src/main.rs:233:9
[INFO] [stdout]     |
[INFO] [stdout] 233 |     use windows::storage::streams::{Buffer, DataReader, InputStreamOptions};
[INFO] [stdout]     |         ^^^^^^^ use of undeclared crate or module `windows`
[INFO] [stdout] 
[INFO] [stdout] 
[INFO] [stdout] error[E0412]: cannot find type `VideoEncodingProperties` in this scope
[INFO] [stdout]    --> src/main.rs:110:31
[INFO] [stdout]     |
[INFO] [stdout] 106 | fn create_menu(
[INFO] [stdout]     |               - help: you might be missing a type parameter: `<VideoEncodingProperties>`
[INFO] [stdout] ...
[INFO] [stdout] 110 |     formats: &HashMap<String, VideoEncodingProperties>,
[INFO] [stdout]     |                               ^^^^^^^^^^^^^^^^^^^^^^^ not found in this scope
[INFO] [stdout] 
[INFO] [stdout] 
[INFO] [stdout] error[E0412]: cannot find type `ImageEncodingProperties` in this scope
[INFO] [stdout]    --> src/main.rs:142:20
[INFO] [stdout]     |
[INFO] [stdout] 139 | fn create_image_encoding_properties(
[INFO] [stdout]     |                                    - help: you might be missing a type parameter: `<ImageEncodingProperties>`
[INFO] [stdout] ...
[INFO] [stdout] 142 | ) -> winrt::Result<ImageEncodingProperties> {
[INFO] [stdout]     |                    ^^^^^^^^^^^^^^^^^^^^^^^ not found in this scope
[INFO] [stdout] 
[INFO] [stdout] 
[INFO] [stdout] error[E0412]: cannot find type `MediaRatio` in this scope
[INFO] [stdout]    --> src/main.rs:149:25
[INFO] [stdout]     |
[INFO] [stdout] 149 | fn compute_ratio(ratio: MediaRatio) -> winrt::Result<f32> {
[INFO] [stdout]     |                         ^^^^^^^^^^ not found in this scope
[INFO] [stdout] 
[INFO] [stdout] 
[INFO] [stdout] error[E0412]: cannot find type `MediaCapture` in this scope
[INFO] [stdout]    --> src/main.rs:169:14
[INFO] [stdout]     |
[INFO] [stdout] 169 |     camera: &MediaCapture,
[INFO] [stdout]     |              ^^^^^^^^^^^^ not found in this scope
[INFO] [stdout] 
[INFO] [stdout] 
[INFO] [stdout] error[E0412]: cannot find type `VideoEncodingProperties` in this scope
[INFO] [stdout]    --> src/main.rs:172:36
[INFO] [stdout]     |
[INFO] [stdout] 168 | async fn start_camera(
[INFO] [stdout]     |                      - help: you might be missing a type parameter: `<VideoEncodingProperties>`
[INFO] [stdout] ...
[INFO] [stdout] 172 | ) -> winrt::Result<HashMap<String, VideoEncodingProperties>> {
[INFO] [stdout]     |                                    ^^^^^^^^^^^^^^^^^^^^^^^ not found in this scope
[INFO] [stdout] 
[INFO] [stdout] 
[INFO] [stdout] error[E0412]: cannot find type `MediaCapture` in this scope
[INFO] [stdout]    --> src/main.rs:207:14
[INFO] [stdout]     |
[INFO] [stdout] 207 |     camera: &MediaCapture,
[INFO] [stdout]     |              ^^^^^^^^^^^^ not found in this scope
[INFO] [stdout] 
[INFO] [stdout] 
[INFO] [stdout] error[E0412]: cannot find type `ImageEncodingProperties` in this scope
[INFO] [stdout]    --> src/main.rs:208:16
[INFO] [stdout]     |
[INFO] [stdout] 208 |     encoding: &ImageEncodingProperties,
[INFO] [stdout]     |                ^^^^^^^^^^^^^^^^^^^^^^^ not found in this scope
[INFO] [stdout] 
[INFO] [stdout] 
[INFO] [stdout] error[E0412]: cannot find type `LowLagPhotoCapture` in this scope
[INFO] [stdout]    --> src/main.rs:232:41
[INFO] [stdout]     |
[INFO] [stdout] 232 | async fn capture_lowlag_frame(capture: &LowLagPhotoCapture) -> winrt::Result<Vec<u8>> {
[INFO] [stdout]     |                                         ^^^^^^^^^^^^^^^^^^ not found in this scope
[INFO] [stdout] 
[INFO] [stdout] 
[INFO] [stderr] error: could not document `camera`
[INFO] [stdout] error: Compilation failed, aborting rustdoc
[INFO] [stdout] 
[INFO] [stdout] 
[INFO] [stderr] 
[INFO] [stdout] error: aborting due to 16 previous errors
[INFO] [stdout] 
[INFO] [stdout] 
[INFO] [stderr] Caused by:
[INFO] [stdout] Some errors have detailed explanations: E0412, E0433.
[INFO] [stdout] 
[INFO] [stderr]   process didn't exit successfully: `rustdoc --edition=2018 --crate-type bin --crate-name camera src/main.rs -o /opt/rustwide/target/doc --error-format=json --json=diagnostic-rendered-ansi --document-private-items -L dependency=/opt/rustwide/target/debug/deps --extern async_std=/opt/rustwide/target/debug/deps/libasync_std-c78d048075a5d8e8.rmeta --extern image=/opt/rustwide/target/debug/deps/libimage-d8cb194b0c9020f2.rmeta --extern minifb=/opt/rustwide/target/debug/deps/libminifb-0abc206a958bc24c.rmeta --extern winrt=/opt/rustwide/target/debug/deps/libwinrt-31bbf995eff685a6.rmeta --cap-lints=warn --crate-version 0.1.0` (exit status: 1)
[INFO] [stdout] For more information about an error, try `rustc --explain E0412`.
[INFO] [stdout] 
[INFO] running `Command { std: "docker" "inspect" "35f52c9c8b29ff33d5b832584beb3c1203d1ff22d5a847f3e586521f86b86330", kill_on_drop: false }`
[INFO] running `Command { std: "docker" "rm" "-f" "35f52c9c8b29ff33d5b832584beb3c1203d1ff22d5a847f3e586521f86b86330", kill_on_drop: false }`
[INFO] [stdout] 35f52c9c8b29ff33d5b832584beb3c1203d1ff22d5a847f3e586521f86b86330
