[INFO] cloning repository https://github.com/Isaac-Lozano/rnes
[INFO] running `Command { std: "git" "-c" "credential.helper=" "-c" "credential.helper=/workspace/cargo-home/bin/git-credential-null" "clone" "--bare" "https://github.com/Isaac-Lozano/rnes" "/workspace/cache/git-repos/https%3A%2F%2Fgithub.com%2FIsaac-Lozano%2Frnes", kill_on_drop: false }`
[INFO] [stderr] Cloning into bare repository '/workspace/cache/git-repos/https%3A%2F%2Fgithub.com%2FIsaac-Lozano%2Frnes'...
[INFO] running `Command { std: "git" "rev-parse" "HEAD", kill_on_drop: false }`
[INFO] [stdout] 55f5cd247b18138b25433772779a402bdec7d955
[INFO] documenting Isaac-Lozano/rnes against 1.54.0 for beta-1.55-rustdoc-1
[INFO] running `Command { std: "git" "clone" "/workspace/cache/git-repos/https%3A%2F%2Fgithub.com%2FIsaac-Lozano%2Frnes" "/workspace/builds/worker-18/source", kill_on_drop: false }`
[INFO] [stderr] Cloning into '/workspace/builds/worker-18/source'...
[INFO] [stderr] done.
[INFO] validating manifest of git repo https://github.com/Isaac-Lozano/rnes on toolchain 1.54.0
[INFO] running `Command { std: "/workspace/cargo-home/bin/cargo" "+1.54.0" "metadata" "--manifest-path" "Cargo.toml" "--no-deps", kill_on_drop: false }`
[INFO] started tweaking git repo https://github.com/Isaac-Lozano/rnes
[INFO] finished tweaking git repo https://github.com/Isaac-Lozano/rnes
[INFO] tweaked toml for git repo https://github.com/Isaac-Lozano/rnes written to /workspace/builds/worker-18/source/Cargo.toml
[INFO] crate git repo https://github.com/Isaac-Lozano/rnes already has a lockfile, it will not be regenerated
[INFO] running `Command { std: "/workspace/cargo-home/bin/cargo" "+1.54.0" "fetch" "--manifest-path" "Cargo.toml", kill_on_drop: false }`
[INFO] [stderr]     Blocking waiting for file lock on package cache
[INFO] [stderr]     Updating crates.io index
[INFO] [stderr]     Blocking waiting for file lock on package cache
[INFO] running `Command { std: "docker" "create" "-v" "/var/lib/crater-agent-workspace/builds/worker-18/target:/opt/rustwide/target:rw,Z" "-v" "/var/lib/crater-agent-workspace/builds/worker-18/source:/opt/rustwide/workdir:ro,Z" "-v" "/var/lib/crater-agent-workspace/cargo-home:/opt/rustwide/cargo-home:ro,Z" "-v" "/var/lib/crater-agent-workspace/rustup-home:/opt/rustwide/rustup-home:ro,Z" "-e" "SOURCE_DIR=/opt/rustwide/workdir" "-e" "CARGO_TARGET_DIR=/opt/rustwide/target" "-e" "CARGO_HOME=/opt/rustwide/cargo-home" "-e" "RUSTUP_HOME=/opt/rustwide/rustup-home" "-w" "/opt/rustwide/workdir" "-m" "1610612736" "--user" "0:0" "--network" "none" "ghcr.io/rust-lang/crates-build-env/linux@sha256:34b6a614d2c27851fe6cbf88fbd1137609cefab8b10d0615aaeb6fd47975d74e" "/opt/rustwide/cargo-home/bin/cargo" "+1.54.0" "metadata" "--no-deps" "--format-version=1", kill_on_drop: false }`
[INFO] [stdout] 30791b3c5293c3d112f61f67beb234787085bd7aa7890e08a9cc1dc8e8f3e641
[INFO] running `Command { std: "docker" "start" "-a" "30791b3c5293c3d112f61f67beb234787085bd7aa7890e08a9cc1dc8e8f3e641", kill_on_drop: false }`
[INFO] running `Command { std: "docker" "inspect" "30791b3c5293c3d112f61f67beb234787085bd7aa7890e08a9cc1dc8e8f3e641", kill_on_drop: false }`
[INFO] running `Command { std: "docker" "rm" "-f" "30791b3c5293c3d112f61f67beb234787085bd7aa7890e08a9cc1dc8e8f3e641", kill_on_drop: false }`
[INFO] [stdout] 30791b3c5293c3d112f61f67beb234787085bd7aa7890e08a9cc1dc8e8f3e641
[INFO] running `Command { std: "docker" "create" "-v" "/var/lib/crater-agent-workspace/builds/worker-18/target:/opt/rustwide/target:rw,Z" "-v" "/var/lib/crater-agent-workspace/builds/worker-18/source:/opt/rustwide/workdir:ro,Z" "-v" "/var/lib/crater-agent-workspace/cargo-home:/opt/rustwide/cargo-home:ro,Z" "-v" "/var/lib/crater-agent-workspace/rustup-home:/opt/rustwide/rustup-home:ro,Z" "-e" "SOURCE_DIR=/opt/rustwide/workdir" "-e" "CARGO_TARGET_DIR=/opt/rustwide/target" "-e" "CARGO_INCREMENTAL=0" "-e" "RUST_BACKTRACE=full" "-e" "RUSTDOCFLAGS=--cap-lints=warn" "-e" "CARGO_HOME=/opt/rustwide/cargo-home" "-e" "RUSTUP_HOME=/opt/rustwide/rustup-home" "-w" "/opt/rustwide/workdir" "-m" "1610612736" "--user" "0:0" "--network" "none" "ghcr.io/rust-lang/crates-build-env/linux@sha256:34b6a614d2c27851fe6cbf88fbd1137609cefab8b10d0615aaeb6fd47975d74e" "/opt/rustwide/cargo-home/bin/cargo" "+1.54.0" "doc" "--frozen" "--no-deps" "--document-private-items" "--message-format=json", kill_on_drop: false }`
[INFO] [stdout] 26a084563c33bab2344caba0287d1c355df4337ee7cea755c2c91b354ff1ddaf
[INFO] running `Command { std: "docker" "start" "-a" "26a084563c33bab2344caba0287d1c355df4337ee7cea755c2c91b354ff1ddaf", kill_on_drop: false }`
[INFO] [stderr]     Checking libc v0.2.18
[INFO] [stderr]    Compiling winapi-build v0.1.1
[INFO] [stderr]     Checking winapi v0.2.8
[INFO] [stderr]     Checking num-traits v0.1.36
[INFO] [stderr]    Compiling sdl2-sys v0.27.3
[INFO] [stderr]     Checking bitflags v0.7.0
[INFO] [stderr]     Checking utf8-ranges v0.1.3
[INFO] [stderr]     Checking regex-syntax v0.3.9
[INFO] [stderr]     Checking lazy_static v0.2.2
[INFO] [stderr]     Checking log v0.3.6
[INFO] [stderr]     Checking r6502 v0.1.0 (https://github.com/Isaac-Lozano/r6502#cd14e84d)
[INFO] [stderr]     Checking memchr v0.1.11
[INFO] [stderr]     Checking rand v0.3.15
[INFO] [stderr]    Compiling kernel32-sys v0.2.2
[INFO] [stderr]     Checking num-integer v0.1.32
[INFO] [stderr]     Checking aho-corasick v0.5.3
[INFO] [stderr]     Checking num-iter v0.1.32
[INFO] [stderr]     Checking num v0.1.36
[INFO] [stderr]     Checking sdl2 v0.27.3
[INFO] [stderr]     Checking thread-id v2.0.0
[INFO] [stderr]     Checking thread_local v0.2.7
[INFO] [stderr]     Checking regex v0.1.80
[INFO] [stderr]     Checking env_logger v0.3.5
[INFO] [stderr]  Documenting rnes v0.1.0 (/opt/rustwide/workdir)
[INFO] [stdout] error: expected expression, found `]`
[INFO] [stdout]    --> src/ppu.rs:107:1
[INFO] [stdout]     |
[INFO] [stdout] 107 | }
[INFO] [stdout]     | ^ expected expression
[INFO] [stdout] 
[INFO] [stdout] 
[INFO] [stdout] error: expected expression, found `}`
[INFO] [stdout]    --> src/ppu.rs:150:13
[INFO] [stdout]     |
[INFO] [stdout] 150 |             },
[INFO] [stdout]     |             ^ expected expression
[INFO] [stdout] 
[INFO] [stdout] 
[INFO] [stdout] error: mismatched closing delimiter: `}`
[INFO] [stdout]    --> src/ppu.rs:107:1
[INFO] [stdout]     |
[INFO] [stdout] 84  | {
[INFO] [stdout]     | - closing delimiter possibly meant for this
[INFO] [stdout] ...
[INFO] [stdout] 106 |     pub screen: [u8; 
[INFO] [stdout]     |                 - unclosed delimiter
[INFO] [stdout] 107 | }
[INFO] [stdout]     | ^ mismatched closing delimiter
[INFO] [stdout] 
[INFO] [stdout] 
[INFO] [stdout] error: expected one of `=>`, `@`, `if`, or `|`, found `-`
[INFO] [stdout]    --> src/ppu.rs:166:21
[INFO] [stdout]     |
[INFO] [stdout] 166 |             PPUCTRL - 0x2000 =>
[INFO] [stdout]     |                     ^ expected one of `=>`, `@`, `if`, or `|`
[INFO] [stdout] 
[INFO] [stdout] 
[INFO] [stdout] error: expected one of `=>`, `@`, `if`, or `|`, found `-`
[INFO] [stdout]    --> src/ppu.rs:220:21
[INFO] [stdout]     |
[INFO] [stdout] 220 |             PPUCTRL - 0x2000 =>
[INFO] [stdout]     |                     ^ expected one of `=>`, `@`, `if`, or `|`
[INFO] [stdout] 
[INFO] [stdout] 
[INFO] [stdout] error: expected one of `=>`, `@`, `if`, or `|`, found `-`
[INFO] [stdout]    --> src/ppu.rs:274:21
[INFO] [stdout]     |
[INFO] [stdout] 274 |             PPUCTRL - 0x2000 =>
[INFO] [stdout]     |                     ^ expected one of `=>`, `@`, `if`, or `|`
[INFO] [stdout] 
[INFO] [stdout] 
[INFO] [stdout] error: expected one of `=>`, `@`, `if`, or `|`, found `-`
[INFO] [stdout]    --> src/ppu.rs:332:21
[INFO] [stdout]     |
[INFO] [stdout] 332 |             PPUCTRL - 0x2000 =>
[INFO] [stdout]     |                     ^ expected one of `=>`, `@`, `if`, or `|`
[INFO] [stdout] 
[INFO] [stdout] 
[INFO] [stdout] error[E0412]: cannot find type `M` in this scope
[INFO] [stdout]   --> src/memory.rs:19:15
[INFO] [stdout]    |
[INFO] [stdout] 19 |         where M: Mapper
[INFO] [stdout]    |               ^ not found in this scope
[INFO] [stdout] 
[INFO] [stdout] 
[INFO] [stdout] error[E0412]: cannot find type `M` in this scope
[INFO] [stdout]   --> src/memory.rs:18:20
[INFO] [stdout]    |
[INFO] [stdout] 18 |     fn new(mapper: M) -> NesMemory
[INFO] [stdout]    |                    ^ not found in this scope
[INFO] [stdout] 
[INFO] [stdout] 
[INFO] [stdout] error[E0412]: cannot find type `Rc` in this scope
[INFO] [stdout]   --> src/ppu.rs:25:13
[INFO] [stdout]    |
[INFO] [stdout] 25 |     mapper: Rc<RefCell<Box<Mapper>>>,
[INFO] [stdout]    |             ^^ not found in this scope
[INFO] [stdout]    |
[INFO] [stdout] help: consider importing this struct
[INFO] [stdout]    |
[INFO] [stdout] 1  | use std::rc::Rc;
[INFO] [stdout]    |
[INFO] [stdout] 
[INFO] [stdout] 
[INFO] [stdout] error[E0412]: cannot find type `RefCell` in this scope
[INFO] [stdout]   --> src/ppu.rs:25:16
[INFO] [stdout]    |
[INFO] [stdout] 25 |     mapper: Rc<RefCell<Box<Mapper>>>,
[INFO] [stdout]    |                ^^^^^^^ not found in this scope
[INFO] [stdout]    |
[INFO] [stdout] help: consider importing this struct
[INFO] [stdout]    |
[INFO] [stdout] 1  | use std::cell::RefCell;
[INFO] [stdout]    |
[INFO] [stdout] 
[INFO] [stdout] 
[INFO] [stdout] error: Compilation failed, aborting rustdoc
[INFO] [stdout] 
[INFO] [stdout] 
[INFO] [stdout] error: aborting due to 12 previous errors
[INFO] [stdout] 
[INFO] [stdout] 
[INFO] [stdout] For more information about this error, try `rustc --explain E0412`.
[INFO] [stdout] 
[INFO] [stderr] error: could not document `rnes`
[INFO] [stderr] 
[INFO] [stderr] Caused by:
[INFO] [stderr]   process didn't exit successfully: `rustdoc --crate-type bin --crate-name rnes src/main.rs -o /opt/rustwide/target/doc --error-format=json --json=diagnostic-rendered-ansi --document-private-items -L dependency=/opt/rustwide/target/debug/deps --extern env_logger=/opt/rustwide/target/debug/deps/libenv_logger-419d6ad06eaaade2.rmeta --extern log=/opt/rustwide/target/debug/deps/liblog-f91776d6c8c97fdb.rmeta --extern r6502=/opt/rustwide/target/debug/deps/libr6502-9483e90cd9e7180e.rmeta --extern sdl2=/opt/rustwide/target/debug/deps/libsdl2-54882ef58f4c19c5.rmeta --cap-lints=warn --crate-version 0.1.0` (exit status: 1)
[INFO] running `Command { std: "docker" "inspect" "26a084563c33bab2344caba0287d1c355df4337ee7cea755c2c91b354ff1ddaf", kill_on_drop: false }`
[INFO] running `Command { std: "docker" "rm" "-f" "26a084563c33bab2344caba0287d1c355df4337ee7cea755c2c91b354ff1ddaf", kill_on_drop: false }`
[INFO] [stdout] 26a084563c33bab2344caba0287d1c355df4337ee7cea755c2c91b354ff1ddaf
