[INFO] cloning repository https://github.com/In-line/rust_2048
[INFO] running `Command { std: "git" "-c" "credential.helper=" "-c" "credential.helper=/workspace/cargo-home/bin/git-credential-null" "clone" "--bare" "https://github.com/In-line/rust_2048" "/workspace/cache/git-repos/https%3A%2F%2Fgithub.com%2FIn-line%2Frust_2048", kill_on_drop: false }`
[INFO] [stderr] Cloning into bare repository '/workspace/cache/git-repos/https%3A%2F%2Fgithub.com%2FIn-line%2Frust_2048'...
[INFO] running `Command { std: "git" "rev-parse" "HEAD", kill_on_drop: false }`
[INFO] [stdout] 274ac45ea39b937231971d0cf368641ce1fa7b7e
[INFO] documenting In-line/rust_2048 against beta-2021-08-01 for beta-1.55-rustdoc-1
[INFO] running `Command { std: "git" "clone" "/workspace/cache/git-repos/https%3A%2F%2Fgithub.com%2FIn-line%2Frust_2048" "/workspace/builds/worker-101/source", kill_on_drop: false }`
[INFO] [stderr] Cloning into '/workspace/builds/worker-101/source'...
[INFO] [stderr] done.
[INFO] validating manifest of git repo https://github.com/In-line/rust_2048 on toolchain beta-2021-08-01
[INFO] running `Command { std: "/workspace/cargo-home/bin/cargo" "+beta-2021-08-01" "metadata" "--manifest-path" "Cargo.toml" "--no-deps", kill_on_drop: false }`
[INFO] started tweaking git repo https://github.com/In-line/rust_2048
[INFO] finished tweaking git repo https://github.com/In-line/rust_2048
[INFO] tweaked toml for git repo https://github.com/In-line/rust_2048 written to /workspace/builds/worker-101/source/Cargo.toml
[INFO] crate git repo https://github.com/In-line/rust_2048 already has a lockfile, it will not be regenerated
[INFO] running `Command { std: "/workspace/cargo-home/bin/cargo" "+beta-2021-08-01" "fetch" "--manifest-path" "Cargo.toml", kill_on_drop: false }`
[INFO] [stderr]     Blocking waiting for file lock on package cache
[INFO] [stderr]     Blocking waiting for file lock on package cache
[INFO] running `Command { std: "docker" "create" "-v" "/var/lib/crater-agent-workspace/builds/worker-101/target:/opt/rustwide/target:rw,Z" "-v" "/var/lib/crater-agent-workspace/builds/worker-101/source:/opt/rustwide/workdir:ro,Z" "-v" "/var/lib/crater-agent-workspace/cargo-home:/opt/rustwide/cargo-home:ro,Z" "-v" "/var/lib/crater-agent-workspace/rustup-home:/opt/rustwide/rustup-home:ro,Z" "-e" "SOURCE_DIR=/opt/rustwide/workdir" "-e" "CARGO_TARGET_DIR=/opt/rustwide/target" "-e" "CARGO_HOME=/opt/rustwide/cargo-home" "-e" "RUSTUP_HOME=/opt/rustwide/rustup-home" "-w" "/opt/rustwide/workdir" "-m" "1610612736" "--user" "0:0" "--network" "none" "ghcr.io/rust-lang/crates-build-env/linux@sha256:34b6a614d2c27851fe6cbf88fbd1137609cefab8b10d0615aaeb6fd47975d74e" "/opt/rustwide/cargo-home/bin/cargo" "+beta-2021-08-01" "metadata" "--no-deps" "--format-version=1", kill_on_drop: false }`
[INFO] [stdout] d34109ffe750bfd0a6fe16b6ff514fb46ffc14853a975718b9ecb52388ffca61
[INFO] running `Command { std: "docker" "start" "-a" "d34109ffe750bfd0a6fe16b6ff514fb46ffc14853a975718b9ecb52388ffca61", kill_on_drop: false }`
[INFO] running `Command { std: "docker" "inspect" "d34109ffe750bfd0a6fe16b6ff514fb46ffc14853a975718b9ecb52388ffca61", kill_on_drop: false }`
[INFO] running `Command { std: "docker" "rm" "-f" "d34109ffe750bfd0a6fe16b6ff514fb46ffc14853a975718b9ecb52388ffca61", kill_on_drop: false }`
[INFO] [stdout] d34109ffe750bfd0a6fe16b6ff514fb46ffc14853a975718b9ecb52388ffca61
[INFO] running `Command { std: "docker" "create" "-v" "/var/lib/crater-agent-workspace/builds/worker-101/target:/opt/rustwide/target:rw,Z" "-v" "/var/lib/crater-agent-workspace/builds/worker-101/source:/opt/rustwide/workdir:ro,Z" "-v" "/var/lib/crater-agent-workspace/cargo-home:/opt/rustwide/cargo-home:ro,Z" "-v" "/var/lib/crater-agent-workspace/rustup-home:/opt/rustwide/rustup-home:ro,Z" "-e" "SOURCE_DIR=/opt/rustwide/workdir" "-e" "CARGO_TARGET_DIR=/opt/rustwide/target" "-e" "CARGO_INCREMENTAL=0" "-e" "RUST_BACKTRACE=full" "-e" "RUSTDOCFLAGS=--cap-lints=warn" "-e" "CARGO_HOME=/opt/rustwide/cargo-home" "-e" "RUSTUP_HOME=/opt/rustwide/rustup-home" "-w" "/opt/rustwide/workdir" "-m" "1610612736" "--user" "0:0" "--network" "none" "ghcr.io/rust-lang/crates-build-env/linux@sha256:34b6a614d2c27851fe6cbf88fbd1137609cefab8b10d0615aaeb6fd47975d74e" "/opt/rustwide/cargo-home/bin/cargo" "+beta-2021-08-01" "doc" "--frozen" "--no-deps" "--document-private-items" "--message-format=json", kill_on_drop: false }`
[INFO] [stdout] 2cac3d83b3fed02545dde7479e3a9e49b51290182cc841b4b7e3181bf23c8ee5
[INFO] running `Command { std: "docker" "start" "-a" "2cac3d83b3fed02545dde7479e3a9e49b51290182cc841b4b7e3181bf23c8ee5", kill_on_drop: false }`
[INFO] [stderr]     Blocking waiting for file lock on package cache
[INFO] [stderr]    Compiling bitflags v0.9.1
[INFO] [stderr]     Checking libc v0.2.30
[INFO] [stderr]    Compiling siphasher v0.2.2
[INFO] [stderr]     Checking lazy_static v0.2.8
[INFO] [stderr]    Compiling itoa v0.3.3
[INFO] [stderr]    Compiling dtoa v0.4.2
[INFO] [stderr]    Compiling num-traits v0.1.40
[INFO] [stderr]    Compiling serde v0.9.15
[INFO] [stderr]    Compiling unicode-xid v0.0.4
[INFO] [stderr]    Compiling quote v0.3.15
[INFO] [stderr]    Compiling khronos_api v1.0.1
[INFO] [stderr]    Compiling log v0.3.8
[INFO] [stderr]     Checking piston-float v0.3.0
[INFO] [stderr]     Checking byteorder v1.1.0
[INFO] [stderr]     Checking winapi v0.2.8
[INFO] [stderr]     Checking scopeguard v0.3.2
[INFO] [stderr]    Compiling pkg-config v0.3.9
[INFO] [stderr]     Checking either v1.1.0
[INFO] [stderr]    Compiling rayon-core v1.2.1
[INFO] [stderr]    Compiling serde v1.0.12
[INFO] [stderr]     Checking futures v0.1.15
[INFO] [stderr]     Checking shader_version v0.2.2
[INFO] [stderr]    Compiling pulldown-cmark v0.0.15
[INFO] [stderr]     Checking odds v0.2.25
[INFO] [stderr]     Checking bitflags v0.7.0
[INFO] [stderr]     Checking adler32 v1.0.2
[INFO] [stderr]     Checking lzw v0.10.0
[INFO] [stderr]     Checking color_quant v1.0.0
[INFO] [stderr]    Compiling getopts v0.2.15
[INFO] [stderr]     Checking inflate v0.2.0
[INFO] [stderr]     Checking byteorder v0.4.2
[INFO] [stderr]     Checking linked-hash-map v0.0.10
[INFO] [stderr]    Compiling regex-syntax v0.4.1
[INFO] [stderr]    Compiling quine-mc_cluskey v0.2.4
[INFO] [stderr]     Checking interpolation v0.1.0
[INFO] [stderr]     Checking scoped_threadpool v0.1.7
[INFO] [stderr]     Checking piston-texture v0.5.0
[INFO] [stderr]    Compiling unicode-normalization v0.1.5
[INFO] [stderr]     Checking read_color v0.1.0
[INFO] [stderr]    Compiling matches v0.1.6
[INFO] [stderr]     Checking fnv v1.0.5
[INFO] [stderr]     Checking piston-shaders_graphics2d v0.3.1
[INFO] [stderr]     Checking rustc-serialize v0.3.24
[INFO] [stderr]    Compiling semver v0.6.0
[INFO] [stderr]     Checking piston-viewport v0.3.0
[INFO] [stderr]     Checking vecmath v0.3.0
[INFO] [stderr]    Compiling phf_shared v0.7.21
[INFO] [stderr]     Checking kernel32-sys v0.2.2
[INFO] [stderr]    Compiling xml-rs v0.6.1
[INFO] [stderr]     Checking rand v0.3.16
[INFO] [stderr]     Checking num_cpus v1.6.2
[INFO] [stderr]     Checking coco v0.1.1
[INFO] [stderr]     Checking num-integer v0.1.35
[INFO] [stderr]     Checking enum_primitive v0.1.1
[INFO] [stderr]    Compiling synom v0.11.3
[INFO] [stderr]    Compiling itertools v0.6.2
[INFO] [stderr]     Checking deflate v0.7.16
[INFO] [stderr]     Checking stb_truetype v0.2.1
[INFO] [stderr]    Compiling x11-dl v2.15.0
[INFO] [stderr]     Checking nodrop v0.1.9
[INFO] [stderr]     Checking shared_library v0.1.7
[INFO] [stderr]     Checking fs2 v0.2.5
[INFO] [stderr]     Checking gif v0.9.2
[INFO] [stderr]    Compiling phf v0.7.21
[INFO] [stderr]     Checking piston2d-graphics v0.21.1
[INFO] [stderr]    Compiling syn v0.11.11
[INFO] [stderr]     Checking num-iter v0.1.34
[INFO] [stderr]     Checking num-rational v0.1.39
[INFO] [stderr]    Compiling wayland-scanner v0.9.10
[INFO] [stderr]    Compiling gl_generator v0.5.5
[INFO] [stderr]     Checking arrayvec v0.3.23
[INFO] [stderr]     Checking tempfile v2.1.6
[INFO] [stderr]     Checking osmesa-sys v0.1.2
[INFO] [stderr]     Checking memmap v0.4.0
[INFO] [stderr]     Checking png v0.9.0
[INFO] [stderr]    Compiling serde_json v0.9.10
[INFO] [stderr]     Checking rusttype v0.2.1
[INFO] [stderr]    Compiling phf_generator v0.7.21
[INFO] [stderr]     Checking rayon v0.8.2
[INFO] [stderr]    Compiling serde_json v1.0.3
[INFO] [stderr]    Compiling toml v0.4.5
[INFO] [stderr]    Compiling phf_codegen v0.7.21
[INFO] [stderr]    Compiling wayland-client v0.9.10
[INFO] [stderr]    Compiling wayland-protocols v0.9.10
[INFO] [stderr]    Compiling serde_derive_internals v0.15.1
[INFO] [stdout] error[E0503]: cannot use `state` because it was mutably borrowed
[INFO] [stdout]     --> /opt/rustwide/cargo-home/registry/src/github.com-1ecc6299db9ec823/getopts-0.2.15/src/lib.rs:1033:33
[INFO] [stdout]      |
[INFO] [stdout] 978  |     let mut machine = |cont: &mut bool, (i, c): (usize, char)| {
[INFO] [stdout]      |                       ---------------------------------------- borrow of `state` occurs here
[INFO] [stdout] ...
[INFO] [stdout] 982  |         state = match (state, whitespace, limit) {
[INFO] [stdout]      |         ----- borrow occurs due to use of `state` in closure
[INFO] [stdout] ...
[INFO] [stdout] 1033 |     while cont && match state { B | C => true, A => false } {
[INFO] [stdout]      |                                 ^ use of borrowed `state`
[INFO] [stdout] 1034 |         machine(&mut cont, (fake_i, ' '));
[INFO] [stdout]      |         ------- borrow later used here
[INFO] [stdout] 
[INFO] [stdout] 
[INFO] [stdout] error: aborting due to previous error
[INFO] [stdout] 
[INFO] [stdout] 
[INFO] [stdout] For more information about this error, try `rustc --explain E0503`.
[INFO] [stdout] 
[INFO] [stderr] error: could not compile `getopts` due to 2 previous errors
[INFO] [stderr] warning: build failed, waiting for other jobs to finish...
[INFO] [stdout] error[E0311]: the parameter type `K` may not live long enough
[INFO] [stdout]   --> /opt/rustwide/cargo-home/registry/src/github.com-1ecc6299db9ec823/rusttype-0.2.1/src/support/bst/map.rs:81:19
[INFO] [stdout]    |
[INFO] [stdout] 81 |             match node.force() {
[INFO] [stdout]    |                   ^^^^
[INFO] [stdout]    |
[INFO] [stdout] note: the parameter type `K` must be valid for the anonymous lifetime defined on the function body at 78:37...
[INFO] [stdout]   --> /opt/rustwide/cargo-home/registry/src/github.com-1ecc6299db9ec823/rusttype-0.2.1/src/support/bst/map.rs:78:37
[INFO] [stdout]    |
[INFO] [stdout] 78 |                 node: node::NodeRef<marker::Immut, K, V, marker::LeafOrInternal>)
[INFO] [stdout]    |                                     ^^^^^^^^^^^^^
[INFO] [stdout] 
[INFO] [stdout] 
[INFO] [stdout] error[E0311]: the parameter type `V` may not live long enough
[INFO] [stdout]   --> /opt/rustwide/cargo-home/registry/src/github.com-1ecc6299db9ec823/rusttype-0.2.1/src/support/bst/map.rs:81:19
[INFO] [stdout]    |
[INFO] [stdout] 81 |             match node.force() {
[INFO] [stdout]    |                   ^^^^
[INFO] [stdout]    |
[INFO] [stdout] note: the parameter type `V` must be valid for the anonymous lifetime defined on the function body at 78:37...
[INFO] [stdout]   --> /opt/rustwide/cargo-home/registry/src/github.com-1ecc6299db9ec823/rusttype-0.2.1/src/support/bst/map.rs:78:37
[INFO] [stdout]    |
[INFO] [stdout] 78 |                 node: node::NodeRef<marker::Immut, K, V, marker::LeafOrInternal>)
[INFO] [stdout]    |                                     ^^^^^^^^^^^^^
[INFO] [stdout] 
[INFO] [stdout] 
[INFO] [stdout] error: aborting due to 2 previous errors
[INFO] [stdout] 
[INFO] [stdout] 
[INFO] [stderr] error: build failed
[INFO] running `Command { std: "docker" "inspect" "2cac3d83b3fed02545dde7479e3a9e49b51290182cc841b4b7e3181bf23c8ee5", kill_on_drop: false }`
[INFO] running `Command { std: "docker" "rm" "-f" "2cac3d83b3fed02545dde7479e3a9e49b51290182cc841b4b7e3181bf23c8ee5", kill_on_drop: false }`
[INFO] [stdout] 2cac3d83b3fed02545dde7479e3a9e49b51290182cc841b4b7e3181bf23c8ee5
