[INFO] cloning repository https://github.com/HonjoRiki/create_window
[INFO] running `Command { std: "git" "-c" "credential.helper=" "-c" "credential.helper=/workspace/cargo-home/bin/git-credential-null" "clone" "--bare" "https://github.com/HonjoRiki/create_window" "/workspace/cache/git-repos/https%3A%2F%2Fgithub.com%2FHonjoRiki%2Fcreate_window", kill_on_drop: false }`
[INFO] [stderr] Cloning into bare repository '/workspace/cache/git-repos/https%3A%2F%2Fgithub.com%2FHonjoRiki%2Fcreate_window'...
[INFO] running `Command { std: "git" "rev-parse" "HEAD", kill_on_drop: false }`
[INFO] [stdout] 55f10bd8f906d549e02317f1323269452775d584
[INFO] documenting HonjoRiki/create_window against beta-2021-08-01 for beta-1.55-rustdoc-1
[INFO] running `Command { std: "git" "clone" "/workspace/cache/git-repos/https%3A%2F%2Fgithub.com%2FHonjoRiki%2Fcreate_window" "/workspace/builds/worker-7/source", kill_on_drop: false }`
[INFO] [stderr] Cloning into '/workspace/builds/worker-7/source'...
[INFO] [stderr] done.
[INFO] validating manifest of git repo https://github.com/HonjoRiki/create_window on toolchain beta-2021-08-01
[INFO] running `Command { std: "/workspace/cargo-home/bin/cargo" "+beta-2021-08-01" "metadata" "--manifest-path" "Cargo.toml" "--no-deps", kill_on_drop: false }`
[INFO] started tweaking git repo https://github.com/HonjoRiki/create_window
[INFO] finished tweaking git repo https://github.com/HonjoRiki/create_window
[INFO] tweaked toml for git repo https://github.com/HonjoRiki/create_window written to /workspace/builds/worker-7/source/Cargo.toml
[INFO] crate git repo https://github.com/HonjoRiki/create_window already has a lockfile, it will not be regenerated
[INFO] running `Command { std: "/workspace/cargo-home/bin/cargo" "+beta-2021-08-01" "fetch" "--manifest-path" "Cargo.toml", kill_on_drop: false }`
[INFO] running `Command { std: "docker" "create" "-v" "/var/lib/crater-agent-workspace/builds/worker-7/target:/opt/rustwide/target:rw,Z" "-v" "/var/lib/crater-agent-workspace/builds/worker-7/source:/opt/rustwide/workdir:ro,Z" "-v" "/var/lib/crater-agent-workspace/cargo-home:/opt/rustwide/cargo-home:ro,Z" "-v" "/var/lib/crater-agent-workspace/rustup-home:/opt/rustwide/rustup-home:ro,Z" "-e" "SOURCE_DIR=/opt/rustwide/workdir" "-e" "CARGO_TARGET_DIR=/opt/rustwide/target" "-e" "CARGO_HOME=/opt/rustwide/cargo-home" "-e" "RUSTUP_HOME=/opt/rustwide/rustup-home" "-w" "/opt/rustwide/workdir" "-m" "1610612736" "--user" "0:0" "--network" "none" "ghcr.io/rust-lang/crates-build-env/linux@sha256:34b6a614d2c27851fe6cbf88fbd1137609cefab8b10d0615aaeb6fd47975d74e" "/opt/rustwide/cargo-home/bin/cargo" "+beta-2021-08-01" "metadata" "--no-deps" "--format-version=1", kill_on_drop: false }`
[INFO] [stdout] 750a284a8d28659f74c37509d4e1d6d99c2aee8bbd688fa18516e808e993b2dd
[INFO] running `Command { std: "docker" "start" "-a" "750a284a8d28659f74c37509d4e1d6d99c2aee8bbd688fa18516e808e993b2dd", kill_on_drop: false }`
[INFO] running `Command { std: "docker" "inspect" "750a284a8d28659f74c37509d4e1d6d99c2aee8bbd688fa18516e808e993b2dd", kill_on_drop: false }`
[INFO] running `Command { std: "docker" "rm" "-f" "750a284a8d28659f74c37509d4e1d6d99c2aee8bbd688fa18516e808e993b2dd", kill_on_drop: false }`
[INFO] [stdout] 750a284a8d28659f74c37509d4e1d6d99c2aee8bbd688fa18516e808e993b2dd
[INFO] running `Command { std: "docker" "create" "-v" "/var/lib/crater-agent-workspace/builds/worker-7/target:/opt/rustwide/target:rw,Z" "-v" "/var/lib/crater-agent-workspace/builds/worker-7/source:/opt/rustwide/workdir:ro,Z" "-v" "/var/lib/crater-agent-workspace/cargo-home:/opt/rustwide/cargo-home:ro,Z" "-v" "/var/lib/crater-agent-workspace/rustup-home:/opt/rustwide/rustup-home:ro,Z" "-e" "SOURCE_DIR=/opt/rustwide/workdir" "-e" "CARGO_TARGET_DIR=/opt/rustwide/target" "-e" "CARGO_INCREMENTAL=0" "-e" "RUST_BACKTRACE=full" "-e" "RUSTDOCFLAGS=--cap-lints=warn" "-e" "CARGO_HOME=/opt/rustwide/cargo-home" "-e" "RUSTUP_HOME=/opt/rustwide/rustup-home" "-w" "/opt/rustwide/workdir" "-m" "1610612736" "--user" "0:0" "--network" "none" "ghcr.io/rust-lang/crates-build-env/linux@sha256:34b6a614d2c27851fe6cbf88fbd1137609cefab8b10d0615aaeb6fd47975d74e" "/opt/rustwide/cargo-home/bin/cargo" "+beta-2021-08-01" "doc" "--frozen" "--no-deps" "--document-private-items" "--message-format=json", kill_on_drop: false }`
[INFO] [stdout] b897e4b3dbc0c8dce779b03ecb7aa79abfbfa5e4675a4319b34c4ef9044e4908
[INFO] running `Command { std: "docker" "start" "-a" "b897e4b3dbc0c8dce779b03ecb7aa79abfbfa5e4675a4319b34c4ef9044e4908", kill_on_drop: false }`
[INFO] [stderr]    Compiling winapi v0.3.8
[INFO] [stderr]  Documenting create_window v0.1.0 (/opt/rustwide/workdir)
[INFO] [stdout] error[E0433]: failed to resolve: could not find `um` in `winapi`
[INFO] [stdout]  --> src/main.rs:3:5
[INFO] [stdout]   |
[INFO] [stdout] 3 |     um::{
[INFO] [stdout]   |     ^^ could not find `um` in `winapi`
[INFO] [stdout] 
[INFO] [stdout] 
[INFO] [stdout] error[E0433]: failed to resolve: could not find `shared` in `winapi`
[INFO] [stdout]   --> src/main.rs:11:5
[INFO] [stdout]    |
[INFO] [stdout] 11 |     shared::{
[INFO] [stdout]    |     ^^^^^^ could not find `shared` in `winapi`
[INFO] [stdout] 
[INFO] [stdout] 
[INFO] [stdout] error[E0412]: cannot find type `HWND` in this scope
[INFO] [stdout]   --> src/main.rs:60:48
[INFO] [stdout]    |
[INFO] [stdout] 60 | unsafe fn create_window(class_name: &[u16]) -> HWND {
[INFO] [stdout]    |                                                ^^^^ not found in this scope
[INFO] [stdout] 
[INFO] [stdout] 
[INFO] [stdout] error[E0412]: cannot find type `HWND` in this scope
[INFO] [stdout]   --> src/main.rs:74:42
[INFO] [stdout]    |
[INFO] [stdout] 74 | unsafe extern "system" fn win_proc(hwnd: HWND, msg: UINT, w_param: WPARAM, l_param: LPARAM) -> LRESULT {
[INFO] [stdout]    |                                          ^^^^ not found in this scope
[INFO] [stdout] 
[INFO] [stdout] 
[INFO] [stdout] error[E0412]: cannot find type `UINT` in this scope
[INFO] [stdout]   --> src/main.rs:74:53
[INFO] [stdout]    |
[INFO] [stdout] 74 | unsafe extern "system" fn win_proc(hwnd: HWND, msg: UINT, w_param: WPARAM, l_param: LPARAM) -> LRESULT {
[INFO] [stdout]    |                                                     ^^^^ not found in this scope
[INFO] [stdout] 
[INFO] [stdout] 
[INFO] [stdout] error[E0412]: cannot find type `WPARAM` in this scope
[INFO] [stdout]   --> src/main.rs:74:68
[INFO] [stdout]    |
[INFO] [stdout] 74 | unsafe extern "system" fn win_proc(hwnd: HWND, msg: UINT, w_param: WPARAM, l_param: LPARAM) -> LRESULT {
[INFO] [stdout]    |                                                                    ^^^^^^ not found in this scope
[INFO] [stdout] 
[INFO] [stdout] 
[INFO] [stdout] error[E0412]: cannot find type `LPARAM` in this scope
[INFO] [stdout]   --> src/main.rs:74:85
[INFO] [stdout]    |
[INFO] [stdout] 74 | unsafe extern "system" fn win_proc(hwnd: HWND, msg: UINT, w_param: WPARAM, l_param: LPARAM) -> LRESULT {
[INFO] [stdout]    |                                                                                     ^^^^^^ not found in this scope
[INFO] [stdout] 
[INFO] [stdout] 
[INFO] [stdout] error[E0412]: cannot find type `LRESULT` in this scope
[INFO] [stdout]   --> src/main.rs:74:96
[INFO] [stdout]    |
[INFO] [stdout] 74 | unsafe extern "system" fn win_proc(hwnd: HWND, msg: UINT, w_param: WPARAM, l_param: LPARAM) -> LRESULT {
[INFO] [stdout]    |                                                                                                ^^^^^^^ not found in this scope
[INFO] [stdout] 
[INFO] [stdout] 
[INFO] [stdout] error: Compilation failed, aborting rustdoc
[INFO] [stdout] 
[INFO] [stdout] 
[INFO] [stdout] error: aborting due to 9 previous errors
[INFO] [stdout] 
[INFO] [stdout] 
[INFO] [stdout] Some errors have detailed explanations: E0412, E0433.
[INFO] [stdout] 
[INFO] [stdout] For more information about an error, try `rustc --explain E0412`.
[INFO] [stdout] 
[INFO] [stderr] error: could not document `create_window`
[INFO] [stderr] 
[INFO] [stderr] Caused by:
[INFO] [stderr]   process didn't exit successfully: `rustdoc --edition=2018 --crate-type bin --crate-name create_window src/main.rs -o /opt/rustwide/target/doc --error-format=json --json=diagnostic-rendered-ansi --document-private-items -L dependency=/opt/rustwide/target/debug/deps --extern winapi=/opt/rustwide/target/debug/deps/libwinapi-378fb741ec1e0fed.rmeta --cap-lints=warn --crate-version 0.1.0` (exit status: 1)
[INFO] running `Command { std: "docker" "inspect" "b897e4b3dbc0c8dce779b03ecb7aa79abfbfa5e4675a4319b34c4ef9044e4908", kill_on_drop: false }`
[INFO] running `Command { std: "docker" "rm" "-f" "b897e4b3dbc0c8dce779b03ecb7aa79abfbfa5e4675a4319b34c4ef9044e4908", kill_on_drop: false }`
[INFO] [stdout] b897e4b3dbc0c8dce779b03ecb7aa79abfbfa5e4675a4319b34c4ef9044e4908
