[INFO] cloning repository https://github.com/GyrosOfWar/game-name-generator
[INFO] running `Command { std: "git" "-c" "credential.helper=" "-c" "credential.helper=/workspace/cargo-home/bin/git-credential-null" "clone" "--bare" "https://github.com/GyrosOfWar/game-name-generator" "/workspace/cache/git-repos/https%3A%2F%2Fgithub.com%2FGyrosOfWar%2Fgame-name-generator", kill_on_drop: false }`
[INFO] [stderr] Cloning into bare repository '/workspace/cache/git-repos/https%3A%2F%2Fgithub.com%2FGyrosOfWar%2Fgame-name-generator'...
[INFO] running `Command { std: "git" "rev-parse" "HEAD", kill_on_drop: false }`
[INFO] [stdout] 69680188baa9d253d9b86a3c967210997ade4be1
[INFO] documenting GyrosOfWar/game-name-generator against 1.54.0 for beta-1.55-rustdoc-1
[INFO] running `Command { std: "git" "clone" "/workspace/cache/git-repos/https%3A%2F%2Fgithub.com%2FGyrosOfWar%2Fgame-name-generator" "/workspace/builds/worker-60/source", kill_on_drop: false }`
[INFO] [stderr] Cloning into '/workspace/builds/worker-60/source'...
[INFO] [stderr] done.
[INFO] validating manifest of git repo https://github.com/GyrosOfWar/game-name-generator on toolchain 1.54.0
[INFO] running `Command { std: "/workspace/cargo-home/bin/cargo" "+1.54.0" "metadata" "--manifest-path" "Cargo.toml" "--no-deps", kill_on_drop: false }`
[INFO] started tweaking git repo https://github.com/GyrosOfWar/game-name-generator
[INFO] finished tweaking git repo https://github.com/GyrosOfWar/game-name-generator
[INFO] tweaked toml for git repo https://github.com/GyrosOfWar/game-name-generator written to /workspace/builds/worker-60/source/Cargo.toml
[INFO] crate git repo https://github.com/GyrosOfWar/game-name-generator already has a lockfile, it will not be regenerated
[INFO] running `Command { std: "/workspace/cargo-home/bin/cargo" "+1.54.0" "fetch" "--manifest-path" "Cargo.toml", kill_on_drop: false }`
[INFO] [stderr]     Blocking waiting for file lock on package cache
[INFO] [stderr]     Blocking waiting for file lock on package cache
[INFO] [stderr]  Downloading crates ...
[INFO] [stderr]   Downloaded tokio-codec v0.1.0
[INFO] [stderr]   Downloaded lazy_static v0.2.11
[INFO] [stderr]   Downloaded itoa v0.4.1
[INFO] [stderr]   Downloaded tokio-tcp v0.1.0
[INFO] [stderr]   Downloaded redox_syscall v0.1.40
[INFO] [stderr]   Downloaded failure_derive v0.1.1
[INFO] [stderr]   Downloaded failure v0.1.1
[INFO] [stderr]   Downloaded thread_local v0.3.5
[INFO] [stderr]   Downloaded termcolor v0.3.6
[INFO] [stderr]   Downloaded aho-corasick v0.6.5
[INFO] [stderr]   Downloaded native-tls v0.1.5
[INFO] [stderr]   Downloaded scoped-tls v0.1.2
[INFO] [stderr]   Downloaded tokio-timer v0.2.4
[INFO] [stderr]   Downloaded libflate v0.1.16
[INFO] [stderr]   Downloaded phf v0.7.22
[INFO] [stderr]   Downloaded try-lock v0.1.0
[INFO] [stderr]   Downloaded hyper v0.11.27
[INFO] [stderr]   Downloaded regex-syntax v0.6.1
[INFO] [stderr]   Downloaded tempdir v0.3.7
[INFO] [stderr]   Downloaded mime v0.3.8
[INFO] [stderr]   Downloaded reqwest v0.8.6
[INFO] [stderr]   Downloaded env_logger v0.5.10
[INFO] [stderr]   Downloaded redox_termios v0.1.1
[INFO] [stderr]   Downloaded unreachable v1.0.0
[INFO] [stderr]   Downloaded getopts v0.2.17
[INFO] [stderr]   Downloaded time v0.1.40
[INFO] [stderr]   Downloaded regex v1.0.1
[INFO] [stderr]   Downloaded rustc-demangle v0.1.8
[INFO] [stderr]   Downloaded httparse v1.3.2
[INFO] [stderr]   Downloaded yaml-rust v0.4.0
[INFO] [stderr]   Downloaded libc v0.2.42
[INFO] [stderr]   Downloaded backtrace-sys v0.1.23
[INFO] [stderr]   Downloaded crossbeam-utils v0.3.2
[INFO] [stderr]   Downloaded winapi v0.3.5
[INFO] [stderr]   Downloaded encoding_rs v0.7.2
[INFO] [stderr]   Downloaded lazy_static v1.0.1
[INFO] [stderr]   Downloaded serde v1.0.69
[INFO] [stderr]   Downloaded unicode-normalization v0.1.7
[INFO] [stderr]   Downloaded markov v1.0.2
[INFO] [stderr]   Downloaded hyper-tls v0.1.3
[INFO] [stderr]   Downloaded tokio-tls v0.1.4
[INFO] [stderr]   Downloaded mime_guess v2.0.0-alpha.5
[INFO] [stderr]   Downloaded cc v1.0.17
[INFO] [stderr]   Downloaded pkg-config v0.3.11
[INFO] [stderr]   Downloaded vcpkg v0.2.4
[INFO] [stderr]   Downloaded openssl-sys v0.9.33
[INFO] [stderr]   Downloaded mio v0.6.14
[INFO] [stderr]   Downloaded log v0.4.3
[INFO] [stderr]   Downloaded cfg-if v0.1.4
[INFO] [stderr]   Downloaded bitflags v1.0.3
[INFO] [stderr]   Downloaded proc-macro2 v0.4.6
[INFO] [stderr]   Downloaded quote v0.6.3
[INFO] [stderr]   Downloaded serde_json v1.0.22
[INFO] [stderr]   Downloaded wincolor v0.1.6
[INFO] [stderr]   Downloaded itertools v0.7.8
[INFO] [stderr]   Downloaded rand_core v0.2.1
[INFO] [stderr]   Downloaded url v1.7.0
[INFO] [stderr]   Downloaded ordermap v0.3.5
[INFO] [stderr]   Downloaded petgraph v0.4.12
[INFO] [stderr]   Downloaded rand v0.5.3
[INFO] [stderr]   Downloaded relay v0.1.1
[INFO] [stderr]   Downloaded want v0.0.4
[INFO] [stderr]   Downloaded phf_codegen v0.7.22
[INFO] [stderr]   Downloaded schannel v0.1.13
[INFO] [stderr]   Downloaded crossbeam-epoch v0.4.3
[INFO] [stderr]   Downloaded crossbeam-deque v0.3.1
[INFO] [stderr]   Downloaded tokio-threadpool v0.1.4
[INFO] [stderr]   Downloaded tokio-udp v0.1.1
[INFO] [stderr]   Downloaded tokio v0.1.7
[INFO] [stderr]   Downloaded lazycell v0.6.0
[INFO] [stderr]   Downloaded tokio-reactor v0.1.2
[INFO] [stderr]   Downloaded tokio-executor v0.1.2
[INFO] [stderr]   Downloaded tokio-core v0.1.17
[INFO] [stderr]   Downloaded byteorder v1.2.3
[INFO] [stderr]   Downloaded futures v0.1.21
[INFO] [stderr]   Downloaded uuid v0.6.5
[INFO] [stderr]   Downloaded serde_derive v1.0.69
[INFO] [stderr]   Downloaded termion v1.5.1
[INFO] [stderr]   Downloaded atty v0.2.10
[INFO] [stderr]   Downloaded humantime v1.1.1
[INFO] [stderr]   Downloaded memchr v2.0.1
[INFO] [stderr]   Downloaded ucd-util v0.1.1
[INFO] [stderr]   Downloaded utf8-ranges v1.0.0
[INFO] [stderr]   Downloaded serde_yaml v0.7.5
[INFO] [stderr]   Downloaded synstructure v0.6.1
[INFO] [stderr]   Downloaded fixedbitset v0.1.9
[INFO] [stderr]   Downloaded base64 v0.9.2
[INFO] [stderr]   Downloaded rand v0.3.22
[INFO] [stderr]   Downloaded tokio-fs v0.1.1
[INFO] [stderr]   Downloaded bytes v0.4.8
[INFO] [stderr]   Downloaded syn v0.14.4
[INFO] [stderr]   Downloaded phf_generator v0.7.22
[INFO] [stderr]   Downloaded phf_shared v0.7.22
[INFO] [stderr]   Downloaded serde_urlencoded v0.5.2
[INFO] [stderr]   Downloaded openssl v0.9.24
[INFO] [stderr]   Downloaded tokio-io v0.1.7
[INFO] [stderr]   Downloaded backtrace v0.3.9
[INFO] running `Command { std: "docker" "create" "-v" "/var/lib/crater-agent-workspace/builds/worker-60/target:/opt/rustwide/target:rw,Z" "-v" "/var/lib/crater-agent-workspace/builds/worker-60/source:/opt/rustwide/workdir:ro,Z" "-v" "/var/lib/crater-agent-workspace/cargo-home:/opt/rustwide/cargo-home:ro,Z" "-v" "/var/lib/crater-agent-workspace/rustup-home:/opt/rustwide/rustup-home:ro,Z" "-e" "SOURCE_DIR=/opt/rustwide/workdir" "-e" "CARGO_TARGET_DIR=/opt/rustwide/target" "-e" "CARGO_HOME=/opt/rustwide/cargo-home" "-e" "RUSTUP_HOME=/opt/rustwide/rustup-home" "-w" "/opt/rustwide/workdir" "-m" "1610612736" "--user" "0:0" "--network" "none" "ghcr.io/rust-lang/crates-build-env/linux@sha256:34b6a614d2c27851fe6cbf88fbd1137609cefab8b10d0615aaeb6fd47975d74e" "/opt/rustwide/cargo-home/bin/cargo" "+1.54.0" "metadata" "--no-deps" "--format-version=1", kill_on_drop: false }`
[INFO] [stdout] 9b87829f4d16b9a75874c156ea35b87bdb380f67e02ed586f3975653ee539960
[INFO] running `Command { std: "docker" "start" "-a" "9b87829f4d16b9a75874c156ea35b87bdb380f67e02ed586f3975653ee539960", kill_on_drop: false }`
[INFO] running `Command { std: "docker" "inspect" "9b87829f4d16b9a75874c156ea35b87bdb380f67e02ed586f3975653ee539960", kill_on_drop: false }`
[INFO] running `Command { std: "docker" "rm" "-f" "9b87829f4d16b9a75874c156ea35b87bdb380f67e02ed586f3975653ee539960", kill_on_drop: false }`
[INFO] [stdout] 9b87829f4d16b9a75874c156ea35b87bdb380f67e02ed586f3975653ee539960
[INFO] running `Command { std: "docker" "create" "-v" "/var/lib/crater-agent-workspace/builds/worker-60/target:/opt/rustwide/target:rw,Z" "-v" "/var/lib/crater-agent-workspace/builds/worker-60/source:/opt/rustwide/workdir:ro,Z" "-v" "/var/lib/crater-agent-workspace/cargo-home:/opt/rustwide/cargo-home:ro,Z" "-v" "/var/lib/crater-agent-workspace/rustup-home:/opt/rustwide/rustup-home:ro,Z" "-e" "SOURCE_DIR=/opt/rustwide/workdir" "-e" "CARGO_TARGET_DIR=/opt/rustwide/target" "-e" "CARGO_INCREMENTAL=0" "-e" "RUST_BACKTRACE=full" "-e" "RUSTDOCFLAGS=--cap-lints=warn" "-e" "CARGO_HOME=/opt/rustwide/cargo-home" "-e" "RUSTUP_HOME=/opt/rustwide/rustup-home" "-w" "/opt/rustwide/workdir" "-m" "1610612736" "--user" "0:0" "--network" "none" "ghcr.io/rust-lang/crates-build-env/linux@sha256:34b6a614d2c27851fe6cbf88fbd1137609cefab8b10d0615aaeb6fd47975d74e" "/opt/rustwide/cargo-home/bin/cargo" "+1.54.0" "doc" "--frozen" "--no-deps" "--document-private-items" "--message-format=json", kill_on_drop: false }`
[INFO] [stdout] e0ae5d0c723b662a97dbb7c4b0e5640c715bb599fc539ab4570f7a51e51c6da0
[INFO] running `Command { std: "docker" "start" "-a" "e0ae5d0c723b662a97dbb7c4b0e5640c715bb599fc539ab4570f7a51e51c6da0", kill_on_drop: false }`
[INFO] [stderr]     Blocking waiting for file lock on package cache
[INFO] [stderr]     Checking libc v0.2.42
[INFO] [stderr]     Checking cfg-if v0.1.4
[INFO] [stderr]     Checking lazy_static v1.0.1
[INFO] [stderr]     Checking futures v0.1.21
[INFO] [stderr]    Compiling version_check v0.1.3
[INFO] [stderr]     Checking byteorder v1.2.3
[INFO] [stderr]    Compiling cc v1.0.17
[INFO] [stderr]     Checking slab v0.4.0
[INFO] [stderr]     Checking lazycell v0.6.0
[INFO] [stderr]    Compiling pkg-config v0.3.11
[INFO] [stderr]    Compiling serde v1.0.69
[INFO] [stderr]    Compiling siphasher v0.2.2
[INFO] [stderr]     Checking scoped-tls v0.1.2
[INFO] [stderr]    Compiling openssl v0.9.24
[INFO] [stderr]    Compiling build_const v0.2.1
[INFO] [stderr]    Compiling unicode-xid v0.0.4
[INFO] [stderr]     Checking dtoa v0.4.2
[INFO] [stderr]    Compiling httparse v1.3.2
[INFO] [stderr]     Checking bitflags v0.9.1
[INFO] [stderr]     Checking matches v0.1.6
[INFO] [stderr]     Checking void v1.0.2
[INFO] [stderr]     Checking safemem v0.2.0
[INFO] [stderr]     Checking take v0.1.0
[INFO] [stderr]    Compiling quote v0.3.15
[INFO] [stderr]     Checking slab v0.3.0
[INFO] [stderr]     Checking try-lock v0.1.0
[INFO] [stderr]     Checking smallvec v0.2.1
[INFO] [stderr]     Checking unicode-normalization v0.1.7
[INFO] [stderr]     Checking linked-hash-map v0.5.1
[INFO] [stderr]     Checking either v1.5.0
[INFO] [stderr]    Compiling regex v1.0.1
[INFO] [stderr]    Compiling rayon-core v1.4.0
[INFO] [stderr]     Checking itoa v0.4.1
[INFO] [stderr]     Checking ordermap v0.3.5
[INFO] [stderr]     Checking rustc-demangle v0.1.8
[INFO] [stderr]     Checking utf8-ranges v1.0.0
[INFO] [stderr]     Checking adler32 v1.0.3
[INFO] [stderr]     Checking fixedbitset v0.1.9
[INFO] [stderr]     Checking getopts v0.2.17
[INFO] [stderr]     Checking termcolor v0.3.6
[INFO] [stderr]    Compiling proc-macro2 v0.4.6
[INFO] [stderr]     Checking regex-syntax v0.6.1
[INFO] [stderr]     Checking humantime v1.1.1
[INFO] [stderr]     Checking yaml-rust v0.4.0
[INFO] [stderr]     Checking log v0.4.3
[INFO] [stderr]     Checking crossbeam-utils v0.3.2
[INFO] [stderr]     Checking crossbeam-utils v0.2.2
[INFO] [stderr]     Checking encoding_rs v0.7.2
[INFO] [stderr]     Checking unicode-bidi v0.3.4
[INFO] [stderr]    Compiling synom v0.11.3
[INFO] [stderr]     Checking iovec v0.1.2
[INFO] [stderr]     Checking rand v0.4.2
[INFO] [stderr]     Checking num_cpus v1.8.0
[INFO] [stderr]     Checking net2 v0.2.33
[INFO] [stderr]     Checking time v0.1.40
[INFO] [stderr]     Checking memchr v2.0.1
[INFO] [stderr]     Checking atty v0.2.10
[INFO] [stderr]     Checking rand v0.5.3
[INFO] [stderr]     Checking unreachable v1.0.0
[INFO] [stderr]     Checking petgraph v0.4.12
[INFO] [stderr]     Checking itertools v0.7.8
[INFO] [stderr]    Compiling crc v1.8.1
[INFO] [stderr]     Checking base64 v0.9.2
[INFO] [stderr]    Compiling unicase v1.4.2
[INFO] [stderr]    Compiling unicase v2.1.0
[INFO] [stdout] error[E0034]: multiple applicable items in scope
[INFO] [stdout]     --> /opt/rustwide/cargo-home/registry/src/github.com-1ecc6299db9ec823/petgraph-0.4.12/src/graph_impl/stable_graph/mod.rs:1171:19
[INFO] [stdout]      |
[INFO] [stdout] 1171 |         self.iter.find_map(|(i, node)| {
[INFO] [stdout]      |                   ^^^^^^^^ multiple `find_map` found
[INFO] [stdout]      |
[INFO] [stdout] note: candidate #1 is defined in an impl of the trait `IterUtilsExt` for the type `I`
[INFO] [stdout]     --> /opt/rustwide/cargo-home/registry/src/github.com-1ecc6299db9ec823/petgraph-0.4.12/src/iter_utils.rs:5:5
[INFO] [stdout]      |
[INFO] [stdout] 5    | /     fn find_map<F, R>(&mut self, mut f: F) -> Option<R>
[INFO] [stdout] 6    | |         where F: FnMut(Self::Item) -> Option<R>
[INFO] [stdout]      | |_______________________________________________^
[INFO] [stdout]      = note: candidate #2 is defined in an impl of the trait `Iterator` for the type `Enumerate<I>`
[INFO] [stdout] help: disambiguate the associated function for candidate #1
[INFO] [stdout]      |
[INFO] [stdout] 1171 |         IterUtilsExt::find_map(&mut self.iter, |(i, node)| {
[INFO] [stdout] 1172 |             node.weight.as_ref().map(move |w| (node_index(i), w))
[INFO] [stdout] 1173 |         })
[INFO] [stdout]      |
[INFO] [stdout] help: disambiguate the associated function for candidate #2
[INFO] [stdout]      |
[INFO] [stdout] 1171 |         Iterator::find_map(&mut self.iter, |(i, node)| {
[INFO] [stdout] 1172 |             node.weight.as_ref().map(move |w| (node_index(i), w))
[INFO] [stdout] 1173 |         })
[INFO] [stdout]      |
[INFO] [stdout] 
[INFO] [stdout] 
[INFO] [stdout] error[E0034]: multiple applicable items in scope
[INFO] [stdout]     --> /opt/rustwide/cargo-home/registry/src/github.com-1ecc6299db9ec823/petgraph-0.4.12/src/graph_impl/stable_graph/mod.rs:1363:19
[INFO] [stdout]      |
[INFO] [stdout] 1363 |         self.iter.find_map(|(i, edge)|
[INFO] [stdout]      |                   ^^^^^^^^ multiple `find_map` found
[INFO] [stdout]      |
[INFO] [stdout] note: candidate #1 is defined in an impl of the trait `IterUtilsExt` for the type `I`
[INFO] [stdout]     --> /opt/rustwide/cargo-home/registry/src/github.com-1ecc6299db9ec823/petgraph-0.4.12/src/iter_utils.rs:5:5
[INFO] [stdout]      |
[INFO] [stdout] 5    | /     fn find_map<F, R>(&mut self, mut f: F) -> Option<R>
[INFO] [stdout] 6    | |         where F: FnMut(Self::Item) -> Option<R>
[INFO] [stdout]      | |_______________________________________________^
[INFO] [stdout]      = note: candidate #2 is defined in an impl of the trait `Iterator` for the type `Enumerate<I>`
[INFO] [stdout] help: disambiguate the associated function for candidate #1
[INFO] [stdout]      |
[INFO] [stdout] 1363 |         IterUtilsExt::find_map(&mut self.iter, |(i, edge)|
[INFO] [stdout] 1364 |             edge.weight.as_ref().map(move |weight| {
[INFO] [stdout] 1365 |                 EdgeReference {
[INFO] [stdout] 1366 |                     index: edge_index(i),
[INFO] [stdout] 1367 |                     node: edge.node,
[INFO] [stdout] 1368 |                     weight: weight,
[INFO] [stdout]    ...
[INFO] [stdout] help: disambiguate the associated function for candidate #2
[INFO] [stdout]      |
[INFO] [stdout] 1363 |         Iterator::find_map(&mut self.iter, |(i, edge)|
[INFO] [stdout] 1364 |             edge.weight.as_ref().map(move |weight| {
[INFO] [stdout] 1365 |                 EdgeReference {
[INFO] [stdout] 1366 |                     index: edge_index(i),
[INFO] [stdout] 1367 |                     node: edge.node,
[INFO] [stdout] 1368 |                     weight: weight,
[INFO] [stdout]    ...
[INFO] [stdout] 
[INFO] [stdout] 
[INFO] [stdout] error[E0034]: multiple applicable items in scope
[INFO] [stdout]     --> /opt/rustwide/cargo-home/registry/src/github.com-1ecc6299db9ec823/petgraph-0.4.12/src/graph_impl/stable_graph/mod.rs:1527:19
[INFO] [stdout]      |
[INFO] [stdout] 1527 |         self.iter.find_map(|(i, node)| {
[INFO] [stdout]      |                   ^^^^^^^^ multiple `find_map` found
[INFO] [stdout]      |
[INFO] [stdout] note: candidate #1 is defined in an impl of the trait `IterUtilsExt` for the type `I`
[INFO] [stdout]     --> /opt/rustwide/cargo-home/registry/src/github.com-1ecc6299db9ec823/petgraph-0.4.12/src/iter_utils.rs:5:5
[INFO] [stdout]      |
[INFO] [stdout] 5    | /     fn find_map<F, R>(&mut self, mut f: F) -> Option<R>
[INFO] [stdout] 6    | |         where F: FnMut(Self::Item) -> Option<R>
[INFO] [stdout]      | |_______________________________________________^
[INFO] [stdout]      = note: candidate #2 is defined in an impl of the trait `Iterator` for the type `Enumerate<I>`
[INFO] [stdout] help: disambiguate the associated function for candidate #1
[INFO] [stdout]      |
[INFO] [stdout] 1527 |         IterUtilsExt::find_map(&mut self.iter, |(i, node)| {
[INFO] [stdout] 1528 |             if node.weight.is_some() {
[INFO] [stdout] 1529 |                 Some(node_index(i))
[INFO] [stdout] 1530 |             } else { None }
[INFO] [stdout] 1531 |         })
[INFO] [stdout]      |
[INFO] [stdout] help: disambiguate the associated function for candidate #2
[INFO] [stdout]      |
[INFO] [stdout] 1527 |         Iterator::find_map(&mut self.iter, |(i, node)| {
[INFO] [stdout] 1528 |             if node.weight.is_some() {
[INFO] [stdout] 1529 |                 Some(node_index(i))
[INFO] [stdout] 1530 |             } else { None }
[INFO] [stdout] 1531 |         })
[INFO] [stdout]      |
[INFO] [stdout] 
[INFO] [stdout] 
[INFO] [stdout] error[E0034]: multiple applicable items in scope
[INFO] [stdout]     --> /opt/rustwide/cargo-home/registry/src/github.com-1ecc6299db9ec823/petgraph-0.4.12/src/graph_impl/stable_graph/mod.rs:1573:19
[INFO] [stdout]      |
[INFO] [stdout] 1573 |         self.iter.find_map(|(i, node)| {
[INFO] [stdout]      |                   ^^^^^^^^ multiple `find_map` found
[INFO] [stdout]      |
[INFO] [stdout] note: candidate #1 is defined in an impl of the trait `IterUtilsExt` for the type `I`
[INFO] [stdout]     --> /opt/rustwide/cargo-home/registry/src/github.com-1ecc6299db9ec823/petgraph-0.4.12/src/iter_utils.rs:5:5
[INFO] [stdout]      |
[INFO] [stdout] 5    | /     fn find_map<F, R>(&mut self, mut f: F) -> Option<R>
[INFO] [stdout] 6    | |         where F: FnMut(Self::Item) -> Option<R>
[INFO] [stdout]      | |_______________________________________________^
[INFO] [stdout]      = note: candidate #2 is defined in an impl of the trait `Iterator` for the type `Enumerate<I>`
[INFO] [stdout] help: disambiguate the associated function for candidate #1
[INFO] [stdout]      |
[INFO] [stdout] 1573 |         IterUtilsExt::find_map(&mut self.iter, |(i, node)| {
[INFO] [stdout] 1574 |             if node.weight.is_some() {
[INFO] [stdout] 1575 |                 Some(edge_index(i))
[INFO] [stdout] 1576 |             } else { None }
[INFO] [stdout] 1577 |         })
[INFO] [stdout]      |
[INFO] [stdout] help: disambiguate the associated function for candidate #2
[INFO] [stdout]      |
[INFO] [stdout] 1573 |         Iterator::find_map(&mut self.iter, |(i, node)| {
[INFO] [stdout] 1574 |             if node.weight.is_some() {
[INFO] [stdout] 1575 |                 Some(edge_index(i))
[INFO] [stdout] 1576 |             } else { None }
[INFO] [stdout] 1577 |         })
[INFO] [stdout]      |
[INFO] [stdout] 
[INFO] [stdout] 
[INFO] [stdout] error: aborting due to 4 previous errors
[INFO] [stdout] 
[INFO] [stdout] 
[INFO] [stdout] For more information about this error, try `rustc --explain E0034`.
[INFO] [stdout] 
[INFO] [stderr] error: could not compile `petgraph`
[INFO] [stderr] 
[INFO] [stderr] To learn more, run the command again with --verbose.
[INFO] [stderr] warning: build failed, waiting for other jobs to finish...
[INFO] [stderr] error: build failed
[INFO] running `Command { std: "docker" "inspect" "e0ae5d0c723b662a97dbb7c4b0e5640c715bb599fc539ab4570f7a51e51c6da0", kill_on_drop: false }`
[INFO] running `Command { std: "docker" "rm" "-f" "e0ae5d0c723b662a97dbb7c4b0e5640c715bb599fc539ab4570f7a51e51c6da0", kill_on_drop: false }`
[INFO] [stdout] e0ae5d0c723b662a97dbb7c4b0e5640c715bb599fc539ab4570f7a51e51c6da0
