[INFO] cloning repository https://github.com/GyrosOfWar/blog
[INFO] running `Command { std: "git" "-c" "credential.helper=" "-c" "credential.helper=/workspace/cargo-home/bin/git-credential-null" "clone" "--bare" "https://github.com/GyrosOfWar/blog" "/workspace/cache/git-repos/https%3A%2F%2Fgithub.com%2FGyrosOfWar%2Fblog", kill_on_drop: false }`
[INFO] [stderr] Cloning into bare repository '/workspace/cache/git-repos/https%3A%2F%2Fgithub.com%2FGyrosOfWar%2Fblog'...
[INFO] running `Command { std: "git" "rev-parse" "HEAD", kill_on_drop: false }`
[INFO] [stdout] 6c85478a880461c8b5a5334e8dd40a2b8d5b7c22
[INFO] documenting GyrosOfWar/blog against beta-2021-08-01 for beta-1.55-rustdoc-1
[INFO] running `Command { std: "git" "clone" "/workspace/cache/git-repos/https%3A%2F%2Fgithub.com%2FGyrosOfWar%2Fblog" "/workspace/builds/worker-97/source", kill_on_drop: false }`
[INFO] [stderr] Cloning into '/workspace/builds/worker-97/source'...
[INFO] [stderr] done.
[INFO] validating manifest of git repo https://github.com/GyrosOfWar/blog on toolchain beta-2021-08-01
[INFO] running `Command { std: "/workspace/cargo-home/bin/cargo" "+beta-2021-08-01" "metadata" "--manifest-path" "Cargo.toml" "--no-deps", kill_on_drop: false }`
[INFO] started tweaking git repo https://github.com/GyrosOfWar/blog
[INFO] finished tweaking git repo https://github.com/GyrosOfWar/blog
[INFO] tweaked toml for git repo https://github.com/GyrosOfWar/blog written to /workspace/builds/worker-97/source/Cargo.toml
[INFO] crate git repo https://github.com/GyrosOfWar/blog already has a lockfile, it will not be regenerated
[INFO] running `Command { std: "/workspace/cargo-home/bin/cargo" "+beta-2021-08-01" "fetch" "--manifest-path" "Cargo.toml", kill_on_drop: false }`
[INFO] [stderr]     Blocking waiting for file lock on package cache
[INFO] [stderr]     Updating git repository `https://github.com/GyrosOfWar/ring-pwhash`
[INFO] [stderr]     Updating git repository `https://github.com/SergioBenitez/Rocket`
[INFO] [stderr]     Blocking waiting for file lock on package cache
[INFO] [stderr]  Downloading crates ...
[INFO] [stderr]   Downloaded num_cpus v1.5.1
[INFO] [stderr]   Downloaded memchr v1.0.1
[INFO] [stderr]   Downloaded serde_json v1.0.2
[INFO] [stderr]   Downloaded hyper v0.10.12
[INFO] [stderr]   Downloaded byteorder v1.0.0
[INFO] [stderr]   Downloaded smallvec v0.4.0
[INFO] [stderr]   Downloaded scopeguard v0.3.2
[INFO] [stderr]   Downloaded handlebars v0.27.0
[INFO] [stderr]   Downloaded num-integer v0.1.34
[INFO] [stderr]   Downloaded num-iter v0.1.33
[INFO] [stderr]   Downloaded num v0.1.39
[INFO] [stderr]   Downloaded dbghelp-sys v0.2.0
[INFO] [stderr]   Downloaded rustc-demangle v0.1.4
[INFO] [stderr]   Downloaded env_logger v0.4.3
[INFO] [stderr]   Downloaded pipeline v0.5.0
[INFO] [stderr]   Downloaded base64 v0.5.2
[INFO] [stderr]   Downloaded r2d2 v0.7.2
[INFO] [stderr]   Downloaded pq-sys v0.4.3
[INFO] [stderr]   Downloaded dotenv v0.9.0
[INFO] [stderr]   Downloaded regex-syntax v0.3.9
[INFO] [stderr]   Downloaded aho-corasick v0.5.3
[INFO] [stderr]   Downloaded reqwest v0.6.2
[INFO] [stderr]   Downloaded dotenv v0.10.0
[INFO] [stderr]   Downloaded glob v0.2.11
[INFO] [stderr]   Downloaded untrusted v0.5.0
[INFO] [stderr]   Downloaded cfg-if v0.1.1
[INFO] [stderr]   Downloaded backtrace v0.3.2
[INFO] [stderr]   Downloaded lazy_static v0.2.8
[INFO] [stderr]   Downloaded openssl-sys v0.9.14
[INFO] [stderr]   Downloaded scheduled-thread-pool v0.1.0
[INFO] [stderr]   Downloaded backtrace-sys v0.1.11
[INFO] [stderr]   Downloaded pear v0.0.8
[INFO] [stderr]   Downloaded native-tls v0.1.2
[INFO] [stderr]   Downloaded thread_local v0.3.3
[INFO] [stderr]   Downloaded rayon-core v1.2.1
[INFO] [stderr]   Downloaded thread_local v0.2.7
[INFO] [stderr]   Downloaded markdown v0.2.0
[INFO] [stderr]   Downloaded chrono v0.3.1
[INFO] [stderr]   Downloaded utf8-ranges v0.1.3
[INFO] [stderr]   Downloaded yansi v0.3.0
[INFO] [stderr]   Downloaded isatty v0.1.3
[INFO] [stderr]   Downloaded security-framework-sys v0.1.14
[INFO] [stderr]   Downloaded schannel v0.1.5
[INFO] [stderr]   Downloaded unicode-bidi v0.3.3
[INFO] [stderr]   Downloaded futures v0.1.14
[INFO] [stderr]   Downloaded gcc v0.3.51
[INFO] [stderr]   Downloaded ring v0.11.0
[INFO] [stderr]   Downloaded pear_codegen v0.0.8
[INFO] [stderr]   Downloaded maplit v0.1.4
[INFO] [stderr]   Downloaded base64 v0.6.0
[INFO] [stderr]   Downloaded diesel_infer_schema v0.13.0
[INFO] [stderr]   Downloaded diesel_codegen v0.13.0
[INFO] [stderr]   Downloaded r2d2-diesel v0.13.0
[INFO] [stderr]   Downloaded libflate v0.1.8
[INFO] [stderr]   Downloaded state v0.2.2
[INFO] [stderr]   Downloaded percent-encoding v1.0.0
[INFO] [stderr]   Downloaded serde_derive_internals v0.15.1
[INFO] [stderr]   Downloaded redox_syscall v0.1.18
[INFO] [stderr]   Downloaded idna v0.1.2
[INFO] [stderr]   Downloaded openssl v0.9.14
[INFO] [stderr]   Downloaded hyper-native-tls v0.2.4
[INFO] [stderr]   Downloaded time v0.1.37
[INFO] [stderr]   Downloaded toml v0.4.1
[INFO] [stderr]   Downloaded regex v0.1.80
[INFO] [stderr]   Downloaded derive-error-chain v0.10.1
[INFO] [stderr]   Downloaded error-chain v0.10.0
[INFO] [stderr]   Downloaded memchr v0.1.11
[INFO] [stderr]   Downloaded thread-id v2.0.0
[INFO] [stderr]   Downloaded unreachable v0.1.1
[INFO] [stderr]   Downloaded pest v0.3.3
[INFO] [stderr]   Downloaded url v1.5.0
[INFO] [stderr]   Downloaded quick-error v1.2.0
[INFO] [stderr]   Downloaded thread-id v3.1.0
[INFO] [stderr]   Downloaded version_check v0.1.2
[INFO] [stderr]   Downloaded serde_derive v1.0.8
[INFO] [stderr]   Downloaded num-traits v0.1.39
[INFO] [stderr]   Downloaded serde v1.0.8
[INFO] [stderr]   Downloaded libc v0.2.24
[INFO] [stderr]   Downloaded foreign-types v0.2.0
[INFO] [stderr]   Downloaded security-framework v0.1.14
[INFO] [stderr]   Downloaded cookie v0.9.1
[INFO] [stderr]   Downloaded data-encoding v1.2.0
[INFO] [stderr]   Downloaded aho-corasick v0.6.3
[INFO] [stderr]   Downloaded ordermap v0.2.10
[INFO] [stderr]   Downloaded regex-syntax v0.4.1
[INFO] [stderr]   Downloaded diesel v0.13.0
[INFO] [stderr]   Downloaded regex v0.2.2
[INFO] [stderr]   Downloaded coco v0.1.1
[INFO] [stderr]   Downloaded rayon v0.7.1
[INFO] running `Command { std: "docker" "create" "-v" "/var/lib/crater-agent-workspace/builds/worker-97/target:/opt/rustwide/target:rw,Z" "-v" "/var/lib/crater-agent-workspace/builds/worker-97/source:/opt/rustwide/workdir:ro,Z" "-v" "/var/lib/crater-agent-workspace/cargo-home:/opt/rustwide/cargo-home:ro,Z" "-v" "/var/lib/crater-agent-workspace/rustup-home:/opt/rustwide/rustup-home:ro,Z" "-e" "SOURCE_DIR=/opt/rustwide/workdir" "-e" "CARGO_TARGET_DIR=/opt/rustwide/target" "-e" "CARGO_HOME=/opt/rustwide/cargo-home" "-e" "RUSTUP_HOME=/opt/rustwide/rustup-home" "-w" "/opt/rustwide/workdir" "-m" "1610612736" "--user" "0:0" "--network" "none" "ghcr.io/rust-lang/crates-build-env/linux@sha256:34b6a614d2c27851fe6cbf88fbd1137609cefab8b10d0615aaeb6fd47975d74e" "/opt/rustwide/cargo-home/bin/cargo" "+beta-2021-08-01" "metadata" "--no-deps" "--format-version=1", kill_on_drop: false }`
[INFO] [stdout] 19c64b6b7b935dd9b9d94403ded97984a8196e474e0179e0b0e2191fd473e8db
[INFO] running `Command { std: "docker" "start" "-a" "19c64b6b7b935dd9b9d94403ded97984a8196e474e0179e0b0e2191fd473e8db", kill_on_drop: false }`
[INFO] running `Command { std: "docker" "inspect" "19c64b6b7b935dd9b9d94403ded97984a8196e474e0179e0b0e2191fd473e8db", kill_on_drop: false }`
[INFO] running `Command { std: "docker" "rm" "-f" "19c64b6b7b935dd9b9d94403ded97984a8196e474e0179e0b0e2191fd473e8db", kill_on_drop: false }`
[INFO] [stdout] 19c64b6b7b935dd9b9d94403ded97984a8196e474e0179e0b0e2191fd473e8db
[INFO] running `Command { std: "docker" "create" "-v" "/var/lib/crater-agent-workspace/builds/worker-97/target:/opt/rustwide/target:rw,Z" "-v" "/var/lib/crater-agent-workspace/builds/worker-97/source:/opt/rustwide/workdir:ro,Z" "-v" "/var/lib/crater-agent-workspace/cargo-home:/opt/rustwide/cargo-home:ro,Z" "-v" "/var/lib/crater-agent-workspace/rustup-home:/opt/rustwide/rustup-home:ro,Z" "-e" "SOURCE_DIR=/opt/rustwide/workdir" "-e" "CARGO_TARGET_DIR=/opt/rustwide/target" "-e" "CARGO_INCREMENTAL=0" "-e" "RUST_BACKTRACE=full" "-e" "RUSTDOCFLAGS=--cap-lints=warn" "-e" "CARGO_HOME=/opt/rustwide/cargo-home" "-e" "RUSTUP_HOME=/opt/rustwide/rustup-home" "-w" "/opt/rustwide/workdir" "-m" "1610612736" "--user" "0:0" "--network" "none" "ghcr.io/rust-lang/crates-build-env/linux@sha256:34b6a614d2c27851fe6cbf88fbd1137609cefab8b10d0615aaeb6fd47975d74e" "/opt/rustwide/cargo-home/bin/cargo" "+beta-2021-08-01" "doc" "--frozen" "--no-deps" "--document-private-items" "--message-format=json", kill_on_drop: false }`
[INFO] [stdout] 8776b76a4333aedc3a98764b44690e0e41cfa087325b6fff3f9340a1e82afb50
[INFO] running `Command { std: "docker" "start" "-a" "8776b76a4333aedc3a98764b44690e0e41cfa087325b6fff3f9340a1e82afb50", kill_on_drop: false }`
[INFO] [stderr]     Blocking waiting for file lock on package cache
[INFO] [stderr]     Checking libc v0.2.24
[INFO] [stderr]    Compiling gcc v0.3.51
[INFO] [stderr]    Compiling version_check v0.1.2
[INFO] [stderr]    Compiling either v1.1.0
[INFO] [stderr]    Compiling rayon-core v1.2.1
[INFO] [stderr]    Compiling scopeguard v0.3.2
[INFO] [stderr]    Compiling lazy_static v0.2.8
[INFO] [stderr]    Compiling futures v0.1.14
[INFO] [stderr]     Checking byteorder v1.0.0
[INFO] [stderr]     Checking num-traits v0.1.39
[INFO] [stderr]     Checking serde v1.0.8
[INFO] [stderr]    Compiling pq-sys v0.4.3
[INFO] [stderr]     Checking percent-encoding v1.0.0
[INFO] [stderr]    Compiling yansi v0.3.0
[INFO] [stderr]    Compiling void v1.0.2
[INFO] [stderr]     Checking untrusted v0.5.0
[INFO] [stderr]     Checking regex-syntax v0.4.1
[INFO] [stderr]     Checking dtoa v0.4.1
[INFO] [stderr]     Checking antidote v1.0.0
[INFO] [stderr]    Compiling openssl v0.9.14
[INFO] [stderr]     Checking itoa v0.3.1
[INFO] [stderr]    Compiling pear_codegen v0.0.8
[INFO] [stderr]    Compiling utf8-ranges v1.0.0
[INFO] [stderr]     Checking rustc-demangle v0.1.4
[INFO] [stderr]     Checking cfg-if v0.1.1
[INFO] [stderr]    Compiling pear v0.0.8
[INFO] [stderr]     Checking quick-error v1.2.0
[INFO] [stderr]     Checking smallvec v0.4.0
[INFO] [stderr]     Checking state v0.2.2
[INFO] [stderr]     Checking ordermap v0.2.10
[INFO] [stderr]     Checking pest v0.3.3
[INFO] [stderr]     Checking glob v0.2.11
[INFO] [stderr]     Checking data-encoding v1.2.0
[INFO] [stderr]     Checking pipeline v0.5.0
[INFO] [stderr]     Checking maplit v0.1.4
[INFO] [stderr]     Checking unicode-bidi v0.3.3
[INFO] [stderr]     Checking unreachable v0.1.1
[INFO] [stderr]     Checking mime v0.2.6
[INFO] [stderr]    Compiling derive-error-chain v0.10.1
[INFO] [stderr]    Compiling serde_derive_internals v0.15.1
[INFO] [stdout] error[E0557]: feature has been removed
[INFO] [stdout]  --> /opt/rustwide/cargo-home/registry/src/github.com-1ecc6299db9ec823/state-0.2.2/src/lib.rs:1:12
[INFO] [stdout]   |
[INFO] [stdout] 1 | #![feature(const_fn)]
[INFO] [stdout]   |            ^^^^^^^^ feature has been removed
[INFO] [stdout]   |
[INFO] [stdout]   = note: split into finer-grained feature gates
[INFO] [stdout] 
[INFO] [stdout] 
[INFO] [stdout] error[E0554]: `#![feature]` may not be used on the beta release channel
[INFO] [stdout]  --> /opt/rustwide/cargo-home/registry/src/github.com-1ecc6299db9ec823/state-0.2.2/src/lib.rs:1:1
[INFO] [stdout]   |
[INFO] [stdout] 1 | #![feature(const_fn)]
[INFO] [stdout]   | ^^^^^^^^^^^^^^^^^^^^^
[INFO] [stdout] 
[INFO] [stdout] 
[INFO] [stderr]    Compiling base64 v0.5.2
[INFO] [stderr]    Compiling base64 v0.6.0
[INFO] [stdout] error: aborting due to 2 previous errors
[INFO] [stdout] 
[INFO] [stdout] 
[INFO] [stdout] Some errors have detailed explanations: E0554, E0557.
[INFO] [stdout] 
[INFO] [stdout] For more information about an error, try `rustc --explain E0554`.
[INFO] [stdout] 
[INFO] [stderr] error: could not compile `state` due to 3 previous errors
[INFO] [stderr] warning: build failed, waiting for other jobs to finish...
[INFO] [stdout] error[E0557]: feature has been removed
[INFO] [stdout]  --> /opt/rustwide/cargo-home/registry/src/github.com-1ecc6299db9ec823/pear_codegen-0.0.8/src/lib.rs:1:45
[INFO] [stdout]   |
[INFO] [stdout] 1 | #![feature(plugin_registrar, rustc_private, quote)]
[INFO] [stdout]   |                                             ^^^^^ feature has been removed
[INFO] [stdout] 
[INFO] [stdout] 
[INFO] [stdout] error[E0462]: found staticlib `rustc` instead of rlib or dylib
[INFO] [stdout]  --> /opt/rustwide/cargo-home/registry/src/github.com-1ecc6299db9ec823/pear_codegen-0.0.8/src/lib.rs:3:1
[INFO] [stdout]   |
[INFO] [stdout] 3 | extern crate rustc;
[INFO] [stdout]   | ^^^^^^^^^^^^^^^^^^^
[INFO] [stdout]   |
[INFO] [stdout]   = help: please recompile that crate using --crate-type lib
[INFO] [stdout]   = note: the following crate versions were found:
[INFO] [stdout]           crate `rustc`: /opt/rustwide/rustup-home/toolchains/beta-2021-08-01-x86_64-unknown-linux-gnu/lib/rustlib/x86_64-unknown-linux-gnu/lib/librustc-beta_rt.asan.a
[INFO] [stdout]           crate `rustc`: /opt/rustwide/rustup-home/toolchains/beta-2021-08-01-x86_64-unknown-linux-gnu/lib/rustlib/x86_64-unknown-linux-gnu/lib/librustc-beta_rt.tsan.a
[INFO] [stdout]           crate `rustc`: /opt/rustwide/rustup-home/toolchains/beta-2021-08-01-x86_64-unknown-linux-gnu/lib/rustlib/x86_64-unknown-linux-gnu/lib/librustc-beta_rt.msan.a
[INFO] [stdout]           crate `rustc`: /opt/rustwide/rustup-home/toolchains/beta-2021-08-01-x86_64-unknown-linux-gnu/lib/rustlib/x86_64-unknown-linux-gnu/lib/librustc-beta_rt.lsan.a
[INFO] [stdout] 
[INFO] [stdout] 
[INFO] [stdout] error: aborting due to 2 previous errors
[INFO] [stdout] 
[INFO] [stdout] 
[INFO] [stdout] For more information about this error, try `rustc --explain E0557`.
[INFO] [stdout] 
[INFO] [stdout] error[E0557]: feature has been removed
[INFO] [stdout]  --> /opt/rustwide/cargo-home/registry/src/github.com-1ecc6299db9ec823/yansi-0.3.0/src/lib.rs:1:40
[INFO] [stdout]   |
[INFO] [stdout] 1 | #![cfg_attr(feature="nightly", feature(const_fn))]
[INFO] [stdout]   |                                        ^^^^^^^^ feature has been removed
[INFO] [stdout]   |
[INFO] [stdout]   = note: split into finer-grained feature gates
[INFO] [stdout] 
[INFO] [stdout] 
[INFO] [stdout] error[E0557]: feature has been removed
[INFO] [stdout]  --> /opt/rustwide/cargo-home/registry/src/github.com-1ecc6299db9ec823/state-0.2.2/src/lib.rs:1:12
[INFO] [stdout]   |
[INFO] [stdout] 1 | #![feature(const_fn)]
[INFO] [stdout]   |            ^^^^^^^^ feature has been removed
[INFO] [stdout]   |
[INFO] [stdout]   = note: split into finer-grained feature gates
[INFO] [stdout] 
[INFO] [stdout] 
[INFO] [stdout] error[E0554]: `#![feature]` may not be used on the beta release channel
[INFO] [stdout]  --> /opt/rustwide/cargo-home/registry/src/github.com-1ecc6299db9ec823/state-0.2.2/src/lib.rs:1:1
[INFO] [stdout]   |
[INFO] [stdout] 1 | #![feature(const_fn)]
[INFO] [stdout]   | ^^^^^^^^^^^^^^^^^^^^^
[INFO] [stdout] 
[INFO] [stdout] 
[INFO] [stdout] error[E0554]: `#![feature]` may not be used on the beta release channel
[INFO] [stdout]  --> /opt/rustwide/cargo-home/registry/src/github.com-1ecc6299db9ec823/yansi-0.3.0/src/lib.rs:1:32
[INFO] [stdout]   |
[INFO] [stdout] 1 | #![cfg_attr(feature="nightly", feature(const_fn))]
[INFO] [stdout]   |                                ^^^^^^^^^^^^^^^^^
[INFO] [stdout] 
[INFO] [stdout] 
[INFO] [stdout] error[E0557]: feature has been removed
[INFO] [stdout]  --> /opt/rustwide/cargo-home/registry/src/github.com-1ecc6299db9ec823/yansi-0.3.0/src/lib.rs:1:40
[INFO] [stdout]   |
[INFO] [stdout] 1 | #![cfg_attr(feature="nightly", feature(const_fn))]
[INFO] [stdout]   |                                        ^^^^^^^^ feature has been removed
[INFO] [stdout]   |
[INFO] [stdout]   = note: split into finer-grained feature gates
[INFO] [stdout] 
[INFO] [stdout] 
[INFO] [stdout] error[E0554]: `#![feature]` may not be used on the beta release channel
[INFO] [stdout]  --> /opt/rustwide/cargo-home/registry/src/github.com-1ecc6299db9ec823/yansi-0.3.0/src/lib.rs:1:32
[INFO] [stdout]   |
[INFO] [stdout] 1 | #![cfg_attr(feature="nightly", feature(const_fn))]
[INFO] [stdout]   |                                ^^^^^^^^^^^^^^^^^
[INFO] [stdout] 
[INFO] [stdout] 
[INFO] [stdout] error: aborting due to 2 previous errors
[INFO] [stdout] 
[INFO] [stdout] 
[INFO] [stdout] Some errors have detailed explanations: E0554, E0557.
[INFO] [stdout] 
[INFO] [stdout] For more information about an error, try `rustc --explain E0554`.
[INFO] [stdout] 
[INFO] [stdout] error: aborting due to 2 previous errors
[INFO] [stdout] 
[INFO] [stdout] 
[INFO] [stdout] error: aborting due to 2 previous errors
[INFO] [stdout] 
[INFO] [stdout] 
[INFO] [stdout] Some errors have detailed explanations: E0554, E0557.
[INFO] [stdout] 
[INFO] [stdout] For more information about an error, try `rustc --explain E0554`.
[INFO] [stdout] 
[INFO] [stdout] Some errors have detailed explanations: E0554, E0557.
[INFO] [stdout] 
[INFO] [stdout] For more information about an error, try `rustc --explain E0554`.
[INFO] [stdout] 
[INFO] [stderr] error: build failed
[INFO] running `Command { std: "docker" "inspect" "8776b76a4333aedc3a98764b44690e0e41cfa087325b6fff3f9340a1e82afb50", kill_on_drop: false }`
[INFO] running `Command { std: "docker" "rm" "-f" "8776b76a4333aedc3a98764b44690e0e41cfa087325b6fff3f9340a1e82afb50", kill_on_drop: false }`
[INFO] [stdout] 8776b76a4333aedc3a98764b44690e0e41cfa087325b6fff3f9340a1e82afb50
