[INFO] cloning repository https://github.com/Fi3/shrd_sec_lib
[INFO] running `Command { std: "git" "-c" "credential.helper=" "-c" "credential.helper=/workspace/cargo-home/bin/git-credential-null" "clone" "--bare" "https://github.com/Fi3/shrd_sec_lib" "/workspace/cache/git-repos/https%3A%2F%2Fgithub.com%2FFi3%2Fshrd_sec_lib", kill_on_drop: false }`
[INFO] [stderr] Cloning into bare repository '/workspace/cache/git-repos/https%3A%2F%2Fgithub.com%2FFi3%2Fshrd_sec_lib'...
[INFO] running `Command { std: "git" "rev-parse" "HEAD", kill_on_drop: false }`
[INFO] [stdout] 0e145b54c2c10a109fa48e7e06220891b70f3046
[INFO] documenting Fi3/shrd_sec_lib against beta-2021-08-01 for beta-1.55-rustdoc-1
[INFO] running `Command { std: "git" "clone" "/workspace/cache/git-repos/https%3A%2F%2Fgithub.com%2FFi3%2Fshrd_sec_lib" "/workspace/builds/worker-70/source", kill_on_drop: false }`
[INFO] [stderr] Cloning into '/workspace/builds/worker-70/source'...
[INFO] [stderr] done.
[INFO] validating manifest of git repo https://github.com/Fi3/shrd_sec_lib on toolchain beta-2021-08-01
[INFO] running `Command { std: "/workspace/cargo-home/bin/cargo" "+beta-2021-08-01" "metadata" "--manifest-path" "Cargo.toml" "--no-deps", kill_on_drop: false }`
[INFO] started tweaking git repo https://github.com/Fi3/shrd_sec_lib
[INFO] finished tweaking git repo https://github.com/Fi3/shrd_sec_lib
[INFO] tweaked toml for git repo https://github.com/Fi3/shrd_sec_lib written to /workspace/builds/worker-70/source/Cargo.toml
[INFO] crate git repo https://github.com/Fi3/shrd_sec_lib already has a lockfile, it will not be regenerated
[INFO] running `Command { std: "/workspace/cargo-home/bin/cargo" "+beta-2021-08-01" "fetch" "--manifest-path" "Cargo.toml", kill_on_drop: false }`
[INFO] [stderr]     Blocking waiting for file lock on package cache
[INFO] [stderr]     Blocking waiting for file lock on package cache
[INFO] running `Command { std: "docker" "create" "-v" "/var/lib/crater-agent-workspace/builds/worker-70/target:/opt/rustwide/target:rw,Z" "-v" "/var/lib/crater-agent-workspace/builds/worker-70/source:/opt/rustwide/workdir:ro,Z" "-v" "/var/lib/crater-agent-workspace/cargo-home:/opt/rustwide/cargo-home:ro,Z" "-v" "/var/lib/crater-agent-workspace/rustup-home:/opt/rustwide/rustup-home:ro,Z" "-e" "SOURCE_DIR=/opt/rustwide/workdir" "-e" "CARGO_TARGET_DIR=/opt/rustwide/target" "-e" "CARGO_HOME=/opt/rustwide/cargo-home" "-e" "RUSTUP_HOME=/opt/rustwide/rustup-home" "-w" "/opt/rustwide/workdir" "-m" "1610612736" "--user" "0:0" "--network" "none" "ghcr.io/rust-lang/crates-build-env/linux@sha256:34b6a614d2c27851fe6cbf88fbd1137609cefab8b10d0615aaeb6fd47975d74e" "/opt/rustwide/cargo-home/bin/cargo" "+beta-2021-08-01" "metadata" "--no-deps" "--format-version=1", kill_on_drop: false }`
[INFO] [stdout] 6add2ab95129c99e4e3bb03d77782722302cf6f2747c1fe7b56a1bc87aeeb126
[INFO] running `Command { std: "docker" "start" "-a" "6add2ab95129c99e4e3bb03d77782722302cf6f2747c1fe7b56a1bc87aeeb126", kill_on_drop: false }`
[INFO] running `Command { std: "docker" "inspect" "6add2ab95129c99e4e3bb03d77782722302cf6f2747c1fe7b56a1bc87aeeb126", kill_on_drop: false }`
[INFO] running `Command { std: "docker" "rm" "-f" "6add2ab95129c99e4e3bb03d77782722302cf6f2747c1fe7b56a1bc87aeeb126", kill_on_drop: false }`
[INFO] [stdout] 6add2ab95129c99e4e3bb03d77782722302cf6f2747c1fe7b56a1bc87aeeb126
[INFO] running `Command { std: "docker" "create" "-v" "/var/lib/crater-agent-workspace/builds/worker-70/target:/opt/rustwide/target:rw,Z" "-v" "/var/lib/crater-agent-workspace/builds/worker-70/source:/opt/rustwide/workdir:ro,Z" "-v" "/var/lib/crater-agent-workspace/cargo-home:/opt/rustwide/cargo-home:ro,Z" "-v" "/var/lib/crater-agent-workspace/rustup-home:/opt/rustwide/rustup-home:ro,Z" "-e" "SOURCE_DIR=/opt/rustwide/workdir" "-e" "CARGO_TARGET_DIR=/opt/rustwide/target" "-e" "CARGO_INCREMENTAL=0" "-e" "RUST_BACKTRACE=full" "-e" "RUSTDOCFLAGS=--cap-lints=warn" "-e" "CARGO_HOME=/opt/rustwide/cargo-home" "-e" "RUSTUP_HOME=/opt/rustwide/rustup-home" "-w" "/opt/rustwide/workdir" "-m" "1610612736" "--user" "0:0" "--network" "none" "ghcr.io/rust-lang/crates-build-env/linux@sha256:34b6a614d2c27851fe6cbf88fbd1137609cefab8b10d0615aaeb6fd47975d74e" "/opt/rustwide/cargo-home/bin/cargo" "+beta-2021-08-01" "doc" "--frozen" "--no-deps" "--document-private-items" "--message-format=json", kill_on_drop: false }`
[INFO] [stdout] f21da6faa3462bfb2f24981452fcf8f79f73e60edb86e573f55fa4e525f53b4b
[INFO] running `Command { std: "docker" "start" "-a" "f21da6faa3462bfb2f24981452fcf8f79f73e60edb86e573f55fa4e525f53b4b", kill_on_drop: false }`
[INFO] [stderr]     Blocking waiting for file lock on package cache
[INFO] [stderr]    Compiling libc v0.2.67
[INFO] [stderr]    Compiling proc-macro2 v1.0.9
[INFO] [stderr]    Compiling autocfg v0.1.7
[INFO] [stderr]     Checking rand_core v0.4.2
[INFO] [stderr]    Compiling typenum v1.11.2
[INFO] [stderr]    Compiling syn v1.0.16
[INFO] [stderr]    Compiling cc v1.0.50
[INFO] [stderr]    Compiling failure_derive v0.1.6
[INFO] [stderr]    Compiling getrandom v0.1.14
[INFO] [stderr]    Compiling crunchy v0.2.2
[INFO] [stderr]    Compiling serde v1.0.104
[INFO] [stderr]     Checking opaque-debug v0.2.3
[INFO] [stderr]     Checking byte-tools v0.3.1
[INFO] [stderr]    Compiling memsec v0.5.7
[INFO] [stderr]     Checking rustc-demangle v0.1.16
[INFO] [stderr]     Checking hex_fmt v0.3.0
[INFO] [stderr]     Checking keccak v0.1.0
[INFO] [stderr]     Checking zeroize v1.1.0
[INFO] [stderr]     Checking block-padding v0.1.5
[INFO] [stderr]     Checking rand_core v0.3.1
[INFO] [stderr]     Checking rand_jitter v0.1.4
[INFO] [stderr]     Checking secrecy v0.6.0
[INFO] [stderr]     Checking rand_hc v0.1.0
[INFO] [stderr]     Checking rand_xorshift v0.1.1
[INFO] [stderr]     Checking rand_isaac v0.1.1
[INFO] [stderr]    Compiling rand_pcg v0.1.2
[INFO] [stderr]    Compiling rand_chacha v0.1.1
[INFO] [stderr]    Compiling rand v0.6.5
[INFO] [stderr]     Checking tiny-keccak v1.5.0
[INFO] [stderr]    Compiling quote v1.0.2
[INFO] [stderr]     Checking rand v0.4.6
[INFO] [stderr]     Checking rand_os v0.1.3
[INFO] [stderr]     Checking errno v0.2.4
[INFO] [stderr]    Compiling backtrace-sys v0.1.33
[INFO] [stderr]     Checking generic-array v0.12.3
[INFO] [stderr]     Checking block-cipher-trait v0.6.2
[INFO] [stderr]     Checking digest v0.8.1
[INFO] [stderr]     Checking stream-cipher v0.3.2
[INFO] [stderr]     Checking block-buffer v0.7.3
[INFO] [stderr]     Checking rand04 v0.1.1
[INFO] [stderr]     Checking pairing v0.14.2
[INFO] [stderr]     Checking aes-soft v0.3.3
[INFO] [stderr]     Checking ofb v0.1.1
[INFO] [stderr]     Checking sha3 v0.8.2
[INFO] [stderr]     Checking aes v0.3.2
[INFO] [stderr]     Checking rand04_compat v0.1.1
[INFO] [stderr]     Checking backtrace v0.3.45
[INFO] [stderr]    Compiling synstructure v0.12.3
[INFO] [stderr]    Compiling serde_derive v1.0.104
[INFO] [stderr]    Compiling thiserror-impl v1.0.11
[INFO] [stderr]     Checking failure v0.1.6
[INFO] [stderr]     Checking thiserror v1.0.11
[INFO] [stderr]     Checking bincode v1.2.1
[INFO] [stderr]     Checking threshold_crypto v0.3.2
[INFO] [stderr]  Documenting shrd_sec_lib v0.1.0 (/opt/rustwide/workdir)
[INFO] [stdout] error[E0412]: cannot find type `NoneError` in module `std::option`
[INFO] [stdout]   --> src/root/root.rs:27:24
[INFO] [stdout]    |
[INFO] [stdout] 27 | impl From<std::option::NoneError> for Error {
[INFO] [stdout]    |                        ^^^^^^^^^ not found in `std::option`
[INFO] [stdout] 
[INFO] [stdout] 
[INFO] [stdout] error[E0412]: cannot find type `NoneError` in module `std::option`
[INFO] [stdout]   --> src/root/root.rs:28:29
[INFO] [stdout]    |
[INFO] [stdout] 28 |     fn from(_: std::option::NoneError) -> Self {
[INFO] [stdout]    |                             ^^^^^^^^^ not found in `std::option`
[INFO] [stdout] 
[INFO] [stdout] 
[INFO] [stdout] error[E0554]: `#![feature]` may not be used on the beta release channel
[INFO] [stdout]  --> src/lib.rs:1:1
[INFO] [stdout]   |
[INFO] [stdout] 1 | #![feature(try_trait)]
[INFO] [stdout]   | ^^^^^^^^^^^^^^^^^^^^^^
[INFO] [stdout] 
[INFO] [stdout] 
[INFO] [stdout] error: Compilation failed, aborting rustdoc
[INFO] [stdout] 
[INFO] [stdout] 
[INFO] [stdout] error: aborting due to 4 previous errors
[INFO] [stdout] 
[INFO] [stdout] 
[INFO] [stdout] Some errors have detailed explanations: E0412, E0554.
[INFO] [stdout] 
[INFO] [stdout] For more information about an error, try `rustc --explain E0412`.
[INFO] [stdout] 
[INFO] [stderr] error: could not document `shrd_sec_lib`
[INFO] [stderr] 
[INFO] [stderr] Caused by:
[INFO] [stderr]   process didn't exit successfully: `rustdoc --edition=2018 --crate-type lib --crate-name shrd_sec_lib src/lib.rs -o /opt/rustwide/target/doc --error-format=json --json=diagnostic-rendered-ansi --document-private-items -L dependency=/opt/rustwide/target/debug/deps --extern aes=/opt/rustwide/target/debug/deps/libaes-4faf58acdd11bf10.rmeta --extern bincode=/opt/rustwide/target/debug/deps/libbincode-4cdd27f2501c8527.rmeta --extern ofb=/opt/rustwide/target/debug/deps/libofb-899172bc2f7a2c53.rmeta --extern rand=/opt/rustwide/target/debug/deps/librand-8726dd5682eed5fe.rmeta --extern secrecy=/opt/rustwide/target/debug/deps/libsecrecy-c6a13b262a895b07.rmeta --extern serde=/opt/rustwide/target/debug/deps/libserde-cdbbf59dd6ab0152.rmeta --extern sha3=/opt/rustwide/target/debug/deps/libsha3-e3f1d83830f1da27.rmeta --extern thiserror=/opt/rustwide/target/debug/deps/libthiserror-a93befb244227450.rmeta --extern threshold_crypto=/opt/rustwide/target/debug/deps/libthreshold_crypto-b444a085418d40ce.rmeta --cap-lints=warn --crate-version 0.1.0` (exit status: 1)
[INFO] running `Command { std: "docker" "inspect" "f21da6faa3462bfb2f24981452fcf8f79f73e60edb86e573f55fa4e525f53b4b", kill_on_drop: false }`
[INFO] running `Command { std: "docker" "rm" "-f" "f21da6faa3462bfb2f24981452fcf8f79f73e60edb86e573f55fa4e525f53b4b", kill_on_drop: false }`
[INFO] [stdout] f21da6faa3462bfb2f24981452fcf8f79f73e60edb86e573f55fa4e525f53b4b
