[INFO] cloning repository https://github.com/Fi3/gigileo
[INFO] running `Command { std: "git" "-c" "credential.helper=" "-c" "credential.helper=/workspace/cargo-home/bin/git-credential-null" "clone" "--bare" "https://github.com/Fi3/gigileo" "/workspace/cache/git-repos/https%3A%2F%2Fgithub.com%2FFi3%2Fgigileo", kill_on_drop: false }`
[INFO] [stderr] Cloning into bare repository '/workspace/cache/git-repos/https%3A%2F%2Fgithub.com%2FFi3%2Fgigileo'...
[INFO] running `Command { std: "git" "rev-parse" "HEAD", kill_on_drop: false }`
[INFO] [stdout] dc885541cd3653641f4f68140bbdcb695a85cd63
[INFO] documenting Fi3/gigileo against beta-2021-08-01 for beta-1.55-rustdoc-1
[INFO] running `Command { std: "git" "clone" "/workspace/cache/git-repos/https%3A%2F%2Fgithub.com%2FFi3%2Fgigileo" "/workspace/builds/worker-38/source", kill_on_drop: false }`
[INFO] [stderr] Cloning into '/workspace/builds/worker-38/source'...
[INFO] [stderr] done.
[INFO] validating manifest of git repo https://github.com/Fi3/gigileo on toolchain beta-2021-08-01
[INFO] running `Command { std: "/workspace/cargo-home/bin/cargo" "+beta-2021-08-01" "metadata" "--manifest-path" "Cargo.toml" "--no-deps", kill_on_drop: false }`
[INFO] started tweaking git repo https://github.com/Fi3/gigileo
[INFO] finished tweaking git repo https://github.com/Fi3/gigileo
[INFO] tweaked toml for git repo https://github.com/Fi3/gigileo written to /workspace/builds/worker-38/source/Cargo.toml
[INFO] crate git repo https://github.com/Fi3/gigileo already has a lockfile, it will not be regenerated
[INFO] running `Command { std: "/workspace/cargo-home/bin/cargo" "+beta-2021-08-01" "fetch" "--manifest-path" "Cargo.toml", kill_on_drop: false }`
[INFO] [stderr]     Blocking waiting for file lock on package cache
[INFO] [stderr]     Blocking waiting for file lock on package cache
[INFO] running `Command { std: "docker" "create" "-v" "/var/lib/crater-agent-workspace/builds/worker-38/target:/opt/rustwide/target:rw,Z" "-v" "/var/lib/crater-agent-workspace/builds/worker-38/source:/opt/rustwide/workdir:ro,Z" "-v" "/var/lib/crater-agent-workspace/cargo-home:/opt/rustwide/cargo-home:ro,Z" "-v" "/var/lib/crater-agent-workspace/rustup-home:/opt/rustwide/rustup-home:ro,Z" "-e" "SOURCE_DIR=/opt/rustwide/workdir" "-e" "CARGO_TARGET_DIR=/opt/rustwide/target" "-e" "CARGO_HOME=/opt/rustwide/cargo-home" "-e" "RUSTUP_HOME=/opt/rustwide/rustup-home" "-w" "/opt/rustwide/workdir" "-m" "1610612736" "--user" "0:0" "--network" "none" "ghcr.io/rust-lang/crates-build-env/linux@sha256:34b6a614d2c27851fe6cbf88fbd1137609cefab8b10d0615aaeb6fd47975d74e" "/opt/rustwide/cargo-home/bin/cargo" "+beta-2021-08-01" "metadata" "--no-deps" "--format-version=1", kill_on_drop: false }`
[INFO] [stdout] 5281cd89220de549034e2aac1ea898e75e869189bf47a9c8cc7c8dc0d0a1a4c4
[INFO] running `Command { std: "docker" "start" "-a" "5281cd89220de549034e2aac1ea898e75e869189bf47a9c8cc7c8dc0d0a1a4c4", kill_on_drop: false }`
[INFO] running `Command { std: "docker" "inspect" "5281cd89220de549034e2aac1ea898e75e869189bf47a9c8cc7c8dc0d0a1a4c4", kill_on_drop: false }`
[INFO] running `Command { std: "docker" "rm" "-f" "5281cd89220de549034e2aac1ea898e75e869189bf47a9c8cc7c8dc0d0a1a4c4", kill_on_drop: false }`
[INFO] [stdout] 5281cd89220de549034e2aac1ea898e75e869189bf47a9c8cc7c8dc0d0a1a4c4
[INFO] running `Command { std: "docker" "create" "-v" "/var/lib/crater-agent-workspace/builds/worker-38/target:/opt/rustwide/target:rw,Z" "-v" "/var/lib/crater-agent-workspace/builds/worker-38/source:/opt/rustwide/workdir:ro,Z" "-v" "/var/lib/crater-agent-workspace/cargo-home:/opt/rustwide/cargo-home:ro,Z" "-v" "/var/lib/crater-agent-workspace/rustup-home:/opt/rustwide/rustup-home:ro,Z" "-e" "SOURCE_DIR=/opt/rustwide/workdir" "-e" "CARGO_TARGET_DIR=/opt/rustwide/target" "-e" "CARGO_INCREMENTAL=0" "-e" "RUST_BACKTRACE=full" "-e" "RUSTDOCFLAGS=--cap-lints=warn" "-e" "CARGO_HOME=/opt/rustwide/cargo-home" "-e" "RUSTUP_HOME=/opt/rustwide/rustup-home" "-w" "/opt/rustwide/workdir" "-m" "1610612736" "--user" "0:0" "--network" "none" "ghcr.io/rust-lang/crates-build-env/linux@sha256:34b6a614d2c27851fe6cbf88fbd1137609cefab8b10d0615aaeb6fd47975d74e" "/opt/rustwide/cargo-home/bin/cargo" "+beta-2021-08-01" "doc" "--frozen" "--no-deps" "--document-private-items" "--message-format=json", kill_on_drop: false }`
[INFO] [stdout] 5838c566f606f3af4cff7e9893070602399442d982654ef03010ef4f9fbba37d
[INFO] running `Command { std: "docker" "start" "-a" "5838c566f606f3af4cff7e9893070602399442d982654ef03010ef4f9fbba37d", kill_on_drop: false }`
[INFO] [stderr]     Blocking waiting for file lock on package cache
[INFO] [stderr]    Compiling libc v0.2.79
[INFO] [stderr]    Compiling cfg-if v0.1.10
[INFO] [stderr]    Compiling opaque-debug v0.2.3
[INFO] [stderr]    Compiling subtle v2.3.0
[INFO] [stderr]    Compiling byte-tools v0.3.1
[INFO] [stderr]    Compiling syn v1.0.48
[INFO] [stderr]    Compiling tinyvec v0.3.4
[INFO] [stderr]    Compiling subtle v1.0.0
[INFO] [stderr]    Compiling ppv-lite86 v0.2.9
[INFO] [stderr]    Compiling zeroize v1.1.1
[INFO] [stderr]    Compiling fake-simd v0.1.2
[INFO] [stderr]    Compiling base64 v0.12.3
[INFO] [stderr]    Compiling memchr v2.3.3
[INFO] [stderr]    Compiling state v0.4.1
[INFO] [stderr]     Checking adler32 v1.2.0
[INFO] [stderr]    Compiling smallvec v1.4.2
[INFO] [stderr]     Checking lazycell v1.3.0
[INFO] [stderr]     Checking same-file v1.0.6
[INFO] [stderr]     Checking adler v0.2.3
[INFO] [stderr]     Checking itoa v0.4.6
[INFO] [stderr]     Checking color_quant v1.1.0
[INFO] [stderr]     Checking bytemuck v1.4.1
[INFO] [stderr]    Compiling typenum v1.12.0
[INFO] [stderr]    Compiling pear_codegen v0.1.4
[INFO] [stderr]    Compiling num-traits v0.2.12
[INFO] [stderr]    Compiling num-integer v0.1.43
[INFO] [stderr]    Compiling rocket_codegen v0.4.5
[INFO] [stderr]    Compiling num-iter v0.1.41
[INFO] [stderr]    Compiling num-rational v0.3.0
[INFO] [stderr]    Compiling miniz_oxide v0.4.3
[INFO] [stderr]    Compiling rocket v0.4.5
[INFO] [stderr]    Compiling byteorder v1.3.4
[INFO] [stderr]    Compiling httparse v1.3.4
[INFO] [stderr]     Checking idna v0.1.5
[INFO] [stderr]     Checking block-cipher-trait v0.6.2
[INFO] [stderr]     Checking aead v0.2.0
[INFO] [stderr]     Checking base64 v0.9.3
[INFO] [stderr]    Compiling indexmap v1.6.0
[INFO] [stderr]     Checking jpeg-decoder v0.1.20
[INFO] [stderr]    Compiling devise_core v0.2.0
[INFO] [stderr]    Compiling log v0.4.11
[INFO] [stderr]    Compiling block-padding v0.1.5
[INFO] [stdout] error[E0554]: `#![feature]` may not be used on the beta release channel
[INFO] [stdout]  --> /opt/rustwide/cargo-home/registry/src/github.com-1ecc6299db9ec823/devise_core-0.2.0/src/lib.rs:1:1
[INFO] [stdout]   |
[INFO] [stdout] 1 | #![feature(proc_macro_diagnostic, proc_macro_span)]
[INFO] [stdout]   | ^^^^^^^^^^^^^^^^^^^^^^^^^^^^^^^^^^^^^^^^^^^^^^^^^^^
[INFO] [stdout] 
[INFO] [stdout] 
[INFO] [stdout] error[E0554]: `#![feature]` may not be used on the beta release channel
[INFO] [stdout]  --> /opt/rustwide/cargo-home/registry/src/github.com-1ecc6299db9ec823/devise_core-0.2.0/src/lib.rs:2:1
[INFO] [stdout]   |
[INFO] [stdout] 2 | #![feature(crate_visibility_modifier)]
[INFO] [stdout]   | ^^^^^^^^^^^^^^^^^^^^^^^^^^^^^^^^^^^^^^
[INFO] [stdout] 
[INFO] [stdout] 
[INFO] [stdout] error[E0554]: `#![feature]` may not be used on the beta release channel
[INFO] [stdout]  --> /opt/rustwide/cargo-home/registry/src/github.com-1ecc6299db9ec823/devise_core-0.2.0/src/lib.rs:3:1
[INFO] [stdout]   |
[INFO] [stdout] 3 | #![feature(concat_idents)]
[INFO] [stdout]   | ^^^^^^^^^^^^^^^^^^^^^^^^^^
[INFO] [stdout] 
[INFO] [stdout] 
[INFO] [stderr]     Checking deflate v0.8.6
[INFO] [stderr]     Checking miniz_oxide v0.3.7
[INFO] [stderr]     Checking aes-soft v0.3.3
[INFO] [stderr]     Checking walkdir v2.3.1
[INFO] [stderr]    Compiling log v0.3.9
[INFO] [stdout] error: aborting due to 3 previous errors
[INFO] [stdout] 
[INFO] [stdout] 
[INFO] [stdout] For more information about this error, try `rustc --explain E0554`.
[INFO] [stdout] 
[INFO] [stderr] error: could not compile `devise_core` due to 4 previous errors
[INFO] [stderr] warning: build failed, waiting for other jobs to finish...
[INFO] [stderr] error: build failed
[INFO] running `Command { std: "docker" "inspect" "5838c566f606f3af4cff7e9893070602399442d982654ef03010ef4f9fbba37d", kill_on_drop: false }`
[INFO] running `Command { std: "docker" "rm" "-f" "5838c566f606f3af4cff7e9893070602399442d982654ef03010ef4f9fbba37d", kill_on_drop: false }`
[INFO] [stdout] 5838c566f606f3af4cff7e9893070602399442d982654ef03010ef4f9fbba37d
