[INFO] cloning repository https://github.com/EtomicBomb/ethan_ws
[INFO] running `Command { std: "git" "-c" "credential.helper=" "-c" "credential.helper=/workspace/cargo-home/bin/git-credential-null" "clone" "--bare" "https://github.com/EtomicBomb/ethan_ws" "/workspace/cache/git-repos/https%3A%2F%2Fgithub.com%2FEtomicBomb%2Fethan_ws", kill_on_drop: false }`
[INFO] [stderr] Cloning into bare repository '/workspace/cache/git-repos/https%3A%2F%2Fgithub.com%2FEtomicBomb%2Fethan_ws'...
[INFO] running `Command { std: "git" "rev-parse" "HEAD", kill_on_drop: false }`
[INFO] [stdout] 8fa01ccd0a91e6c1356dd7fd3ef63ed5485ad6ec
[INFO] documenting EtomicBomb/ethan_ws against beta-2021-08-01 for beta-1.55-rustdoc-1
[INFO] running `Command { std: "git" "clone" "/workspace/cache/git-repos/https%3A%2F%2Fgithub.com%2FEtomicBomb%2Fethan_ws" "/workspace/builds/worker-105/source", kill_on_drop: false }`
[INFO] [stderr] Cloning into '/workspace/builds/worker-105/source'...
[INFO] [stderr] done.
[INFO] validating manifest of git repo https://github.com/EtomicBomb/ethan_ws on toolchain beta-2021-08-01
[INFO] running `Command { std: "/workspace/cargo-home/bin/cargo" "+beta-2021-08-01" "metadata" "--manifest-path" "Cargo.toml" "--no-deps", kill_on_drop: false }`
[INFO] removed /workspace/builds/worker-105/source/.cargo/config
[INFO] started tweaking git repo https://github.com/EtomicBomb/ethan_ws
[INFO] finished tweaking git repo https://github.com/EtomicBomb/ethan_ws
[INFO] tweaked toml for git repo https://github.com/EtomicBomb/ethan_ws written to /workspace/builds/worker-105/source/Cargo.toml
[INFO] crate git repo https://github.com/EtomicBomb/ethan_ws already has a lockfile, it will not be regenerated
[INFO] running `Command { std: "/workspace/cargo-home/bin/cargo" "+beta-2021-08-01" "fetch" "--manifest-path" "Cargo.toml", kill_on_drop: false }`
[INFO] [stderr]     Blocking waiting for file lock on package cache
[INFO] [stderr]     Blocking waiting for file lock on package cache
[INFO] running `Command { std: "docker" "create" "-v" "/var/lib/crater-agent-workspace/builds/worker-105/target:/opt/rustwide/target:rw,Z" "-v" "/var/lib/crater-agent-workspace/builds/worker-105/source:/opt/rustwide/workdir:ro,Z" "-v" "/var/lib/crater-agent-workspace/cargo-home:/opt/rustwide/cargo-home:ro,Z" "-v" "/var/lib/crater-agent-workspace/rustup-home:/opt/rustwide/rustup-home:ro,Z" "-e" "SOURCE_DIR=/opt/rustwide/workdir" "-e" "CARGO_TARGET_DIR=/opt/rustwide/target" "-e" "CARGO_HOME=/opt/rustwide/cargo-home" "-e" "RUSTUP_HOME=/opt/rustwide/rustup-home" "-w" "/opt/rustwide/workdir" "-m" "1610612736" "--user" "0:0" "--network" "none" "ghcr.io/rust-lang/crates-build-env/linux@sha256:34b6a614d2c27851fe6cbf88fbd1137609cefab8b10d0615aaeb6fd47975d74e" "/opt/rustwide/cargo-home/bin/cargo" "+beta-2021-08-01" "metadata" "--no-deps" "--format-version=1", kill_on_drop: false }`
[INFO] [stdout] fea492670cecbe1710eb874f0dcabd1af8620574f150aa3440193fa57c52b363
[INFO] running `Command { std: "docker" "start" "-a" "fea492670cecbe1710eb874f0dcabd1af8620574f150aa3440193fa57c52b363", kill_on_drop: false }`
[INFO] running `Command { std: "docker" "inspect" "fea492670cecbe1710eb874f0dcabd1af8620574f150aa3440193fa57c52b363", kill_on_drop: false }`
[INFO] running `Command { std: "docker" "rm" "-f" "fea492670cecbe1710eb874f0dcabd1af8620574f150aa3440193fa57c52b363", kill_on_drop: false }`
[INFO] [stdout] fea492670cecbe1710eb874f0dcabd1af8620574f150aa3440193fa57c52b363
[INFO] running `Command { std: "docker" "create" "-v" "/var/lib/crater-agent-workspace/builds/worker-105/target:/opt/rustwide/target:rw,Z" "-v" "/var/lib/crater-agent-workspace/builds/worker-105/source:/opt/rustwide/workdir:ro,Z" "-v" "/var/lib/crater-agent-workspace/cargo-home:/opt/rustwide/cargo-home:ro,Z" "-v" "/var/lib/crater-agent-workspace/rustup-home:/opt/rustwide/rustup-home:ro,Z" "-e" "SOURCE_DIR=/opt/rustwide/workdir" "-e" "CARGO_TARGET_DIR=/opt/rustwide/target" "-e" "CARGO_INCREMENTAL=0" "-e" "RUST_BACKTRACE=full" "-e" "RUSTDOCFLAGS=--cap-lints=warn" "-e" "CARGO_HOME=/opt/rustwide/cargo-home" "-e" "RUSTUP_HOME=/opt/rustwide/rustup-home" "-w" "/opt/rustwide/workdir" "-m" "1610612736" "--user" "0:0" "--network" "none" "ghcr.io/rust-lang/crates-build-env/linux@sha256:34b6a614d2c27851fe6cbf88fbd1137609cefab8b10d0615aaeb6fd47975d74e" "/opt/rustwide/cargo-home/bin/cargo" "+beta-2021-08-01" "doc" "--frozen" "--no-deps" "--document-private-items" "--message-format=json", kill_on_drop: false }`
[INFO] [stdout] 1968675958ca68e4d6e4c5e1e497d50fea78d0892e48721a0beb5d114ae522cf
[INFO] running `Command { std: "docker" "start" "-a" "1968675958ca68e4d6e4c5e1e497d50fea78d0892e48721a0beb5d114ae522cf", kill_on_drop: false }`
[INFO] [stderr]    Compiling proc-macro2 v1.0.17
[INFO] [stderr]    Compiling syn v1.0.33
[INFO] [stderr]    Compiling libc v0.2.70
[INFO] [stderr]    Compiling ucd-trie v0.1.3
[INFO] [stderr]    Compiling maplit v1.0.2
[INFO] [stderr]     Checking ppv-lite86 v0.2.8
[INFO] [stderr]    Compiling serde_derive v1.0.114
[INFO] [stderr]    Compiling serde v1.0.114
[INFO] [stderr]     Checking json v0.1.0 (/opt/rustwide/workdir/json)
[INFO] [stderr]     Checking sha1 v0.6.0
[INFO] [stderr]     Checking web_socket v0.1.0 (/opt/rustwide/workdir/web_socket)
[INFO] [stderr]  Documenting json v0.1.0 (/opt/rustwide/workdir/json)
[INFO] [stderr]  Documenting web_socket v0.1.0 (/opt/rustwide/workdir/web_socket)
[INFO] [stderr]    Compiling getrandom v0.1.14
[INFO] [stderr]     Checking pest v2.1.3
[INFO] [stderr]    Compiling quote v1.0.6
[INFO] [stderr]    Compiling pest_meta v2.1.3
[INFO] [stderr]     Checking rand_core v0.5.1
[INFO] [stderr]     Checking rand_chacha v0.2.2
[INFO] [stderr]     Checking rand v0.7.3
[INFO] [stderr]    Compiling pest_generator v2.1.3
[INFO] [stderr]    Compiling pest_derive v2.1.0
[INFO] [stderr]     Checking http v0.1.0 (/opt/rustwide/workdir/http)
[INFO] [stderr]  Documenting http v0.1.0 (/opt/rustwide/workdir/http)
[INFO] [stderr]  Documenting lisp v0.1.0 (/opt/rustwide/workdir/lisp)
[INFO] [stderr]     Checking server v0.1.0 (/opt/rustwide/workdir/server)
[INFO] [stderr]  Documenting server v0.1.0 (/opt/rustwide/workdir/server)
[INFO] [stdout] error[E0432]: unresolved import `std::option::NoneError`
[INFO] [stdout]   --> server/src/server.rs:10:5
[INFO] [stdout]    |
[INFO] [stdout] 10 | use std::option::NoneError;
[INFO] [stdout]    |     ^^^^^^^^^^^^^^^^^^^^^^ no `NoneError` in `option`
[INFO] [stdout] 
[INFO] [stdout] 
[INFO] [stdout] error[E0554]: `#![feature]` may not be used on the beta release channel
[INFO] [stdout]  --> server/src/lib.rs:1:1
[INFO] [stdout]   |
[INFO] [stdout] 1 | #![feature(try_trait, vec_remove_item, is_sorted)]
[INFO] [stdout]   | ^^^^^^^^^^^^^^^^^^^^^^^^^^^^^^^^^^^^^^^^^^^^^^^^^^
[INFO] [stdout] 
[INFO] [stdout] 
[INFO] [stdout] error: Compilation failed, aborting rustdoc
[INFO] [stdout] 
[INFO] [stdout] 
[INFO] [stdout] error: aborting due to 3 previous errors
[INFO] [stdout] 
[INFO] [stdout] 
[INFO] [stdout] Some errors have detailed explanations: E0432, E0554.
[INFO] [stdout] 
[INFO] [stdout] For more information about an error, try `rustc --explain E0432`.
[INFO] [stdout] 
[INFO] [stderr] error: could not document `server`
[INFO] [stderr] 
[INFO] [stderr] Caused by:
[INFO] [stderr]   process didn't exit successfully: `rustdoc --edition=2018 --crate-type lib --crate-name server server/src/lib.rs -o /opt/rustwide/target/doc --error-format=json --json=diagnostic-rendered-ansi --document-private-items -L dependency=/opt/rustwide/target/debug/deps --extern http=/opt/rustwide/target/debug/deps/libhttp-870b8a8d37688a4a.rmeta --extern json=/opt/rustwide/target/debug/deps/libjson-60ddeaa35c9ddfbc.rmeta --extern rand=/opt/rustwide/target/debug/deps/librand-3012ae69fcd21fed.rmeta --extern sha1=/opt/rustwide/target/debug/deps/libsha1-9533537af209c6e2.rmeta --extern web_socket=/opt/rustwide/target/debug/deps/libweb_socket-79b9c6da47759e69.rmeta --cap-lints=warn --crate-version 0.1.0` (exit status: 1)
[INFO] [stderr] warning: build failed, waiting for other jobs to finish...
[INFO] [stdout] error[E0432]: unresolved import `std::option::NoneError`
[INFO] [stdout]   --> server/src/server.rs:10:5
[INFO] [stdout]    |
[INFO] [stdout] 10 | use std::option::NoneError;
[INFO] [stdout]    |     ^^^^^^^^^^^^^^^^^^^^^^ no `NoneError` in `option`
[INFO] [stdout] 
[INFO] [stdout] 
[INFO] [stdout] error[E0554]: `#![feature]` may not be used on the beta release channel
[INFO] [stdout]  --> server/src/lib.rs:1:1
[INFO] [stdout]   |
[INFO] [stdout] 1 | #![feature(try_trait, vec_remove_item, is_sorted)]
[INFO] [stdout]   | ^^^^^^^^^^^^^^^^^^^^^^^^^^^^^^^^^^^^^^^^^^^^^^^^^^
[INFO] [stdout] 
[INFO] [stdout] 
[INFO] [stdout] error: aborting due to 2 previous errors
[INFO] [stdout] 
[INFO] [stdout] 
[INFO] [stdout] Some errors have detailed explanations: E0432, E0554.
[INFO] [stdout] 
[INFO] [stdout] For more information about an error, try `rustc --explain E0432`.
[INFO] [stdout] 
[INFO] [stderr] error: build failed
[INFO] running `Command { std: "docker" "inspect" "1968675958ca68e4d6e4c5e1e497d50fea78d0892e48721a0beb5d114ae522cf", kill_on_drop: false }`
[INFO] running `Command { std: "docker" "rm" "-f" "1968675958ca68e4d6e4c5e1e497d50fea78d0892e48721a0beb5d114ae522cf", kill_on_drop: false }`
[INFO] [stdout] 1968675958ca68e4d6e4c5e1e497d50fea78d0892e48721a0beb5d114ae522cf
