[INFO] cloning repository https://github.com/ErichDonGubler/2020-06-nzxt-interview
[INFO] running `Command { std: "git" "-c" "credential.helper=" "-c" "credential.helper=/workspace/cargo-home/bin/git-credential-null" "clone" "--bare" "https://github.com/ErichDonGubler/2020-06-nzxt-interview" "/workspace/cache/git-repos/https%3A%2F%2Fgithub.com%2FErichDonGubler%2F2020-06-nzxt-interview", kill_on_drop: false }`
[INFO] [stderr] Cloning into bare repository '/workspace/cache/git-repos/https%3A%2F%2Fgithub.com%2FErichDonGubler%2F2020-06-nzxt-interview'...
[INFO] running `Command { std: "git" "rev-parse" "HEAD", kill_on_drop: false }`
[INFO] [stdout] b9cec70f21285e57772713107337f2b9be5f7144
[INFO] documenting ErichDonGubler/2020-06-nzxt-interview against 1.54.0 for beta-1.55-rustdoc-1
[INFO] running `Command { std: "git" "clone" "/workspace/cache/git-repos/https%3A%2F%2Fgithub.com%2FErichDonGubler%2F2020-06-nzxt-interview" "/workspace/builds/worker-1/source", kill_on_drop: false }`
[INFO] [stderr] Cloning into '/workspace/builds/worker-1/source'...
[INFO] [stderr] done.
[INFO] validating manifest of git repo https://github.com/ErichDonGubler/2020-06-nzxt-interview on toolchain 1.54.0
[INFO] running `Command { std: "/workspace/cargo-home/bin/cargo" "+1.54.0" "metadata" "--manifest-path" "Cargo.toml" "--no-deps", kill_on_drop: false }`
[INFO] started tweaking git repo https://github.com/ErichDonGubler/2020-06-nzxt-interview
[INFO] finished tweaking git repo https://github.com/ErichDonGubler/2020-06-nzxt-interview
[INFO] tweaked toml for git repo https://github.com/ErichDonGubler/2020-06-nzxt-interview written to /workspace/builds/worker-1/source/Cargo.toml
[INFO] crate git repo https://github.com/ErichDonGubler/2020-06-nzxt-interview already has a lockfile, it will not be regenerated
[INFO] running `Command { std: "/workspace/cargo-home/bin/cargo" "+1.54.0" "fetch" "--manifest-path" "Cargo.toml", kill_on_drop: false }`
[INFO] running `Command { std: "docker" "create" "-v" "/var/lib/crater-agent-workspace/builds/worker-1/target:/opt/rustwide/target:rw,Z" "-v" "/var/lib/crater-agent-workspace/builds/worker-1/source:/opt/rustwide/workdir:ro,Z" "-v" "/var/lib/crater-agent-workspace/cargo-home:/opt/rustwide/cargo-home:ro,Z" "-v" "/var/lib/crater-agent-workspace/rustup-home:/opt/rustwide/rustup-home:ro,Z" "-e" "SOURCE_DIR=/opt/rustwide/workdir" "-e" "CARGO_TARGET_DIR=/opt/rustwide/target" "-e" "CARGO_HOME=/opt/rustwide/cargo-home" "-e" "RUSTUP_HOME=/opt/rustwide/rustup-home" "-w" "/opt/rustwide/workdir" "-m" "1610612736" "--user" "0:0" "--network" "none" "ghcr.io/rust-lang/crates-build-env/linux@sha256:34b6a614d2c27851fe6cbf88fbd1137609cefab8b10d0615aaeb6fd47975d74e" "/opt/rustwide/cargo-home/bin/cargo" "+1.54.0" "metadata" "--no-deps" "--format-version=1", kill_on_drop: false }`
[INFO] [stdout] 3bb752b544bc7fe6535a4bb022df9d1ab2a6dcff153ebc466617ada7de4c7148
[INFO] running `Command { std: "docker" "start" "-a" "3bb752b544bc7fe6535a4bb022df9d1ab2a6dcff153ebc466617ada7de4c7148", kill_on_drop: false }`
[INFO] running `Command { std: "docker" "inspect" "3bb752b544bc7fe6535a4bb022df9d1ab2a6dcff153ebc466617ada7de4c7148", kill_on_drop: false }`
[INFO] running `Command { std: "docker" "rm" "-f" "3bb752b544bc7fe6535a4bb022df9d1ab2a6dcff153ebc466617ada7de4c7148", kill_on_drop: false }`
[INFO] [stdout] 3bb752b544bc7fe6535a4bb022df9d1ab2a6dcff153ebc466617ada7de4c7148
[INFO] running `Command { std: "docker" "create" "-v" "/var/lib/crater-agent-workspace/builds/worker-1/target:/opt/rustwide/target:rw,Z" "-v" "/var/lib/crater-agent-workspace/builds/worker-1/source:/opt/rustwide/workdir:ro,Z" "-v" "/var/lib/crater-agent-workspace/cargo-home:/opt/rustwide/cargo-home:ro,Z" "-v" "/var/lib/crater-agent-workspace/rustup-home:/opt/rustwide/rustup-home:ro,Z" "-e" "SOURCE_DIR=/opt/rustwide/workdir" "-e" "CARGO_TARGET_DIR=/opt/rustwide/target" "-e" "CARGO_INCREMENTAL=0" "-e" "RUST_BACKTRACE=full" "-e" "RUSTDOCFLAGS=--cap-lints=warn" "-e" "CARGO_HOME=/opt/rustwide/cargo-home" "-e" "RUSTUP_HOME=/opt/rustwide/rustup-home" "-w" "/opt/rustwide/workdir" "-m" "1610612736" "--user" "0:0" "--network" "none" "ghcr.io/rust-lang/crates-build-env/linux@sha256:34b6a614d2c27851fe6cbf88fbd1137609cefab8b10d0615aaeb6fd47975d74e" "/opt/rustwide/cargo-home/bin/cargo" "+1.54.0" "doc" "--frozen" "--no-deps" "--document-private-items" "--message-format=json", kill_on_drop: false }`
[INFO] [stdout] e3e5094ba52a41d7f96bd7270490f398f0dd3948d0731e175192201a7f05d84b
[INFO] running `Command { std: "docker" "start" "-a" "e3e5094ba52a41d7f96bd7270490f398f0dd3948d0731e175192201a7f05d84b", kill_on_drop: false }`
[INFO] [stderr]    Compiling libc v0.2.71
[INFO] [stderr]    Compiling winapi v0.3.8
[INFO] [stderr]     Checking regex-syntax v0.6.18
[INFO] [stderr]     Checking thread_local v1.0.1
[INFO] [stderr]    Compiling wide-str-impl v0.1.0
[INFO] [stderr]     Checking humantime v1.3.0
[INFO] [stderr]     Checking aho-corasick v0.7.10
[INFO] [stderr]     Checking wide-str v0.1.0
[INFO] [stderr]     Checking atty v0.2.14
[INFO] [stderr]     Checking regex v1.3.9
[INFO] [stderr]     Checking env_logger v0.7.1
[INFO] [stderr]  Documenting nzxt-interview v0.1.0 (/opt/rustwide/workdir)
[INFO] [stdout] error[E0433]: failed to resolve: could not find `shared` in `winapi`
[INFO] [stdout]   --> src/main.rs:54:13
[INFO] [stdout]    |
[INFO] [stdout] 54 |             shared::{
[INFO] [stdout]    |             ^^^^^^ could not find `shared` in `winapi`
[INFO] [stdout] 
[INFO] [stdout] 
[INFO] [stdout] error[E0433]: failed to resolve: could not find `um` in `winapi`
[INFO] [stdout]   --> src/main.rs:59:13
[INFO] [stdout]    |
[INFO] [stdout] 59 |             um::{
[INFO] [stdout]    |             ^^ could not find `um` in `winapi`
[INFO] [stdout] 
[INFO] [stdout] 
[INFO] [stdout] error[E0412]: cannot find type `HDEVINFO` in this scope
[INFO] [stdout]   --> src/main.rs:70:34
[INFO] [stdout]    |
[INFO] [stdout] 70 |     pub struct DeviceInfoSet(pub HDEVINFO);
[INFO] [stdout]    |                                  ^^^^^^^^ not found in this scope
[INFO] [stdout] 
[INFO] [stdout] 
[INFO] [stdout] error[E0412]: cannot find type `GUID` in this scope
[INFO] [stdout]   --> src/main.rs:86:25
[INFO] [stdout]    |
[INFO] [stdout] 86 |     pub struct Guid(pub GUID);
[INFO] [stdout]    |                         ^^^^ not found in this scope
[INFO] [stdout] 
[INFO] [stdout] 
[INFO] [stdout] error[E0412]: cannot find type `DWORD` in this scope
[INFO] [stdout]    --> src/main.rs:119:16
[INFO] [stdout]     |
[INFO] [stdout] 119 |         flags: DWORD,
[INFO] [stdout]     |                ^^^^^ not found in this scope
[INFO] [stdout] 
[INFO] [stdout] 
[INFO] [stdout] error[E0412]: cannot find type `SP_DEVINFO_DATA` in this scope
[INFO] [stdout]    --> src/main.rs:220:27
[INFO] [stdout]     |
[INFO] [stdout] 220 |     pub struct DeviceInfo(SP_DEVINFO_DATA);
[INFO] [stdout]     |                           ^^^^^^^^^^^^^^^ not found in this scope
[INFO] [stdout] 
[INFO] [stdout] 
[INFO] [stdout] error: Compilation failed, aborting rustdoc
[INFO] [stdout] 
[INFO] [stdout] 
[INFO] [stdout] error: aborting due to 7 previous errors
[INFO] [stdout] 
[INFO] [stdout] 
[INFO] [stdout] Some errors have detailed explanations: E0412, E0433.
[INFO] [stdout] 
[INFO] [stdout] For more information about an error, try `rustc --explain E0412`.
[INFO] [stdout] 
[INFO] [stderr] error: could not document `nzxt-interview`
[INFO] [stderr] 
[INFO] [stderr] Caused by:
[INFO] [stderr]   process didn't exit successfully: `rustdoc --edition=2018 --crate-type bin --crate-name nzxt_interview src/main.rs -o /opt/rustwide/target/doc --error-format=json --json=diagnostic-rendered-ansi --document-private-items -L dependency=/opt/rustwide/target/debug/deps --extern anyhow=/opt/rustwide/target/debug/deps/libanyhow-7085a7b722fc1f60.rmeta --extern env_logger=/opt/rustwide/target/debug/deps/libenv_logger-cc948991cede02ff.rmeta --extern log=/opt/rustwide/target/debug/deps/liblog-3350f96749421cbd.rmeta --extern wide_str=/opt/rustwide/target/debug/deps/libwide_str-16659be687d4701d.rmeta --extern winapi=/opt/rustwide/target/debug/deps/libwinapi-da94f51589beb43c.rmeta --cap-lints=warn --crate-version 0.1.0` (exit status: 1)
[INFO] running `Command { std: "docker" "inspect" "e3e5094ba52a41d7f96bd7270490f398f0dd3948d0731e175192201a7f05d84b", kill_on_drop: false }`
[INFO] running `Command { std: "docker" "rm" "-f" "e3e5094ba52a41d7f96bd7270490f398f0dd3948d0731e175192201a7f05d84b", kill_on_drop: false }`
[INFO] [stdout] e3e5094ba52a41d7f96bd7270490f398f0dd3948d0731e175192201a7f05d84b
