[INFO] cloning repository https://github.com/EmperorParzival/apathy-client
[INFO] running `Command { std: "git" "-c" "credential.helper=" "-c" "credential.helper=/workspace/cargo-home/bin/git-credential-null" "clone" "--bare" "https://github.com/EmperorParzival/apathy-client" "/workspace/cache/git-repos/https%3A%2F%2Fgithub.com%2FEmperorParzival%2Fapathy-client", kill_on_drop: false }`
[INFO] [stderr] Cloning into bare repository '/workspace/cache/git-repos/https%3A%2F%2Fgithub.com%2FEmperorParzival%2Fapathy-client'...
[INFO] running `Command { std: "git" "rev-parse" "HEAD", kill_on_drop: false }`
[INFO] [stdout] ea48ea900ed15a642ff537efd2f7ea099d9043f6
[INFO] documenting EmperorParzival/apathy-client against 1.54.0 for beta-1.55-rustdoc-1
[INFO] running `Command { std: "git" "clone" "/workspace/cache/git-repos/https%3A%2F%2Fgithub.com%2FEmperorParzival%2Fapathy-client" "/workspace/builds/worker-12/source", kill_on_drop: false }`
[INFO] [stderr] Cloning into '/workspace/builds/worker-12/source'...
[INFO] [stderr] done.
[INFO] validating manifest of git repo https://github.com/EmperorParzival/apathy-client on toolchain 1.54.0
[INFO] running `Command { std: "/workspace/cargo-home/bin/cargo" "+1.54.0" "metadata" "--manifest-path" "Cargo.toml" "--no-deps", kill_on_drop: false }`
[INFO] started tweaking git repo https://github.com/EmperorParzival/apathy-client
[INFO] finished tweaking git repo https://github.com/EmperorParzival/apathy-client
[INFO] tweaked toml for git repo https://github.com/EmperorParzival/apathy-client written to /workspace/builds/worker-12/source/Cargo.toml
[INFO] crate git repo https://github.com/EmperorParzival/apathy-client already has a lockfile, it will not be regenerated
[INFO] running `Command { std: "/workspace/cargo-home/bin/cargo" "+1.54.0" "fetch" "--manifest-path" "Cargo.toml", kill_on_drop: false }`
[INFO] [stderr]     Blocking waiting for file lock on package cache
[INFO] [stderr]  Downloading crates ...
[INFO] [stderr]   Downloaded process_list v0.2.1
[INFO] [stderr]   Downloaded git2 v0.13.18
[INFO] [stderr]   Downloaded libgit2-sys v0.12.19+1.1.0
[INFO] running `Command { std: "docker" "create" "-v" "/var/lib/crater-agent-workspace/builds/worker-12/target:/opt/rustwide/target:rw,Z" "-v" "/var/lib/crater-agent-workspace/builds/worker-12/source:/opt/rustwide/workdir:ro,Z" "-v" "/var/lib/crater-agent-workspace/cargo-home:/opt/rustwide/cargo-home:ro,Z" "-v" "/var/lib/crater-agent-workspace/rustup-home:/opt/rustwide/rustup-home:ro,Z" "-e" "SOURCE_DIR=/opt/rustwide/workdir" "-e" "CARGO_TARGET_DIR=/opt/rustwide/target" "-e" "CARGO_HOME=/opt/rustwide/cargo-home" "-e" "RUSTUP_HOME=/opt/rustwide/rustup-home" "-w" "/opt/rustwide/workdir" "-m" "1610612736" "--user" "0:0" "--network" "none" "ghcr.io/rust-lang/crates-build-env/linux@sha256:34b6a614d2c27851fe6cbf88fbd1137609cefab8b10d0615aaeb6fd47975d74e" "/opt/rustwide/cargo-home/bin/cargo" "+1.54.0" "metadata" "--no-deps" "--format-version=1", kill_on_drop: false }`
[INFO] [stdout] da4d1d01d247649a6826acfd3681475d64c29c193848526e178eb35b66f41e46
[INFO] running `Command { std: "docker" "start" "-a" "da4d1d01d247649a6826acfd3681475d64c29c193848526e178eb35b66f41e46", kill_on_drop: false }`
[INFO] running `Command { std: "docker" "inspect" "da4d1d01d247649a6826acfd3681475d64c29c193848526e178eb35b66f41e46", kill_on_drop: false }`
[INFO] running `Command { std: "docker" "rm" "-f" "da4d1d01d247649a6826acfd3681475d64c29c193848526e178eb35b66f41e46", kill_on_drop: false }`
[INFO] [stdout] da4d1d01d247649a6826acfd3681475d64c29c193848526e178eb35b66f41e46
[INFO] running `Command { std: "docker" "create" "-v" "/var/lib/crater-agent-workspace/builds/worker-12/target:/opt/rustwide/target:rw,Z" "-v" "/var/lib/crater-agent-workspace/builds/worker-12/source:/opt/rustwide/workdir:ro,Z" "-v" "/var/lib/crater-agent-workspace/cargo-home:/opt/rustwide/cargo-home:ro,Z" "-v" "/var/lib/crater-agent-workspace/rustup-home:/opt/rustwide/rustup-home:ro,Z" "-e" "SOURCE_DIR=/opt/rustwide/workdir" "-e" "CARGO_TARGET_DIR=/opt/rustwide/target" "-e" "CARGO_INCREMENTAL=0" "-e" "RUST_BACKTRACE=full" "-e" "RUSTDOCFLAGS=--cap-lints=warn" "-e" "CARGO_HOME=/opt/rustwide/cargo-home" "-e" "RUSTUP_HOME=/opt/rustwide/rustup-home" "-w" "/opt/rustwide/workdir" "-m" "1610612736" "--user" "0:0" "--network" "none" "ghcr.io/rust-lang/crates-build-env/linux@sha256:34b6a614d2c27851fe6cbf88fbd1137609cefab8b10d0615aaeb6fd47975d74e" "/opt/rustwide/cargo-home/bin/cargo" "+1.54.0" "doc" "--frozen" "--no-deps" "--document-private-items" "--message-format=json", kill_on_drop: false }`
[INFO] [stdout] 40e15e7f3696b2a367bf2ff89f9b5f7ea6da0cbcbba9c4a351b8e76334bbfa2a
[INFO] running `Command { std: "docker" "start" "-a" "40e15e7f3696b2a367bf2ff89f9b5f7ea6da0cbcbba9c4a351b8e76334bbfa2a", kill_on_drop: false }`
[INFO] [stderr]    Compiling libc v0.2.94
[INFO] [stderr]    Compiling proc-macro2 v1.0.26
[INFO] [stderr]    Compiling syn v1.0.71
[INFO] [stderr]     Checking futures-core v0.3.14
[INFO] [stderr]     Checking futures-sink v0.3.14
[INFO] [stderr]    Compiling httparse v1.4.0
[INFO] [stderr]     Checking futures-task v0.3.14
[INFO] [stderr]     Checking futures-io v0.3.14
[INFO] [stderr]    Compiling openssl v0.10.33
[INFO] [stderr]     Checking once_cell v1.7.2
[INFO] [stderr]     Checking httpdate v1.0.0
[INFO] [stderr]    Compiling tokio v1.5.0
[INFO] [stderr]     Checking input_buffer v0.4.0
[INFO] [stderr]     Checking unicode-normalization v0.1.17
[INFO] [stderr]     Checking tracing v0.1.25
[INFO] [stderr]     Checking http-body v0.4.1
[INFO] [stderr]     Checking twoway v0.1.8
[INFO] [stderr]     Checking headers-core v0.2.0
[INFO] [stderr]     Checking buf_redux v0.8.4
[INFO] [stderr]     Checking futures-util v0.3.14
[INFO] [stderr]     Checking futures-channel v0.3.14
[INFO] [stderr]    Compiling quote v1.0.9
[INFO] [stderr]     Checking idna v0.2.3
[INFO] [stderr]    Compiling jobserver v0.1.22
[INFO] [stderr]     Checking mio v0.7.11
[INFO] [stderr]     Checking num_cpus v1.13.0
[INFO] [stderr]     Checking getrandom v0.2.2
[INFO] [stderr]     Checking getrandom v0.1.16
[INFO] [stderr]     Checking socket2 v0.4.0
[INFO] [stderr]     Checking time v0.1.43
[INFO] [stderr]     Checking dirs-sys v0.3.6
[INFO] [stderr]    Compiling cc v1.0.67
[INFO] [stderr]     Checking url v2.2.1
[INFO] [stderr]     Checking rand_core v0.5.1
[INFO] [stderr]     Checking rand_core v0.6.2
[INFO] [stderr]     Checking dirs v3.0.2
[INFO] [stderr]     Checking headers v0.3.4
[INFO] [stderr]     Checking chrono v0.4.19
[INFO] [stderr]     Checking rand_chacha v0.2.2
[INFO] [stderr]     Checking rand_chacha v0.3.0
[INFO] [stderr]     Checking futures v0.3.14
[INFO] [stderr]     Checking rand v0.7.3
[INFO] [stderr]     Checking rand v0.8.3
[INFO] [stderr]    Compiling openssl-sys v0.9.61
[INFO] [stderr]     Checking tungstenite v0.12.0
[INFO] [stderr]     Checking tempfile v3.2.0
[INFO] [stderr]     Checking multipart v0.17.1
[INFO] [stderr]    Compiling native-tls v0.2.7
[INFO] [stderr]    Compiling tokio-macros v1.1.0
[INFO] [stderr]    Compiling pin-project-internal v1.0.7
[INFO] [stderr]    Compiling serde_derive v1.0.125
[INFO] [stderr]     Checking pin-project v1.0.7
[INFO] [stderr]     Checking tokio-util v0.6.6
[INFO] [stderr]     Checking tokio-stream v0.1.5
[INFO] [stderr]     Checking tokio-native-tls v0.3.0
[INFO] [stderr]     Checking tokio-tungstenite v0.13.0
[INFO] [stderr]     Checking h2 v0.3.2
[INFO] [stderr]     Checking serde v1.0.125
[INFO] [stderr]     Checking serde_urlencoded v0.7.0
[INFO] [stderr]     Checking serde_json v1.0.64
[INFO] [stderr]     Checking hyper v0.14.7
[INFO] [stderr]     Checking hyper-tls v0.5.0
[INFO] [stderr]     Checking warp v0.3.1
[INFO] [stderr]  Documenting apathy-client v0.2.3 (/opt/rustwide/workdir)
[INFO] [stdout] error[E0433]: failed to resolve: use of undeclared crate or module `winapi`
[INFO] [stdout]  --> src/utility/multiple_roblox.rs:2:5
[INFO] [stdout]   |
[INFO] [stdout] 2 | use winapi::um::{minwinbase, synchapi, winnt};
[INFO] [stdout]   |     ^^^^^^ use of undeclared crate or module `winapi`
[INFO] [stdout] 
[INFO] [stdout] 
[INFO] [stdout] error[E0433]: failed to resolve: use of undeclared crate or module `winnt`
[INFO] [stdout]   --> src/utility/multiple_roblox.rs:18:32
[INFO] [stdout]    |
[INFO] [stdout] 18 | fn enable_multiple_roblox() -> winnt::HANDLE {
[INFO] [stdout]    |                                ^^^^^ use of undeclared crate or module `winnt`
[INFO] [stdout] 
[INFO] [stdout] 
[INFO] [stdout] error[E0433]: failed to resolve: use of undeclared crate or module `winnt`
[INFO] [stdout]   --> src/utility/multiple_roblox.rs:30:36
[INFO] [stdout]    |
[INFO] [stdout] 30 | fn disable_multiple_roblox(handle: winnt::HANDLE) {
[INFO] [stdout]    |                                    ^^^^^ use of undeclared crate or module `winnt`
[INFO] [stdout] 
[INFO] [stdout] 
[INFO] [stdout] error: Compilation failed, aborting rustdoc
[INFO] [stdout] 
[INFO] [stdout] 
[INFO] [stdout] error: aborting due to 4 previous errors
[INFO] [stdout] 
[INFO] [stdout] 
[INFO] [stdout] For more information about this error, try `rustc --explain E0433`.
[INFO] [stdout] 
[INFO] [stderr] error: could not document `apathy-client`
[INFO] [stderr] 
[INFO] [stderr] Caused by:
[INFO] [stderr]   process didn't exit successfully: `rustdoc --edition=2018 --crate-type bin --crate-name apathy_client src/main.rs -o /opt/rustwide/target/doc --error-format=json --json=diagnostic-rendered-ansi --document-private-items -L dependency=/opt/rustwide/target/debug/deps --extern chrono=/opt/rustwide/target/debug/deps/libchrono-37364e43c6baa69f.rmeta --extern dirs=/opt/rustwide/target/debug/deps/libdirs-e662e85807a33c81.rmeta --extern hyper=/opt/rustwide/target/debug/deps/libhyper-feac33593d458e24.rmeta --extern hyper_tls=/opt/rustwide/target/debug/deps/libhyper_tls-a71e890a8ac792c1.rmeta --extern serde=/opt/rustwide/target/debug/deps/libserde-1225c27e0b07af07.rmeta --extern serde_json=/opt/rustwide/target/debug/deps/libserde_json-1532ec2fddd45164.rmeta --extern tokio=/opt/rustwide/target/debug/deps/libtokio-71b7faab43a749e1.rmeta --extern warp=/opt/rustwide/target/debug/deps/libwarp-3a67e942b71628d2.rmeta --cap-lints=warn --crate-version 0.2.3` (exit status: 1)
[INFO] running `Command { std: "docker" "inspect" "40e15e7f3696b2a367bf2ff89f9b5f7ea6da0cbcbba9c4a351b8e76334bbfa2a", kill_on_drop: false }`
[INFO] running `Command { std: "docker" "rm" "-f" "40e15e7f3696b2a367bf2ff89f9b5f7ea6da0cbcbba9c4a351b8e76334bbfa2a", kill_on_drop: false }`
[INFO] [stdout] 40e15e7f3696b2a367bf2ff89f9b5f7ea6da0cbcbba9c4a351b8e76334bbfa2a
