[INFO] cloning repository https://github.com/Ell/monswitch
[INFO] running `Command { std: "git" "-c" "credential.helper=" "-c" "credential.helper=/workspace/cargo-home/bin/git-credential-null" "clone" "--bare" "https://github.com/Ell/monswitch" "/workspace/cache/git-repos/https%3A%2F%2Fgithub.com%2FEll%2Fmonswitch", kill_on_drop: false }`
[INFO] [stderr] Cloning into bare repository '/workspace/cache/git-repos/https%3A%2F%2Fgithub.com%2FEll%2Fmonswitch'...
[INFO] running `Command { std: "git" "rev-parse" "HEAD", kill_on_drop: false }`
[INFO] [stdout] 698c6bec81586830ad2fb470cb58a153cfa2f334
[INFO] documenting Ell/monswitch against beta-2021-08-01 for beta-1.55-rustdoc-1
[INFO] running `Command { std: "git" "clone" "/workspace/cache/git-repos/https%3A%2F%2Fgithub.com%2FEll%2Fmonswitch" "/workspace/builds/worker-6/source", kill_on_drop: false }`
[INFO] [stderr] Cloning into '/workspace/builds/worker-6/source'...
[INFO] [stderr] done.
[INFO] validating manifest of git repo https://github.com/Ell/monswitch on toolchain beta-2021-08-01
[INFO] running `Command { std: "/workspace/cargo-home/bin/cargo" "+beta-2021-08-01" "metadata" "--manifest-path" "Cargo.toml" "--no-deps", kill_on_drop: false }`
[INFO] started tweaking git repo https://github.com/Ell/monswitch
[INFO] finished tweaking git repo https://github.com/Ell/monswitch
[INFO] tweaked toml for git repo https://github.com/Ell/monswitch written to /workspace/builds/worker-6/source/Cargo.toml
[INFO] crate git repo https://github.com/Ell/monswitch already has a lockfile, it will not be regenerated
[INFO] running `Command { std: "/workspace/cargo-home/bin/cargo" "+beta-2021-08-01" "fetch" "--manifest-path" "Cargo.toml", kill_on_drop: false }`
[INFO] [stderr]     Updating git repository `https://github.com/shayne/systray-rs`
[INFO] [stderr]  Downloading crates ...
[INFO] [stderr]   Downloaded quasi_codegen v0.29.0
[INFO] [stderr]   Downloaded quasi v0.29.0
[INFO] [stderr]   Downloaded atk-sys v0.3.4
[INFO] [stderr]   Downloaded cairo-sys-rs v0.3.4
[INFO] [stderr]   Downloaded syntex_pos v0.54.0
[INFO] [stderr]   Downloaded gdk v0.5.3
[INFO] [stderr]   Downloaded gobject-sys v0.3.4
[INFO] [stderr]   Downloaded gdk-pixbuf v0.1.3
[INFO] [stderr]   Downloaded gio v0.1.3
[INFO] [stderr]   Downloaded aster v0.38.0
[INFO] [stderr]   Downloaded cairo-rs v0.1.3
[INFO] [stderr]   Downloaded glib-sys v0.3.4
[INFO] [stderr]   Downloaded pango-sys v0.3.4
[INFO] [stderr]   Downloaded pango v0.1.3
[INFO] [stderr]   Downloaded libappindicator v0.2.0
[INFO] [stderr]   Downloaded syntex_errors v0.54.0
[INFO] [stderr]   Downloaded cargo-strip v0.2.2
[INFO] [stderr]   Downloaded glib v0.1.3
[INFO] [stderr]   Downloaded cargo_metadata v0.9.1
[INFO] [stderr]   Downloaded syntex v0.54.0
[INFO] [stderr]   Downloaded syntex_syntax v0.54.0
[INFO] [stderr]   Downloaded gdk-sys v0.3.4
[INFO] [stderr]   Downloaded libappindicator-sys v0.1.2
[INFO] [stderr]   Downloaded bindgen v0.22.1
[INFO] [stderr]   Downloaded gdk-pixbuf-sys v0.3.4
[INFO] [stderr]   Downloaded gtk v0.1.3
[INFO] [stderr]   Downloaded gio-sys v0.3.4
[INFO] [stderr]   Downloaded gtk-sys v0.3.4
[INFO] [stderr]   Downloaded clang-sys v0.14.1
[INFO] running `Command { std: "docker" "create" "-v" "/var/lib/crater-agent-workspace/builds/worker-6/target:/opt/rustwide/target:rw,Z" "-v" "/var/lib/crater-agent-workspace/builds/worker-6/source:/opt/rustwide/workdir:ro,Z" "-v" "/var/lib/crater-agent-workspace/cargo-home:/opt/rustwide/cargo-home:ro,Z" "-v" "/var/lib/crater-agent-workspace/rustup-home:/opt/rustwide/rustup-home:ro,Z" "-e" "SOURCE_DIR=/opt/rustwide/workdir" "-e" "CARGO_TARGET_DIR=/opt/rustwide/target" "-e" "CARGO_HOME=/opt/rustwide/cargo-home" "-e" "RUSTUP_HOME=/opt/rustwide/rustup-home" "-w" "/opt/rustwide/workdir" "-m" "1610612736" "--user" "0:0" "--network" "none" "ghcr.io/rust-lang/crates-build-env/linux@sha256:34b6a614d2c27851fe6cbf88fbd1137609cefab8b10d0615aaeb6fd47975d74e" "/opt/rustwide/cargo-home/bin/cargo" "+beta-2021-08-01" "metadata" "--no-deps" "--format-version=1", kill_on_drop: false }`
[INFO] [stdout] f3c02ef0218f2fc0f417cab1e0d0506abafcac3fa6b92472b3f8c8b0dcccb666
[INFO] running `Command { std: "docker" "start" "-a" "f3c02ef0218f2fc0f417cab1e0d0506abafcac3fa6b92472b3f8c8b0dcccb666", kill_on_drop: false }`
[INFO] running `Command { std: "docker" "inspect" "f3c02ef0218f2fc0f417cab1e0d0506abafcac3fa6b92472b3f8c8b0dcccb666", kill_on_drop: false }`
[INFO] running `Command { std: "docker" "rm" "-f" "f3c02ef0218f2fc0f417cab1e0d0506abafcac3fa6b92472b3f8c8b0dcccb666", kill_on_drop: false }`
[INFO] [stdout] f3c02ef0218f2fc0f417cab1e0d0506abafcac3fa6b92472b3f8c8b0dcccb666
[INFO] running `Command { std: "docker" "create" "-v" "/var/lib/crater-agent-workspace/builds/worker-6/target:/opt/rustwide/target:rw,Z" "-v" "/var/lib/crater-agent-workspace/builds/worker-6/source:/opt/rustwide/workdir:ro,Z" "-v" "/var/lib/crater-agent-workspace/cargo-home:/opt/rustwide/cargo-home:ro,Z" "-v" "/var/lib/crater-agent-workspace/rustup-home:/opt/rustwide/rustup-home:ro,Z" "-e" "SOURCE_DIR=/opt/rustwide/workdir" "-e" "CARGO_TARGET_DIR=/opt/rustwide/target" "-e" "CARGO_INCREMENTAL=0" "-e" "RUST_BACKTRACE=full" "-e" "RUSTDOCFLAGS=--cap-lints=warn" "-e" "CARGO_HOME=/opt/rustwide/cargo-home" "-e" "RUSTUP_HOME=/opt/rustwide/rustup-home" "-w" "/opt/rustwide/workdir" "-m" "1610612736" "--user" "0:0" "--network" "none" "ghcr.io/rust-lang/crates-build-env/linux@sha256:34b6a614d2c27851fe6cbf88fbd1137609cefab8b10d0615aaeb6fd47975d74e" "/opt/rustwide/cargo-home/bin/cargo" "+beta-2021-08-01" "doc" "--frozen" "--no-deps" "--document-private-items" "--message-format=json", kill_on_drop: false }`
[INFO] [stdout] 0b88999b9d53b066585b774550331db705b38deb3094b265b257a4d30410c965
[INFO] running `Command { std: "docker" "start" "-a" "0b88999b9d53b066585b774550331db705b38deb3094b265b257a4d30410c965", kill_on_drop: false }`
[INFO] [stderr]    Compiling syn v1.0.23
[INFO] [stderr]    Compiling num-derive v0.3.0
[INFO] [stderr]  Documenting monswitch v0.1.0 (/opt/rustwide/workdir)
[INFO] [stdout] error[E0433]: failed to resolve: use of undeclared crate or module `winapi`
[INFO] [stdout]  --> src/display/monitor.rs:3:5
[INFO] [stdout]   |
[INFO] [stdout] 3 | use winapi::shared::minwindef::BYTE;
[INFO] [stdout]   |     ^^^^^^ use of undeclared crate or module `winapi`
[INFO] [stdout] 
[INFO] [stdout] 
[INFO] [stdout] error[E0433]: failed to resolve: use of undeclared crate or module `winapi`
[INFO] [stdout]  --> src/display/monitor.rs:4:5
[INFO] [stdout]   |
[INFO] [stdout] 4 | use winapi::shared::minwindef::DWORD;
[INFO] [stdout]   |     ^^^^^^ use of undeclared crate or module `winapi`
[INFO] [stdout] 
[INFO] [stdout] 
[INFO] [stdout] error[E0433]: failed to resolve: use of undeclared crate or module `winapi`
[INFO] [stdout]  --> src/display/monitor.rs:5:5
[INFO] [stdout]   |
[INFO] [stdout] 5 | use winapi::shared::minwindef::{LPARAM, LPDWORD};
[INFO] [stdout]   |     ^^^^^^ use of undeclared crate or module `winapi`
[INFO] [stdout] 
[INFO] [stdout] 
[INFO] [stdout] error[E0433]: failed to resolve: use of undeclared crate or module `winapi`
[INFO] [stdout]  --> src/display/monitor.rs:6:5
[INFO] [stdout]   |
[INFO] [stdout] 6 | use winapi::shared::windef::{HDC, HMONITOR, LPRECT};
[INFO] [stdout]   |     ^^^^^^ use of undeclared crate or module `winapi`
[INFO] [stdout] 
[INFO] [stdout] 
[INFO] [stdout] error[E0433]: failed to resolve: use of undeclared crate or module `winapi`
[INFO] [stdout]  --> src/display/monitor.rs:7:5
[INFO] [stdout]   |
[INFO] [stdout] 7 | use winapi::um::lowlevelmonitorconfigurationapi::SetVCPFeature;
[INFO] [stdout]   |     ^^^^^^ use of undeclared crate or module `winapi`
[INFO] [stdout] 
[INFO] [stdout] 
[INFO] [stdout] error[E0433]: failed to resolve: use of undeclared crate or module `winapi`
[INFO] [stdout]  --> src/display/monitor.rs:8:5
[INFO] [stdout]   |
[INFO] [stdout] 8 | use winapi::um::lowlevelmonitorconfigurationapi::{
[INFO] [stdout]   |     ^^^^^^ use of undeclared crate or module `winapi`
[INFO] [stdout] 
[INFO] [stdout] 
[INFO] [stdout] error[E0433]: failed to resolve: use of undeclared crate or module `winapi`
[INFO] [stdout]   --> src/display/monitor.rs:11:5
[INFO] [stdout]    |
[INFO] [stdout] 11 | use winapi::um::physicalmonitorenumerationapi::{
[INFO] [stdout]    |     ^^^^^^ use of undeclared crate or module `winapi`
[INFO] [stdout] 
[INFO] [stdout] 
[INFO] [stdout] error[E0433]: failed to resolve: use of undeclared crate or module `winapi`
[INFO] [stdout]   --> src/display/monitor.rs:14:5
[INFO] [stdout]    |
[INFO] [stdout] 14 | use winapi::um::winuser::EnumDisplayMonitors;
[INFO] [stdout]    |     ^^^^^^ use of undeclared crate or module `winapi`
[INFO] [stdout] 
[INFO] [stdout] 
[INFO] [stdout] error[E0432]: unresolved import `systray`
[INFO] [stdout]  --> src/gui/app.rs:3:5
[INFO] [stdout]   |
[INFO] [stdout] 3 | use systray;
[INFO] [stdout]   |     ^^^^^^^ no external crate `systray`
[INFO] [stdout] 
[INFO] [stdout] 
[INFO] [stdout] error[E0412]: cannot find type `PHYSICAL_MONITOR` in this scope
[INFO] [stdout]   --> src/display/monitor.rs:89:20
[INFO] [stdout]    |
[INFO] [stdout] 89 |     pub phys_mons: PHYSICAL_MONITOR,
[INFO] [stdout]    |                    ^^^^^^^^^^^^^^^^ not found in this scope
[INFO] [stdout] 
[INFO] [stdout] 
[INFO] [stdout] error[E0412]: cannot find type `BYTE` in this scope
[INFO] [stdout]    --> src/display/monitor.rs:100:37
[INFO] [stdout]     |
[INFO] [stdout] 100 |     fn set_vcp_feature(&self, code: BYTE, new_value: DWORD) -> Result<(), MonitorError> {
[INFO] [stdout]     |                                     ^^^^ not found in this scope
[INFO] [stdout] 
[INFO] [stdout] 
[INFO] [stdout] error[E0412]: cannot find type `DWORD` in this scope
[INFO] [stdout]    --> src/display/monitor.rs:100:54
[INFO] [stdout]     |
[INFO] [stdout] 100 |     fn set_vcp_feature(&self, code: BYTE, new_value: DWORD) -> Result<(), MonitorError> {
[INFO] [stdout]     |                                                      ^^^^^ not found in this scope
[INFO] [stdout] 
[INFO] [stdout] 
[INFO] [stdout] error[E0412]: cannot find type `HMONITOR` in this scope
[INFO] [stdout]    --> src/display/monitor.rs:141:44
[INFO] [stdout]     |
[INFO] [stdout] 127 | impl MonitorManager {
[INFO] [stdout]     |     - help: you might be missing a type parameter: `<HMONITOR>`
[INFO] [stdout] ...
[INFO] [stdout] 141 |     fn enum_display_monitors(&self) -> Vec<HMONITOR> {
[INFO] [stdout]     |                                            ^^^^^^^^ not found in this scope
[INFO] [stdout] 
[INFO] [stdout] 
[INFO] [stdout] error[E0412]: cannot find type `HMONITOR` in this scope
[INFO] [stdout]    --> src/display/monitor.rs:159:71
[INFO] [stdout]     |
[INFO] [stdout] 159 |     fn get_number_of_physical_monitors_from_hmonitor(&self, hmonitor: HMONITOR) -> i32 {
[INFO] [stdout]     |                                                                       ^^^^^^^^ not found in this scope
[INFO] [stdout] 
[INFO] [stdout] 
[INFO] [stdout] error[E0412]: cannot find type `HMONITOR` in this scope
[INFO] [stdout]    --> src/display/monitor.rs:176:18
[INFO] [stdout]     |
[INFO] [stdout] 176 |         monitor: HMONITOR,
[INFO] [stdout]     |                  ^^^^^^^^ not found in this scope
[INFO] [stdout] 
[INFO] [stdout] 
[INFO] [stdout] error[E0412]: cannot find type `PHYSICAL_MONITOR` in this scope
[INFO] [stdout]    --> src/display/monitor.rs:178:14
[INFO] [stdout]     |
[INFO] [stdout] 127 | impl MonitorManager {
[INFO] [stdout]     |     - help: you might be missing a type parameter: `<PHYSICAL_MONITOR>`
[INFO] [stdout] ...
[INFO] [stdout] 178 |     ) -> Vec<PHYSICAL_MONITOR> {
[INFO] [stdout]     |              ^^^^^^^^^^^^^^^^ not found in this scope
[INFO] [stdout] 
[INFO] [stdout] 
[INFO] [stdout] error[E0412]: cannot find type `PHYSICAL_MONITOR` in this scope
[INFO] [stdout]    --> src/display/monitor.rs:193:56
[INFO] [stdout]     |
[INFO] [stdout] 193 |     fn get_capabilities_string_length(&self, phys_mon: PHYSICAL_MONITOR) -> i32 {
[INFO] [stdout]     |                                                        ^^^^^^^^^^^^^^^^ not found in this scope
[INFO] [stdout] 
[INFO] [stdout] 
[INFO] [stdout] error[E0412]: cannot find type `PHYSICAL_MONITOR` in this scope
[INFO] [stdout]    --> src/display/monitor.rs:210:19
[INFO] [stdout]     |
[INFO] [stdout] 210 |         phys_mon: PHYSICAL_MONITOR,
[INFO] [stdout]     |                   ^^^^^^^^^^^^^^^^ not found in this scope
[INFO] [stdout] 
[INFO] [stdout] 
[INFO] [stdout] error[E0412]: cannot find type `HMONITOR` in this scope
[INFO] [stdout]    --> src/display/monitor.rs:313:11
[INFO] [stdout]     |
[INFO] [stdout] 313 |     hmon: HMONITOR,
[INFO] [stdout]     |           ^^^^^^^^ not found in this scope
[INFO] [stdout] 
[INFO] [stdout] 
[INFO] [stdout] error[E0412]: cannot find type `HDC` in this scope
[INFO] [stdout]    --> src/display/monitor.rs:314:11
[INFO] [stdout]     |
[INFO] [stdout] 314 |     _hdc: HDC,
[INFO] [stdout]     |           ^^^ not found in this scope
[INFO] [stdout] 
[INFO] [stdout] 
[INFO] [stdout] error[E0412]: cannot find type `LPRECT` in this scope
[INFO] [stdout]    --> src/display/monitor.rs:315:14
[INFO] [stdout]     |
[INFO] [stdout] 315 |     _lprect: LPRECT,
[INFO] [stdout]     |              ^^^^^^ not found in this scope
[INFO] [stdout] 
[INFO] [stdout] 
[INFO] [stdout] error[E0412]: cannot find type `LPARAM` in this scope
[INFO] [stdout]    --> src/display/monitor.rs:316:13
[INFO] [stdout]     |
[INFO] [stdout] 316 |     lparam: LPARAM,
[INFO] [stdout]     |             ^^^^^^ not found in this scope
[INFO] [stdout] 
[INFO] [stdout] 
[INFO] [stdout] error: Compilation failed, aborting rustdoc
[INFO] [stdout] 
[INFO] [stdout] 
[INFO] [stdout] error: aborting due to 23 previous errors
[INFO] [stdout] 
[INFO] [stdout] 
[INFO] [stdout] Some errors have detailed explanations: E0412, E0432, E0433.
[INFO] [stdout] 
[INFO] [stdout] For more information about an error, try `rustc --explain E0412`.
[INFO] [stdout] 
[INFO] [stderr] error: could not document `monswitch`
[INFO] [stderr] 
[INFO] [stderr] Caused by:
[INFO] [stderr]   process didn't exit successfully: `rustdoc --edition=2018 --crate-type bin --crate-name monswitch src/main.rs -o /opt/rustwide/target/doc --error-format=json --json=diagnostic-rendered-ansi --document-private-items -L dependency=/opt/rustwide/target/debug/deps --extern num_derive=/opt/rustwide/target/debug/deps/libnum_derive-d2d4dda0f4c6c0c1.so --extern num_traits=/opt/rustwide/target/debug/deps/libnum_traits-2c271c93b532e19f.rmeta --cap-lints=warn --crate-version 0.1.0` (exit status: 1)
[INFO] running `Command { std: "docker" "inspect" "0b88999b9d53b066585b774550331db705b38deb3094b265b257a4d30410c965", kill_on_drop: false }`
[INFO] running `Command { std: "docker" "rm" "-f" "0b88999b9d53b066585b774550331db705b38deb3094b265b257a4d30410c965", kill_on_drop: false }`
[INFO] [stdout] 0b88999b9d53b066585b774550331db705b38deb3094b265b257a4d30410c965
