[INFO] cloning repository https://github.com/Ebilkill/warframe-relic-value-estimator
[INFO] running `Command { std: "git" "-c" "credential.helper=" "-c" "credential.helper=/workspace/cargo-home/bin/git-credential-null" "clone" "--bare" "https://github.com/Ebilkill/warframe-relic-value-estimator" "/workspace/cache/git-repos/https%3A%2F%2Fgithub.com%2FEbilkill%2Fwarframe-relic-value-estimator", kill_on_drop: false }`
[INFO] [stderr] Cloning into bare repository '/workspace/cache/git-repos/https%3A%2F%2Fgithub.com%2FEbilkill%2Fwarframe-relic-value-estimator'...
[INFO] running `Command { std: "git" "rev-parse" "HEAD", kill_on_drop: false }`
[INFO] [stdout] a17348841218060718985d69e9b2dca1a8f7d388
[INFO] documenting Ebilkill/warframe-relic-value-estimator against beta-2021-08-01 for beta-1.55-rustdoc-1
[INFO] running `Command { std: "git" "clone" "/workspace/cache/git-repos/https%3A%2F%2Fgithub.com%2FEbilkill%2Fwarframe-relic-value-estimator" "/workspace/builds/worker-2/source", kill_on_drop: false }`
[INFO] [stderr] Cloning into '/workspace/builds/worker-2/source'...
[INFO] [stderr] done.
[INFO] validating manifest of git repo https://github.com/Ebilkill/warframe-relic-value-estimator on toolchain beta-2021-08-01
[INFO] running `Command { std: "/workspace/cargo-home/bin/cargo" "+beta-2021-08-01" "metadata" "--manifest-path" "Cargo.toml" "--no-deps", kill_on_drop: false }`
[INFO] started tweaking git repo https://github.com/Ebilkill/warframe-relic-value-estimator
[INFO] finished tweaking git repo https://github.com/Ebilkill/warframe-relic-value-estimator
[INFO] tweaked toml for git repo https://github.com/Ebilkill/warframe-relic-value-estimator written to /workspace/builds/worker-2/source/Cargo.toml
[INFO] crate git repo https://github.com/Ebilkill/warframe-relic-value-estimator already has a lockfile, it will not be regenerated
[INFO] running `Command { std: "/workspace/cargo-home/bin/cargo" "+beta-2021-08-01" "fetch" "--manifest-path" "Cargo.toml", kill_on_drop: false }`
[INFO] [stderr]     Blocking waiting for file lock on package cache
[INFO] [stderr]     Blocking waiting for file lock on package cache
[INFO] [stderr]  Downloading crates ...
[INFO] [stderr]   Downloaded serde_json v1.0.36
[INFO] [stderr]   Downloaded proc-macro2 v0.4.25
[INFO] [stderr]   Downloaded h2 v0.1.15
[INFO] [stderr]   Downloaded hyper v0.12.21
[INFO] running `Command { std: "docker" "create" "-v" "/var/lib/crater-agent-workspace/builds/worker-2/target:/opt/rustwide/target:rw,Z" "-v" "/var/lib/crater-agent-workspace/builds/worker-2/source:/opt/rustwide/workdir:ro,Z" "-v" "/var/lib/crater-agent-workspace/cargo-home:/opt/rustwide/cargo-home:ro,Z" "-v" "/var/lib/crater-agent-workspace/rustup-home:/opt/rustwide/rustup-home:ro,Z" "-e" "SOURCE_DIR=/opt/rustwide/workdir" "-e" "CARGO_TARGET_DIR=/opt/rustwide/target" "-e" "CARGO_HOME=/opt/rustwide/cargo-home" "-e" "RUSTUP_HOME=/opt/rustwide/rustup-home" "-w" "/opt/rustwide/workdir" "-m" "1610612736" "--user" "0:0" "--network" "none" "ghcr.io/rust-lang/crates-build-env/linux@sha256:34b6a614d2c27851fe6cbf88fbd1137609cefab8b10d0615aaeb6fd47975d74e" "/opt/rustwide/cargo-home/bin/cargo" "+beta-2021-08-01" "metadata" "--no-deps" "--format-version=1", kill_on_drop: false }`
[INFO] [stdout] c63989f1731f630df7b797621fc91afd50b3b98b1ff4f8efa6e0a6273a28bd62
[INFO] running `Command { std: "docker" "start" "-a" "c63989f1731f630df7b797621fc91afd50b3b98b1ff4f8efa6e0a6273a28bd62", kill_on_drop: false }`
[INFO] running `Command { std: "docker" "inspect" "c63989f1731f630df7b797621fc91afd50b3b98b1ff4f8efa6e0a6273a28bd62", kill_on_drop: false }`
[INFO] running `Command { std: "docker" "rm" "-f" "c63989f1731f630df7b797621fc91afd50b3b98b1ff4f8efa6e0a6273a28bd62", kill_on_drop: false }`
[INFO] [stdout] c63989f1731f630df7b797621fc91afd50b3b98b1ff4f8efa6e0a6273a28bd62
[INFO] running `Command { std: "docker" "create" "-v" "/var/lib/crater-agent-workspace/builds/worker-2/target:/opt/rustwide/target:rw,Z" "-v" "/var/lib/crater-agent-workspace/builds/worker-2/source:/opt/rustwide/workdir:ro,Z" "-v" "/var/lib/crater-agent-workspace/cargo-home:/opt/rustwide/cargo-home:ro,Z" "-v" "/var/lib/crater-agent-workspace/rustup-home:/opt/rustwide/rustup-home:ro,Z" "-e" "SOURCE_DIR=/opt/rustwide/workdir" "-e" "CARGO_TARGET_DIR=/opt/rustwide/target" "-e" "CARGO_INCREMENTAL=0" "-e" "RUST_BACKTRACE=full" "-e" "RUSTDOCFLAGS=--cap-lints=warn" "-e" "CARGO_HOME=/opt/rustwide/cargo-home" "-e" "RUSTUP_HOME=/opt/rustwide/rustup-home" "-w" "/opt/rustwide/workdir" "-m" "1610612736" "--user" "0:0" "--network" "none" "ghcr.io/rust-lang/crates-build-env/linux@sha256:34b6a614d2c27851fe6cbf88fbd1137609cefab8b10d0615aaeb6fd47975d74e" "/opt/rustwide/cargo-home/bin/cargo" "+beta-2021-08-01" "doc" "--frozen" "--no-deps" "--document-private-items" "--message-format=json", kill_on_drop: false }`
[INFO] [stdout] ef5ad921d8cf2c6528a488c601516653a8932f1e1b382b16a3a2203b3dd54480
[INFO] running `Command { std: "docker" "start" "-a" "ef5ad921d8cf2c6528a488c601516653a8932f1e1b382b16a3a2203b3dd54480", kill_on_drop: false }`
[INFO] [stderr]    Compiling libc v0.2.47
[INFO] [stderr]    Compiling arrayvec v0.4.10
[INFO] [stderr]    Compiling proc-macro2 v0.4.25
[INFO] [stderr]    Compiling openssl v0.10.16
[INFO] [stderr]    Compiling num-traits v0.2.6
[INFO] [stderr]    Compiling num-integer v0.1.39
[INFO] [stderr]     Checking string v0.1.3
[INFO] [stderr]    Compiling serde v1.0.84
[INFO] [stderr]     Checking crossbeam-utils v0.6.3
[INFO] [stderr]    Compiling rand_chacha v0.1.1
[INFO] [stderr]    Compiling rand v0.6.4
[INFO] [stderr]     Checking rand_xorshift v0.1.1
[INFO] [stderr]     Checking rand_isaac v0.1.1
[INFO] [stderr]     Checking rand_hc v0.1.0
[INFO] [stderr]     Checking smallvec v0.6.7
[INFO] [stderr]    Compiling rand_pcg v0.1.1
[INFO] [stderr]    Compiling native-tls v0.2.2
[INFO] [stderr]     Checking tokio-executor v0.1.6
[INFO] [stderr]     Checking tokio-current-thread v0.1.4
[INFO] [stderr]     Checking tokio-timer v0.2.8
[INFO] [stderr]    Compiling quote v0.6.10
[INFO] [stderr]     Checking crossbeam-epoch v0.7.0
[INFO] [stderr]     Checking iovec v0.1.2
[INFO] [stderr]     Checking rand_os v0.1.1
[INFO] [stderr]     Checking num_cpus v1.9.0
[INFO] [stderr]     Checking net2 v0.2.33
[INFO] [stderr]     Checking time v0.1.42
[INFO] [stderr]     Checking openssl-sys v0.9.40
[INFO] [stderr]    Compiling syn v0.15.26
[INFO] [stderr]     Checking bytes v0.4.11
[INFO] [stderr]     Checking futures-cpupool v0.1.8
[INFO] [stderr]     Checking mio v0.6.16
[INFO] [stderr]     Checking crossbeam-deque v0.6.3
[INFO] [stderr]     Checking chrono v0.4.6
[INFO] [stderr]     Checking tokio-io v0.1.11
[INFO] [stderr]     Checking http v0.1.14
[INFO] [stderr]     Checking mio-uds v0.6.7
[INFO] [stderr]     Checking tokio-codec v0.1.1
[INFO] [stderr]     Checking parking_lot_core v0.4.0
[INFO] [stderr]     Checking parking_lot v0.7.1
[INFO] [stderr]     Checking tokio-reactor v0.1.8
[INFO] [stderr]     Checking crossbeam-channel v0.3.6
[INFO] [stderr]     Checking tokio-udp v0.1.3
[INFO] [stderr]     Checking tokio-uds v0.2.5
[INFO] [stderr]     Checking tokio-tcp v0.1.3
[INFO] [stderr]    Compiling serde_derive v1.0.84
[INFO] [stderr]     Checking h2 v0.1.15
[INFO] [stderr]     Checking serde_json v1.0.36
[INFO] [stderr]     Checking tokio-threadpool v0.1.10
[INFO] [stderr]     Checking tokio-fs v0.1.5
[INFO] [stderr]     Checking tokio v0.1.14
[INFO] [stderr]     Checking tokio-core v0.1.17
[INFO] [stderr]     Checking hyper v0.12.21
[INFO] [stderr]     Checking hyper-tls v0.3.1
[INFO] [stderr]  Documenting wf_relic_market v0.1.0 (/opt/rustwide/workdir)
[INFO] [stdout] error[E0583]: file not found for module `relic`
[INFO] [stdout]   --> src/main.rs:14:1
[INFO] [stdout]    |
[INFO] [stdout] 14 | mod relic;
[INFO] [stdout]    | ^^^^^^^^^^
[INFO] [stdout]    |
[INFO] [stdout]    = help: to create the module `relic`, create file "src/relic.rs" or "src/relic/mod.rs"
[INFO] [stdout] 
[INFO] [stdout] 
[INFO] [stdout] error[E0432]: unresolved import `relic::RelicDrop`
[INFO] [stdout]   --> src/main.rs:32:5
[INFO] [stdout]    |
[INFO] [stdout] 32 | use relic::RelicDrop;
[INFO] [stdout]    |     ^^^^^^^^^^^^^^^^ no `RelicDrop` in `relic`
[INFO] [stdout] 
[INFO] [stdout] 
[INFO] [stdout] error[E0432]: unresolved import `relic::RelicTier`
[INFO] [stdout]   --> src/main.rs:33:5
[INFO] [stdout]    |
[INFO] [stdout] 33 | use relic::RelicTier;
[INFO] [stdout]    |     ^^^^^^^^^^^^^^^^ no `RelicTier` in `relic`
[INFO] [stdout] 
[INFO] [stdout] 
[INFO] [stdout] error[E0432]: unresolved import `relic::RelicUpgrade`
[INFO] [stdout]   --> src/main.rs:34:5
[INFO] [stdout]    |
[INFO] [stdout] 34 | use relic::RelicUpgrade;
[INFO] [stdout]    |     ^^^^^^^^^^^^^^^^^^^ no `RelicUpgrade` in `relic`
[INFO] [stdout] 
[INFO] [stdout] 
[INFO] [stdout] error[E0412]: cannot find type `RelicUpgrade` in this scope
[INFO] [stdout]   --> src/helper_functions.rs:42:177
[INFO] [stdout]    |
[INFO] [stdout] 42 | ...c<HashMap<String, String>>, relic_upgrade_level: RelicUpgrade) -> f64 {
[INFO] [stdout]    |                                                     ^^^^^^^^^^^^ not found in this scope
[INFO] [stdout] 
[INFO] [stdout] 
[INFO] [stdout] error: Compilation failed, aborting rustdoc
[INFO] [stdout] 
[INFO] [stdout] 
[INFO] [stdout] error: aborting due to 6 previous errors
[INFO] [stdout] 
[INFO] [stdout] 
[INFO] [stdout] Some errors have detailed explanations: E0412, E0432, E0583.
[INFO] [stdout] 
[INFO] [stdout] For more information about an error, try `rustc --explain E0412`.
[INFO] [stdout] 
[INFO] [stderr] error: could not document `wf_relic_market`
[INFO] [stderr] 
[INFO] [stderr] Caused by:
[INFO] [stderr]   process didn't exit successfully: `rustdoc --crate-type bin --crate-name wf_relic_market src/main.rs -o /opt/rustwide/target/doc --error-format=json --json=diagnostic-rendered-ansi --document-private-items -L dependency=/opt/rustwide/target/debug/deps --extern chrono=/opt/rustwide/target/debug/deps/libchrono-cb31e7baa7bba594.rmeta --extern futures=/opt/rustwide/target/debug/deps/libfutures-cfe8cfdad380a03e.rmeta --extern hyper=/opt/rustwide/target/debug/deps/libhyper-23c2fba43c6e086e.rmeta --extern hyper_tls=/opt/rustwide/target/debug/deps/libhyper_tls-6d91eac1316a4a77.rmeta --extern serde=/opt/rustwide/target/debug/deps/libserde-a4005af02b2b7bb9.rmeta --extern serde_derive=/opt/rustwide/target/debug/deps/libserde_derive-a346d25ced922260.so --extern serde_json=/opt/rustwide/target/debug/deps/libserde_json-4918766e2ea1835d.rmeta --extern tokio_core=/opt/rustwide/target/debug/deps/libtokio_core-927f31bd39047502.rmeta --cap-lints=warn --crate-version 0.1.0` (exit status: 1)
[INFO] running `Command { std: "docker" "inspect" "ef5ad921d8cf2c6528a488c601516653a8932f1e1b382b16a3a2203b3dd54480", kill_on_drop: false }`
[INFO] running `Command { std: "docker" "rm" "-f" "ef5ad921d8cf2c6528a488c601516653a8932f1e1b382b16a3a2203b3dd54480", kill_on_drop: false }`
[INFO] [stdout] ef5ad921d8cf2c6528a488c601516653a8932f1e1b382b16a3a2203b3dd54480
