[INFO] cloning repository https://github.com/Earlz/rust-hellowindows
[INFO] running `Command { std: "git" "-c" "credential.helper=" "-c" "credential.helper=/workspace/cargo-home/bin/git-credential-null" "clone" "--bare" "https://github.com/Earlz/rust-hellowindows" "/workspace/cache/git-repos/https%3A%2F%2Fgithub.com%2FEarlz%2Frust-hellowindows", kill_on_drop: false }`
[INFO] [stderr] Cloning into bare repository '/workspace/cache/git-repos/https%3A%2F%2Fgithub.com%2FEarlz%2Frust-hellowindows'...
[INFO] running `Command { std: "git" "rev-parse" "HEAD", kill_on_drop: false }`
[INFO] [stdout] 73a2683ad1b95d968870b82adb54e17a0b5a118b
[INFO] documenting Earlz/rust-hellowindows against 1.54.0 for beta-1.55-rustdoc-1
[INFO] running `Command { std: "git" "clone" "/workspace/cache/git-repos/https%3A%2F%2Fgithub.com%2FEarlz%2Frust-hellowindows" "/workspace/builds/worker-1/source", kill_on_drop: false }`
[INFO] [stderr] Cloning into '/workspace/builds/worker-1/source'...
[INFO] [stderr] done.
[INFO] validating manifest of git repo https://github.com/Earlz/rust-hellowindows on toolchain 1.54.0
[INFO] running `Command { std: "/workspace/cargo-home/bin/cargo" "+1.54.0" "metadata" "--manifest-path" "Cargo.toml" "--no-deps", kill_on_drop: false }`
[INFO] started tweaking git repo https://github.com/Earlz/rust-hellowindows
[INFO] finished tweaking git repo https://github.com/Earlz/rust-hellowindows
[INFO] tweaked toml for git repo https://github.com/Earlz/rust-hellowindows written to /workspace/builds/worker-1/source/Cargo.toml
[INFO] crate git repo https://github.com/Earlz/rust-hellowindows already has a lockfile, it will not be regenerated
[INFO] running `Command { std: "/workspace/cargo-home/bin/cargo" "+1.54.0" "fetch" "--manifest-path" "Cargo.toml", kill_on_drop: false }`
[INFO] [stderr]     Blocking waiting for file lock on package cache
[INFO] [stderr]     Blocking waiting for file lock on package cache
[INFO] running `Command { std: "docker" "create" "-v" "/var/lib/crater-agent-workspace/builds/worker-1/target:/opt/rustwide/target:rw,Z" "-v" "/var/lib/crater-agent-workspace/builds/worker-1/source:/opt/rustwide/workdir:ro,Z" "-v" "/var/lib/crater-agent-workspace/cargo-home:/opt/rustwide/cargo-home:ro,Z" "-v" "/var/lib/crater-agent-workspace/rustup-home:/opt/rustwide/rustup-home:ro,Z" "-e" "SOURCE_DIR=/opt/rustwide/workdir" "-e" "CARGO_TARGET_DIR=/opt/rustwide/target" "-e" "CARGO_HOME=/opt/rustwide/cargo-home" "-e" "RUSTUP_HOME=/opt/rustwide/rustup-home" "-w" "/opt/rustwide/workdir" "-m" "1610612736" "--user" "0:0" "--network" "none" "ghcr.io/rust-lang/crates-build-env/linux@sha256:34b6a614d2c27851fe6cbf88fbd1137609cefab8b10d0615aaeb6fd47975d74e" "/opt/rustwide/cargo-home/bin/cargo" "+1.54.0" "metadata" "--no-deps" "--format-version=1", kill_on_drop: false }`
[INFO] [stdout] 8adfc50f8f3fe34e6987f22531231ef18c1c9ff380a431dd8f51b7c088251ee1
[INFO] running `Command { std: "docker" "start" "-a" "8adfc50f8f3fe34e6987f22531231ef18c1c9ff380a431dd8f51b7c088251ee1", kill_on_drop: false }`
[INFO] running `Command { std: "docker" "inspect" "8adfc50f8f3fe34e6987f22531231ef18c1c9ff380a431dd8f51b7c088251ee1", kill_on_drop: false }`
[INFO] running `Command { std: "docker" "rm" "-f" "8adfc50f8f3fe34e6987f22531231ef18c1c9ff380a431dd8f51b7c088251ee1", kill_on_drop: false }`
[INFO] [stdout] 8adfc50f8f3fe34e6987f22531231ef18c1c9ff380a431dd8f51b7c088251ee1
[INFO] running `Command { std: "docker" "create" "-v" "/var/lib/crater-agent-workspace/builds/worker-1/target:/opt/rustwide/target:rw,Z" "-v" "/var/lib/crater-agent-workspace/builds/worker-1/source:/opt/rustwide/workdir:ro,Z" "-v" "/var/lib/crater-agent-workspace/cargo-home:/opt/rustwide/cargo-home:ro,Z" "-v" "/var/lib/crater-agent-workspace/rustup-home:/opt/rustwide/rustup-home:ro,Z" "-e" "SOURCE_DIR=/opt/rustwide/workdir" "-e" "CARGO_TARGET_DIR=/opt/rustwide/target" "-e" "CARGO_INCREMENTAL=0" "-e" "RUST_BACKTRACE=full" "-e" "RUSTDOCFLAGS=--cap-lints=warn" "-e" "CARGO_HOME=/opt/rustwide/cargo-home" "-e" "RUSTUP_HOME=/opt/rustwide/rustup-home" "-w" "/opt/rustwide/workdir" "-m" "1610612736" "--user" "0:0" "--network" "none" "ghcr.io/rust-lang/crates-build-env/linux@sha256:34b6a614d2c27851fe6cbf88fbd1137609cefab8b10d0615aaeb6fd47975d74e" "/opt/rustwide/cargo-home/bin/cargo" "+1.54.0" "doc" "--frozen" "--no-deps" "--document-private-items" "--message-format=json", kill_on_drop: false }`
[INFO] [stdout] 21dc0162a18b584ab43ec48caff9b9bcc1f7ea80580c61baced918478eee41bd
[INFO] running `Command { std: "docker" "start" "-a" "21dc0162a18b584ab43ec48caff9b9bcc1f7ea80580c61baced918478eee41bd", kill_on_drop: false }`
[INFO] [stderr]     Blocking waiting for file lock on package cache
[INFO] [stderr]    Compiling user32-sys v0.1.2
[INFO] [stderr]    Compiling kernel32-sys v0.2.1
[INFO] [stderr]  Documenting hellowindows v0.1.0 (/opt/rustwide/workdir)
[INFO] [stdout] error[E0433]: failed to resolve: could not find `windows` in `os`
[INFO] [stdout]   --> src/main.rs:15:14
[INFO] [stdout]    |
[INFO] [stdout] 15 | use std::os::windows::ffi::{OsStrExt, OsStringExt};
[INFO] [stdout]    |              ^^^^^^^ could not find `windows` in `os`
[INFO] [stdout] 
[INFO] [stdout] 
[INFO] [stdout] error[E0412]: cannot find type `HWND` in this scope
[INFO] [stdout]   --> src/main.rs:49:46
[INFO] [stdout]    |
[INFO] [stdout] 49 | unsafe extern "system" fn windowproc(handle: HWND, msg: UINT, wparam: WPARAM, lparam: LPARAM) -> LRESULT {
[INFO] [stdout]    |                                              ^^^^ not found in this scope
[INFO] [stdout] 
[INFO] [stdout] 
[INFO] [stdout] error[E0412]: cannot find type `UINT` in this scope
[INFO] [stdout]   --> src/main.rs:49:57
[INFO] [stdout]    |
[INFO] [stdout] 49 | unsafe extern "system" fn windowproc(handle: HWND, msg: UINT, wparam: WPARAM, lparam: LPARAM) -> LRESULT {
[INFO] [stdout]    |                                                         ^^^^ not found in this scope
[INFO] [stdout] 
[INFO] [stdout] 
[INFO] [stdout] error[E0412]: cannot find type `WPARAM` in this scope
[INFO] [stdout]   --> src/main.rs:49:71
[INFO] [stdout]    |
[INFO] [stdout] 49 | unsafe extern "system" fn windowproc(handle: HWND, msg: UINT, wparam: WPARAM, lparam: LPARAM) -> LRESULT {
[INFO] [stdout]    |                                                                       ^^^^^^ not found in this scope
[INFO] [stdout] 
[INFO] [stdout] 
[INFO] [stdout] error[E0412]: cannot find type `LPARAM` in this scope
[INFO] [stdout]   --> src/main.rs:49:87
[INFO] [stdout]    |
[INFO] [stdout] 49 | unsafe extern "system" fn windowproc(handle: HWND, msg: UINT, wparam: WPARAM, lparam: LPARAM) -> LRESULT {
[INFO] [stdout]    |                                                                                       ^^^^^^ not found in this scope
[INFO] [stdout] 
[INFO] [stdout] 
[INFO] [stdout] error[E0412]: cannot find type `LRESULT` in this scope
[INFO] [stdout]   --> src/main.rs:49:98
[INFO] [stdout]    |
[INFO] [stdout] 49 | unsafe extern "system" fn windowproc(handle: HWND, msg: UINT, wparam: WPARAM, lparam: LPARAM) -> LRESULT {
[INFO] [stdout]    |                                                                                                  ^^^^^^^ not found in this scope
[INFO] [stdout] 
[INFO] [stdout] 
[INFO] [stdout] error: Compilation failed, aborting rustdoc
[INFO] [stdout] 
[INFO] [stdout] 
[INFO] [stdout] error: aborting due to 7 previous errors
[INFO] [stdout] 
[INFO] [stdout] 
[INFO] [stdout] Some errors have detailed explanations: E0412, E0433.
[INFO] [stdout] 
[INFO] [stdout] For more information about an error, try `rustc --explain E0412`.
[INFO] [stdout] 
[INFO] [stderr] error: could not document `hellowindows`
[INFO] [stderr] 
[INFO] [stderr] Caused by:
[INFO] [stderr]   process didn't exit successfully: `rustdoc --crate-type bin --crate-name hellowindows src/main.rs -o /opt/rustwide/target/doc --error-format=json --json=diagnostic-rendered-ansi --document-private-items -L dependency=/opt/rustwide/target/debug/deps --extern kernel32=/opt/rustwide/target/debug/deps/libkernel32-ed1b197901c0ae49.rmeta --extern user32=/opt/rustwide/target/debug/deps/libuser32-cf3f7267d1037600.rmeta --extern winapi=/opt/rustwide/target/debug/deps/libwinapi-7a3041fd7164e406.rmeta --cap-lints=warn --crate-version 0.1.0` (exit status: 1)
[INFO] running `Command { std: "docker" "inspect" "21dc0162a18b584ab43ec48caff9b9bcc1f7ea80580c61baced918478eee41bd", kill_on_drop: false }`
[INFO] running `Command { std: "docker" "rm" "-f" "21dc0162a18b584ab43ec48caff9b9bcc1f7ea80580c61baced918478eee41bd", kill_on_drop: false }`
[INFO] [stdout] 21dc0162a18b584ab43ec48caff9b9bcc1f7ea80580c61baced918478eee41bd
