[INFO] cloning repository https://github.com/ESukmean/process-memory-reader-rust
[INFO] running `Command { std: "git" "-c" "credential.helper=" "-c" "credential.helper=/workspace/cargo-home/bin/git-credential-null" "clone" "--bare" "https://github.com/ESukmean/process-memory-reader-rust" "/workspace/cache/git-repos/https%3A%2F%2Fgithub.com%2FESukmean%2Fprocess-memory-reader-rust", kill_on_drop: false }`
[INFO] [stderr] Cloning into bare repository '/workspace/cache/git-repos/https%3A%2F%2Fgithub.com%2FESukmean%2Fprocess-memory-reader-rust'...
[INFO] running `Command { std: "git" "rev-parse" "HEAD", kill_on_drop: false }`
[INFO] [stdout] 79d349a8d300b13f60a85ad70f3cd5514289ebb7
[INFO] documenting ESukmean/process-memory-reader-rust against 1.54.0 for beta-1.55-rustdoc-1
[INFO] running `Command { std: "git" "clone" "/workspace/cache/git-repos/https%3A%2F%2Fgithub.com%2FESukmean%2Fprocess-memory-reader-rust" "/workspace/builds/worker-3/source", kill_on_drop: false }`
[INFO] [stderr] Cloning into '/workspace/builds/worker-3/source'...
[INFO] [stderr] done.
[INFO] validating manifest of git repo https://github.com/ESukmean/process-memory-reader-rust on toolchain 1.54.0
[INFO] running `Command { std: "/workspace/cargo-home/bin/cargo" "+1.54.0" "metadata" "--manifest-path" "Cargo.toml" "--no-deps", kill_on_drop: false }`
[INFO] started tweaking git repo https://github.com/ESukmean/process-memory-reader-rust
[INFO] finished tweaking git repo https://github.com/ESukmean/process-memory-reader-rust
[INFO] tweaked toml for git repo https://github.com/ESukmean/process-memory-reader-rust written to /workspace/builds/worker-3/source/Cargo.toml
[INFO] crate git repo https://github.com/ESukmean/process-memory-reader-rust already has a lockfile, it will not be regenerated
[INFO] running `Command { std: "/workspace/cargo-home/bin/cargo" "+1.54.0" "fetch" "--manifest-path" "Cargo.toml", kill_on_drop: false }`
[INFO] running `Command { std: "docker" "create" "-v" "/var/lib/crater-agent-workspace/builds/worker-3/target:/opt/rustwide/target:rw,Z" "-v" "/var/lib/crater-agent-workspace/builds/worker-3/source:/opt/rustwide/workdir:ro,Z" "-v" "/var/lib/crater-agent-workspace/cargo-home:/opt/rustwide/cargo-home:ro,Z" "-v" "/var/lib/crater-agent-workspace/rustup-home:/opt/rustwide/rustup-home:ro,Z" "-e" "SOURCE_DIR=/opt/rustwide/workdir" "-e" "CARGO_TARGET_DIR=/opt/rustwide/target" "-e" "CARGO_HOME=/opt/rustwide/cargo-home" "-e" "RUSTUP_HOME=/opt/rustwide/rustup-home" "-w" "/opt/rustwide/workdir" "-m" "1610612736" "--user" "0:0" "--network" "none" "ghcr.io/rust-lang/crates-build-env/linux@sha256:34b6a614d2c27851fe6cbf88fbd1137609cefab8b10d0615aaeb6fd47975d74e" "/opt/rustwide/cargo-home/bin/cargo" "+1.54.0" "metadata" "--no-deps" "--format-version=1", kill_on_drop: false }`
[INFO] [stdout] 22ba640cb684568ae1ccf471a595198b511dc39e1fe32d9eeeb1bba126cf37d0
[INFO] running `Command { std: "docker" "start" "-a" "22ba640cb684568ae1ccf471a595198b511dc39e1fe32d9eeeb1bba126cf37d0", kill_on_drop: false }`
[INFO] running `Command { std: "docker" "inspect" "22ba640cb684568ae1ccf471a595198b511dc39e1fe32d9eeeb1bba126cf37d0", kill_on_drop: false }`
[INFO] running `Command { std: "docker" "rm" "-f" "22ba640cb684568ae1ccf471a595198b511dc39e1fe32d9eeeb1bba126cf37d0", kill_on_drop: false }`
[INFO] [stdout] 22ba640cb684568ae1ccf471a595198b511dc39e1fe32d9eeeb1bba126cf37d0
[INFO] running `Command { std: "docker" "create" "-v" "/var/lib/crater-agent-workspace/builds/worker-3/target:/opt/rustwide/target:rw,Z" "-v" "/var/lib/crater-agent-workspace/builds/worker-3/source:/opt/rustwide/workdir:ro,Z" "-v" "/var/lib/crater-agent-workspace/cargo-home:/opt/rustwide/cargo-home:ro,Z" "-v" "/var/lib/crater-agent-workspace/rustup-home:/opt/rustwide/rustup-home:ro,Z" "-e" "SOURCE_DIR=/opt/rustwide/workdir" "-e" "CARGO_TARGET_DIR=/opt/rustwide/target" "-e" "CARGO_INCREMENTAL=0" "-e" "RUST_BACKTRACE=full" "-e" "RUSTDOCFLAGS=--cap-lints=warn" "-e" "CARGO_HOME=/opt/rustwide/cargo-home" "-e" "RUSTUP_HOME=/opt/rustwide/rustup-home" "-w" "/opt/rustwide/workdir" "-m" "1610612736" "--user" "0:0" "--network" "none" "ghcr.io/rust-lang/crates-build-env/linux@sha256:34b6a614d2c27851fe6cbf88fbd1137609cefab8b10d0615aaeb6fd47975d74e" "/opt/rustwide/cargo-home/bin/cargo" "+1.54.0" "doc" "--frozen" "--no-deps" "--document-private-items" "--message-format=json", kill_on_drop: false }`
[INFO] [stdout] 86276796e636c143c134f27f67501238830b20a6c9961b3a294f1d2e780a552b
[INFO] running `Command { std: "docker" "start" "-a" "86276796e636c143c134f27f67501238830b20a6c9961b3a294f1d2e780a552b", kill_on_drop: false }`
[INFO] [stderr]    Compiling winapi v0.3.9
[INFO] [stderr]  Documenting memory_antivirus v0.1.0 (/opt/rustwide/workdir)
[INFO] [stdout] error[E0433]: failed to resolve: could not find `shared` in `winapi`
[INFO] [stdout]  --> src/read.rs:2:13
[INFO] [stdout]   |
[INFO] [stdout] 2 | use winapi::shared::minwindef::*;
[INFO] [stdout]   |             ^^^^^^ could not find `shared` in `winapi`
[INFO] [stdout] 
[INFO] [stdout] 
[INFO] [stdout] error[E0433]: failed to resolve: could not find `um` in `winapi`
[INFO] [stdout]  --> src/read.rs:3:13
[INFO] [stdout]   |
[INFO] [stdout] 3 | use winapi::um::winnt::HANDLE;
[INFO] [stdout]   |             ^^ could not find `um` in `winapi`
[INFO] [stdout] 
[INFO] [stdout] 
[INFO] [stdout] error[E0432]: unresolved import `winapi::ctypes`
[INFO] [stdout]  --> src/read.rs:1:13
[INFO] [stdout]   |
[INFO] [stdout] 1 | use winapi::ctypes::*;
[INFO] [stdout]   |             ^^^^^^ could not find `ctypes` in `winapi`
[INFO] [stdout] 
[INFO] [stdout] 
[INFO] [stdout] error[E0433]: failed to resolve: could not find `um` in `winapi`
[INFO] [stdout]  --> src/read.rs:8:18
[INFO] [stdout]   |
[INFO] [stdout] 8 |     handle: winapi::um::winnt::HANDLE,
[INFO] [stdout]   |                     ^^ could not find `um` in `winapi`
[INFO] [stdout] 
[INFO] [stdout] 
[INFO] [stdout] error[E0433]: failed to resolve: could not find `um` in `winapi`
[INFO] [stdout]   --> src/read.rs:23:52
[INFO] [stdout]    |
[INFO] [stdout] 23 |     pub fn read(&mut self) -> std::io::Result<winapi::um::tlhelp32::MODULEENTRY32> {
[INFO] [stdout]    |                                                       ^^ could not find `um` in `winapi`
[INFO] [stdout] 
[INFO] [stdout] 
[INFO] [stdout] error[E0433]: failed to resolve: could not find `um` in `winapi`
[INFO] [stdout]   --> src/read.rs:71:22
[INFO] [stdout]    |
[INFO] [stdout] 71 |     type Item = winapi::um::tlhelp32::MODULEENTRY32;
[INFO] [stdout]    |                         ^^ could not find `um` in `winapi`
[INFO] [stdout] 
[INFO] [stdout] 
[INFO] [stdout] error[E0433]: failed to resolve: could not find `um` in `winapi`
[INFO] [stdout]    --> src/read.rs:132:22
[INFO] [stdout]     |
[INFO] [stdout] 132 |     pub module: winapi::um::tlhelp32::MODULEENTRY32,
[INFO] [stdout]     |                         ^^ could not find `um` in `winapi`
[INFO] [stdout] 
[INFO] [stdout] 
[INFO] [stdout] error[E0412]: cannot find type `DWORD` in this scope
[INFO] [stdout]   --> src/read.rs:12:18
[INFO] [stdout]    |
[INFO] [stdout] 12 |     pub fn new(pid: DWORD) -> std::io::Result<Self> {
[INFO] [stdout]    |                     ^^^^^ not found in this scope
[INFO] [stdout] 
[INFO] [stdout] 
[INFO] [stdout] error[E0412]: cannot find type `HANDLE` in this scope
[INFO] [stdout]   --> src/read.rs:79:18
[INFO] [stdout]    |
[INFO] [stdout] 79 |     process_handle: HANDLE,
[INFO] [stdout]    |                     ^^^^^^ not found in this scope
[INFO] [stdout] 
[INFO] [stdout] 
[INFO] [stdout] error[E0412]: cannot find type `DWORD` in this scope
[INFO] [stdout]   --> src/read.rs:83:18
[INFO] [stdout]    |
[INFO] [stdout] 83 |     pub fn new(pid: DWORD) -> std::io::Result<Self> {
[INFO] [stdout]    |                     ^^^^^ not found in this scope
[INFO] [stdout] 
[INFO] [stdout] 
[INFO] [stdout] error[E0412]: cannot find type `DWORD` in this scope
[INFO] [stdout]    --> src/read.rs:141:18
[INFO] [stdout]     |
[INFO] [stdout] 141 |     pub fn new(pid: DWORD) -> std::io::Result<Self> {
[INFO] [stdout]     |                     ^^^^^ not found in this scope
[INFO] [stdout] 
[INFO] [stdout] 
[INFO] [stdout] error: Compilation failed, aborting rustdoc
[INFO] [stdout] 
[INFO] [stdout] 
[INFO] [stdout] error: aborting due to 12 previous errors
[INFO] [stdout] 
[INFO] [stdout] 
[INFO] [stdout] Some errors have detailed explanations: E0412, E0432, E0433.
[INFO] [stdout] 
[INFO] [stdout] For more information about an error, try `rustc --explain E0412`.
[INFO] [stdout] 
[INFO] [stderr] error: could not document `memory_antivirus`
[INFO] [stderr] 
[INFO] [stderr] Caused by:
[INFO] [stderr]   process didn't exit successfully: `rustdoc --edition=2018 --crate-type bin --crate-name memory_antivirus src/main.rs -o /opt/rustwide/target/doc --error-format=json --json=diagnostic-rendered-ansi --document-private-items -L dependency=/opt/rustwide/target/debug/deps --extern winapi=/opt/rustwide/target/debug/deps/libwinapi-6def7b51eaef6c04.rmeta --cap-lints=warn --crate-version 0.1.0` (exit status: 1)
[INFO] running `Command { std: "docker" "inspect" "86276796e636c143c134f27f67501238830b20a6c9961b3a294f1d2e780a552b", kill_on_drop: false }`
[INFO] running `Command { std: "docker" "rm" "-f" "86276796e636c143c134f27f67501238830b20a6c9961b3a294f1d2e780a552b", kill_on_drop: false }`
[INFO] [stdout] 86276796e636c143c134f27f67501238830b20a6c9961b3a294f1d2e780a552b
