[INFO] cloning repository https://github.com/DusterTheFirst/WHS-History-Bot
[INFO] running `Command { std: "git" "-c" "credential.helper=" "-c" "credential.helper=/workspace/cargo-home/bin/git-credential-null" "clone" "--bare" "https://github.com/DusterTheFirst/WHS-History-Bot" "/workspace/cache/git-repos/https%3A%2F%2Fgithub.com%2FDusterTheFirst%2FWHS-History-Bot", kill_on_drop: false }`
[INFO] [stderr] Cloning into bare repository '/workspace/cache/git-repos/https%3A%2F%2Fgithub.com%2FDusterTheFirst%2FWHS-History-Bot'...
[INFO] running `Command { std: "git" "rev-parse" "HEAD", kill_on_drop: false }`
[INFO] [stdout] b388183f139831385df05f17e631f0f5aa545979
[INFO] documenting DusterTheFirst/WHS-History-Bot against beta-2021-08-01 for beta-1.55-rustdoc-1
[INFO] running `Command { std: "git" "clone" "/workspace/cache/git-repos/https%3A%2F%2Fgithub.com%2FDusterTheFirst%2FWHS-History-Bot" "/workspace/builds/worker-4/source", kill_on_drop: false }`
[INFO] [stderr] Cloning into '/workspace/builds/worker-4/source'...
[INFO] [stderr] done.
[INFO] validating manifest of git repo https://github.com/DusterTheFirst/WHS-History-Bot on toolchain beta-2021-08-01
[INFO] running `Command { std: "/workspace/cargo-home/bin/cargo" "+beta-2021-08-01" "metadata" "--manifest-path" "Cargo.toml" "--no-deps", kill_on_drop: false }`
[INFO] started tweaking git repo https://github.com/DusterTheFirst/WHS-History-Bot
[INFO] finished tweaking git repo https://github.com/DusterTheFirst/WHS-History-Bot
[INFO] tweaked toml for git repo https://github.com/DusterTheFirst/WHS-History-Bot written to /workspace/builds/worker-4/source/Cargo.toml
[INFO] crate git repo https://github.com/DusterTheFirst/WHS-History-Bot already has a lockfile, it will not be regenerated
[INFO] running `Command { std: "/workspace/cargo-home/bin/cargo" "+beta-2021-08-01" "fetch" "--manifest-path" "Cargo.toml", kill_on_drop: false }`
[INFO] [stderr]  Downloading crates ...
[INFO] [stderr]   Downloaded uwl v0.4.2
[INFO] [stderr]   Downloaded tungstenite v0.9.1
[INFO] [stderr]   Downloaded command_attr v0.1.5
[INFO] [stderr]   Downloaded web-sys v0.3.27
[INFO] [stderr]   Downloaded include-sql-helper v0.1.0
[INFO] [stderr]   Downloaded serenity v0.7.2
[INFO] [stderr]   Downloaded include-sql v0.1.0
[INFO] [stderr]   Downloaded wasm-bindgen-webidl v0.2.50
[INFO] [stderr]   Downloaded rusqlite v0.20.0
[INFO] [stderr]   Downloaded tokio-rustls v0.10.0
[INFO] running `Command { std: "docker" "create" "-v" "/var/lib/crater-agent-workspace/builds/worker-4/target:/opt/rustwide/target:rw,Z" "-v" "/var/lib/crater-agent-workspace/builds/worker-4/source:/opt/rustwide/workdir:ro,Z" "-v" "/var/lib/crater-agent-workspace/cargo-home:/opt/rustwide/cargo-home:ro,Z" "-v" "/var/lib/crater-agent-workspace/rustup-home:/opt/rustwide/rustup-home:ro,Z" "-e" "SOURCE_DIR=/opt/rustwide/workdir" "-e" "CARGO_TARGET_DIR=/opt/rustwide/target" "-e" "CARGO_HOME=/opt/rustwide/cargo-home" "-e" "RUSTUP_HOME=/opt/rustwide/rustup-home" "-w" "/opt/rustwide/workdir" "-m" "1610612736" "--user" "0:0" "--network" "none" "ghcr.io/rust-lang/crates-build-env/linux@sha256:34b6a614d2c27851fe6cbf88fbd1137609cefab8b10d0615aaeb6fd47975d74e" "/opt/rustwide/cargo-home/bin/cargo" "+beta-2021-08-01" "metadata" "--no-deps" "--format-version=1", kill_on_drop: false }`
[INFO] [stdout] 910bef72d809680303afe3fcccba6e6b237082b90a0889f8e9a858cc412f0944
[INFO] running `Command { std: "docker" "start" "-a" "910bef72d809680303afe3fcccba6e6b237082b90a0889f8e9a858cc412f0944", kill_on_drop: false }`
[INFO] running `Command { std: "docker" "inspect" "910bef72d809680303afe3fcccba6e6b237082b90a0889f8e9a858cc412f0944", kill_on_drop: false }`
[INFO] running `Command { std: "docker" "rm" "-f" "910bef72d809680303afe3fcccba6e6b237082b90a0889f8e9a858cc412f0944", kill_on_drop: false }`
[INFO] [stdout] 910bef72d809680303afe3fcccba6e6b237082b90a0889f8e9a858cc412f0944
[INFO] running `Command { std: "docker" "create" "-v" "/var/lib/crater-agent-workspace/builds/worker-4/target:/opt/rustwide/target:rw,Z" "-v" "/var/lib/crater-agent-workspace/builds/worker-4/source:/opt/rustwide/workdir:ro,Z" "-v" "/var/lib/crater-agent-workspace/cargo-home:/opt/rustwide/cargo-home:ro,Z" "-v" "/var/lib/crater-agent-workspace/rustup-home:/opt/rustwide/rustup-home:ro,Z" "-e" "SOURCE_DIR=/opt/rustwide/workdir" "-e" "CARGO_TARGET_DIR=/opt/rustwide/target" "-e" "CARGO_INCREMENTAL=0" "-e" "RUST_BACKTRACE=full" "-e" "RUSTDOCFLAGS=--cap-lints=warn" "-e" "CARGO_HOME=/opt/rustwide/cargo-home" "-e" "RUSTUP_HOME=/opt/rustwide/rustup-home" "-w" "/opt/rustwide/workdir" "-m" "1610612736" "--user" "0:0" "--network" "none" "ghcr.io/rust-lang/crates-build-env/linux@sha256:34b6a614d2c27851fe6cbf88fbd1137609cefab8b10d0615aaeb6fd47975d74e" "/opt/rustwide/cargo-home/bin/cargo" "+beta-2021-08-01" "doc" "--frozen" "--no-deps" "--document-private-items" "--message-format=json", kill_on_drop: false }`
[INFO] [stdout] 484f3c96072f8dd95cd546a060b4a3555c34633a3f7c87bb17a570e808b88fc9
[INFO] running `Command { std: "docker" "start" "-a" "484f3c96072f8dd95cd546a060b4a3555c34633a3f7c87bb17a570e808b88fc9", kill_on_drop: false }`
[INFO] [stderr]    Compiling proc-macro2 v1.0.3
[INFO] [stderr]    Compiling syn v1.0.5
[INFO] [stderr]     Checking untrusted v0.7.0
[INFO] [stderr]    Compiling serde v1.0.102
[INFO] [stderr]    Compiling syn v0.15.44
[INFO] [stderr]     Checking indexmap v1.2.0
[INFO] [stderr]    Compiling encoding_rs v0.8.19
[INFO] [stderr]     Checking mime v0.3.14
[INFO] [stderr]    Compiling serenity v0.7.2
[INFO] [stderr]    Compiling regex-syntax v0.6.12
[INFO] [stderr]     Checking fallible-iterator v0.2.0
[INFO] [stderr]    Compiling include-sql-helper v0.1.0
[INFO] [stderr]     Checking fallible-streaming-iterator v0.1.9
[INFO] [stderr]     Checking uwl v0.4.2
[INFO] [stderr]    Compiling rand v0.6.5
[INFO] [stderr]     Checking crossbeam-utils v0.6.6
[INFO] [stderr]    Compiling ring v0.16.9
[INFO] [stderr]    Compiling unicase v2.5.1
[INFO] [stderr]     Checking tokio-sync v0.1.6
[INFO] [stderr]    Compiling miniz-sys v0.1.12
[INFO] [stderr]     Checking block-padding v0.1.4
[INFO] [stderr]     Checking miniz_oxide v0.3.2
[INFO] [stderr]    Compiling libsqlite3-sys v0.16.0
[INFO] [stderr]    Compiling thread_local v0.3.6
[INFO] [stderr]     Checking unsafe-any v0.4.2
[INFO] [stderr]     Checking log v0.4.8
[INFO] [stderr]     Checking iovec v0.1.2
[INFO] [stderr]     Checking num_cpus v1.10.1
[INFO] [stderr]     Checking time v0.1.42
[INFO] [stderr]     Checking net2 v0.2.33
[INFO] [stderr]     Checking atty v0.2.13
[INFO] [stderr]    Compiling hyper v0.12.34
[INFO] [stderr]     Checking url v2.1.0
[INFO] [stderr]    Compiling aho-corasick v0.7.6
[INFO] [stderr]     Checking backtrace-sys v0.1.31
[INFO] [stderr]     Checking nix v0.14.1
[INFO] [stderr]     Checking regex v1.3.1
[INFO] [stderr]     Checking want v0.2.0
[INFO] [stderr]     Checking typemap v0.3.3
[INFO] [stderr]     Checking digest v0.8.1
[INFO] [stderr]     Checking bytes v0.4.12
[INFO] [stderr]     Checking parking_lot_core v0.6.2
[INFO] [stderr]     Checking block-buffer v0.7.3
[INFO] [stderr]     Checking backtrace v0.3.37
[INFO] [stderr]     Checking futures-cpupool v0.1.8
[INFO] [stderr]     Checking threadpool v1.7.1
[INFO] [stderr]     Checking cookie v0.12.0
[INFO] [stderr]     Checking mio v0.6.19
[INFO] [stderr]     Checking sha-1 v0.8.1
[INFO] [stderr]     Checking tokio-executor v0.1.8
[INFO] [stderr]     Checking crossbeam-epoch v0.7.2
[INFO] [stderr]     Checking crossbeam-queue v0.1.2
[INFO] [stderr]     Checking error-chain v0.12.1
[INFO] [stderr]     Checking parking_lot v0.9.0
[INFO] [stderr]     Checking tokio-io v0.1.12
[INFO] [stderr]     Checking http v0.1.18
[INFO] [stderr]     Checking tokio-buf v0.1.1
[INFO] [stderr]     Checking string v0.2.1
[INFO] [stderr]     Checking input_buffer v0.2.0
[INFO] [stderr]     Checking tokio-timer v0.2.11
[INFO] [stderr]     Checking tokio-current-thread v0.1.6
[INFO] [stderr]     Checking crossbeam-deque v0.7.1
[INFO] [stderr]     Checking flate2 v1.0.11
[INFO] [stderr]    Compiling mime_guess v2.0.1
[INFO] [stderr]     Checking publicsuffix v1.5.3
[INFO] [stderr]     Checking env_logger v0.6.2
[INFO] [stderr]    Compiling quote v1.0.2
[INFO] [stderr]     Checking parking_lot_core v0.4.0
[INFO] [stderr]     Checking tokio-threadpool v0.1.15
[INFO] [stderr]     Checking uuid v0.7.4
[INFO] [stderr]     Checking parking_lot v0.7.1
[INFO] [stderr]     Checking tokio-reactor v0.1.9
[INFO] [stderr]     Checking h2 v0.1.26
[INFO] [stderr]     Checking http-body v0.1.0
[INFO] [stderr]     Checking tungstenite v0.9.1
[INFO] [stderr]     Checking tokio-tcp v0.1.3
[INFO] [stderr]     Checking ctrlc v3.1.3
[INFO] [stderr]     Checking tokio v0.1.22
[INFO] [stderr]     Checking sct v0.6.0
[INFO] [stderr]     Checking webpki v0.21.0
[INFO] [stderr]     Checking ct-logs v0.6.0
[INFO] [stderr]     Checking rustls v0.16.0
[INFO] [stderr]     Checking webpki-roots v0.17.0
[INFO] [stderr]    Compiling synstructure v0.10.2
[INFO] [stderr]     Checking tokio-rustls v0.10.0
[INFO] [stderr]    Compiling include-sql v0.1.0
[INFO] [stderr]     Checking hyper-rustls v0.17.1
[INFO] [stderr]    Compiling failure_derive v0.1.5
[INFO] [stderr]    Compiling serde_derive v1.0.100
[INFO] [stderr]    Compiling command_attr v0.1.5
[INFO] [stderr]     Checking failure v0.1.5
[INFO] [stderr]     Checking rusqlite v0.20.0
[INFO] [stderr]     Checking serde_json v1.0.40
[INFO] [stderr]     Checking serde_urlencoded v0.5.5
[INFO] [stderr]     Checking chrono v0.4.9
[INFO] [stderr]     Checking toml v0.5.4
[INFO] [stderr]     Checking pretty_env_logger v0.3.1
[INFO] [stderr]     Checking cookie_store v0.7.0
[INFO] [stderr]     Checking reqwest v0.9.20
[INFO] [stderr]     Checking help_bot v0.1.0 (/opt/rustwide/workdir)
[INFO] [stderr]  Documenting help_bot v0.1.0 (/opt/rustwide/workdir)
[INFO] [stdout] warning: unused import: `Result as SerenityResult`
[INFO] [stdout]   --> src/db.rs:13:29
[INFO] [stdout]    |
[INFO] [stdout] 13 |     Error as SerenityError, Result as SerenityResult,
[INFO] [stdout]    |                             ^^^^^^^^^^^^^^^^^^^^^^^^
[INFO] [stdout]    |
[INFO] [stdout]    = note: `#[warn(unused_imports)]` on by default
[INFO] [stdout] 
[INFO] [stdout] 
[INFO] [stdout] warning: unused import: `guild::Action`
[INFO] [stdout]  --> src/discord/events.rs:4:13
[INFO] [stdout]   |
[INFO] [stdout] 4 |     model::{guild::Action, prelude::*},
[INFO] [stdout]   |             ^^^^^^^^^^^^^
[INFO] [stdout] 
[INFO] [stdout] 
[INFO] [stdout] warning: unused import: `super::super::checks::ADMIN_CHECK`
[INFO] [stdout]  --> src/discord/commands/classes.rs:1:5
[INFO] [stdout]   |
[INFO] [stdout] 1 | use super::super::checks::ADMIN_CHECK;
[INFO] [stdout]   |     ^^^^^^^^^^^^^^^^^^^^^^^^^^^^^^^^^
[INFO] [stdout] 
[INFO] [stdout] 
[INFO] [stdout] warning: unused imports: `BotConfig`, `BotLogger`
[INFO] [stdout]  --> src/discord/commands/classes.rs:3:23
[INFO] [stdout]   |
[INFO] [stdout] 3 | use crate::bot_data::{BotConfig, BotLogger, DatabaseConnection};
[INFO] [stdout]   |                       ^^^^^^^^^  ^^^^^^^^^
[INFO] [stdout] 
[INFO] [stdout] 
[INFO] [stdout] error[E0599]: the method `unwrap` exists for enum `Result<(), SQLSerenityError>`, but its trait bounds were not satisfied
[INFO] [stdout]    --> src/discord/events.rs:62:55
[INFO] [stdout]     |
[INFO] [stdout] 62  |         database.sync(logger, config.server.id, &ctx).unwrap();
[INFO] [stdout]     |                                                       ^^^^^^ method cannot be called on `Result<(), SQLSerenityError>` due to unsatisfied trait bounds
[INFO] [stdout]     | 
[INFO] [stdout]    ::: src/db.rs:258:1
[INFO] [stdout]     |
[INFO] [stdout] 258 | pub enum SQLSerenityError {
[INFO] [stdout]     | ------------------------- doesn't satisfy `SQLSerenityError: std::fmt::Debug`
[INFO] [stdout]     |
[INFO] [stdout]     = note: the following trait bounds were not satisfied:
[INFO] [stdout]             `SQLSerenityError: std::fmt::Debug`
[INFO] [stdout] 
[INFO] [stdout] 
[INFO] [stdout] error: aborting due to previous error; 4 warnings emitted
[INFO] [stdout] 
[INFO] [stdout] 
[INFO] [stdout] For more information about this error, try `rustc --explain E0599`.
[INFO] [stdout] 
[INFO] [stderr] error: could not compile `help_bot` due to 2 previous errors; 4 warnings emitted
[INFO] [stderr] warning: build failed, waiting for other jobs to finish...
[INFO] [stdout] warning: could not parse code block as Rust code
[INFO] [stdout]   --> src/db.rs:67:9
[INFO] [stdout]    |
[INFO] [stdout] 67 |       /// ```
[INFO] [stdout]    |  _________^
[INFO] [stdout] 68 | |     ///     `group`.`id`,
[INFO] [stdout] 69 | |     ///     `group`.`name`,
[INFO] [stdout] 70 | |     ///     `group`.`channel_group`,
[INFO] [stdout] 71 | |     ///     `group`.`vc`
[INFO] [stdout] 72 | |     /// ```
[INFO] [stdout]    | |___________^
[INFO] [stdout]    |
[INFO] [stdout]    = note: `#[warn(rustdoc::invalid_rust_codeblocks)]` on by default
[INFO] [stdout]    = note: error from rustc: unknown start of token: `
[INFO] [stdout]    = note: error from rustc: unknown start of token: `
[INFO] [stdout]    = note: error from rustc: unknown start of token: `
[INFO] [stdout]    = note: error from rustc: unknown start of token: `
[INFO] [stdout]    = note: error from rustc: unknown start of token: `
[INFO] [stdout]    = note: error from rustc: unknown start of token: `
[INFO] [stdout]    = note: error from rustc: unknown start of token: `
[INFO] [stdout]    = note: error from rustc: unknown start of token: `
[INFO] [stdout]    = note: error from rustc: unknown start of token: `
[INFO] [stdout]    = note: error from rustc: unknown start of token: `
[INFO] [stdout]    = note: error from rustc: unknown start of token: `
[INFO] [stdout]    = note: error from rustc: unknown start of token: `
[INFO] [stdout]    = note: error from rustc: unknown start of token: `
[INFO] [stdout]    = note: error from rustc: unknown start of token: `
[INFO] [stdout]    = note: error from rustc: unknown start of token: `
[INFO] [stdout]    = note: error from rustc: unknown start of token: `
[INFO] [stdout] help: mark blocks that do not contain Rust code as text
[INFO] [stdout]    |
[INFO] [stdout] 67 |     /// ```text
[INFO] [stdout]    |         ^^^^^^^
[INFO] [stdout] 
[INFO] [stdout] 
[INFO] [stdout] warning: could not parse code block as Rust code
[INFO] [stdout]   --> src/db.rs:83:9
[INFO] [stdout]    |
[INFO] [stdout] 83 |       /// ```
[INFO] [stdout]    |  _________^
[INFO] [stdout] 84 | |     ///     `class`.`id`,
[INFO] [stdout] 85 | |     ///     `class`.`name`,
[INFO] [stdout] 86 | |     ///     `class`.`role`,
[INFO] [stdout] ...  |
[INFO] [stdout] 91 | |     ///     `group`.`vc`
[INFO] [stdout] 92 | |     /// ```
[INFO] [stdout]    | |___________^
[INFO] [stdout]    |
[INFO] [stdout]    = note: error from rustc: unknown start of token: `
[INFO] [stdout]    = note: error from rustc: unknown start of token: `
[INFO] [stdout]    = note: error from rustc: unknown start of token: `
[INFO] [stdout]    = note: error from rustc: unknown start of token: `
[INFO] [stdout]    = note: error from rustc: unknown start of token: `
[INFO] [stdout]    = note: error from rustc: unknown start of token: `
[INFO] [stdout]    = note: error from rustc: unknown start of token: `
[INFO] [stdout]    = note: error from rustc: unknown start of token: `
[INFO] [stdout]    = note: error from rustc: unknown start of token: `
[INFO] [stdout]    = note: error from rustc: unknown start of token: `
[INFO] [stdout]    = note: error from rustc: unknown start of token: `
[INFO] [stdout]    = note: error from rustc: unknown start of token: `
[INFO] [stdout]    = note: error from rustc: unknown start of token: `
[INFO] [stdout]    = note: error from rustc: unknown start of token: `
[INFO] [stdout]    = note: error from rustc: unknown start of token: `
[INFO] [stdout]    = note: error from rustc: unknown start of token: `
[INFO] [stdout]    = note: error from rustc: unknown start of token: `
[INFO] [stdout]    = note: error from rustc: unknown start of token: `
[INFO] [stdout]    = note: error from rustc: unknown start of token: `
[INFO] [stdout]    = note: error from rustc: unknown start of token: `
[INFO] [stdout]    = note: error from rustc: unknown start of token: `
[INFO] [stdout]    = note: error from rustc: unknown start of token: `
[INFO] [stdout]    = note: error from rustc: unknown start of token: `
[INFO] [stdout]    = note: error from rustc: unknown start of token: `
[INFO] [stdout]    = note: error from rustc: unknown start of token: `
[INFO] [stdout]    = note: error from rustc: unknown start of token: `
[INFO] [stdout]    = note: error from rustc: unknown start of token: `
[INFO] [stdout]    = note: error from rustc: unknown start of token: `
[INFO] [stdout]    = note: error from rustc: unknown start of token: `
[INFO] [stdout]    = note: error from rustc: unknown start of token: `
[INFO] [stdout]    = note: error from rustc: unknown start of token: `
[INFO] [stdout]    = note: error from rustc: unknown start of token: `
[INFO] [stdout] help: mark blocks that do not contain Rust code as text
[INFO] [stdout]    |
[INFO] [stdout] 83 |     /// ```text
[INFO] [stdout]    |         ^^^^^^^
[INFO] [stdout] 
[INFO] [stdout] 
[INFO] [stdout] warning: 2 warnings emitted
[INFO] [stdout] 
[INFO] [stdout] 
[INFO] [stderr] error: build failed
[INFO] running `Command { std: "docker" "inspect" "484f3c96072f8dd95cd546a060b4a3555c34633a3f7c87bb17a570e808b88fc9", kill_on_drop: false }`
[INFO] running `Command { std: "docker" "rm" "-f" "484f3c96072f8dd95cd546a060b4a3555c34633a3f7c87bb17a570e808b88fc9", kill_on_drop: false }`
[INFO] [stdout] 484f3c96072f8dd95cd546a060b4a3555c34633a3f7c87bb17a570e808b88fc9
