[INFO] cloning repository https://github.com/Dgame/winter
[INFO] running `Command { std: "git" "-c" "credential.helper=" "-c" "credential.helper=/workspace/cargo-home/bin/git-credential-null" "clone" "--bare" "https://github.com/Dgame/winter" "/workspace/cache/git-repos/https%3A%2F%2Fgithub.com%2FDgame%2Fwinter", kill_on_drop: false }`
[INFO] [stderr] Cloning into bare repository '/workspace/cache/git-repos/https%3A%2F%2Fgithub.com%2FDgame%2Fwinter'...
[INFO] running `Command { std: "git" "rev-parse" "HEAD", kill_on_drop: false }`
[INFO] [stdout] f6eae830c9c31e50bfc6e5d1a904e698e1a4d68f
[INFO] documenting Dgame/winter against 1.54.0 for beta-1.55-rustdoc-1
[INFO] running `Command { std: "git" "clone" "/workspace/cache/git-repos/https%3A%2F%2Fgithub.com%2FDgame%2Fwinter" "/workspace/builds/worker-54/source", kill_on_drop: false }`
[INFO] [stderr] Cloning into '/workspace/builds/worker-54/source'...
[INFO] [stderr] done.
[INFO] validating manifest of git repo https://github.com/Dgame/winter on toolchain 1.54.0
[INFO] running `Command { std: "/workspace/cargo-home/bin/cargo" "+1.54.0" "metadata" "--manifest-path" "Cargo.toml" "--no-deps", kill_on_drop: false }`
[INFO] started tweaking git repo https://github.com/Dgame/winter
[INFO] finished tweaking git repo https://github.com/Dgame/winter
[INFO] tweaked toml for git repo https://github.com/Dgame/winter written to /workspace/builds/worker-54/source/Cargo.toml
[INFO] crate git repo https://github.com/Dgame/winter already has a lockfile, it will not be regenerated
[INFO] running `Command { std: "/workspace/cargo-home/bin/cargo" "+1.54.0" "fetch" "--manifest-path" "Cargo.toml", kill_on_drop: false }`
[INFO] [stderr]     Blocking waiting for file lock on package cache
[INFO] [stderr]  Downloading crates ...
[INFO] [stderr]   Downloaded enumflags_derive v0.4.1
[INFO] [stderr]   Downloaded enumflags v0.4.1
[INFO] running `Command { std: "docker" "create" "-v" "/var/lib/crater-agent-workspace/builds/worker-54/target:/opt/rustwide/target:rw,Z" "-v" "/var/lib/crater-agent-workspace/builds/worker-54/source:/opt/rustwide/workdir:ro,Z" "-v" "/var/lib/crater-agent-workspace/cargo-home:/opt/rustwide/cargo-home:ro,Z" "-v" "/var/lib/crater-agent-workspace/rustup-home:/opt/rustwide/rustup-home:ro,Z" "-e" "SOURCE_DIR=/opt/rustwide/workdir" "-e" "CARGO_TARGET_DIR=/opt/rustwide/target" "-e" "CARGO_HOME=/opt/rustwide/cargo-home" "-e" "RUSTUP_HOME=/opt/rustwide/rustup-home" "-w" "/opt/rustwide/workdir" "-m" "1610612736" "--user" "0:0" "--network" "none" "ghcr.io/rust-lang/crates-build-env/linux@sha256:34b6a614d2c27851fe6cbf88fbd1137609cefab8b10d0615aaeb6fd47975d74e" "/opt/rustwide/cargo-home/bin/cargo" "+1.54.0" "metadata" "--no-deps" "--format-version=1", kill_on_drop: false }`
[INFO] [stdout] 456e5908b3d658f8b5fc4d77ead61d556496d70b76e93cc74446d9d6913e1e15
[INFO] running `Command { std: "docker" "start" "-a" "456e5908b3d658f8b5fc4d77ead61d556496d70b76e93cc74446d9d6913e1e15", kill_on_drop: false }`
[INFO] running `Command { std: "docker" "inspect" "456e5908b3d658f8b5fc4d77ead61d556496d70b76e93cc74446d9d6913e1e15", kill_on_drop: false }`
[INFO] running `Command { std: "docker" "rm" "-f" "456e5908b3d658f8b5fc4d77ead61d556496d70b76e93cc74446d9d6913e1e15", kill_on_drop: false }`
[INFO] [stdout] 456e5908b3d658f8b5fc4d77ead61d556496d70b76e93cc74446d9d6913e1e15
[INFO] running `Command { std: "docker" "create" "-v" "/var/lib/crater-agent-workspace/builds/worker-54/target:/opt/rustwide/target:rw,Z" "-v" "/var/lib/crater-agent-workspace/builds/worker-54/source:/opt/rustwide/workdir:ro,Z" "-v" "/var/lib/crater-agent-workspace/cargo-home:/opt/rustwide/cargo-home:ro,Z" "-v" "/var/lib/crater-agent-workspace/rustup-home:/opt/rustwide/rustup-home:ro,Z" "-e" "SOURCE_DIR=/opt/rustwide/workdir" "-e" "CARGO_TARGET_DIR=/opt/rustwide/target" "-e" "CARGO_INCREMENTAL=0" "-e" "RUST_BACKTRACE=full" "-e" "RUSTDOCFLAGS=--cap-lints=warn" "-e" "CARGO_HOME=/opt/rustwide/cargo-home" "-e" "RUSTUP_HOME=/opt/rustwide/rustup-home" "-w" "/opt/rustwide/workdir" "-m" "1610612736" "--user" "0:0" "--network" "none" "ghcr.io/rust-lang/crates-build-env/linux@sha256:34b6a614d2c27851fe6cbf88fbd1137609cefab8b10d0615aaeb6fd47975d74e" "/opt/rustwide/cargo-home/bin/cargo" "+1.54.0" "doc" "--frozen" "--no-deps" "--document-private-items" "--message-format=json", kill_on_drop: false }`
[INFO] [stdout] f756c9580c9845fe1cadd64f10622f8dc140cc5dcc68a9af5efe9a60508e03a7
[INFO] running `Command { std: "docker" "start" "-a" "f756c9580c9845fe1cadd64f10622f8dc140cc5dcc68a9af5efe9a60508e03a7", kill_on_drop: false }`
[INFO] [stderr]     Blocking waiting for file lock on package cache
[INFO] [stderr]    Compiling num-traits v0.2.5
[INFO] [stderr]    Compiling num-integer v0.1.39
[INFO] [stderr]    Compiling proc-macro2 v0.4.13
[INFO] [stderr]    Compiling num-bigint v0.2.0
[INFO] [stderr]    Compiling num-complex v0.2.0
[INFO] [stderr]    Compiling num-iter v0.1.37
[INFO] [stderr]    Compiling num-rational v0.2.1
[INFO] [stderr]    Compiling winapi v0.3.5
[INFO] [stderr]     Checking enumflags v0.4.1
[INFO] [stderr]    Compiling proc-macro2 v0.2.3
[INFO] [stderr]    Compiling quote v0.4.2
[INFO] [stderr]    Compiling syn v0.12.15
[INFO] [stderr]    Compiling quote v0.6.6
[INFO] [stderr]    Compiling syn v0.14.8
[INFO] [stderr]    Compiling num-derive v0.2.2
[INFO] [stderr]     Checking num v0.2.0
[INFO] [stderr]    Compiling enumflags_derive v0.4.1
[INFO] [stderr]  Documenting winter v0.1.0 (/opt/rustwide/workdir)
[INFO] [stdout] error[E0433]: failed to resolve: could not find `um` in `winapi`
[INFO] [stdout]  --> src/cli/color.rs:1:13
[INFO] [stdout]   |
[INFO] [stdout] 1 | use winapi::um::wincon::{
[INFO] [stdout]   |             ^^ could not find `um` in `winapi`
[INFO] [stdout] 
[INFO] [stdout] 
[INFO] [stdout] error[E0433]: failed to resolve: could not find `shared` in `winapi`
[INFO] [stdout]   --> src/cli/console.rs:10:13
[INFO] [stdout]    |
[INFO] [stdout] 10 | use winapi::shared::minwindef::{DWORD, MAX_PATH};
[INFO] [stdout]    |             ^^^^^^ could not find `shared` in `winapi`
[INFO] [stdout] 
[INFO] [stdout] 
[INFO] [stdout] error[E0433]: failed to resolve: could not find `shared` in `winapi`
[INFO] [stdout]   --> src/cli/console.rs:11:13
[INFO] [stdout]    |
[INFO] [stdout] 11 | use winapi::shared::windef::HWND;
[INFO] [stdout]    |             ^^^^^^ could not find `shared` in `winapi`
[INFO] [stdout] 
[INFO] [stdout] 
[INFO] [stdout] error[E0433]: failed to resolve: could not find `um` in `winapi`
[INFO] [stdout]   --> src/cli/console.rs:12:13
[INFO] [stdout]    |
[INFO] [stdout] 12 | use winapi::um::consoleapi::{
[INFO] [stdout]    |             ^^ could not find `um` in `winapi`
[INFO] [stdout] 
[INFO] [stdout] 
[INFO] [stdout] error[E0433]: failed to resolve: could not find `um` in `winapi`
[INFO] [stdout]   --> src/cli/console.rs:15:13
[INFO] [stdout]    |
[INFO] [stdout] 15 | use winapi::um::errhandlingapi::GetLastError;
[INFO] [stdout]    |             ^^ could not find `um` in `winapi`
[INFO] [stdout] 
[INFO] [stdout] 
[INFO] [stdout] error[E0433]: failed to resolve: could not find `um` in `winapi`
[INFO] [stdout]   --> src/cli/console.rs:16:13
[INFO] [stdout]    |
[INFO] [stdout] 16 | use winapi::um::handleapi::INVALID_HANDLE_VALUE;
[INFO] [stdout]    |             ^^ could not find `um` in `winapi`
[INFO] [stdout] 
[INFO] [stdout] 
[INFO] [stdout] error[E0433]: failed to resolve: could not find `um` in `winapi`
[INFO] [stdout]   --> src/cli/console.rs:17:13
[INFO] [stdout]    |
[INFO] [stdout] 17 | use winapi::um::processenv::{GetCurrentDirectoryA, GetStdHandle, SetCurrentDirectoryA};
[INFO] [stdout]    |             ^^ could not find `um` in `winapi`
[INFO] [stdout] 
[INFO] [stdout] 
[INFO] [stdout] error[E0433]: failed to resolve: could not find `um` in `winapi`
[INFO] [stdout]   --> src/cli/console.rs:18:13
[INFO] [stdout]    |
[INFO] [stdout] 18 | use winapi::um::winbase::{STD_INPUT_HANDLE, STD_OUTPUT_HANDLE};
[INFO] [stdout]    |             ^^ could not find `um` in `winapi`
[INFO] [stdout] 
[INFO] [stdout] 
[INFO] [stdout] error[E0433]: failed to resolve: could not find `um` in `winapi`
[INFO] [stdout]   --> src/cli/console.rs:19:13
[INFO] [stdout]    |
[INFO] [stdout] 19 | use winapi::um::wincon::ENABLE_EXTENDED_FLAGS;
[INFO] [stdout]    |             ^^ could not find `um` in `winapi`
[INFO] [stdout] 
[INFO] [stdout] 
[INFO] [stdout] error[E0433]: failed to resolve: could not find `um` in `winapi`
[INFO] [stdout]   --> src/cli/console.rs:20:13
[INFO] [stdout]    |
[INFO] [stdout] 20 | use winapi::um::wincon::ENABLE_INSERT_MODE;
[INFO] [stdout]    |             ^^ could not find `um` in `winapi`
[INFO] [stdout] 
[INFO] [stdout] 
[INFO] [stdout] error[E0433]: failed to resolve: could not find `um` in `winapi`
[INFO] [stdout]   --> src/cli/console.rs:21:13
[INFO] [stdout]    |
[INFO] [stdout] 21 | use winapi::um::wincon::ENABLE_PROCESSED_INPUT;
[INFO] [stdout]    |             ^^ could not find `um` in `winapi`
[INFO] [stdout] 
[INFO] [stdout] 
[INFO] [stdout] error[E0433]: failed to resolve: could not find `um` in `winapi`
[INFO] [stdout]   --> src/cli/console.rs:22:13
[INFO] [stdout]    |
[INFO] [stdout] 22 | use winapi::um::wincon::ENABLE_QUICK_EDIT_MODE;
[INFO] [stdout]    |             ^^ could not find `um` in `winapi`
[INFO] [stdout] 
[INFO] [stdout] 
[INFO] [stdout] error[E0433]: failed to resolve: could not find `um` in `winapi`
[INFO] [stdout]   --> src/cli/console.rs:23:13
[INFO] [stdout]    |
[INFO] [stdout] 23 | use winapi::um::wincon::{
[INFO] [stdout]    |             ^^ could not find `um` in `winapi`
[INFO] [stdout] 
[INFO] [stdout] 
[INFO] [stdout] error[E0433]: failed to resolve: could not find `um` in `winapi`
[INFO] [stdout]   --> src/cli/console.rs:30:13
[INFO] [stdout]    |
[INFO] [stdout] 30 | use winapi::um::winnt::HANDLE;
[INFO] [stdout]    |             ^^ could not find `um` in `winapi`
[INFO] [stdout] 
[INFO] [stdout] 
[INFO] [stdout] error[E0433]: failed to resolve: could not find `um` in `winapi`
[INFO] [stdout]   --> src/cli/console.rs:31:13
[INFO] [stdout]    |
[INFO] [stdout] 31 | use winapi::um::winuser::{SetWindowPos, SWP_NOSIZE, SWP_NOZORDER};
[INFO] [stdout]    |             ^^ could not find `um` in `winapi`
[INFO] [stdout] 
[INFO] [stdout] 
[INFO] [stdout] error[E0433]: failed to resolve: could not find `um` in `winapi`
[INFO] [stdout]  --> src/cli/event.rs:5:13
[INFO] [stdout]   |
[INFO] [stdout] 5 | use winapi::um::wincon::{INPUT_RECORD, KEY_EVENT};
[INFO] [stdout]   |             ^^ could not find `um` in `winapi`
[INFO] [stdout] 
[INFO] [stdout] 
[INFO] [stdout] error[E0433]: failed to resolve: could not find `um` in `winapi`
[INFO] [stdout]  --> src/cli/input.rs:2:13
[INFO] [stdout]   |
[INFO] [stdout] 2 | use winapi::um::wincon::{
[INFO] [stdout]   |             ^^ could not find `um` in `winapi`
[INFO] [stdout] 
[INFO] [stdout] 
[INFO] [stdout] error[E0412]: cannot find type `HWND` in this scope
[INFO] [stdout]   --> src/cli/console.rs:34:13
[INFO] [stdout]    |
[INFO] [stdout] 34 |     handle: HWND,
[INFO] [stdout]    |             ^^^^ not found in this scope
[INFO] [stdout] 
[INFO] [stdout] 
[INFO] [stdout] error[E0412]: cannot find type `HANDLE` in this scope
[INFO] [stdout]   --> src/cli/console.rs:35:13
[INFO] [stdout]    |
[INFO] [stdout] 35 |     output: HANDLE,
[INFO] [stdout]    |             ^^^^^^ not found in this scope
[INFO] [stdout] 
[INFO] [stdout] 
[INFO] [stdout] error[E0412]: cannot find type `HANDLE` in this scope
[INFO] [stdout]   --> src/cli/console.rs:36:12
[INFO] [stdout]    |
[INFO] [stdout] 36 |     input: HANDLE,
[INFO] [stdout]    |            ^^^^^^ not found in this scope
[INFO] [stdout] 
[INFO] [stdout] 
[INFO] [stdout] error[E0412]: cannot find type `DWORD` in this scope
[INFO] [stdout]   --> src/cli/console.rs:37:11
[INFO] [stdout]    |
[INFO] [stdout] 37 |     mode: DWORD,
[INFO] [stdout]    |           ^^^^^ not found in this scope
[INFO] [stdout] 
[INFO] [stdout] 
[INFO] [stdout] error[E0412]: cannot find type `DWORD` in this scope
[INFO] [stdout]   --> src/cli/console.rs:38:19
[INFO] [stdout]    |
[INFO] [stdout] 38 |     restore_mode: DWORD,
[INFO] [stdout]    |                   ^^^^^ not found in this scope
[INFO] [stdout] 
[INFO] [stdout] 
[INFO] [stdout] error[E0412]: cannot find type `CONSOLE_SCREEN_BUFFER_INFO` in this scope
[INFO] [stdout]   --> src/cli/console.rs:39:25
[INFO] [stdout]    |
[INFO] [stdout] 39 |     screen_buffer_info: CONSOLE_SCREEN_BUFFER_INFO,
[INFO] [stdout]    |                         ^^^^^^^^^^^^^^^^^^^^^^^^^^ not found in this scope
[INFO] [stdout] 
[INFO] [stdout] 
[INFO] [stdout] error[E0412]: cannot find type `COORD` in this scope
[INFO] [stdout]    --> src/cli/console.rs:348:16
[INFO] [stdout]     |
[INFO] [stdout] 348 | impl Empty for COORD {
[INFO] [stdout]     |                ^^^^^ not found in this scope
[INFO] [stdout] 
[INFO] [stdout] 
[INFO] [stdout] error[E0412]: cannot find type `COORD` in this scope
[INFO] [stdout]    --> src/cli/console.rs:349:19
[INFO] [stdout]     |
[INFO] [stdout] 349 |     fn empty() -> COORD {
[INFO] [stdout]     |                   ^^^^^ not found in this scope
[INFO] [stdout] 
[INFO] [stdout] 
[INFO] [stdout] error[E0412]: cannot find type `SMALL_RECT` in this scope
[INFO] [stdout]    --> src/cli/console.rs:354:16
[INFO] [stdout]     |
[INFO] [stdout] 354 | impl Empty for SMALL_RECT {
[INFO] [stdout]     |                ^^^^^^^^^^ not found in this scope
[INFO] [stdout] 
[INFO] [stdout] 
[INFO] [stdout] error[E0412]: cannot find type `SMALL_RECT` in this scope
[INFO] [stdout]    --> src/cli/console.rs:355:19
[INFO] [stdout]     |
[INFO] [stdout] 355 |     fn empty() -> SMALL_RECT {
[INFO] [stdout]     |                   ^^^^^^^^^^ not found in this scope
[INFO] [stdout] 
[INFO] [stdout] 
[INFO] [stdout] error[E0412]: cannot find type `CONSOLE_SCREEN_BUFFER_INFO` in this scope
[INFO] [stdout]    --> src/cli/console.rs:365:16
[INFO] [stdout]     |
[INFO] [stdout] 365 | impl Empty for CONSOLE_SCREEN_BUFFER_INFO {
[INFO] [stdout]     |                ^^^^^^^^^^^^^^^^^^^^^^^^^^ not found in this scope
[INFO] [stdout] 
[INFO] [stdout] 
[INFO] [stdout] error[E0412]: cannot find type `CONSOLE_SCREEN_BUFFER_INFO` in this scope
[INFO] [stdout]    --> src/cli/console.rs:366:19
[INFO] [stdout]     |
[INFO] [stdout] 366 |     fn empty() -> CONSOLE_SCREEN_BUFFER_INFO {
[INFO] [stdout]     |                   ^^^^^^^^^^^^^^^^^^^^^^^^^^ not found in this scope
[INFO] [stdout] 
[INFO] [stdout] 
[INFO] [stdout] error[E0412]: cannot find type `INPUT_RECORD` in this scope
[INFO] [stdout]   --> src/cli/event.rs:53:22
[INFO] [stdout]    |
[INFO] [stdout] 53 | impl Into<Event> for INPUT_RECORD {
[INFO] [stdout]    |                      ^^^^^^^^^^^^ not found in this scope
[INFO] [stdout] 
[INFO] [stdout] 
[INFO] [stdout] error[E0425]: cannot find value `FROM_LEFT_1ST_BUTTON_PRESSED` in this scope
[INFO] [stdout]   --> src/cli/input.rs:12:15
[INFO] [stdout]    |
[INFO] [stdout] 12 |     Left1st = FROM_LEFT_1ST_BUTTON_PRESSED,
[INFO] [stdout]    |               ^^^^^^^^^^^^^^^^^^^^^^^^^^^^ not found in this scope
[INFO] [stdout] 
[INFO] [stdout] 
[INFO] [stderr] error: could not document `winter`
[INFO] [stdout] error[E0425]: cannot find value `FROM_LEFT_2ND_BUTTON_PRESSED` in this scope
[INFO] [stdout]   --> src/cli/input.rs:13:15
[INFO] [stdout]    |
[INFO] [stdout] 13 |     Left2nd = FROM_LEFT_2ND_BUTTON_PRESSED,
[INFO] [stdout]    |               ^^^^^^^^^^^^^^^^^^^^^^^^^^^^ not found in this scope
[INFO] [stdout] 
[INFO] [stdout] 
[INFO] [stderr] 
[INFO] [stdout] error[E0425]: cannot find value `FROM_LEFT_3RD_BUTTON_PRESSED` in this scope
[INFO] [stdout]   --> src/cli/input.rs:14:15
[INFO] [stdout]    |
[INFO] [stdout] 14 |     Left3rd = FROM_LEFT_3RD_BUTTON_PRESSED,
[INFO] [stdout]    |               ^^^^^^^^^^^^^^^^^^^^^^^^^^^^ not found in this scope
[INFO] [stdout] 
[INFO] [stdout] 
[INFO] [stderr] Caused by:
[INFO] [stdout] error[E0425]: cannot find value `FROM_LEFT_4TH_BUTTON_PRESSED` in this scope
[INFO] [stdout]   --> src/cli/input.rs:15:15
[INFO] [stdout]    |
[INFO] [stdout] 15 |     Left4th = FROM_LEFT_4TH_BUTTON_PRESSED,
[INFO] [stdout]    |               ^^^^^^^^^^^^^^^^^^^^^^^^^^^^ not found in this scope
[INFO] [stdout] 
[INFO] [stdout] 
[INFO] [stderr]   process didn't exit successfully: `rustdoc --crate-type lib --crate-name winter src/lib.rs -o /opt/rustwide/target/doc --error-format=json --json=diagnostic-rendered-ansi --document-private-items -L dependency=/opt/rustwide/target/debug/deps --extern enumflags=/opt/rustwide/target/debug/deps/libenumflags-04e48aee28cc1534.rmeta --extern enumflags_derive=/opt/rustwide/target/debug/deps/libenumflags_derive-7ff109d7a01268e7.so --extern num=/opt/rustwide/target/debug/deps/libnum-132e22f18cf4451a.rmeta --extern num_derive=/opt/rustwide/target/debug/deps/libnum_derive-035bed85223551a4.so --extern num_traits=/opt/rustwide/target/debug/deps/libnum_traits-bdf481e9d98765fb.rmeta --extern winapi=/opt/rustwide/target/debug/deps/libwinapi-b1a7f54c314d8826.rmeta --cap-lints=warn --crate-version 0.1.0` (exit status: 1)
[INFO] [stdout] error[E0425]: cannot find value `RIGHTMOST_BUTTON_PRESSED` in this scope
[INFO] [stdout]   --> src/cli/input.rs:16:13
[INFO] [stdout]    |
[INFO] [stdout] 16 |     Right = RIGHTMOST_BUTTON_PRESSED,
[INFO] [stdout]    |             ^^^^^^^^^^^^^^^^^^^^^^^^ not found in this scope
[INFO] [stdout] 
[INFO] [stdout] 
[INFO] [stdout] error: Compilation failed, aborting rustdoc
[INFO] [stdout] 
[INFO] [stdout] 
[INFO] [stdout] error: aborting due to 36 previous errors
[INFO] [stdout] 
[INFO] [stdout] 
[INFO] [stdout] Some errors have detailed explanations: E0412, E0425, E0433.
[INFO] [stdout] 
[INFO] [stdout] For more information about an error, try `rustc --explain E0412`.
[INFO] [stdout] 
[INFO] running `Command { std: "docker" "inspect" "f756c9580c9845fe1cadd64f10622f8dc140cc5dcc68a9af5efe9a60508e03a7", kill_on_drop: false }`
[INFO] running `Command { std: "docker" "rm" "-f" "f756c9580c9845fe1cadd64f10622f8dc140cc5dcc68a9af5efe9a60508e03a7", kill_on_drop: false }`
[INFO] [stdout] f756c9580c9845fe1cadd64f10622f8dc140cc5dcc68a9af5efe9a60508e03a7
