[INFO] cloning repository https://github.com/DelSkayn/ChessEngine
[INFO] running `Command { std: "git" "-c" "credential.helper=" "-c" "credential.helper=/workspace/cargo-home/bin/git-credential-null" "clone" "--bare" "https://github.com/DelSkayn/ChessEngine" "/workspace/cache/git-repos/https%3A%2F%2Fgithub.com%2FDelSkayn%2FChessEngine", kill_on_drop: false }`
[INFO] [stderr] Cloning into bare repository '/workspace/cache/git-repos/https%3A%2F%2Fgithub.com%2FDelSkayn%2FChessEngine'...
[INFO] running `Command { std: "git" "rev-parse" "HEAD", kill_on_drop: false }`
[INFO] [stdout] a4d1520dd506a653956df872ad9cba7c414b3756
[INFO] documenting DelSkayn/ChessEngine against 1.54.0 for beta-1.55-rustdoc-1
[INFO] running `Command { std: "git" "clone" "/workspace/cache/git-repos/https%3A%2F%2Fgithub.com%2FDelSkayn%2FChessEngine" "/workspace/builds/worker-71/source", kill_on_drop: false }`
[INFO] [stderr] Cloning into '/workspace/builds/worker-71/source'...
[INFO] [stderr] done.
[INFO] validating manifest of git repo https://github.com/DelSkayn/ChessEngine on toolchain 1.54.0
[INFO] running `Command { std: "/workspace/cargo-home/bin/cargo" "+1.54.0" "metadata" "--manifest-path" "Cargo.toml" "--no-deps", kill_on_drop: false }`
[INFO] started tweaking git repo https://github.com/DelSkayn/ChessEngine
[INFO] finished tweaking git repo https://github.com/DelSkayn/ChessEngine
[INFO] tweaked toml for git repo https://github.com/DelSkayn/ChessEngine written to /workspace/builds/worker-71/source/Cargo.toml
[INFO] crate git repo https://github.com/DelSkayn/ChessEngine already has a lockfile, it will not be regenerated
[INFO] running `Command { std: "/workspace/cargo-home/bin/cargo" "+1.54.0" "fetch" "--manifest-path" "Cargo.toml", kill_on_drop: false }`
[INFO] [stderr]     Blocking waiting for file lock on package cache
[INFO] running `Command { std: "docker" "create" "-v" "/var/lib/crater-agent-workspace/builds/worker-71/target:/opt/rustwide/target:rw,Z" "-v" "/var/lib/crater-agent-workspace/builds/worker-71/source:/opt/rustwide/workdir:ro,Z" "-v" "/var/lib/crater-agent-workspace/cargo-home:/opt/rustwide/cargo-home:ro,Z" "-v" "/var/lib/crater-agent-workspace/rustup-home:/opt/rustwide/rustup-home:ro,Z" "-e" "SOURCE_DIR=/opt/rustwide/workdir" "-e" "CARGO_TARGET_DIR=/opt/rustwide/target" "-e" "CARGO_HOME=/opt/rustwide/cargo-home" "-e" "RUSTUP_HOME=/opt/rustwide/rustup-home" "-w" "/opt/rustwide/workdir" "-m" "1610612736" "--user" "0:0" "--network" "none" "ghcr.io/rust-lang/crates-build-env/linux@sha256:34b6a614d2c27851fe6cbf88fbd1137609cefab8b10d0615aaeb6fd47975d74e" "/opt/rustwide/cargo-home/bin/cargo" "+1.54.0" "metadata" "--no-deps" "--format-version=1", kill_on_drop: false }`
[INFO] [stdout] 52e5e06b4fd5cfeaa71c074405282441cf9b76af2f29f51e4de8379f6943a8f4
[INFO] running `Command { std: "docker" "start" "-a" "52e5e06b4fd5cfeaa71c074405282441cf9b76af2f29f51e4de8379f6943a8f4", kill_on_drop: false }`
[INFO] running `Command { std: "docker" "inspect" "52e5e06b4fd5cfeaa71c074405282441cf9b76af2f29f51e4de8379f6943a8f4", kill_on_drop: false }`
[INFO] running `Command { std: "docker" "rm" "-f" "52e5e06b4fd5cfeaa71c074405282441cf9b76af2f29f51e4de8379f6943a8f4", kill_on_drop: false }`
[INFO] [stdout] 52e5e06b4fd5cfeaa71c074405282441cf9b76af2f29f51e4de8379f6943a8f4
[INFO] running `Command { std: "docker" "create" "-v" "/var/lib/crater-agent-workspace/builds/worker-71/target:/opt/rustwide/target:rw,Z" "-v" "/var/lib/crater-agent-workspace/builds/worker-71/source:/opt/rustwide/workdir:ro,Z" "-v" "/var/lib/crater-agent-workspace/cargo-home:/opt/rustwide/cargo-home:ro,Z" "-v" "/var/lib/crater-agent-workspace/rustup-home:/opt/rustwide/rustup-home:ro,Z" "-e" "SOURCE_DIR=/opt/rustwide/workdir" "-e" "CARGO_TARGET_DIR=/opt/rustwide/target" "-e" "CARGO_INCREMENTAL=0" "-e" "RUST_BACKTRACE=full" "-e" "RUSTDOCFLAGS=--cap-lints=warn" "-e" "CARGO_HOME=/opt/rustwide/cargo-home" "-e" "RUSTUP_HOME=/opt/rustwide/rustup-home" "-w" "/opt/rustwide/workdir" "-m" "1610612736" "--user" "0:0" "--network" "none" "ghcr.io/rust-lang/crates-build-env/linux@sha256:34b6a614d2c27851fe6cbf88fbd1137609cefab8b10d0615aaeb6fd47975d74e" "/opt/rustwide/cargo-home/bin/cargo" "+1.54.0" "doc" "--frozen" "--no-deps" "--document-private-items" "--message-format=json", kill_on_drop: false }`
[INFO] [stdout] 2abd7acb7b68746923571fdd7220b3f58e13bd309fe9eeb28191646c082175cd
[INFO] running `Command { std: "docker" "start" "-a" "2abd7acb7b68746923571fdd7220b3f58e13bd309fe9eeb28191646c082175cd", kill_on_drop: false }`
[INFO] [stderr]     Blocking waiting for file lock on package cache
[INFO] [stderr]     Blocking waiting for file lock on package cache
[INFO] [stderr]    Compiling libc v0.2.94
[INFO] [stderr]    Compiling proc-macro2 v1.0.27
[INFO] [stderr]    Compiling log v0.4.14
[INFO] [stderr]    Compiling xml-rs v0.8.3
[INFO] [stderr]    Compiling syn v1.0.72
[INFO] [stderr]    Compiling khronos_api v3.1.0
[INFO] [stderr]     Checking scopeguard v1.1.0
[INFO] [stderr]     Checking smallvec v1.6.1
[INFO] [stderr]     Checking cfg-if v0.1.10
[INFO] [stderr]     Checking once_cell v1.7.2
[INFO] [stderr]     Checking scoped-tls v1.0.0
[INFO] [stderr]    Compiling anyhow v1.0.40
[INFO] [stderr]    Compiling ucd-trie v0.1.3
[INFO] [stderr]    Compiling getrandom v0.1.16
[INFO] [stderr]    Compiling nix v0.18.0
[INFO] [stderr]     Checking ttf-parser v0.6.2
[INFO] [stderr]    Compiling rayon-core v1.9.1
[INFO] [stderr]    Compiling ppv-lite86 v0.2.10
[INFO] [stderr]    Compiling serde_json v1.0.64
[INFO] [stderr]     Checking ttf-parser v0.12.1
[INFO] [stderr]     Checking xdg v2.2.0
[INFO] [stderr]    Compiling pulldown-cmark v0.8.0
[INFO] [stderr]    Compiling itoa v0.4.7
[INFO] [stderr]    Compiling remove_dir_all v0.5.3
[INFO] [stderr]     Checking lazycell v1.3.0
[INFO] [stderr]     Checking either v1.6.1
[INFO] [stderr]    Compiling same-file v1.0.6
[INFO] [stderr]     Checking tinyvec_macros v0.1.0
[INFO] [stderr]     Checking weezl v0.1.5
[INFO] [stderr]     Checking adler v1.0.2
[INFO] [stderr]    Compiling glob v0.3.0
[INFO] [stderr]    Compiling bytecount v0.6.2
[INFO] [stderr]    Compiling unicode-segmentation v1.7.1
[INFO] [stderr]     Checking jpeg-decoder v0.1.22
[INFO] [stderr]     Checking uuid v0.8.2
[INFO] [stderr]     Checking static_assertions v1.1.0
[INFO] [stderr]     Checking linked-hash-map v0.5.4
[INFO] [stderr]     Checking rustc-hash v1.1.0
[INFO] [stderr]     Checking hound v3.4.0
[INFO] [stderr]     Checking strsim v0.8.0
[INFO] [stderr]     Checking bytemuck v1.5.1
[INFO] [stderr]     Checking claxon v0.4.3
[INFO] [stderr]     Checking ansi_term v0.11.0
[INFO] [stderr]     Checking mint v0.5.6
[INFO] [stderr]    Compiling wayland-sys v0.28.5
[INFO] [stderr]    Compiling crossbeam-utils v0.8.4
[INFO] [stderr]    Compiling memoffset v0.6.3
[INFO] [stderr]    Compiling nom v6.1.2
[INFO] [stderr]     Checking instant v0.1.9
[INFO] [stderr]    Compiling unicase v2.6.0
[INFO] [stderr]    Compiling rayon v1.5.1
[INFO] [stderr]    Compiling error-chain v0.12.4
[INFO] [stderr]     Checking libloading v0.6.7
[INFO] [stderr]    Compiling miniz_oxide v0.4.4
[INFO] [stderr]    Compiling proc-macro-error-attr v1.0.4
[INFO] [stderr]    Compiling proc-macro-error v1.0.4
[INFO] [stderr]     Checking ogg v0.8.0
[INFO] [stderr]     Checking textwrap v0.11.0
[INFO] [stderr]     Checking dlib v0.5.0
[INFO] [stderr]    Compiling ryu v1.0.5
[INFO] [stderr]    Compiling bitflags v1.2.1
[INFO] [stderr]    Compiling memchr v2.4.0
[INFO] [stderr]     Checking tinyvec v1.2.0
[INFO] [stderr]     Checking draw_state v0.8.0
[INFO] [stderr]     Checking euclid v0.22.4
[INFO] [stderr]     Checking sid v0.6.1
[INFO] [stderr]     Checking approx v0.4.0
[INFO] [stderr]     Checking ordered-float v2.4.0
[INFO] [stderr]     Checking lock_api v0.4.4
[INFO] [stderr]    Compiling walkdir v2.3.2
[INFO] [stderr]    Compiling pest v2.1.3
[INFO] [stderr]     Checking gif v0.11.2
[INFO] [stderr]     Checking dlib v0.4.2
[INFO] [stderr]     Checking gfx_core v0.9.2
[INFO] [stderr]     Checking glam v0.12.0
[INFO] [stderr]    Compiling heck v0.3.2
[INFO] [stderr]    Compiling gl_generator v0.14.0
[INFO] [stderr]     Checking lyon_geom v0.16.2
[INFO] [stderr]    Compiling quote v1.0.9
[INFO] [stderr]     Checking lewton v0.10.2
[INFO] [stderr]     Checking tiff v0.6.1
[INFO] [stderr]     Checking owned_ttf_parser v0.6.0
[INFO] [stderr]    Compiling wayland-scanner v0.28.5
[INFO] [stderr]     Checking rusttype v0.9.2
[INFO] [stderr]     Checking crossbeam-epoch v0.9.4
[INFO] [stderr]     Checking crossbeam-channel v0.5.1
[INFO] [stderr]     Checking owned_ttf_parser v0.12.0
[INFO] [stderr]    Compiling semver-parser v0.10.2
[INFO] [stderr]     Checking lyon_path v0.16.2
[INFO] [stderr]     Checking ab_glyph v0.2.10
[INFO] [stderr]     Checking andrew v0.3.1
[INFO] [stderr]     Checking crossbeam-deque v0.8.0
[INFO] [stderr]    Compiling glutin_glx_sys v0.1.7
[INFO] [stderr]    Compiling glutin_egl_sys v0.1.5
[INFO] [stderr]    Compiling gfx_gl v0.6.1
[INFO] [stderr]     Checking image v0.23.14
[INFO] [stderr]     Checking gfx v0.18.2
[INFO] [stderr]     Checking glyph_brush_layout v0.2.1
[INFO] [stderr]     Checking lyon_tessellation v0.16.2
[INFO] [stderr]     Checking lyon_algorithms v0.16.0
[INFO] [stderr]     Checking nix v0.20.0
[INFO] [stderr]     Checking getrandom v0.2.3
[INFO] [stderr]     Checking parking_lot_core v0.8.3
[INFO] [stderr]     Checking net2 v0.2.37
[INFO] [stderr]     Checking iovec v0.1.4
[INFO] [stderr]     Checking num_cpus v1.13.0
[INFO] [stderr]     Checking x11-dl v2.18.5
[INFO] [stderr]     Checking memmap2 v0.1.0
[INFO] [stderr]     Checking shared_library v0.1.9
[INFO] [stderr]     Checking alsa-sys v0.3.1
[INFO] [stderr]     Checking raw-window-handle v0.3.3
[INFO] [stderr]     Checking libudev-sys v0.1.4
[INFO] [stderr]     Checking slice-deque v0.3.0
[INFO] [stderr]     Checking atty v0.2.14
[INFO] [stderr]     Checking dirs-sys v0.3.6
[INFO] [stderr]    Compiling jobserver v0.1.22
[INFO] [stderr]     Checking rand_core v0.5.1
[INFO] [stderr]     Checking clap v2.33.3
[INFO] [stderr]     Checking rand_core v0.6.2
[INFO] [stderr]     Checking osmesa-sys v0.1.2
[INFO] [stderr]     Checking mio v0.6.23
[INFO] [stderr]     Checking directories v3.0.2
[INFO] [stderr]     Checking parking_lot v0.11.1
[INFO] [stderr]     Checking xcursor v0.3.3
[INFO] [stderr]    Compiling cc v1.0.68
[INFO] [stderr]     Checking rand_chacha v0.2.2
[INFO] [stderr]     Checking rand_chacha v0.3.0
[INFO] [stderr]     Checking lyon v0.16.2
[INFO] [stderr]     Checking rand v0.7.3
[INFO] [stderr]     Checking rand v0.8.3
[INFO] [stderr]    Compiling wayland-client v0.28.5
[INFO] [stderr]    Compiling wayland-protocols v0.28.5
[INFO] [stderr]     Checking mio-extras v2.0.6
[INFO] [stderr]     Checking twox-hash v1.6.0
[INFO] [stderr]     Checking chess_core v0.1.0 (/opt/rustwide/workdir/chess_core)
[INFO] [stderr]  Documenting chess_core v0.1.0 (/opt/rustwide/workdir/chess_core)
[INFO] [stderr]    Compiling bzip2-sys v0.1.10+1.0.8
[INFO] [stderr]    Compiling minimp3-sys v0.3.2
[INFO] [stdout] error: expected one of `!`, `(`, `+`, `,`, `::`, `:`, `<`, `=`, or `>`, found reserved identifier `_`
[INFO] [stdout]    --> chess_core/src/gen3/mod.rs:312:50
[INFO] [stdout]     |
[INFO] [stdout] 312 |         self.gen_moves_sliders::<P,gen_type::All _>(b, &info, &mut list, blockers);
[INFO] [stdout]     |                                                  ^ expected one of 9 possible tokens
[INFO] [stdout] 
[INFO] [stdout] 
[INFO] [stdout] error: expected one of `!`, `(`, `+`, `,`, `::`, `:`, `<`, `=`, or `>`, found reserved identifier `_`
[INFO] [stdout]    --> chess_core/src/gen3/mod.rs:312:50
[INFO] [stdout]     |
[INFO] [stdout] 312 |         self.gen_moves_sliders::<P,gen_type::All _>(b, &info, &mut list, blockers);
[INFO] [stdout]     |                                                  ^ expected one of 9 possible tokens
[INFO] [stdout] 
[INFO] [stdout] 
[INFO] [stdout] error: Compilation failed, aborting rustdoc
[INFO] [stdout] 
[INFO] [stdout] 
[INFO] [stdout] error: aborting due to 2 previous errors
[INFO] [stdout] 
[INFO] [stdout] 
[INFO] [stderr] error: could not document `chess_core`
[INFO] [stderr] 
[INFO] [stderr] Caused by:
[INFO] [stderr]   process didn't exit successfully: `rustdoc --edition=2018 --crate-type lib --crate-name chess_core chess_core/src/lib.rs -o /opt/rustwide/target/doc --error-format=json --json=diagnostic-rendered-ansi --document-private-items -L dependency=/opt/rustwide/target/debug/deps --extern anyhow=/opt/rustwide/target/debug/deps/libanyhow-ed234740686b5bee.rmeta --extern rand=/opt/rustwide/target/debug/deps/librand-bdcb8315241cd081.rmeta --cap-lints=warn --crate-version 0.1.0` (exit status: 1)
[INFO] [stderr] warning: build failed, waiting for other jobs to finish...
[INFO] [stdout] error[E0107]: this associated function takes 3 generic arguments but 2 generic arguments were supplied
[INFO] [stdout]    --> chess_core/src/gen3/mod.rs:402:14
[INFO] [stdout]     |
[INFO] [stdout] 402 |         self.gen_moves_sliders::<P, M>(b, info, list, blockers);
[INFO] [stdout]     |              ^^^^^^^^^^^^^^^^^   -  - supplied 2 generic arguments
[INFO] [stdout]     |              |
[INFO] [stdout]     |              expected 3 generic arguments
[INFO] [stdout]     |
[INFO] [stdout] note: associated function defined here, with 3 generic parameters: `P`, `T`, `M`
[INFO] [stdout]    --> chess_core/src/gen3/mod.rs:542:12
[INFO] [stdout]     |
[INFO] [stdout] 542 |     pub fn gen_moves_sliders<P: Player,T: GenType, M: MoveList>(
[INFO] [stdout]     |            ^^^^^^^^^^^^^^^^^ -         -           -
[INFO] [stdout] help: add missing generic argument
[INFO] [stdout]     |
[INFO] [stdout] 402 |         self.gen_moves_sliders::<P, M, M>(b, info, list, blockers);
[INFO] [stdout]     |                                      ^^^
[INFO] [stdout] 
[INFO] [stdout] 
[INFO] [stdout] error[E0277]: the trait bound `M: gen3::types::GenType` is not satisfied
[INFO] [stdout]    --> chess_core/src/gen3/mod.rs:402:14
[INFO] [stdout]     |
[INFO] [stdout] 402 |         self.gen_moves_sliders::<P, M>(b, info, list, blockers);
[INFO] [stdout]     |              ^^^^^^^^^^^^^^^^^ the trait `gen3::types::GenType` is not implemented for `M`
[INFO] [stdout]     |
[INFO] [stdout] help: consider further restricting this bound
[INFO] [stdout]     |
[INFO] [stdout] 363 |     pub fn gen_evasion<P: Player, T: GenType, M: MoveList + gen3::types::GenType>(
[INFO] [stdout]     |                                                           ^^^^^^^^^^^^^^^^^^^^^^
[INFO] [stdout] 
[INFO] [stdout] 
[INFO] [stdout] error[E0107]: this associated function takes 3 generic arguments but 2 generic arguments were supplied
[INFO] [stdout]    --> chess_core/src/gen3/mod.rs:434:14
[INFO] [stdout]     |
[INFO] [stdout] 434 |         self.gen_moves_sliders::<P, M>(b, info, list, target);
[INFO] [stdout]     |              ^^^^^^^^^^^^^^^^^   -  - supplied 2 generic arguments
[INFO] [stdout]     |              |
[INFO] [stdout]     |              expected 3 generic arguments
[INFO] [stdout]     |
[INFO] [stdout] note: associated function defined here, with 3 generic parameters: `P`, `T`, `M`
[INFO] [stdout]    --> chess_core/src/gen3/mod.rs:542:12
[INFO] [stdout]     |
[INFO] [stdout] 542 |     pub fn gen_moves_sliders<P: Player,T: GenType, M: MoveList>(
[INFO] [stdout]     |            ^^^^^^^^^^^^^^^^^ -         -           -
[INFO] [stdout] help: add missing generic argument
[INFO] [stdout]     |
[INFO] [stdout] 434 |         self.gen_moves_sliders::<P, M, M>(b, info, list, target);
[INFO] [stdout]     |                                      ^^^
[INFO] [stdout] 
[INFO] [stdout] 
[INFO] [stdout] error[E0277]: the trait bound `M: gen3::types::GenType` is not satisfied
[INFO] [stdout]    --> chess_core/src/gen3/mod.rs:434:14
[INFO] [stdout]     |
[INFO] [stdout] 434 |         self.gen_moves_sliders::<P, M>(b, info, list, target);
[INFO] [stdout]     |              ^^^^^^^^^^^^^^^^^ the trait `gen3::types::GenType` is not implemented for `M`
[INFO] [stdout]     |
[INFO] [stdout] help: consider further restricting this bound
[INFO] [stdout]     |
[INFO] [stdout] 407 |     pub fn gen_moves_pseudo<P: Player, T: GenType, M: MoveList + gen3::types::GenType>(
[INFO] [stdout]     |                                                                ^^^^^^^^^^^^^^^^^^^^^^
[INFO] [stdout] 
[INFO] [stdout] 
[INFO] [stdout] error: aborting due to 5 previous errors
[INFO] [stdout] 
[INFO] [stdout] 
[INFO] [stdout] Some errors have detailed explanations: E0107, E0277.
[INFO] [stdout] 
[INFO] [stdout] For more information about an error, try `rustc --explain E0107`.
[INFO] [stdout] 
[INFO] [stderr] error: build failed
[INFO] running `Command { std: "docker" "inspect" "2abd7acb7b68746923571fdd7220b3f58e13bd309fe9eeb28191646c082175cd", kill_on_drop: false }`
[INFO] running `Command { std: "docker" "rm" "-f" "2abd7acb7b68746923571fdd7220b3f58e13bd309fe9eeb28191646c082175cd", kill_on_drop: false }`
[INFO] [stdout] 2abd7acb7b68746923571fdd7220b3f58e13bd309fe9eeb28191646c082175cd
