[INFO] cloning repository https://github.com/Defman/feather-registry
[INFO] running `Command { std: "git" "-c" "credential.helper=" "-c" "credential.helper=/workspace/cargo-home/bin/git-credential-null" "clone" "--bare" "https://github.com/Defman/feather-registry" "/workspace/cache/git-repos/https%3A%2F%2Fgithub.com%2FDefman%2Ffeather-registry", kill_on_drop: false }`
[INFO] [stderr] Cloning into bare repository '/workspace/cache/git-repos/https%3A%2F%2Fgithub.com%2FDefman%2Ffeather-registry'...
[INFO] running `Command { std: "git" "rev-parse" "HEAD", kill_on_drop: false }`
[INFO] [stdout] ee7a07b34167ccc86265709d1a962f21401ffed1
[INFO] documenting Defman/feather-registry against 1.54.0 for beta-1.55-rustdoc-1
[INFO] running `Command { std: "git" "clone" "/workspace/cache/git-repos/https%3A%2F%2Fgithub.com%2FDefman%2Ffeather-registry" "/workspace/builds/worker-78/source", kill_on_drop: false }`
[INFO] [stderr] Cloning into '/workspace/builds/worker-78/source'...
[INFO] [stderr] done.
[INFO] validating manifest of git repo https://github.com/Defman/feather-registry on toolchain 1.54.0
[INFO] running `Command { std: "/workspace/cargo-home/bin/cargo" "+1.54.0" "metadata" "--manifest-path" "Cargo.toml" "--no-deps", kill_on_drop: false }`
[INFO] started tweaking git repo https://github.com/Defman/feather-registry
[INFO] finished tweaking git repo https://github.com/Defman/feather-registry
[INFO] tweaked toml for git repo https://github.com/Defman/feather-registry written to /workspace/builds/worker-78/source/Cargo.toml
[INFO] crate git repo https://github.com/Defman/feather-registry already has a lockfile, it will not be regenerated
[INFO] running `Command { std: "/workspace/cargo-home/bin/cargo" "+1.54.0" "fetch" "--manifest-path" "Cargo.toml", kill_on_drop: false }`
[INFO] [stderr]     Blocking waiting for file lock on package cache
[INFO] [stderr]     Blocking waiting for file lock on package cache
[INFO] [stderr]  Downloading crates ...
[INFO] [stderr]   Downloaded sqlformat v0.1.1
[INFO] running `Command { std: "docker" "create" "-v" "/var/lib/crater-agent-workspace/builds/worker-78/target:/opt/rustwide/target:rw,Z" "-v" "/var/lib/crater-agent-workspace/builds/worker-78/source:/opt/rustwide/workdir:ro,Z" "-v" "/var/lib/crater-agent-workspace/cargo-home:/opt/rustwide/cargo-home:ro,Z" "-v" "/var/lib/crater-agent-workspace/rustup-home:/opt/rustwide/rustup-home:ro,Z" "-e" "SOURCE_DIR=/opt/rustwide/workdir" "-e" "CARGO_TARGET_DIR=/opt/rustwide/target" "-e" "CARGO_HOME=/opt/rustwide/cargo-home" "-e" "RUSTUP_HOME=/opt/rustwide/rustup-home" "-w" "/opt/rustwide/workdir" "-m" "1610612736" "--user" "0:0" "--network" "none" "ghcr.io/rust-lang/crates-build-env/linux@sha256:34b6a614d2c27851fe6cbf88fbd1137609cefab8b10d0615aaeb6fd47975d74e" "/opt/rustwide/cargo-home/bin/cargo" "+1.54.0" "metadata" "--no-deps" "--format-version=1", kill_on_drop: false }`
[INFO] [stdout] 9d0f9f0ba00b9a6540807861683db97c328a26aeeaff9ae8d9fd6f6322e64b03
[INFO] running `Command { std: "docker" "start" "-a" "9d0f9f0ba00b9a6540807861683db97c328a26aeeaff9ae8d9fd6f6322e64b03", kill_on_drop: false }`
[INFO] running `Command { std: "docker" "inspect" "9d0f9f0ba00b9a6540807861683db97c328a26aeeaff9ae8d9fd6f6322e64b03", kill_on_drop: false }`
[INFO] running `Command { std: "docker" "rm" "-f" "9d0f9f0ba00b9a6540807861683db97c328a26aeeaff9ae8d9fd6f6322e64b03", kill_on_drop: false }`
[INFO] [stdout] 9d0f9f0ba00b9a6540807861683db97c328a26aeeaff9ae8d9fd6f6322e64b03
[INFO] running `Command { std: "docker" "create" "-v" "/var/lib/crater-agent-workspace/builds/worker-78/target:/opt/rustwide/target:rw,Z" "-v" "/var/lib/crater-agent-workspace/builds/worker-78/source:/opt/rustwide/workdir:ro,Z" "-v" "/var/lib/crater-agent-workspace/cargo-home:/opt/rustwide/cargo-home:ro,Z" "-v" "/var/lib/crater-agent-workspace/rustup-home:/opt/rustwide/rustup-home:ro,Z" "-e" "SOURCE_DIR=/opt/rustwide/workdir" "-e" "CARGO_TARGET_DIR=/opt/rustwide/target" "-e" "CARGO_INCREMENTAL=0" "-e" "RUST_BACKTRACE=full" "-e" "RUSTDOCFLAGS=--cap-lints=warn" "-e" "CARGO_HOME=/opt/rustwide/cargo-home" "-e" "RUSTUP_HOME=/opt/rustwide/rustup-home" "-w" "/opt/rustwide/workdir" "-m" "1610612736" "--user" "0:0" "--network" "none" "ghcr.io/rust-lang/crates-build-env/linux@sha256:34b6a614d2c27851fe6cbf88fbd1137609cefab8b10d0615aaeb6fd47975d74e" "/opt/rustwide/cargo-home/bin/cargo" "+1.54.0" "doc" "--frozen" "--no-deps" "--document-private-items" "--message-format=json", kill_on_drop: false }`
[INFO] [stdout] 30209b2b309f201554bf5511de056e80d81dfb0846694ca21767ae30206587dd
[INFO] running `Command { std: "docker" "start" "-a" "30209b2b309f201554bf5511de056e80d81dfb0846694ca21767ae30206587dd", kill_on_drop: false }`
[INFO] [stderr]     Blocking waiting for file lock on package cache
[INFO] [stderr]    Compiling libc v0.2.77
[INFO] [stderr]    Compiling syn v1.0.40
[INFO] [stderr]    Compiling log v0.4.11
[INFO] [stderr]    Compiling cfg-if v0.1.10
[INFO] [stderr]    Compiling cc v1.0.59
[INFO] [stderr]     Checking futures-core v0.3.5
[INFO] [stderr]     Checking rand_core v0.4.2
[INFO] [stderr]     Checking futures-sink v0.3.5
[INFO] [stderr]    Compiling openssl v0.10.30
[INFO] [stderr]    Compiling autocfg v0.1.7
[INFO] [stderr]     Checking once_cell v1.4.1
[INFO] [stderr]    Compiling slab v0.4.2
[INFO] [stderr]    Compiling native-tls v0.2.4
[INFO] [stderr]     Checking pin-project-lite v0.1.7
[INFO] [stderr]    Compiling byte-tools v0.3.1
[INFO] [stderr]    Compiling tinyvec v0.3.4
[INFO] [stderr]    Compiling foreign-types-shared v0.1.1
[INFO] [stderr]    Compiling matches v0.1.8
[INFO] [stderr]    Compiling arc-swap v0.4.7
[INFO] [stderr]    Compiling opaque-debug v0.2.3
[INFO] [stderr]    Compiling futures-io v0.3.5
[INFO] [stderr]    Compiling pin-utils v0.1.0
[INFO] [stderr]    Compiling ppv-lite86 v0.2.9
[INFO] [stderr]    Compiling percent-encoding v2.1.0
[INFO] [stderr]    Compiling bytes v0.5.6
[INFO] [stderr]    Compiling fnv v1.0.7
[INFO] [stderr]    Compiling subtle v1.0.0
[INFO] [stderr]    Compiling openssl-probe v0.1.2
[INFO] [stderr]    Compiling fake-simd v0.1.2
[INFO] [stderr]     Checking hashbrown v0.9.0
[INFO] [stderr]     Checking maplit v1.0.2
[INFO] [stderr]    Compiling base64 v0.12.3
[INFO] [stderr]    Compiling hex v0.4.2
[INFO] [stderr]     Checking utf-8 v0.7.5
[INFO] [stderr]     Checking tower-service v0.3.0
[INFO] [stderr]     Checking urlencoding v1.1.1
[INFO] [stderr]     Checking unicode-normalization v0.1.13
[INFO] [stderr]    Compiling crossbeam-utils v0.7.2
[INFO] [stderr]     Checking http v0.2.1
[INFO] [stderr]    Compiling thread_local v1.0.1
[INFO] [stderr]     Checking tracing-core v0.1.16
[INFO] [stderr]     Checking input_buffer v0.3.1
[INFO] [stderr]    Compiling serde_json v1.0.57
[INFO] [stderr]    Compiling typenum v1.12.0
[INFO] [stderr]    Compiling unicase v2.6.0
[INFO] [stderr]    Compiling generic-array v0.14.4
[INFO] [stderr]    Compiling byteorder v1.3.4
[INFO] [stderr]    Compiling bitflags v1.2.1
[INFO] [stderr]    Compiling indexmap v1.6.0
[INFO] [stderr]    Compiling maybe-uninit v2.0.0
[INFO] [stderr]    Compiling aho-corasick v0.7.13
[INFO] [stderr]     Checking buf_redux v0.8.4
[INFO] [stderr]     Checking twoway v0.1.8
[INFO] [stderr]     Checking regex v1.3.9
[INFO] [stderr]     Checking sha2 v0.8.2
[INFO] [stderr]     Checking md-5 v0.8.0
[INFO] [stderr]    Compiling block-padding v0.1.5
[INFO] [stderr]    Compiling unicode-bidi v0.3.4
[INFO] [stderr]    Compiling foreign-types v0.3.2
[INFO] [stderr]    Compiling rand_pcg v0.1.2
[INFO] [stderr]    Compiling rand_chacha v0.1.1
[INFO] [stderr]    Compiling rand v0.6.5
[INFO] [stderr]     Checking futures-task v0.3.5
[INFO] [stderr]     Checking rand_core v0.3.1
[INFO] [stderr]     Checking rand_jitter v0.1.4
[INFO] [stderr]     Checking futures-channel v0.3.5
[INFO] [stderr]    Compiling openssl-sys v0.9.58
[INFO] [stderr]     Checking crypto-mac v0.7.0
[INFO] [stderr]     Checking rand_xorshift v0.1.1
[INFO] [stderr]     Checking rand_isaac v0.1.1
[INFO] [stderr]     Checking rand_hc v0.1.0
[INFO] [stderr]     Checking idna v0.2.0
[INFO] [stderr]     Checking sqlformat v0.1.1
[INFO] [stderr]     Checking hmac v0.7.1
[INFO] [stderr]     Checking block-buffer v0.9.0
[INFO] [stderr]     Checking digest v0.9.0
[INFO] [stderr]    Compiling generic-array v0.12.3
[INFO] [stderr]     Checking sha-1 v0.9.1
[INFO] [stderr]    Compiling digest v0.8.1
[INFO] [stderr]    Compiling block-buffer v0.7.3
[INFO] [stderr]     Checking tracing v0.1.19
[INFO] [stderr]     Checking want v0.3.0
[INFO] [stderr]    Compiling sha-1 v0.8.2
[INFO] [stderr]    Compiling url v2.1.1
[INFO] [stderr]     Checking http-body v0.3.1
[INFO] [stderr]     Checking headers-core v0.2.0
[INFO] [stderr]    Compiling iovec v0.1.4
[INFO] [stderr]    Compiling net2 v0.2.35
[INFO] [stderr]    Compiling getrandom v0.1.15
[INFO] [stderr]    Compiling num_cpus v1.13.0
[INFO] [stderr]    Compiling signal-hook-registry v1.2.1
[INFO] [stderr]     Checking rand_os v0.1.3
[INFO] [stderr]     Checking time v0.1.44
[INFO] [stderr]     Checking socket2 v0.3.15
[INFO] [stderr]    Compiling mime_guess v2.0.3
[INFO] [stderr]    Compiling rand_core v0.5.1
[INFO] [stderr]    Compiling rand_chacha v0.2.2
[INFO] [stderr]     Checking headers v0.3.2
[INFO] [stderr]    Compiling mio v0.6.22
[INFO] [stderr]    Compiling rand v0.7.3
[INFO] [stderr]     Checking mio-uds v0.6.8
[INFO] [stderr]    Compiling crossbeam-queue v0.2.3
[INFO] [stderr]     Checking tungstenite v0.11.1
[INFO] [stderr]     Checking tempfile v3.1.0
[INFO] [stderr]     Checking multipart v0.17.0
[INFO] [stderr]    Compiling pin-project-internal v0.4.23
[INFO] [stderr]    Compiling tokio-macros v0.2.5
[INFO] [stderr]    Compiling thiserror-impl v1.0.20
[INFO] [stderr]    Compiling async-stream-impl v0.2.1
[INFO] [stderr]    Compiling serde_derive v1.0.116
[INFO] [stderr]     Checking tokio v0.2.22
[INFO] [stderr]    Compiling async-stream v0.2.1
[INFO] [stderr]    Compiling thiserror v1.0.20
[INFO] [stderr]     Checking pin-project v0.4.23
[INFO] [stderr]    Compiling futures-util v0.3.5
[INFO] [stderr]     Checking tracing-futures v0.2.4
[INFO] [stderr]     Checking serde v1.0.116
[INFO] [stderr]    Compiling async-native-tls v0.3.3
[INFO] [stderr]     Checking tokio-util v0.3.1
[INFO] [stderr]     Checking h2 v0.2.6
[INFO] [stderr]     Checking futures-executor v0.3.5
[INFO] [stderr]     Checking tokio-tungstenite v0.11.0
[INFO] [stderr]     Checking sqlx-core v0.3.5
[INFO] [stderr]     Checking futures v0.3.5
[INFO] [stderr]     Checking serde_urlencoded v0.6.1
[INFO] [stderr]     Checking hyper v0.13.7
[INFO] [stderr]    Compiling sqlx-macros v0.3.5
[INFO] [stderr]     Checking warp v0.2.5
[INFO] [stderr]     Checking sqlx v0.3.5
[INFO] [stderr]  Documenting feather-registry v0.1.0 (/opt/rustwide/workdir)
[INFO] [stdout] error: DATABASE_URL not set
[INFO] [stdout]   --> src/main.rs:90:22
[INFO] [stdout]    |
[INFO] [stdout] 90 |       let dl: String = sqlx::query!(
[INFO] [stdout]    |  ______________________^
[INFO] [stdout] 91 | |         "SELECT download FROM crate_version WHERE crate = $1::VARCHAR AND \"version\" = $2::VARCHAR::SEMVER",
[INFO] [stdout] 92 | |         crate_name,
[INFO] [stdout] 93 | |         crate_version,
[INFO] [stdout] 94 | |     )
[INFO] [stdout]    | |_____^
[INFO] [stdout]    |
[INFO] [stdout]    = note: this error originates in the macro `macro_result` (in Nightly builds, run with -Z macro-backtrace for more info)
[INFO] [stdout] 
[INFO] [stdout] 
[INFO] [stdout] error: DATABASE_URL not set
[INFO] [stdout]    --> src/main.rs:228:5
[INFO] [stdout]     |
[INFO] [stdout] 228 | /     sqlx::query!(
[INFO] [stdout] 229 | |         "INSERT INTO crate ( name ) VALUES ( $1::VARCHAR )",
[INFO] [stdout] 230 | |         crate_meta.name
[INFO] [stdout] 231 | |     )
[INFO] [stdout]     | |_____^
[INFO] [stdout]     |
[INFO] [stdout]     = note: this error originates in the macro `macro_result` (in Nightly builds, run with -Z macro-backtrace for more info)
[INFO] [stdout] 
[INFO] [stdout] 
[INFO] [stdout] error[E0255]: the name `CrateMeta` is defined multiple times
[INFO] [stdout]    --> src/main.rs:138:1
[INFO] [stdout]     |
[INFO] [stdout] 18  | use database_structs::CrateMeta;
[INFO] [stdout]     |     --------------------------- previous import of the type `CrateMeta` here
[INFO] [stdout] ...
[INFO] [stdout] 138 | struct CrateMeta {
[INFO] [stdout]     | ^^^^^^^^^^^^^^^^ `CrateMeta` redefined here
[INFO] [stdout]     |
[INFO] [stdout]     = note: `CrateMeta` must be defined only once in the type namespace of this module
[INFO] [stdout] help: you can use `as` to change the binding name of the import
[INFO] [stdout]     |
[INFO] [stdout] 18  | use database_structs::CrateMeta as OtherCrateMeta;
[INFO] [stdout]     |     ^^^^^^^^^^^^^^^^^^^^^^^^^^^^^^^^^^^^^^^^^^^^^
[INFO] [stdout] 
[INFO] [stdout] 
[INFO] [stdout] error: cannot find derive macro `Serialize` in this scope
[INFO] [stdout]    --> src/main.rs:105:17
[INFO] [stdout]     |
[INFO] [stdout] 105 | #[derive(Debug, Serialize, Deserialize)]
[INFO] [stdout]     |                 ^^^^^^^^^
[INFO] [stdout] 
[INFO] [stdout] 
[INFO] [stdout] error: cannot find derive macro `Deserialize` in this scope
[INFO] [stdout]    --> src/main.rs:105:28
[INFO] [stdout]     |
[INFO] [stdout] 105 | #[derive(Debug, Serialize, Deserialize)]
[INFO] [stdout]     |                            ^^^^^^^^^^^
[INFO] [stdout] 
[INFO] [stdout] 
[INFO] [stdout] error: cannot find derive macro `Serialize` in this scope
[INFO] [stdout]    --> src/main.rs:137:17
[INFO] [stdout]     |
[INFO] [stdout] 137 | #[derive(Debug, Serialize, Deserialize)]
[INFO] [stdout]     |                 ^^^^^^^^^
[INFO] [stdout] 
[INFO] [stdout] 
[INFO] [stdout] error: cannot find derive macro `Deserialize` in this scope
[INFO] [stdout]    --> src/main.rs:137:28
[INFO] [stdout]     |
[INFO] [stdout] 137 | #[derive(Debug, Serialize, Deserialize)]
[INFO] [stdout]     |                            ^^^^^^^^^^^
[INFO] [stdout] 
[INFO] [stdout] 
[INFO] [stdout] error[E0433]: failed to resolve: use of undeclared crate or module `path`
[INFO] [stdout]    --> src/main.rs:184:31
[INFO] [stdout]     |
[INFO] [stdout] 184 |     pub fn get_path(&self) -> path::PathBuf {
[INFO] [stdout]     |                               ^^^^ use of undeclared crate or module `path`
[INFO] [stdout] 
[INFO] [stdout] 
[INFO] [stdout] error[E0412]: cannot find type `BTreeMap` in this scope
[INFO] [stdout]    --> src/main.rs:149:15
[INFO] [stdout]     |
[INFO] [stdout] 149 |     features: BTreeMap<String, Vec<String>>,
[INFO] [stdout]     |               ^^^^^^^^ not found in this scope
[INFO] [stdout]     |
[INFO] [stdout] help: consider importing one of these items
[INFO] [stdout]     |
[INFO] [stdout] 1   | use crate::database_structs::BTreeMap;
[INFO] [stdout]     |
[INFO] [stdout] 1   | use std::collections::BTreeMap;
[INFO] [stdout]     |
[INFO] [stdout] 
[INFO] [stdout] 
[INFO] [stdout] error[E0412]: cannot find type `BTreeMap` in this scope
[INFO] [stdout]    --> src/main.rs:178:13
[INFO] [stdout]     |
[INFO] [stdout] 178 |     badges: BTreeMap<String, BTreeMap<String, String>>,
[INFO] [stdout]     |             ^^^^^^^^ not found in this scope
[INFO] [stdout]     |
[INFO] [stdout] help: consider importing one of these items
[INFO] [stdout]     |
[INFO] [stdout] 1   | use crate::database_structs::BTreeMap;
[INFO] [stdout]     |
[INFO] [stdout] 1   | use std::collections::BTreeMap;
[INFO] [stdout]     |
[INFO] [stdout] 
[INFO] [stdout] 
[INFO] [stdout] error[E0412]: cannot find type `BTreeMap` in this scope
[INFO] [stdout]    --> src/main.rs:178:30
[INFO] [stdout]     |
[INFO] [stdout] 178 |     badges: BTreeMap<String, BTreeMap<String, String>>,
[INFO] [stdout]     |                              ^^^^^^^^ not found in this scope
[INFO] [stdout]     |
[INFO] [stdout] help: consider importing one of these items
[INFO] [stdout]     |
[INFO] [stdout] 1   | use crate::database_structs::BTreeMap;
[INFO] [stdout]     |
[INFO] [stdout] 1   | use std::collections::BTreeMap;
[INFO] [stdout]     |
[INFO] [stdout] 
[INFO] [stdout] 
[INFO] [stdout] error: Compilation failed, aborting rustdoc
[INFO] [stdout] 
[INFO] [stdout] 
[INFO] [stdout] error: aborting due to 12 previous errors
[INFO] [stdout] 
[INFO] [stdout] 
[INFO] [stdout] Some errors have detailed explanations: E0255, E0412, E0433.
[INFO] [stdout] 
[INFO] [stdout] For more information about an error, try `rustc --explain E0255`.
[INFO] [stdout] 
[INFO] [stderr] error: could not document `feather-registry`
[INFO] [stderr] 
[INFO] [stderr] Caused by:
[INFO] [stderr]   process didn't exit successfully: `rustdoc --edition=2018 --crate-type bin --crate-name feather_registry src/main.rs -o /opt/rustwide/target/doc --error-format=json --json=diagnostic-rendered-ansi --document-private-items -L dependency=/opt/rustwide/target/debug/deps --extern base64=/opt/rustwide/target/debug/deps/libbase64-06135271d248c171.rmeta --extern dotenv=/opt/rustwide/target/debug/deps/libdotenv-fac2af56d99fafd7.rmeta --extern http=/opt/rustwide/target/debug/deps/libhttp-579d9c1afb40a823.rmeta --extern openssl=/opt/rustwide/target/debug/deps/libopenssl-cbb159c78c0e0db9.rmeta --extern rand=/opt/rustwide/target/debug/deps/librand-49c09fb0a6fce6c3.rmeta --extern serde=/opt/rustwide/target/debug/deps/libserde-4834f19140ebf345.rmeta --extern serde_json=/opt/rustwide/target/debug/deps/libserde_json-afef193428bfeb64.rmeta --extern sqlx=/opt/rustwide/target/debug/deps/libsqlx-6b9f17eb4511b588.rmeta --extern tokio=/opt/rustwide/target/debug/deps/libtokio-2fac6642ad065560.rmeta --extern warp=/opt/rustwide/target/debug/deps/libwarp-7e845c4c95feb52d.rmeta --cap-lints=warn --crate-version 0.1.0` (exit status: 1)
[INFO] running `Command { std: "docker" "inspect" "30209b2b309f201554bf5511de056e80d81dfb0846694ca21767ae30206587dd", kill_on_drop: false }`
[INFO] running `Command { std: "docker" "rm" "-f" "30209b2b309f201554bf5511de056e80d81dfb0846694ca21767ae30206587dd", kill_on_drop: false }`
[INFO] [stdout] 30209b2b309f201554bf5511de056e80d81dfb0846694ca21767ae30206587dd
