[INFO] cloning repository https://github.com/DaOnlyOwner/l-Systems
[INFO] running `Command { std: "git" "-c" "credential.helper=" "-c" "credential.helper=/workspace/cargo-home/bin/git-credential-null" "clone" "--bare" "https://github.com/DaOnlyOwner/l-Systems" "/workspace/cache/git-repos/https%3A%2F%2Fgithub.com%2FDaOnlyOwner%2Fl-Systems", kill_on_drop: false }`
[INFO] [stderr] Cloning into bare repository '/workspace/cache/git-repos/https%3A%2F%2Fgithub.com%2FDaOnlyOwner%2Fl-Systems'...
[INFO] running `Command { std: "git" "rev-parse" "HEAD", kill_on_drop: false }`
[INFO] [stdout] 53565df1144d98b40635f36f90bda5f5de706373
[INFO] documenting DaOnlyOwner/l-Systems against 1.54.0 for beta-1.55-rustdoc-1
[INFO] running `Command { std: "git" "clone" "/workspace/cache/git-repos/https%3A%2F%2Fgithub.com%2FDaOnlyOwner%2Fl-Systems" "/workspace/builds/worker-6/source", kill_on_drop: false }`
[INFO] [stderr] Cloning into '/workspace/builds/worker-6/source'...
[INFO] [stderr] done.
[INFO] validating manifest of git repo https://github.com/DaOnlyOwner/l-Systems on toolchain 1.54.0
[INFO] running `Command { std: "/workspace/cargo-home/bin/cargo" "+1.54.0" "metadata" "--manifest-path" "Cargo.toml" "--no-deps", kill_on_drop: false }`
[INFO] started tweaking git repo https://github.com/DaOnlyOwner/l-Systems
[INFO] finished tweaking git repo https://github.com/DaOnlyOwner/l-Systems
[INFO] tweaked toml for git repo https://github.com/DaOnlyOwner/l-Systems written to /workspace/builds/worker-6/source/Cargo.toml
[INFO] crate git repo https://github.com/DaOnlyOwner/l-Systems already has a lockfile, it will not be regenerated
[INFO] running `Command { std: "/workspace/cargo-home/bin/cargo" "+1.54.0" "fetch" "--manifest-path" "Cargo.toml", kill_on_drop: false }`
[INFO] running `Command { std: "docker" "create" "-v" "/var/lib/crater-agent-workspace/builds/worker-6/target:/opt/rustwide/target:rw,Z" "-v" "/var/lib/crater-agent-workspace/builds/worker-6/source:/opt/rustwide/workdir:ro,Z" "-v" "/var/lib/crater-agent-workspace/cargo-home:/opt/rustwide/cargo-home:ro,Z" "-v" "/var/lib/crater-agent-workspace/rustup-home:/opt/rustwide/rustup-home:ro,Z" "-e" "SOURCE_DIR=/opt/rustwide/workdir" "-e" "CARGO_TARGET_DIR=/opt/rustwide/target" "-e" "CARGO_HOME=/opt/rustwide/cargo-home" "-e" "RUSTUP_HOME=/opt/rustwide/rustup-home" "-w" "/opt/rustwide/workdir" "-m" "1610612736" "--user" "0:0" "--network" "none" "ghcr.io/rust-lang/crates-build-env/linux@sha256:34b6a614d2c27851fe6cbf88fbd1137609cefab8b10d0615aaeb6fd47975d74e" "/opt/rustwide/cargo-home/bin/cargo" "+1.54.0" "metadata" "--no-deps" "--format-version=1", kill_on_drop: false }`
[INFO] [stdout] 146d3305d25d74751afec26d52211bf399622161a9432f854265b04ebeb5e0ef
[INFO] [stderr] WARNING: Your kernel does not support swap limit capabilities or the cgroup is not mounted. Memory limited without swap.
[INFO] running `Command { std: "docker" "start" "-a" "146d3305d25d74751afec26d52211bf399622161a9432f854265b04ebeb5e0ef", kill_on_drop: false }`
[INFO] running `Command { std: "docker" "inspect" "146d3305d25d74751afec26d52211bf399622161a9432f854265b04ebeb5e0ef", kill_on_drop: false }`
[INFO] running `Command { std: "docker" "rm" "-f" "146d3305d25d74751afec26d52211bf399622161a9432f854265b04ebeb5e0ef", kill_on_drop: false }`
[INFO] [stdout] 146d3305d25d74751afec26d52211bf399622161a9432f854265b04ebeb5e0ef
[INFO] running `Command { std: "docker" "create" "-v" "/var/lib/crater-agent-workspace/builds/worker-6/target:/opt/rustwide/target:rw,Z" "-v" "/var/lib/crater-agent-workspace/builds/worker-6/source:/opt/rustwide/workdir:ro,Z" "-v" "/var/lib/crater-agent-workspace/cargo-home:/opt/rustwide/cargo-home:ro,Z" "-v" "/var/lib/crater-agent-workspace/rustup-home:/opt/rustwide/rustup-home:ro,Z" "-e" "SOURCE_DIR=/opt/rustwide/workdir" "-e" "CARGO_TARGET_DIR=/opt/rustwide/target" "-e" "CARGO_INCREMENTAL=0" "-e" "RUST_BACKTRACE=full" "-e" "RUSTDOCFLAGS=--cap-lints=warn" "-e" "CARGO_HOME=/opt/rustwide/cargo-home" "-e" "RUSTUP_HOME=/opt/rustwide/rustup-home" "-w" "/opt/rustwide/workdir" "-m" "1610612736" "--user" "0:0" "--network" "none" "ghcr.io/rust-lang/crates-build-env/linux@sha256:34b6a614d2c27851fe6cbf88fbd1137609cefab8b10d0615aaeb6fd47975d74e" "/opt/rustwide/cargo-home/bin/cargo" "+1.54.0" "doc" "--frozen" "--no-deps" "--document-private-items" "--message-format=json", kill_on_drop: false }`
[INFO] [stderr] WARNING: Your kernel does not support swap limit capabilities or the cgroup is not mounted. Memory limited without swap.
[INFO] [stdout] dcfecd10e339b293bf312d91506a46bf97776a95f7f7f234465802bc65971697
[INFO] running `Command { std: "docker" "start" "-a" "dcfecd10e339b293bf312d91506a46bf97776a95f7f7f234465802bc65971697", kill_on_drop: false }`
[INFO] [stderr]     Checking libc v0.2.28
[INFO] [stderr]     Checking num-traits v0.1.40
[INFO] [stderr]     Checking either v1.1.0
[INFO] [stderr]     Checking scopeguard v0.3.2
[INFO] [stderr]    Compiling rayon-core v1.2.1
[INFO] [stderr]     Checking futures v0.1.14
[INFO] [stderr]    Compiling typenum v1.9.0
[INFO] [stderr]     Checking byteorder v1.1.0
[INFO] [stderr]     Checking odds v0.2.25
[INFO] [stderr]     Checking log v0.3.8
[INFO] [stderr]     Checking custom_derive v0.1.7
[INFO] [stderr]     Checking linked-hash-map v0.0.10
[INFO] [stderr]     Checking gif v0.9.2
[INFO] [stderr]     Checking stb_truetype v0.2.1
[INFO] [stderr]     Checking conv v0.3.3
[INFO] [stderr]     Checking coco v0.1.1
[INFO] [stderr]     Checking itertools v0.6.1
[INFO] [stderr]     Checking num-integer v0.1.35
[INFO] [stderr]     Checking num-complex v0.1.40
[INFO] [stderr]     Checking enum_primitive v0.1.1
[INFO] [stderr]     Checking deflate v0.7.14
[INFO] [stderr]     Checking nodrop v0.1.9
[INFO] [stderr]     Checking rand v0.3.15
[INFO] [stderr]     Checking num_cpus v1.6.2
[INFO] [stderr]     Checking thread-id v2.0.0
[INFO] [stderr]     Checking memchr v0.1.11
[INFO] [stderr]     Checking arrayvec v0.3.23
[INFO] [stderr]     Checking num-iter v0.1.34
[INFO] [stderr]     Checking thread_local v0.2.7
[INFO] [stderr]     Checking aho-corasick v0.5.3
[INFO] [stderr]     Checking png v0.8.0
[INFO] [stderr]     Checking alga v0.5.1
[INFO] [stderr]     Checking regex v0.1.80
[INFO] [stderr]     Checking rusttype v0.2.1
[INFO] [stderr]     Checking num-bigint v0.1.40
[INFO] [stderr]     Checking generic-array v0.2.1
[INFO] [stdout] error[E0311]: the parameter type `K` may not live long enough
[INFO] [stdout]   --> /opt/rustwide/cargo-home/registry/src/github.com-1ecc6299db9ec823/rusttype-0.2.1/src/support/bst/map.rs:81:19
[INFO] [stdout]    |
[INFO] [stdout] 81 |             match node.force() {
[INFO] [stdout]    |                   ^^^^
[INFO] [stdout]    |
[INFO] [stdout] note: the parameter type `K` must be valid for the anonymous lifetime defined on the function body at 78:37...
[INFO] [stdout]   --> /opt/rustwide/cargo-home/registry/src/github.com-1ecc6299db9ec823/rusttype-0.2.1/src/support/bst/map.rs:78:37
[INFO] [stdout]    |
[INFO] [stdout] 78 |                 node: node::NodeRef<marker::Immut, K, V, marker::LeafOrInternal>)
[INFO] [stdout]    |                                     ^^^^^^^^^^^^^
[INFO] [stdout] 
[INFO] [stdout] 
[INFO] [stdout] error[E0311]: the parameter type `V` may not live long enough
[INFO] [stdout]   --> /opt/rustwide/cargo-home/registry/src/github.com-1ecc6299db9ec823/rusttype-0.2.1/src/support/bst/map.rs:81:19
[INFO] [stdout]    |
[INFO] [stdout] 81 |             match node.force() {
[INFO] [stdout]    |                   ^^^^
[INFO] [stdout]    |
[INFO] [stdout] note: the parameter type `V` must be valid for the anonymous lifetime defined on the function body at 78:37...
[INFO] [stdout]   --> /opt/rustwide/cargo-home/registry/src/github.com-1ecc6299db9ec823/rusttype-0.2.1/src/support/bst/map.rs:78:37
[INFO] [stdout]    |
[INFO] [stdout] 78 |                 node: node::NodeRef<marker::Immut, K, V, marker::LeafOrInternal>)
[INFO] [stdout]    |                                     ^^^^^^^^^^^^^
[INFO] [stdout] 
[INFO] [stdout] 
[INFO] [stderr]     Checking rayon v0.8.2
[INFO] [stderr]     Checking rayon v0.7.1
[INFO] [stderr]     Checking nalgebra v0.11.2
[INFO] [stdout] error: aborting due to 2 previous errors
[INFO] [stdout] 
[INFO] [stdout] 
[INFO] [stderr] error: could not compile `rusttype`
[INFO] [stderr] 
[INFO] [stderr] To learn more, run the command again with --verbose.
[INFO] [stderr] warning: build failed, waiting for other jobs to finish...
[INFO] [stdout] error[E0119]: conflicting implementations of trait `std::ops::Mul<&_>` for type `geometry::translation::TranslationBase<_, _, _>`
[INFO] [stdout]    --> /opt/rustwide/cargo-home/registry/src/github.com-1ecc6299db9ec823/nalgebra-0.11.2/src/geometry/isometry_ops.rs:68:9
[INFO] [stdout]     |
[INFO] [stdout] 68  | /         impl<$($lives ,)* N, D: DimName, S, R> $Op<$Rhs> for $Lhs
[INFO] [stdout] 69  | |             where N: Real,
[INFO] [stdout] 70  | |                   S: OwnedStorage<N, D, U1>,
[INFO] [stdout] 71  | |                   R: Rotation<PointBase<N, D, S>>,
[INFO] [stdout] ...   |
[INFO] [stdout] 78  | |             }
[INFO] [stdout] 79  | |         }
[INFO] [stdout]     | |         ^
[INFO] [stdout]     | |         |
[INFO] [stdout]     | |_________first implementation here
[INFO] [stdout]     |           conflicting implementation for `geometry::translation::TranslationBase<_, _, _>`
[INFO] [stdout] ...
[INFO] [stdout] 286 | / isometry_binop_impl_all!(
[INFO] [stdout] 287 | |     Mul, mul;
[INFO] [stdout] 288 | |     self: TranslationBase<N, D, S>, right: R, Output = IsometryBase<N, D, S, R>;
[INFO] [stdout] 289 | |     [val val] => IsometryBase::from_parts(self, right);
[INFO] [stdout] ...   |
[INFO] [stdout] 292 | |     [ref ref] => IsometryBase::from_parts(self.clone(), right.clone());
[INFO] [stdout] 293 | | );
[INFO] [stdout]     | |__- in this macro invocation
[INFO] [stdout]     |
[INFO] [stdout]     = note: downstream crates may implement trait `alga::linear::Rotation<geometry::point::PointBase<_, _, _>>` for type `&_`
[INFO] [stdout]     = note: this error originates in the macro `isometry_binop_impl` (in Nightly builds, run with -Z macro-backtrace for more info)
[INFO] [stdout] 
[INFO] [stdout] 
[INFO] [stdout] error[E0119]: conflicting implementations of trait `std::ops::Mul<&_>` for type `&geometry::translation::TranslationBase<_, _, _>`
[INFO] [stdout]    --> /opt/rustwide/cargo-home/registry/src/github.com-1ecc6299db9ec823/nalgebra-0.11.2/src/geometry/isometry_ops.rs:68:9
[INFO] [stdout]     |
[INFO] [stdout] 68  | /         impl<$($lives ,)* N, D: DimName, S, R> $Op<$Rhs> for $Lhs
[INFO] [stdout] 69  | |             where N: Real,
[INFO] [stdout] 70  | |                   S: OwnedStorage<N, D, U1>,
[INFO] [stdout] 71  | |                   R: Rotation<PointBase<N, D, S>>,
[INFO] [stdout] ...   |
[INFO] [stdout] 78  | |             }
[INFO] [stdout] 79  | |         }
[INFO] [stdout]     | |         ^
[INFO] [stdout]     | |         |
[INFO] [stdout]     | |_________first implementation here
[INFO] [stdout]     |           conflicting implementation for `&geometry::translation::TranslationBase<_, _, _>`
[INFO] [stdout] ...
[INFO] [stdout] 286 | / isometry_binop_impl_all!(
[INFO] [stdout] 287 | |     Mul, mul;
[INFO] [stdout] 288 | |     self: TranslationBase<N, D, S>, right: R, Output = IsometryBase<N, D, S, R>;
[INFO] [stdout] 289 | |     [val val] => IsometryBase::from_parts(self, right);
[INFO] [stdout] ...   |
[INFO] [stdout] 292 | |     [ref ref] => IsometryBase::from_parts(self.clone(), right.clone());
[INFO] [stdout] 293 | | );
[INFO] [stdout]     | |__- in this macro invocation
[INFO] [stdout]     |
[INFO] [stdout]     = note: downstream crates may implement trait `alga::linear::Rotation<geometry::point::PointBase<_, _, _>>` for type `&_`
[INFO] [stdout]     = note: this error originates in the macro `isometry_binop_impl` (in Nightly builds, run with -Z macro-backtrace for more info)
[INFO] [stdout] 
[INFO] [stdout] 
[INFO] [stdout] error: aborting due to 2 previous errors
[INFO] [stdout] 
[INFO] [stdout] 
[INFO] [stdout] For more information about this error, try `rustc --explain E0119`.
[INFO] [stdout] 
[INFO] [stderr] error: build failed
[INFO] running `Command { std: "docker" "inspect" "dcfecd10e339b293bf312d91506a46bf97776a95f7f7f234465802bc65971697", kill_on_drop: false }`
[INFO] running `Command { std: "docker" "rm" "-f" "dcfecd10e339b293bf312d91506a46bf97776a95f7f7f234465802bc65971697", kill_on_drop: false }`
[INFO] [stdout] dcfecd10e339b293bf312d91506a46bf97776a95f7f7f234465802bc65971697
