[INFO] cloning repository https://github.com/CrocdileChan/data-space
[INFO] running `Command { std: "git" "-c" "credential.helper=" "-c" "credential.helper=/workspace/cargo-home/bin/git-credential-null" "clone" "--bare" "https://github.com/CrocdileChan/data-space" "/workspace/cache/git-repos/https%3A%2F%2Fgithub.com%2FCrocdileChan%2Fdata-space", kill_on_drop: false }`
[INFO] [stderr] Cloning into bare repository '/workspace/cache/git-repos/https%3A%2F%2Fgithub.com%2FCrocdileChan%2Fdata-space'...
[INFO] running `Command { std: "git" "rev-parse" "HEAD", kill_on_drop: false }`
[INFO] [stdout] 9158fb0007d89457ed73be204af55446283e6704
[INFO] documenting CrocdileChan/data-space against beta-2021-08-01 for beta-1.55-rustdoc-1
[INFO] running `Command { std: "git" "clone" "/workspace/cache/git-repos/https%3A%2F%2Fgithub.com%2FCrocdileChan%2Fdata-space" "/workspace/builds/worker-5/source", kill_on_drop: false }`
[INFO] [stderr] Cloning into '/workspace/builds/worker-5/source'...
[INFO] [stderr] done.
[INFO] validating manifest of git repo https://github.com/CrocdileChan/data-space on toolchain beta-2021-08-01
[INFO] running `Command { std: "/workspace/cargo-home/bin/cargo" "+beta-2021-08-01" "metadata" "--manifest-path" "Cargo.toml" "--no-deps", kill_on_drop: false }`
[INFO] started tweaking git repo https://github.com/CrocdileChan/data-space
[INFO] finished tweaking git repo https://github.com/CrocdileChan/data-space
[INFO] tweaked toml for git repo https://github.com/CrocdileChan/data-space written to /workspace/builds/worker-5/source/Cargo.toml
[INFO] crate git repo https://github.com/CrocdileChan/data-space already has a lockfile, it will not be regenerated
[INFO] running `Command { std: "/workspace/cargo-home/bin/cargo" "+beta-2021-08-01" "fetch" "--manifest-path" "Cargo.toml", kill_on_drop: false }`
[INFO] [stderr]  Downloading crates ...
[INFO] [stderr]   Downloaded impl-serde v0.2.1
[INFO] running `Command { std: "docker" "create" "-v" "/var/lib/crater-agent-workspace/builds/worker-5/target:/opt/rustwide/target:rw,Z" "-v" "/var/lib/crater-agent-workspace/builds/worker-5/source:/opt/rustwide/workdir:ro,Z" "-v" "/var/lib/crater-agent-workspace/cargo-home:/opt/rustwide/cargo-home:ro,Z" "-v" "/var/lib/crater-agent-workspace/rustup-home:/opt/rustwide/rustup-home:ro,Z" "-e" "SOURCE_DIR=/opt/rustwide/workdir" "-e" "CARGO_TARGET_DIR=/opt/rustwide/target" "-e" "CARGO_HOME=/opt/rustwide/cargo-home" "-e" "RUSTUP_HOME=/opt/rustwide/rustup-home" "-w" "/opt/rustwide/workdir" "-m" "1610612736" "--user" "0:0" "--network" "none" "ghcr.io/rust-lang/crates-build-env/linux@sha256:34b6a614d2c27851fe6cbf88fbd1137609cefab8b10d0615aaeb6fd47975d74e" "/opt/rustwide/cargo-home/bin/cargo" "+beta-2021-08-01" "metadata" "--no-deps" "--format-version=1", kill_on_drop: false }`
[INFO] [stdout] 897cb02e196157531fa661de7d232cb52baa337684c7e08bf3b0aab119c90dfb
[INFO] [stderr] WARNING: Your kernel does not support swap limit capabilities or the cgroup is not mounted. Memory limited without swap.
[INFO] running `Command { std: "docker" "start" "-a" "897cb02e196157531fa661de7d232cb52baa337684c7e08bf3b0aab119c90dfb", kill_on_drop: false }`
[INFO] running `Command { std: "docker" "inspect" "897cb02e196157531fa661de7d232cb52baa337684c7e08bf3b0aab119c90dfb", kill_on_drop: false }`
[INFO] running `Command { std: "docker" "rm" "-f" "897cb02e196157531fa661de7d232cb52baa337684c7e08bf3b0aab119c90dfb", kill_on_drop: false }`
[INFO] [stdout] 897cb02e196157531fa661de7d232cb52baa337684c7e08bf3b0aab119c90dfb
[INFO] running `Command { std: "docker" "create" "-v" "/var/lib/crater-agent-workspace/builds/worker-5/target:/opt/rustwide/target:rw,Z" "-v" "/var/lib/crater-agent-workspace/builds/worker-5/source:/opt/rustwide/workdir:ro,Z" "-v" "/var/lib/crater-agent-workspace/cargo-home:/opt/rustwide/cargo-home:ro,Z" "-v" "/var/lib/crater-agent-workspace/rustup-home:/opt/rustwide/rustup-home:ro,Z" "-e" "SOURCE_DIR=/opt/rustwide/workdir" "-e" "CARGO_TARGET_DIR=/opt/rustwide/target" "-e" "CARGO_INCREMENTAL=0" "-e" "RUST_BACKTRACE=full" "-e" "RUSTDOCFLAGS=--cap-lints=warn" "-e" "CARGO_HOME=/opt/rustwide/cargo-home" "-e" "RUSTUP_HOME=/opt/rustwide/rustup-home" "-w" "/opt/rustwide/workdir" "-m" "1610612736" "--user" "0:0" "--network" "none" "ghcr.io/rust-lang/crates-build-env/linux@sha256:34b6a614d2c27851fe6cbf88fbd1137609cefab8b10d0615aaeb6fd47975d74e" "/opt/rustwide/cargo-home/bin/cargo" "+beta-2021-08-01" "doc" "--frozen" "--no-deps" "--document-private-items" "--message-format=json", kill_on_drop: false }`
[INFO] [stderr] WARNING: Your kernel does not support swap limit capabilities or the cgroup is not mounted. Memory limited without swap.
[INFO] [stdout] f92f675ec974543bfaad93dcd996aba55a9a522d1b647a7b121e1640ea1ff00d
[INFO] running `Command { std: "docker" "start" "-a" "f92f675ec974543bfaad93dcd996aba55a9a522d1b647a7b121e1640ea1ff00d", kill_on_drop: false }`
[INFO] [stderr]     Blocking waiting for file lock on package cache
[INFO] [stderr]    Compiling arrayvec v0.4.11
[INFO] [stderr]    Compiling byteorder v1.3.2
[INFO] [stderr]    Compiling cfg-if v0.1.9
[INFO] [stderr]    Compiling nodrop v0.1.13
[INFO] [stderr]    Compiling scopeguard v1.0.0
[INFO] [stderr]    Compiling either v1.5.2
[INFO] [stderr]    Compiling proc-macro2 v1.0.3
[INFO] [stderr]    Compiling serde v1.0.100
[INFO] [stderr]    Compiling subtle v2.1.1
[INFO] [stderr]     Checking arrayref v0.3.5
[INFO] [stderr]     Checking constant_time_eq v0.1.4
[INFO] [stderr]    Compiling proc-macro-hack-impl v0.4.2
[INFO] [stderr]     Checking rustc-hex v2.0.1
[INFO] [stderr]     Checking hash-db v0.12.4
[INFO] [stderr]    Compiling protobuf v2.8.1
[INFO] [stderr]     Checking hashmap_core v0.1.11
[INFO] [stderr]     Checking data-encoding v2.1.2
[INFO] [stderr]     Checking bs58 v0.2.5
[INFO] [stderr]     Checking zeroize v0.5.2
[INFO] [stderr]     Checking environmental v1.0.1
[INFO] [stderr]     Checking integer-sqrt v0.1.2
[INFO] [stderr]    Compiling crunchy v0.1.6
[INFO] [stderr]     Checking nohash-hasher v0.1.1
[INFO] [stderr]     Checking static_slice v0.0.3
[INFO] [stderr]     Checking c_linked_list v1.1.1
[INFO] [stderr]     Checking quick-error v0.1.4
[INFO] [stderr]     Checking byteorder v0.5.3
[INFO] [stderr]    Compiling slog v2.5.2
[INFO] [stderr]     Checking strum v0.14.0
[INFO] [stderr]     Checking parity-bytes v0.1.0 (https://github.com/paritytech/parity-common?rev=b0317f649ab2c665b7987b8475878fc4d2e1f81d#b0317f64)
[INFO] [stderr]     Checking arc-swap v0.3.11
[INFO] [stderr]    Compiling rustc-demangle v0.1.16
[INFO] [stderr]    Compiling regex-syntax v0.6.12
[INFO] [stderr]    Compiling unicode-width v0.1.6
[INFO] [stderr]    Compiling quick-error v1.2.2
[INFO] [stderr]    Compiling termcolor v1.0.5
[INFO] [stderr]    Compiling scopeguard v0.3.3
[INFO] [stderr]    Compiling bindgen v0.47.3
[INFO] [stderr]     Checking interleaved-ordered v0.1.1
[INFO] [stderr]    Compiling sysinfo v0.8.6
[INFO] [stderr]    Compiling names v0.11.0
[INFO] [stderr]     Checking target_info v0.1.0
[INFO] [stderr]    Compiling rand v0.6.5
[INFO] [stderr]     Checking crossbeam-utils v0.6.6
[INFO] [stderr]    Compiling num-traits v0.2.8
[INFO] [stderr]    Compiling num-integer v0.1.41
[INFO] [stderr]     Checking tokio-sync v0.1.6
[INFO] [stderr]    Compiling getrandom v0.1.12
[INFO] [stderr]     Checking c2-chacha v0.2.2
[INFO] [stderr]     Checking trie-root v0.12.4
[INFO] [stderr]     Checking block-buffer v0.3.3
[INFO] [stderr]    Compiling clang-sys v0.26.4
[INFO] [stderr]     Checking lru-cache v0.1.2
[INFO] [stderr]     Checking linked_hash_set v0.1.3
[INFO] [stderr]     Checking textwrap v0.10.0
[INFO] [stderr]     Checking app_dirs v1.2.1
[INFO] [stderr]    Compiling libc v0.2.62
[INFO] [stderr]    Compiling typenum v1.11.2
[INFO] [stderr]     Checking log v0.4.8
[INFO] [stderr]    Compiling humantime v1.3.0
[INFO] [stderr]    Compiling memchr v2.2.1
[INFO] [stderr]    Compiling bitflags v1.1.0
[INFO] [stderr]     Checking tokio-executor v0.1.8
[INFO] [stderr]     Checking crossbeam-queue v0.1.2
[INFO] [stderr]     Checking crossbeam-channel v0.3.9
[INFO] [stderr]    Compiling proc-macro-hack v0.4.2
[INFO] [stderr]     Checking rand v0.4.6
[INFO] [stderr]     Checking rand v0.5.6
[INFO] [stderr]     Checking get_if_addrs v0.5.3
[INFO] [stderr]     Checking fs-swap v0.2.4
[INFO] [stderr]     Checking atty v0.2.13
[INFO] [stderr]     Checking fdlimit v0.1.1
[INFO] [stderr]    Compiling sr-std v1.0.0 (https://github.com/paritytech/substrate.git?rev=cc1d67e973fd02c0c997b164ba516cf041bf21f1#cc1d67e9)
[INFO] [stderr]    Compiling sr-io v1.0.0 (https://github.com/paritytech/substrate.git?rev=cc1d67e973fd02c0c997b164ba516cf041bf21f1#cc1d67e9)
[INFO] [stderr]    Compiling parking_lot_core v0.3.1
[INFO] [stderr]    Compiling snow v0.5.2
[INFO] [stderr]    Compiling safe-mix v1.0.0
[INFO] [stderr]    Compiling hyper v0.12.34
[INFO] [stderr]     Checking generic-array v0.8.3
[INFO] [stderr]     Checking generic-array v0.9.0
[INFO] [stderr]     Checking rand_chacha v0.1.1
[INFO] [stderr]     Checking elastic-array v0.10.2
[INFO] [stderr]     Checking hash256-std-hasher v0.12.4
[INFO] [stderr]     Checking tiny-keccak v1.5.0
[INFO] [stderr]     Checking nix v0.14.1
[INFO] [stderr]     Checking log v0.3.9
[INFO] [stderr]     Checking want v0.2.0
[INFO] [stderr]     Checking tokio-timer v0.2.11
[INFO] [stderr]     Checking tokio-current-thread v0.1.6
[INFO] [stderr]    Compiling hex-literal-impl v0.1.2
[INFO] [stderr]     Checking futures-cpupool v0.1.8
[INFO] [stderr]     Checking mio v0.6.19
[INFO] [stderr]    Compiling aho-corasick v0.7.6
[INFO] [stderr]    Compiling nom v4.2.3
[INFO] [stderr]    Compiling num_cpus v1.10.1
[INFO] [stderr]    Compiling time v0.1.42
[INFO] [stderr]     Checking rand_core v0.5.1
[INFO] [stderr]     Checking clap v2.32.0
[INFO] [stderr]     Checking bytes v0.4.12
[INFO] [stderr]     Checking parity-wasm v0.31.3
[INFO] [stderr]     Checking hashbrown v0.1.8
[INFO] [stderr]     Checking uint v0.7.1
[INFO] [stderr]     Checking base64 v0.9.3
[INFO] [stderr]     Checking base64 v0.10.1
[INFO] [stderr]     Checking dns-parser v0.8.0
[INFO] [stderr]     Checking bigint v4.4.1
[INFO] [stderr]     Checking block-buffer v0.7.3
[INFO] [stderr]     Checking crypto-mac v0.7.0
[INFO] [stderr]     Checking block-cipher-trait v0.6.2
[INFO] [stderr]     Checking stream-cipher v0.3.2
[INFO] [stderr]    Compiling generic-array v0.12.3
[INFO] [stderr]     Checking digest v0.6.2
[INFO] [stderr]     Checking crypto-mac v0.4.0
[INFO] [stderr]     Checking block-buffer v0.2.0
[INFO] [stderr]     Checking digest v0.7.6
[INFO] [stderr]     Checking crypto-mac v0.6.2
[INFO] [stderr]     Checking rand v0.3.23
[INFO] [stderr]     Checking parking_lot_core v0.2.14
[INFO] [stderr]     Checking mime v0.2.6
[INFO] [stderr]    Compiling blake2-rfc v0.2.18
[INFO] [stderr]     Checking slog-scope v4.1.2
[INFO] [stderr]     Checking slog-async v2.3.0
[INFO] [stderr]     Checking kvdb v0.1.0 (https://github.com/paritytech/parity-common?rev=b0317f649ab2c665b7987b8475878fc4d2e1f81d#b0317f64)
[INFO] [stderr]     Checking fixed-hash v0.3.2
[INFO] [stderr]    Compiling memoffset v0.5.1
[INFO] [stderr]    Compiling quote v1.0.2
[INFO] [stderr]     Checking rand_chacha v0.2.1
[INFO] [stderr]     Checking hex-literal v0.1.4
[INFO] [stderr]     Checking tokio-io v0.1.12
[INFO] [stderr]     Checking http v0.1.18
[INFO] [stderr]     Checking string v0.2.1
[INFO] [stderr]     Checking tokio-buf v0.1.1
[INFO] [stderr]     Checking mio-uds v0.6.7
[INFO] [stderr]     Checking mio-extras v2.0.5
[INFO] [stderr]     Checking sha2 v0.8.0
[INFO] [stderr]     Checking sha3 v0.8.2
[INFO] [stderr]     Checking sha-1 v0.8.1
[INFO] [stderr]     Checking ripemd160 v0.8.0
[INFO] [stderr]    Compiling asn1_der_derive v0.1.1
[INFO] [stderr]    Compiling strum_macros v0.14.0
[INFO] [stderr]    Compiling libp2p-core-derive v0.7.0
[INFO] [stderr]    Compiling srml-support-procedural-tools-derive v1.0.0 (https://github.com/paritytech/substrate.git?rev=cc1d67e973fd02c0c997b164ba516cf041bf21f1#cc1d67e9)
[INFO] [stderr]    Compiling jsonrpc-derive v10.1.0
[INFO] [stderr]    Compiling structopt-derive v0.2.18
[INFO] [stderr]     Checking hmac v0.7.1
[INFO] [stderr]     Checking pbkdf2 v0.3.0
[INFO] [stderr]     Checking blake2 v0.8.1
[INFO] [stderr]     Checking aes-soft v0.3.3
[INFO] [stderr]     Checking twofish v0.2.0
[INFO] [stderr]     Checking block-modes v0.3.3
[INFO] [stderr]     Checking ctr v0.3.2
[INFO] [stderr]     Checking globset v0.4.4
[INFO] [stderr]     Checking env_logger v0.6.2
[INFO] [stderr]    Compiling regex v1.3.1
[INFO] [stderr]     Checking hmac v0.4.2
[INFO] [stderr]    Compiling cexpr v0.3.5
[INFO] [stderr]     Checking sha2 v0.6.0
[INFO] [stderr]    Compiling digest v0.8.1
[INFO] [stderr]     Checking sha2 v0.7.1
[INFO] [stderr]     Checking hmac v0.6.3
[INFO] [stderr]     Checking pbkdf2 v0.2.3
[INFO] [stderr]     Checking cuckoofilter v0.3.2
[INFO] [stderr]     Checking parking_lot v0.5.5
[INFO] [stderr]     Checking crossbeam-epoch v0.7.2
[INFO] [stderr]     Checking hyper v0.10.16
[INFO] [stderr]     Checking wasmi-validation v0.1.0
[INFO] [stderr]     Checking rand v0.7.0
[INFO] [stderr]    Compiling syn v1.0.5
[INFO] [stderr]     Checking parking_lot_core v0.4.0
[INFO] [stderr]     Checking trie-db v0.12.4
[INFO] [stderr]    Compiling failure_derive v0.1.5
[INFO] [stderr]    Compiling malloc_size_of_derive v0.1.0
[INFO] [stderr]     Checking parity-ws v0.8.0
[INFO] [stderr]     Checking tokio-codec v0.1.1
[INFO] [stderr]     Checking rw-stream-sink v0.1.2
[INFO] [stderr]     Checking aes-ctr v0.3.0
[INFO] [stderr]     Checking aes v0.3.2
[INFO] [stderr]     Checking ctrlc v3.1.3
[INFO] [stderr]     Checking hmac-drbg v0.1.2
[INFO] [stderr]     Checking scrypt v0.1.2
[INFO] [stderr]     Checking parking_lot v0.6.4
[INFO] [stderr]     Checking asn1_der v0.6.2
[INFO] [stderr]     Checking aio-limited v0.1.0
[INFO] [stderr]     Checking crossbeam-deque v0.7.1
[INFO] [stderr]     Checking h2 v0.1.26
[INFO] [stderr]     Checking http-body v0.1.0
[INFO] [stderr]    Compiling chrono v0.4.9
[INFO] [stderr]     Checking wasmi v0.4.5
[INFO] [stderr]     Checking parking_lot v0.7.1
[INFO] [stderr]     Checking unsigned-varint v0.2.2
[INFO] [stderr]     Checking twox-hash v1.5.0
[INFO] [stderr]     Checking structopt v0.2.18
[INFO] [stderr]     Checking libsecp256k1 v0.2.2
[INFO] [stderr]     Checking yamux v0.2.1
[INFO] [stderr]     Checking tokio-threadpool v0.1.15
[INFO] [stderr]     Checking rayon-core v1.6.0
[INFO] [stderr]     Checking parity-multihash v0.1.3
[INFO] [stderr]     Checking multistream-select v0.4.0
[INFO] [stderr]     Checking once_cell v0.1.8
[INFO] [stderr]     Checking tokio-reactor v0.1.9
[INFO] [stderr]     Checking exit-future v0.1.4
[INFO] [stderr]     Checking rayon v1.2.0
[INFO] [stderr]     Checking tokio-fs v0.1.6
[INFO] [stderr]    Compiling vergen v3.0.4
[INFO] [stderr]     Checking tokio-tcp v0.1.3
[INFO] [stderr]     Checking tokio-udp v0.1.5
[INFO] [stderr]     Checking tokio-uds v0.2.5
[INFO] [stderr]     Checking tokio v0.1.22
[INFO] [stderr]     Checking tokio-dns-unofficial v0.4.0
[INFO] [stderr]     Checking tk-listen v0.2.1
[INFO] [stderr]    Compiling cc v1.0.26
[INFO] [stderr]    Compiling backtrace-sys v0.1.30
[INFO] [stderr]    Compiling clear_on_drop v0.2.3
[INFO] [stderr]    Compiling ring v0.14.6
[INFO] [stderr]    Compiling secp256k1 v0.12.2
[INFO] [stderr]    Compiling openssl-sys v0.9.49
[INFO] [stderr]    Compiling libloading v0.5.2
[INFO] [stderr]    Compiling serde_derive v1.0.100
[INFO] [stderr]    Compiling proc-macro-hack v0.5.9
[INFO] [stderr]     Checking merlin v1.2.0
[INFO] [stderr]     Checking parity-util-mem v0.1.0
[INFO] [stderr]    Compiling curve25519-dalek v1.2.3
[INFO] [stderr]     Checking memory-db v0.12.4
[INFO] [stderr]    Compiling backtrace v0.3.37
[INFO] [stderr]    Compiling openssl v0.10.24
[INFO] [stderr]    Compiling native-tls v0.2.3
[INFO] [stderr]    Compiling failure v0.1.5
[INFO] [stderr]     Checking substrate-panic-handler v1.0.0 (https://github.com/paritytech/substrate.git?rev=cc1d67e973fd02c0c997b164ba516cf041bf21f1#cc1d67e9)
[INFO] [stderr]     Checking error-chain v0.12.1
[INFO] [stderr]    Compiling which v2.0.1
[INFO] [stderr]    Compiling paste-impl v0.1.6
[INFO] [stderr]     Checking tiny-bip39 v0.6.2
[INFO] [stderr]     Checking ed25519-dalek v1.0.0-pre.1
[INFO] [stderr]     Checking x25519-dalek v0.5.2
[INFO] [stderr]    Compiling data-space v1.0.0 (/opt/rustwide/workdir)
[INFO] [stderr]     Checking schnorrkel v0.1.1
[INFO] [stderr]     Checking paste v0.1.6
[INFO] [stderr]     Checking substrate-bip39 v0.2.2
[INFO] [stderr]     Checking parity-crypto v0.3.1
[INFO] [stderr]     Checking ws v0.7.9
[INFO] [stderr]     Checking tokio-tls v0.2.1
[INFO] [stderr]     Checking websocket v0.22.4
[INFO] [stderr]     Checking impl-serde v0.2.1
[INFO] [stderr]     Checking impl-serde v0.1.1
[INFO] [stderr]     Checking parity-multiaddr v0.4.1
[INFO] [stderr]     Checking serde_json v1.0.40
[INFO] [stderr]    Compiling toml v0.5.3
[INFO] [stderr]    Compiling librocksdb-sys v5.18.3
[INFO] [stderr]     Checking libp2p-core v0.7.1
[INFO] [stderr]     Checking substrate-serializer v1.0.0 (https://github.com/paritytech/substrate.git?rev=cc1d67e973fd02c0c997b164ba516cf041bf21f1#cc1d67e9)
[INFO] [stderr]     Checking slog-json v2.3.0
[INFO] [stderr]     Checking jsonrpc-core v10.1.0
[INFO] [stderr]     Checking substrate-telemetry v1.0.0 (https://github.com/paritytech/substrate.git?rev=cc1d67e973fd02c0c997b164ba516cf041bf21f1#cc1d67e9)
[INFO] [stderr]    Compiling proc-macro-crate v0.1.4
[INFO] [stderr]     Checking jsonrpc-server-utils v10.1.0
[INFO] [stderr]     Checking jsonrpc-pubsub v10.1.0
[INFO] [stderr]    Compiling srml-support-procedural-tools v1.0.0 (https://github.com/paritytech/substrate.git?rev=cc1d67e973fd02c0c997b164ba516cf041bf21f1#cc1d67e9)
[INFO] [stderr]    Compiling parity-codec-derive v3.3.0
[INFO] [stderr]    Compiling sr-api-macros v1.0.0 (https://github.com/paritytech/substrate.git?rev=cc1d67e973fd02c0c997b164ba516cf041bf21f1#cc1d67e9)
[INFO] [stderr]     Checking jsonrpc-ws-server v10.1.0
[INFO] [stderr]     Checking jsonrpc-http-server v10.1.0
[INFO] [stderr]     Checking libp2p-dns v0.7.0
[INFO] [stderr]     Checking libp2p-kad v0.7.0
[INFO] [stderr]     Checking libp2p-tcp v0.7.2
[INFO] [stderr]     Checking libp2p-noise v0.5.0
[INFO] [stderr]     Checking libp2p-yamux v0.7.0
[INFO] [stderr]     Checking libp2p-identify v0.7.0
[INFO] [stderr]     Checking libp2p-secio v0.7.0
[INFO] [stderr]     Checking libp2p-uds v0.7.0
[INFO] [stderr]     Checking libp2p-websocket v0.7.0
[INFO] [stderr]     Checking libp2p-floodsub v0.7.0
[INFO] [stderr]     Checking libp2p-plaintext v0.7.0
[INFO] [stderr]     Checking libp2p-ping v0.7.0
[INFO] [stderr]     Checking libp2p-mdns v0.7.0
[INFO] [stderr]     Checking libp2p-ratelimit v0.7.0
[INFO] [stderr]     Checking libp2p-mplex v0.7.0
[INFO] [stderr]     Checking libp2p v0.7.0
[INFO] [stdout] error: internal compiler error: unexpected concrete region in borrowck: ReStatic
[INFO] [stdout]    --> /opt/rustwide/cargo-home/registry/src/github.com-1ecc6299db9ec823/libp2p-0.7.0/src/lib.rs:237:1
[INFO] [stdout]     |
[INFO] [stdout] 237 | / pub fn build_tcp_ws_secio_mplex_yamux(keypair: identity::Keypair)
[INFO] [stdout] 238 | |     -> impl Transport<Output = (PeerId, impl core::muxing::StreamMuxer<OutboundSubstream = impl Send, Substream = impl Send> + Send + Syn...
[INFO] [stdout] 239 | | {
[INFO] [stdout] 240 | |     CommonTransport::new()
[INFO] [stdout] ...   |
[INFO] [stdout] 253 | |         .with_timeout(Duration::from_secs(20))
[INFO] [stdout] 254 | | }
[INFO] [stdout]     | |_^
[INFO] [stdout]     |
[INFO] [stdout]     = note: delayed at compiler/rustc_mir/src/borrow_check/region_infer/opaque_types.rs:87:44
[INFO] [stdout] 
[INFO] [stdout] 
[INFO] [stderr] thread 'rustc' panicked at 'no errors encountered even though `delay_span_bug` issued', compiler/rustc_errors/src/lib.rs:1050:13
[INFO] [stderr] stack backtrace:
[INFO] [stderr]    0:     0x7f754cfcbb00 - std::backtrace_rs::backtrace::libunwind::trace::hff4d1766e93f64f1
[INFO] [stderr]                                at /rustc/53fd98ca776cb875bc9e5514f56b52eb74f9e7a9/library/std/src/../../backtrace/src/backtrace/libunwind.rs:90:5
[INFO] [stderr]    1:     0x7f754cfcbb00 - std::backtrace_rs::backtrace::trace_unsynchronized::h56bbc8eb78770bcb
[INFO] [stderr]                                at /rustc/53fd98ca776cb875bc9e5514f56b52eb74f9e7a9/library/std/src/../../backtrace/src/backtrace/mod.rs:66:5
[INFO] [stderr]    2:     0x7f754cfcbb00 - std::sys_common::backtrace::_print_fmt::h5c8e75464faca780
[INFO] [stderr]                                at /rustc/53fd98ca776cb875bc9e5514f56b52eb74f9e7a9/library/std/src/sys_common/backtrace.rs:67:5
[INFO] [stderr]    3:     0x7f754cfcbb00 - <std::sys_common::backtrace::_print::DisplayBacktrace as core::fmt::Display>::fmt::h48b88277def8b362
[INFO] [stderr]                                at /rustc/53fd98ca776cb875bc9e5514f56b52eb74f9e7a9/library/std/src/sys_common/backtrace.rs:46:22
[INFO] [stderr]    4:     0x7f754d03963c - core::fmt::write::h3381b3176fe2b3d3
[INFO] [stderr]                                at /rustc/53fd98ca776cb875bc9e5514f56b52eb74f9e7a9/library/core/src/fmt/mod.rs:1115:17
[INFO] [stderr]    5:     0x7f754cfbd3e5 - std::io::Write::write_fmt::hd42607e5d8e44db0
[INFO] [stderr]                                at /rustc/53fd98ca776cb875bc9e5514f56b52eb74f9e7a9/library/std/src/io/mod.rs:1665:15
[INFO] [stderr]    6:     0x7f754cfcf81b - std::sys_common::backtrace::_print::ha537687d6c17dd0d
[INFO] [stderr]                                at /rustc/53fd98ca776cb875bc9e5514f56b52eb74f9e7a9/library/std/src/sys_common/backtrace.rs:49:5
[INFO] [stderr]    7:     0x7f754cfcf81b - std::sys_common::backtrace::print::h61376ae57d131d72
[INFO] [stderr]                                at /rustc/53fd98ca776cb875bc9e5514f56b52eb74f9e7a9/library/std/src/sys_common/backtrace.rs:36:9
[INFO] [stderr]    8:     0x7f754cfcf81b - std::panicking::default_hook::{{closure}}::h0f7208c0b9644a54
[INFO] [stderr]                                at /rustc/53fd98ca776cb875bc9e5514f56b52eb74f9e7a9/library/std/src/panicking.rs:208:50
[INFO] [stderr]    9:     0x7f754cfcf2f1 - std::panicking::default_hook::hdac7fc06578c14ce
[INFO] [stderr]                                at /rustc/53fd98ca776cb875bc9e5514f56b52eb74f9e7a9/library/std/src/panicking.rs:225:9
[INFO] [stderr]   10:     0x7f754d7a9531 - rustc_driver::DEFAULT_HOOK::{{closure}}::{{closure}}::he0fb23ee363efe57
[INFO] [stderr]   11:     0x7f754cfd0049 - std::panicking::rust_panic_with_hook::h72b21c283da3d1ef
[INFO] [stderr]                                at /rustc/53fd98ca776cb875bc9e5514f56b52eb74f9e7a9/library/std/src/panicking.rs:626:17
[INFO] [stderr]   12:     0x7f754cfcfb07 - std::panicking::begin_panic_handler::{{closure}}::he5778f1729cff84a
[INFO] [stderr]                                at /rustc/53fd98ca776cb875bc9e5514f56b52eb74f9e7a9/library/std/src/panicking.rs:519:13
[INFO] [stderr]   13:     0x7f754cfcbfdc - std::sys_common::backtrace::__rust_end_short_backtrace::h2d11ca8b453b4b1d
[INFO] [stderr]                                at /rustc/53fd98ca776cb875bc9e5514f56b52eb74f9e7a9/library/std/src/sys_common/backtrace.rs:141:18
[INFO] [stderr]   14:     0x7f754cfcfa69 - rust_begin_unwind
[INFO] [stderr]                                at /rustc/53fd98ca776cb875bc9e5514f56b52eb74f9e7a9/library/std/src/panicking.rs:515:5
[INFO] [stderr]   15:     0x7f754cf98a6b - std::panicking::begin_panic_fmt::h746518bde832d259
[INFO] [stderr]                                at /rustc/53fd98ca776cb875bc9e5514f56b52eb74f9e7a9/library/std/src/panicking.rs:457:5
[INFO] [stderr]   16:     0x7f754fc0d1a9 - rustc_errors::HandlerInner::flush_delayed::h68abfe220c70dca1
[INFO] [stderr]   17:     0x7f754fc0bc0d - <rustc_errors::HandlerInner as core::ops::drop::Drop>::drop::hd769a4292ac9bfa2
[INFO] [stderr]   18:     0x7f754f2c08d6 - core::ptr::drop_in_place<rustc_session::parse::ParseSess>::h3c16055fae7b64de
[INFO] [stderr]   19:     0x7f754f2c2a1e - <alloc::rc::Rc<T> as core::ops::drop::Drop>::drop::ha02c0db4efb40d0e
[INFO] [stderr]   20:     0x7f754f297cfd - core::ptr::drop_in_place<rustc_interface::interface::Compiler>::h4b986457436dbab5
[INFO] [stderr]   21:     0x7f754f2972e3 - rustc_span::with_source_map::h46995da78fbfb2ca
[INFO] [stderr]   22:     0x7f754f2a8bca - rustc_interface::interface::create_compiler_and_run::hdd0d8e5ea2028f60
[INFO] [stderr]   23:     0x7f754f29bc49 - scoped_tls::ScopedKey<T>::set::h4889fb0c1fafdd05
[INFO] [stderr]   24:     0x7f754f29866a - std::sys_common::backtrace::__rust_begin_short_backtrace::h78e9a1a2353d1913
[INFO] [stderr]   25:     0x7f754f297ab5 - core::ops::function::FnOnce::call_once{{vtable.shim}}::hb838edfbc6ca2ea1
[INFO] [stderr]   26:     0x7f754cfdc5d7 - <alloc::boxed::Box<F,A> as core::ops::function::FnOnce<Args>>::call_once::h65c29e4642be2358
[INFO] [stderr]                                at /rustc/53fd98ca776cb875bc9e5514f56b52eb74f9e7a9/library/alloc/src/boxed.rs:1572:9
[INFO] [stderr]   27:     0x7f754cfdc5d7 - <alloc::boxed::Box<F,A> as core::ops::function::FnOnce<Args>>::call_once::hd0f8f7fbbd9fffbf
[INFO] [stderr]                                at /rustc/53fd98ca776cb875bc9e5514f56b52eb74f9e7a9/library/alloc/src/boxed.rs:1572:9
[INFO] [stderr]   28:     0x7f754cfdc5d7 - std::sys::unix::thread::Thread::new::thread_start::h2fd22fee3ca77b65
[INFO] [stderr]                                at /rustc/53fd98ca776cb875bc9e5514f56b52eb74f9e7a9/library/std/src/sys/unix/thread.rs:74:17
[INFO] [stderr]   29:     0x7f754cef8609 - start_thread
[INFO] [stderr]   30:     0x7f754ce0c293 - clone
[INFO] [stderr]   31:                0x0 - <unknown>
[INFO] [stderr] 
[INFO] [stderr] error: internal compiler error: unexpected panic
[INFO] [stderr] 
[INFO] [stderr] note: the compiler unexpectedly panicked. this is a bug.
[INFO] [stderr] 
[INFO] [stderr] note: we would appreciate a bug report: https://github.com/rust-lang/rust/issues/new?labels=C-bug%2C+I-ICE%2C+T-compiler&template=ice.md
[INFO] [stderr] 
[INFO] [stderr] note: rustc 1.55.0-beta.3 (53fd98ca7 2021-07-31) running on x86_64-unknown-linux-gnu
[INFO] [stderr] 
[INFO] [stderr] note: compiler flags: -C embed-bitcode=no -C debuginfo=2 --crate-type lib
[INFO] [stderr] 
[INFO] [stderr] note: some of the compiler flags provided by cargo are hidden
[INFO] [stderr] 
[INFO] [stderr] query stack during panic:
[INFO] [stderr] end of query stack
[INFO] [stderr] error: could not compile `libp2p`
[INFO] [stderr] warning: build failed, waiting for other jobs to finish...
[INFO] [stderr] The following warnings were emitted during compilation:
[INFO] [stderr] 
[INFO] [stderr] warning: c++: fatal error: Killed signal terminated program cc1plus
[INFO] [stderr] warning: compilation terminated.
[INFO] [stderr] warning: c++: fatal error: Killed signal terminated program cc1plus
[INFO] [stderr] warning: compilation terminated.
[INFO] [stderr] warning: c++: fatal error: Killed signal terminated program cc1plus
[INFO] [stderr] warning: compilation terminated.
[INFO] [stderr] warning: In file included from rocksdb/db/memtable.h:21,
[INFO] [stderr] warning:                  from rocksdb/db/memtable_list.h:17,
[INFO] [stderr] warning:                  from rocksdb/db/column_family.h:17,
[INFO] [stderr] warning:                  from rocksdb/db/event_helpers.h:11,
[INFO] [stderr] warning:                  from rocksdb/db/event_helpers.cc:6:
[INFO] [stderr] warning: rocksdb/db/version_edit.h: In constructor 'rocksdb::FdWithKeyRange::FdWithKeyRange(rocksdb::FileDescriptor, rocksdb::Slice, rocksdb::Slice, rocksdb::FileMetaData*)':
[INFO] [stderr] warning: rocksdb/db/version_edit.h:178:33: warning: implicitly-declared 'constexpr rocksdb::FileDescriptor::FileDescriptor(const rocksdb::FileDescriptor&)' is deprecated [-Wdeprecated-copy]
[INFO] [stderr] warning:   178 |         largest_key(_largest_key) {}
[INFO] [stderr] warning:       |                                 ^
[INFO] [stderr] warning: rocksdb/db/version_edit.h:55:19: note: because 'rocksdb::FileDescriptor' has user-provided 'rocksdb::FileDescriptor& rocksdb::FileDescriptor::operator=(const rocksdb::FileDescriptor&)'
[INFO] [stderr] warning:    55 |   FileDescriptor& operator=(const FileDescriptor& fd) {
[INFO] [stderr] warning:       |                   ^~~~~~~~
[INFO] [stderr] warning: c++: fatal error: Killed signal terminated program cc1plus
[INFO] [stderr] warning: compilation terminated.
[INFO] [stderr] warning: In file included from rocksdb/db/memtable.h:21,
[INFO] [stderr] warning:                  from rocksdb/db/memtable_list.h:17,
[INFO] [stderr] warning:                  from rocksdb/db/column_family.h:17,
[INFO] [stderr] warning:                  from rocksdb/db/db_impl.h:22,
[INFO] [stderr] warning:                  from rocksdb/db/convenience.cc:11:
[INFO] [stderr] warning: rocksdb/db/version_edit.h: In constructor 'rocksdb::FdWithKeyRange::FdWithKeyRange(rocksdb::FileDescriptor, rocksdb::Slice, rocksdb::Slice, rocksdb::FileMetaData*)':
[INFO] [stderr] warning: rocksdb/db/version_edit.h:178:33: warning: implicitly-declared 'constexpr rocksdb::FileDescriptor::FileDescriptor(const rocksdb::FileDescriptor&)' is deprecated [-Wdeprecated-copy]
[INFO] [stderr] warning:   178 |         largest_key(_largest_key) {}
[INFO] [stderr] warning:       |                                 ^
[INFO] [stderr] warning: rocksdb/db/version_edit.h:55:19: note: because 'rocksdb::FileDescriptor' has user-provided 'rocksdb::FileDescriptor& rocksdb::FileDescriptor::operator=(const rocksdb::FileDescriptor&)'
[INFO] [stderr] warning:    55 |   FileDescriptor& operator=(const FileDescriptor& fd) {
[INFO] [stderr] warning:       |                   ^~~~~~~~
[INFO] [stderr] warning: In file included from rocksdb/db/memtable.h:21,
[INFO] [stderr] warning:                  from rocksdb/db/memtable_list.h:17,
[INFO] [stderr] warning:                  from rocksdb/db/column_family.h:17,
[INFO] [stderr] warning:                  from rocksdb/db/version_set.h:31,
[INFO] [stderr] warning:                  from rocksdb/db/compaction.h:11,
[INFO] [stderr] warning:                  from rocksdb/db/compaction_iterator.h:12,
[INFO] [stderr] warning:                  from rocksdb/db/builder.cc:16:
[INFO] [stderr] warning: rocksdb/db/version_edit.h: In constructor 'rocksdb::FdWithKeyRange::FdWithKeyRange(rocksdb::FileDescriptor, rocksdb::Slice, rocksdb::Slice, rocksdb::FileMetaData*)':
[INFO] [stderr] warning: rocksdb/db/version_edit.h:178:33: warning: implicitly-declared 'constexpr rocksdb::FileDescriptor::FileDescriptor(const rocksdb::FileDescriptor&)' is deprecated [-Wdeprecated-copy]
[INFO] [stderr] warning:   178 |         largest_key(_largest_key) {}
[INFO] [stderr] warning:       |                                 ^
[INFO] [stderr] warning: rocksdb/db/version_edit.h:55:19: note: because 'rocksdb::FileDescriptor' has user-provided 'rocksdb::FileDescriptor& rocksdb::FileDescriptor::operator=(const rocksdb::FileDescriptor&)'
[INFO] [stderr] warning:    55 |   FileDescriptor& operator=(const FileDescriptor& fd) {
[INFO] [stderr] warning:       |                   ^~~~~~~~
[INFO] [stderr] warning: In file included from rocksdb/db/memtable.h:21,
[INFO] [stderr] warning:                  from rocksdb/db/memtable_list.h:17,
[INFO] [stderr] warning:                  from rocksdb/db/column_family.h:17,
[INFO] [stderr] warning:                  from rocksdb/db/db_impl.h:22,
[INFO] [stderr] warning:                  from rocksdb/db/compacted_db_impl.h:8,
[INFO] [stderr] warning:                  from rocksdb/db/compacted_db_impl.cc:7:
[INFO] [stderr] warning: rocksdb/db/version_edit.h: In constructor 'rocksdb::FdWithKeyRange::FdWithKeyRange(rocksdb::FileDescriptor, rocksdb::Slice, rocksdb::Slice, rocksdb::FileMetaData*)':
[INFO] [stderr] warning: rocksdb/db/version_edit.h:178:33: warning: implicitly-declared 'constexpr rocksdb::FileDescriptor::FileDescriptor(const rocksdb::FileDescriptor&)' is deprecated [-Wdeprecated-copy]
[INFO] [stderr] warning:   178 |         largest_key(_largest_key) {}
[INFO] [stderr] warning:       |                                 ^
[INFO] [stderr] warning: rocksdb/db/version_edit.h:55:19: note: because 'rocksdb::FileDescriptor' has user-provided 'rocksdb::FileDescriptor& rocksdb::FileDescriptor::operator=(const rocksdb::FileDescriptor&)'
[INFO] [stderr] warning:    55 |   FileDescriptor& operator=(const FileDescriptor& fd) {
[INFO] [stderr] warning:       |                   ^~~~~~~~
[INFO] [stderr] warning: c++: fatal error: Killed signal terminated program cc1plus
[INFO] [stderr] warning: compilation terminated.
[INFO] [stderr] warning: In file included from rocksdb/db/range_del_aggregator.h:21,
[INFO] [stderr] warning:                  from rocksdb/db/merge_helper.h:14,
[INFO] [stderr] warning:                  from rocksdb/table/get_context.cc:7:
[INFO] [stderr] warning: rocksdb/db/version_edit.h: In constructor 'rocksdb::FdWithKeyRange::FdWithKeyRange(rocksdb::FileDescriptor, rocksdb::Slice, rocksdb::Slice, rocksdb::FileMetaData*)':
[INFO] [stderr] warning: rocksdb/db/version_edit.h:178:33: warning: implicitly-declared 'constexpr rocksdb::FileDescriptor::FileDescriptor(const rocksdb::FileDescriptor&)' is deprecated [-Wdeprecated-copy]
[INFO] [stderr] warning:   178 |         largest_key(_largest_key) {}
[INFO] [stderr] warning:       |                                 ^
[INFO] [stderr] warning: rocksdb/db/version_edit.h:55:19: note: because 'rocksdb::FileDescriptor' has user-provided 'rocksdb::FileDescriptor& rocksdb::FileDescriptor::operator=(const rocksdb::FileDescriptor&)'
[INFO] [stderr] warning:    55 |   FileDescriptor& operator=(const FileDescriptor& fd) {
[INFO] [stderr] warning:       |                   ^~~~~~~~
[INFO] [stderr] warning: In file included from rocksdb/db/memtable.h:21,
[INFO] [stderr] warning:                  from rocksdb/db/memtable_list.h:17,
[INFO] [stderr] warning:                  from rocksdb/db/column_family.h:17,
[INFO] [stderr] warning:                  from rocksdb/utilities/blob_db/blob_file.cc:19:
[INFO] [stderr] warning: rocksdb/db/version_edit.h: In constructor 'rocksdb::FdWithKeyRange::FdWithKeyRange(rocksdb::FileDescriptor, rocksdb::Slice, rocksdb::Slice, rocksdb::FileMetaData*)':
[INFO] [stderr] warning: rocksdb/db/version_edit.h:178:33: warning: implicitly-declared 'constexpr rocksdb::FileDescriptor::FileDescriptor(const rocksdb::FileDescriptor&)' is deprecated [-Wdeprecated-copy]
[INFO] [stderr] warning:   178 |         largest_key(_largest_key) {}
[INFO] [stderr] warning:       |                                 ^
[INFO] [stderr] warning: rocksdb/db/version_edit.h:55:19: note: because 'rocksdb::FileDescriptor' has user-provided 'rocksdb::FileDescriptor& rocksdb::FileDescriptor::operator=(const rocksdb::FileDescriptor&)'
[INFO] [stderr] warning:    55 |   FileDescriptor& operator=(const FileDescriptor& fd) {
[INFO] [stderr] warning:       |                   ^~~~~~~~
[INFO] [stderr] warning: c++: fatal error: Killed signal terminated program cc1plus
[INFO] [stderr] warning: compilation terminated.
[INFO] [stderr] warning: rocksdb/db/version_edit.h: In instantiation of 'constexpr std::pair<_T1, _T2>::pair(_U1&&, _U2&&) [with _U1 = int&; _U2 = rocksdb::FileMetaData; typename std::enable_if<(std::_PCC<true, _T1, _T2>::_MoveConstructiblePair<_U1, _U2>() && std::_PCC<true, _T1, _T2>::_ImplicitlyMoveConvertiblePair<_U1, _U2>()), bool>::type <anonymous> = true; _T1 = int; _T2 = rocksdb::FileMetaData]':
[INFO] [stderr] warning: /usr/include/c++/9/ext/new_allocator.h:147:4:   required from 'void __gnu_cxx::new_allocator<_Tp>::construct(_Up*, _Args&& ...) [with _Up = std::pair<int, rocksdb::FileMetaData>; _Args = {int&, rocksdb::FileMetaData}; _Tp = std::pair<int, rocksdb::FileMetaData>]'
[INFO] [stderr] warning: /usr/include/c++/9/bits/alloc_traits.h:484:4:   required from 'static void std::allocator_traits<std::allocator<_CharT> >::construct(std::allocator_traits<std::allocator<_CharT> >::allocator_type&, _Up*, _Args&& ...) [with _Up = std::pair<int, rocksdb::FileMetaData>; _Args = {int&, rocksdb::FileMetaData}; _Tp = std::pair<int, rocksdb::FileMetaData>; std::allocator_traits<std::allocator<_CharT> >::allocator_type = std::allocator<std::pair<int, rocksdb::FileMetaData> >]'
[INFO] [stderr] warning: /usr/include/c++/9/bits/vector.tcc:115:30:   required from 'void std::vector<_Tp, _Alloc>::emplace_back(_Args&& ...) [with _Args = {int&, rocksdb::FileMetaData}; _Tp = std::pair<int, rocksdb::FileMetaData>; _Alloc = std::allocator<std::pair<int, rocksdb::FileMetaData> >]'
[INFO] [stderr] warning: rocksdb/db/version_edit.h:249:48:   required from here
[INFO] [stderr] warning: rocksdb/db/version_edit.h:86:8: warning: implicitly-declared 'constexpr rocksdb::FileDescriptor::FileDescriptor(const rocksdb::FileDescriptor&)' is deprecated [-Wdeprecated-copy]
[INFO] [stderr] warning:    86 | struct FileMetaData {
[INFO] [stderr] warning:       |        ^~~~~~~~~~~~
[INFO] [stderr] warning: rocksdb/db/version_edit.h:55:19: note: because 'rocksdb::FileDescriptor' has user-provided 'rocksdb::FileDescriptor& rocksdb::FileDescriptor::operator=(const rocksdb::FileDescriptor&)'
[INFO] [stderr] warning:    55 |   FileDescriptor& operator=(const FileDescriptor& fd) {
[INFO] [stderr] warning:       |                   ^~~~~~~~
[INFO] [stderr] warning: In file included from /usr/include/c++/9/bits/stl_algobase.h:64,
[INFO] [stderr] warning:                  from /usr/include/c++/9/bits/char_traits.h:39,
[INFO] [stderr] warning:                  from /usr/include/c++/9/string:40,
[INFO] [stderr] warning:                  from rocksdb/table/get_context.h:7,
[INFO] [stderr] warning:                  from rocksdb/table/get_context.cc:6:
[INFO] [stderr] warning: /usr/include/c++/9/bits/stl_pair.h:342:64: note: synthesized method 'rocksdb::FileMetaData::FileMetaData(rocksdb::FileMetaData&&)' first required here
[INFO] [stderr] warning:   342 |  : first(std::forward<_U1>(__x)), second(std::forward<_U2>(__y)) { }
[INFO] [stderr] warning:       |                                                                ^
[INFO] [stderr] warning: In file included from rocksdb/db/range_del_aggregator.h:21,
[INFO] [stderr] warning:                  from rocksdb/db/merge_helper.h:14,
[INFO] [stderr] warning:                  from rocksdb/table/get_context.cc:7:
[INFO] [stderr] warning: rocksdb/db/version_edit.h: In instantiation of 'constexpr std::pair<_T1, _T2>::pair(_U1&&, const _T2&) [with _U1 = int&; typename std::enable_if<std::_PCC<true, _T1, _T2>::_MoveCopyPair<true, _U1, _T2>(), bool>::type <anonymous> = true; _T1 = int; _T2 = rocksdb::FileMetaData]':
[INFO] [stderr] warning: /usr/include/c++/9/ext/new_allocator.h:147:4:   required from 'void __gnu_cxx::new_allocator<_Tp>::construct(_Up*, _Args&& ...) [with _Up = std::pair<int, rocksdb::FileMetaData>; _Args = {int&, const rocksdb::FileMetaData&}; _Tp = std::pair<int, rocksdb::FileMetaData>]'
[INFO] [stderr] warning: /usr/include/c++/9/bits/alloc_traits.h:484:4:   required from 'static void std::allocator_traits<std::allocator<_CharT> >::construct(std::allocator_traits<std::allocator<_CharT> >::allocator_type&, _Up*, _Args&& ...) [with _Up = std::pair<int, rocksdb::FileMetaData>; _Args = {int&, const rocksdb::FileMetaData&}; _Tp = std::pair<int, rocksdb::FileMetaData>; std::allocator_traits<std::allocator<_CharT> >::allocator_type = std::allocator<std::pair<int, rocksdb::FileMetaData> >]'
[INFO] [stderr] warning: /usr/include/c++/9/bits/vector.tcc:115:30:   required from 'void std::vector<_Tp, _Alloc>::emplace_back(_Args&& ...) [with _Args = {int&, const rocksdb::FileMetaData&}; _Tp = std::pair<int, rocksdb::FileMetaData>; _Alloc = std::allocator<std::pair<int, rocksdb::FileMetaData> >]'
[INFO] [stderr] warning: rocksdb/db/version_edit.h:254:37:   required from here
[INFO] [stderr] warning: rocksdb/db/version_edit.h:86:8: warning: implicitly-declared 'constexpr rocksdb::FileDescriptor::FileDescriptor(const rocksdb::FileDescriptor&)' is deprecated [-Wdeprecated-copy]
[INFO] [stderr] warning:    86 | struct FileMetaData {
[INFO] [stderr] warning:       |        ^~~~~~~~~~~~
[INFO] [stderr] warning: rocksdb/db/version_edit.h:55:19: note: because 'rocksdb::FileDescriptor' has user-provided 'rocksdb::FileDescriptor& rocksdb::FileDescriptor::operator=(const rocksdb::FileDescriptor&)'
[INFO] [stderr] warning:    55 |   FileDescriptor& operator=(const FileDescriptor& fd) {
[INFO] [stderr] warning:       |                   ^~~~~~~~
[INFO] [stderr] warning: In file included from /usr/include/c++/9/bits/stl_algobase.h:64,
[INFO] [stderr] warning:                  from /usr/include/c++/9/bits/char_traits.h:39,
[INFO] [stderr] warning:                  from /usr/include/c++/9/string:40,
[INFO] [stderr] warning:                  from rocksdb/table/get_context.h:7,
[INFO] [stderr] warning:                  from rocksdb/table/get_context.cc:6:
[INFO] [stderr] warning: /usr/include/c++/9/bits/stl_pair.h:312:51: note: synthesized method 'rocksdb::FileMetaData::FileMetaData(const rocksdb::FileMetaData&)' first required here
[INFO] [stderr] warning:   312 |        : first(std::forward<_U1>(__x)), second(__y) { }
[INFO] [stderr] warning:       |                                                   ^
[INFO] [stderr] warning: c++: fatal error: Killed signal terminated program cc1plus
[INFO] [stderr] warning: compilation terminated.
[INFO] [stderr] warning: rocksdb/db/version_edit.h: In instantiation of 'constexpr std::pair<_T1, _T2>::pair(_U1&&, _U2&&) [with _U1 = int&; _U2 = rocksdb::FileMetaData; typename std::enable_if<(std::_PCC<true, _T1, _T2>::_MoveConstructiblePair<_U1, _U2>() && std::_PCC<true, _T1, _T2>::_ImplicitlyMoveConvertiblePair<_U1, _U2>()), bool>::type <anonymous> = true; _T1 = int; _T2 = rocksdb::FileMetaData]':
[INFO] [stderr] warning: /usr/include/c++/9/ext/new_allocator.h:147:4:   required from 'void __gnu_cxx::new_allocator<_Tp>::construct(_Up*, _Args&& ...) [with _Up = std::pair<int, rocksdb::FileMetaData>; _Args = {int&, rocksdb::FileMetaData}; _Tp = std::pair<int, rocksdb::FileMetaData>]'
[INFO] [stderr] warning: /usr/include/c++/9/bits/alloc_traits.h:484:4:   required from 'static void std::allocator_traits<std::allocator<_Tp1> >::construct(std::allocator_traits<std::allocator<_Tp1> >::allocator_type&, _Up*, _Args&& ...) [with _Up = std::pair<int, rocksdb::FileMetaData>; _Args = {int&, rocksdb::FileMetaData}; _Tp = std::pair<int, rocksdb::FileMetaData>; std::allocator_traits<std::allocator<_Tp1> >::allocator_type = std::allocator<std::pair<int, rocksdb::FileMetaData> >]'
[INFO] [stderr] warning: /usr/include/c++/9/bits/vector.tcc:115:30:   required from 'void std::vector<_Tp, _Alloc>::emplace_back(_Args&& ...) [with _Args = {int&, rocksdb::FileMetaData}; _Tp = std::pair<int, rocksdb::FileMetaData>; _Alloc = std::allocator<std::pair<int, rocksdb::FileMetaData> >]'
[INFO] [stderr] warning: rocksdb/db/version_edit.h:249:48:   required from here
[INFO] [stderr] warning: rocksdb/db/version_edit.h:86:8: warning: implicitly-declared 'constexpr rocksdb::FileDescriptor::FileDescriptor(const rocksdb::FileDescriptor&)' is deprecated [-Wdeprecated-copy]
[INFO] [stderr] warning:    86 | struct FileMetaData {
[INFO] [stderr] warning:       |        ^~~~~~~~~~~~
[INFO] [stderr] warning: rocksdb/db/version_edit.h:55:19: note: because 'rocksdb::FileDescriptor' has user-provided 'rocksdb::FileDescriptor& rocksdb::FileDescriptor::operator=(const rocksdb::FileDescriptor&)'
[INFO] [stderr] warning:    55 |   FileDescriptor& operator=(const FileDescriptor& fd) {
[INFO] [stderr] warning:       |                   ^~~~~~~~
[INFO] [stderr] warning: In file included from /usr/include/c++/9/bits/stl_algobase.h:64,
[INFO] [stderr] warning:                  from /usr/include/c++/9/deque:60,
[INFO] [stderr] warning:                  from rocksdb/db/db_impl.h:12,
[INFO] [stderr] warning:                  from rocksdb/db/compacted_db_impl.h:8,
[INFO] [stderr] warning:                  from rocksdb/db/compacted_db_impl.cc:7:
[INFO] [stderr] warning: /usr/include/c++/9/bits/stl_pair.h:342:64: note: synthesized method 'rocksdb::FileMetaData::FileMetaData(rocksdb::FileMetaData&&)' first required here
[INFO] [stderr] warning:   342 |  : first(std::forward<_U1>(__x)), second(std::forward<_U2>(__y)) { }
[INFO] [stderr] warning:       |                                                                ^
[INFO] [stderr] warning: In file included from rocksdb/db/memtable.h:21,
[INFO] [stderr] warning:                  from rocksdb/db/memtable_list.h:17,
[INFO] [stderr] warning:                  from rocksdb/db/column_family.h:17,
[INFO] [stderr] warning:                  from rocksdb/db/db_impl.h:22,
[INFO] [stderr] warning:                  from rocksdb/db/compacted_db_impl.h:8,
[INFO] [stderr] warning:                  from rocksdb/db/compacted_db_impl.cc:7:
[INFO] [stderr] warning: rocksdb/db/version_edit.h: In instantiation of 'constexpr std::pair<_T1, _T2>::pair(_U1&&, const _T2&) [with _U1 = int&; typename std::enable_if<std::_PCC<true, _T1, _T2>::_MoveCopyPair<true, _U1, _T2>(), bool>::type <anonymous> = true; _T1 = int; _T2 = rocksdb::FileMetaData]':
[INFO] [stderr] warning: /usr/include/c++/9/ext/new_allocator.h:147:4:   required from 'void __gnu_cxx::new_allocator<_Tp>::construct(_Up*, _Args&& ...) [with _Up = std::pair<int, rocksdb::FileMetaData>; _Args = {int&, const rocksdb::FileMetaData&}; _Tp = std::pair<int, rocksdb::FileMetaData>]'
[INFO] [stderr] warning: /usr/include/c++/9/bits/alloc_traits.h:484:4:   required from 'static void std::allocator_traits<std::allocator<_Tp1> >::construct(std::allocator_traits<std::allocator<_Tp1> >::allocator_type&, _Up*, _Args&& ...) [with _Up = std::pair<int, rocksdb::FileMetaData>; _Args = {int&, const rocksdb::FileMetaData&}; _Tp = std::pair<int, rocksdb::FileMetaData>; std::allocator_traits<std::allocator<_Tp1> >::allocator_type = std::allocator<std::pair<int, rocksdb::FileMetaData> >]'
[INFO] [stderr] warning: /usr/include/c++/9/bits/vector.tcc:115:30:   required from 'void std::vector<_Tp, _Alloc>::emplace_back(_Args&& ...) [with _Args = {int&, const rocksdb::FileMetaData&}; _Tp = std::pair<int, rocksdb::FileMetaData>; _Alloc = std::allocator<std::pair<int, rocksdb::FileMetaData> >]'
[INFO] [stderr] warning: rocksdb/db/version_edit.h:254:37:   required from here
[INFO] [stderr] warning: rocksdb/db/version_edit.h:86:8: warning: implicitly-declared 'constexpr rocksdb::FileDescriptor::FileDescriptor(const rocksdb::FileDescriptor&)' is deprecated [-Wdeprecated-copy]
[INFO] [stderr] warning:    86 | struct FileMetaData {
[INFO] [stderr] warning:       |        ^~~~~~~~~~~~
[INFO] [stderr] warning: rocksdb/db/version_edit.h:55:19: note: because 'rocksdb::FileDescriptor' has user-provided 'rocksdb::FileDescriptor& rocksdb::FileDescriptor::operator=(const rocksdb::FileDescriptor&)'
[INFO] [stderr] warning:    55 |   FileDescriptor& operator=(const FileDescriptor& fd) {
[INFO] [stderr] warning:       |                   ^~~~~~~~
[INFO] [stderr] warning: In file included from /usr/include/c++/9/bits/stl_algobase.h:64,
[INFO] [stderr] warning:                  from /usr/include/c++/9/deque:60,
[INFO] [stderr] warning:                  from rocksdb/db/db_impl.h:12,
[INFO] [stderr] warning:                  from rocksdb/db/compacted_db_impl.h:8,
[INFO] [stderr] warning:                  from rocksdb/db/compacted_db_impl.cc:7:
[INFO] [stderr] warning: /usr/include/c++/9/bits/stl_pair.h:312:51: note: synthesized method 'rocksdb::FileMetaData::FileMetaData(const rocksdb::FileMetaData&)' first required here
[INFO] [stderr] warning:   312 |        : first(std::forward<_U1>(__x)), second(__y) { }
[INFO] [stderr] warning:       |                                                   ^
[INFO] [stderr] warning: rocksdb/db/version_edit.h: In instantiation of 'constexpr std::pair<_T1, _T2>::pair(_U1&&, _U2&&) [with _U1 = int&; _U2 = rocksdb::FileMetaData; typename std::enable_if<(std::_PCC<true, _T1, _T2>::_MoveConstructiblePair<_U1, _U2>() && std::_PCC<true, _T1, _T2>::_ImplicitlyMoveConvertiblePair<_U1, _U2>()), bool>::type <anonymous> = true; _T1 = int; _T2 = rocksdb::FileMetaData]':
[INFO] [stderr] warning: /usr/include/c++/9/ext/new_allocator.h:147:4:   required from 'void __gnu_cxx::new_allocator<_Tp>::construct(_Up*, _Args&& ...) [with _Up = std::pair<int, rocksdb::FileMetaData>; _Args = {int&, rocksdb::FileMetaData}; _Tp = std::pair<int, rocksdb::FileMetaData>]'
[INFO] [stderr] warning: /usr/include/c++/9/bits/alloc_traits.h:484:4:   required from 'static void std::allocator_traits<std::allocator<_Tp1> >::construct(std::allocator_traits<std::allocator<_Tp1> >::allocator_type&, _Up*, _Args&& ...) [with _Up = std::pair<int, rocksdb::FileMetaData>; _Args = {int&, rocksdb::FileMetaData}; _Tp = std::pair<int, rocksdb::FileMetaData>; std::allocator_traits<std::allocator<_Tp1> >::allocator_type = std::allocator<std::pair<int, rocksdb::FileMetaData> >]'
[INFO] [stderr] warning: /usr/include/c++/9/bits/vector.tcc:115:30:   required from 'void std::vector<_Tp, _Alloc>::emplace_back(_Args&& ...) [with _Args = {int&, rocksdb::FileMetaData}; _Tp = std::pair<int, rocksdb::FileMetaData>; _Alloc = std::allocator<std::pair<int, rocksdb::FileMetaData> >]'
[INFO] [stderr] warning: rocksdb/db/version_edit.h:249:48:   required from here
[INFO] [stderr] warning: rocksdb/db/version_edit.h:86:8: warning: implicitly-declared 'constexpr rocksdb::FileDescriptor::FileDescriptor(const rocksdb::FileDescriptor&)' is deprecated [-Wdeprecated-copy]
[INFO] [stderr] warning:    86 | struct FileMetaData {
[INFO] [stderr] warning:       |        ^~~~~~~~~~~~
[INFO] [stderr] warning: rocksdb/db/version_edit.h:55:19: note: because 'rocksdb::FileDescriptor' has user-provided 'rocksdb::FileDescriptor& rocksdb::FileDescriptor::operator=(const rocksdb::FileDescriptor&)'
[INFO] [stderr] warning:    55 |   FileDescriptor& operator=(const FileDescriptor& fd) {
[INFO] [stderr] warning:       |                   ^~~~~~~~
[INFO] [stderr] warning: In file included from /usr/include/c++/9/bits/stl_algobase.h:64,
[INFO] [stderr] warning:                  from /usr/include/c++/9/memory:62,
[INFO] [stderr] warning:                  from rocksdb/utilities/blob_db/blob_file.h:9,
[INFO] [stderr] warning:                  from rocksdb/utilities/blob_db/blob_file.cc:6:
[INFO] [stderr] warning: /usr/include/c++/9/bits/stl_pair.h:342:64: note: synthesized method 'rocksdb::FileMetaData::FileMetaData(rocksdb::FileMetaData&&)' first required here
[INFO] [stderr] warning:   342 |  : first(std::forward<_U1>(__x)), second(std::forward<_U2>(__y)) { }
[INFO] [stderr] warning:       |                                                                ^
[INFO] [stderr] warning: In file included from rocksdb/db/memtable.h:21,
[INFO] [stderr] warning:                  from rocksdb/db/memtable_list.h:17,
[INFO] [stderr] warning:                  from rocksdb/db/column_family.h:17,
[INFO] [stderr] warning:                  from rocksdb/utilities/blob_db/blob_file.cc:19:
[INFO] [stderr] warning: rocksdb/db/version_edit.h: In instantiation of 'constexpr std::pair<_T1, _T2>::pair(_U1&&, const _T2&) [with _U1 = int&; typename std::enable_if<std::_PCC<true, _T1, _T2>::_MoveCopyPair<true, _U1, _T2>(), bool>::type <anonymous> = true; _T1 = int; _T2 = rocksdb::FileMetaData]':
[INFO] [stderr] warning: /usr/include/c++/9/ext/new_allocator.h:147:4:   required from 'void __gnu_cxx::new_allocator<_Tp>::construct(_Up*, _Args&& ...) [with _Up = std::pair<int, rocksdb::FileMetaData>; _Args = {int&, const rocksdb::FileMetaData&}; _Tp = std::pair<int, rocksdb::FileMetaData>]'
[INFO] [stderr] warning: /usr/include/c++/9/bits/alloc_traits.h:484:4:   required from 'static void std::allocator_traits<std::allocator<_Tp1> >::construct(std::allocator_traits<std::allocator<_Tp1> >::allocator_type&, _Up*, _Args&& ...) [with _Up = std::pair<int, rocksdb::FileMetaData>; _Args = {int&, const rocksdb::FileMetaData&}; _Tp = std::pair<int, rocksdb::FileMetaData>; std::allocator_traits<std::allocator<_Tp1> >::allocator_type = std::allocator<std::pair<int, rocksdb::FileMetaData> >]'
[INFO] [stderr] warning: /usr/include/c++/9/bits/vector.tcc:115:30:   required from 'void std::vector<_Tp, _Alloc>::emplace_back(_Args&& ...) [with _Args = {int&, const rocksdb::FileMetaData&}; _Tp = std::pair<int, rocksdb::FileMetaData>; _Alloc = std::allocator<std::pair<int, rocksdb::FileMetaData> >]'
[INFO] [stderr] warning: rocksdb/db/version_edit.h:254:37:   required from here
[INFO] [stderr] warning: rocksdb/db/version_edit.h:86:8: warning: implicitly-declared 'constexpr rocksdb::FileDescriptor::FileDescriptor(const rocksdb::FileDescriptor&)' is deprecated [-Wdeprecated-copy]
[INFO] [stderr] warning:    86 | struct FileMetaData {
[INFO] [stderr] warning:       |        ^~~~~~~~~~~~
[INFO] [stderr] warning: rocksdb/db/version_edit.h:55:19: note: because 'rocksdb::FileDescriptor' has user-provided 'rocksdb::FileDescriptor& rocksdb::FileDescriptor::operator=(const rocksdb::FileDescriptor&)'
[INFO] [stderr] warning:    55 |   FileDescriptor& operator=(const FileDescriptor& fd) {
[INFO] [stderr] warning:       |                   ^~~~~~~~
[INFO] [stderr] warning: In file included from /usr/include/c++/9/bits/stl_algobase.h:64,
[INFO] [stderr] warning:                  from /usr/include/c++/9/memory:62,
[INFO] [stderr] warning:                  from rocksdb/utilities/blob_db/blob_file.h:9,
[INFO] [stderr] warning:                  from rocksdb/utilities/blob_db/blob_file.cc:6:
[INFO] [stderr] warning: /usr/include/c++/9/bits/stl_pair.h:312:51: note: synthesized method 'rocksdb::FileMetaData::FileMetaData(const rocksdb::FileMetaData&)' first required here
[INFO] [stderr] warning:   312 |        : first(std::forward<_U1>(__x)), second(__y) { }
[INFO] [stderr] warning:       |                                                   ^
[INFO] [stderr] 
[INFO] [stderr] error: build failed
[INFO] running `Command { std: "docker" "inspect" "f92f675ec974543bfaad93dcd996aba55a9a522d1b647a7b121e1640ea1ff00d", kill_on_drop: false }`
[INFO] running `Command { std: "docker" "rm" "-f" "f92f675ec974543bfaad93dcd996aba55a9a522d1b647a7b121e1640ea1ff00d", kill_on_drop: false }`
[INFO] [stdout] f92f675ec974543bfaad93dcd996aba55a9a522d1b647a7b121e1640ea1ff00d
