[INFO] cloning repository https://github.com/Connicpu/transybot
[INFO] running `Command { std: "git" "-c" "credential.helper=" "-c" "credential.helper=/workspace/cargo-home/bin/git-credential-null" "clone" "--bare" "https://github.com/Connicpu/transybot" "/workspace/cache/git-repos/https%3A%2F%2Fgithub.com%2FConnicpu%2Ftransybot", kill_on_drop: false }`
[INFO] [stderr] Cloning into bare repository '/workspace/cache/git-repos/https%3A%2F%2Fgithub.com%2FConnicpu%2Ftransybot'...
[INFO] running `Command { std: "git" "rev-parse" "HEAD", kill_on_drop: false }`
[INFO] [stdout] fef50de4da6c2c7803b40596f145a41d3b28b5d7
[INFO] documenting Connicpu/transybot against 1.54.0 for beta-1.55-rustdoc-1
[INFO] running `Command { std: "git" "clone" "/workspace/cache/git-repos/https%3A%2F%2Fgithub.com%2FConnicpu%2Ftransybot" "/workspace/builds/worker-14/source", kill_on_drop: false }`
[INFO] [stderr] Cloning into '/workspace/builds/worker-14/source'...
[INFO] [stderr] done.
[INFO] validating manifest of git repo https://github.com/Connicpu/transybot on toolchain 1.54.0
[INFO] running `Command { std: "/workspace/cargo-home/bin/cargo" "+1.54.0" "metadata" "--manifest-path" "Cargo.toml" "--no-deps", kill_on_drop: false }`
[INFO] started tweaking git repo https://github.com/Connicpu/transybot
[INFO] finished tweaking git repo https://github.com/Connicpu/transybot
[INFO] tweaked toml for git repo https://github.com/Connicpu/transybot written to /workspace/builds/worker-14/source/Cargo.toml
[INFO] crate git repo https://github.com/Connicpu/transybot already has a lockfile, it will not be regenerated
[INFO] running `Command { std: "/workspace/cargo-home/bin/cargo" "+1.54.0" "fetch" "--manifest-path" "Cargo.toml", kill_on_drop: false }`
[INFO] [stderr]     Blocking waiting for file lock on package cache
[INFO] running `Command { std: "docker" "create" "-v" "/var/lib/crater-agent-workspace/builds/worker-14/target:/opt/rustwide/target:rw,Z" "-v" "/var/lib/crater-agent-workspace/builds/worker-14/source:/opt/rustwide/workdir:ro,Z" "-v" "/var/lib/crater-agent-workspace/cargo-home:/opt/rustwide/cargo-home:ro,Z" "-v" "/var/lib/crater-agent-workspace/rustup-home:/opt/rustwide/rustup-home:ro,Z" "-e" "SOURCE_DIR=/opt/rustwide/workdir" "-e" "CARGO_TARGET_DIR=/opt/rustwide/target" "-e" "CARGO_HOME=/opt/rustwide/cargo-home" "-e" "RUSTUP_HOME=/opt/rustwide/rustup-home" "-w" "/opt/rustwide/workdir" "-m" "1610612736" "--user" "0:0" "--network" "none" "ghcr.io/rust-lang/crates-build-env/linux@sha256:34b6a614d2c27851fe6cbf88fbd1137609cefab8b10d0615aaeb6fd47975d74e" "/opt/rustwide/cargo-home/bin/cargo" "+1.54.0" "metadata" "--no-deps" "--format-version=1", kill_on_drop: false }`
[INFO] [stdout] afe47335aa9bcd8fa2afd06678b8c448c019edf22067f4b4917125e3d0a2993b
[INFO] [stderr] WARNING: Your kernel does not support swap limit capabilities or the cgroup is not mounted. Memory limited without swap.
[INFO] running `Command { std: "docker" "start" "-a" "afe47335aa9bcd8fa2afd06678b8c448c019edf22067f4b4917125e3d0a2993b", kill_on_drop: false }`
[INFO] running `Command { std: "docker" "inspect" "afe47335aa9bcd8fa2afd06678b8c448c019edf22067f4b4917125e3d0a2993b", kill_on_drop: false }`
[INFO] running `Command { std: "docker" "rm" "-f" "afe47335aa9bcd8fa2afd06678b8c448c019edf22067f4b4917125e3d0a2993b", kill_on_drop: false }`
[INFO] [stdout] afe47335aa9bcd8fa2afd06678b8c448c019edf22067f4b4917125e3d0a2993b
[INFO] running `Command { std: "docker" "create" "-v" "/var/lib/crater-agent-workspace/builds/worker-14/target:/opt/rustwide/target:rw,Z" "-v" "/var/lib/crater-agent-workspace/builds/worker-14/source:/opt/rustwide/workdir:ro,Z" "-v" "/var/lib/crater-agent-workspace/cargo-home:/opt/rustwide/cargo-home:ro,Z" "-v" "/var/lib/crater-agent-workspace/rustup-home:/opt/rustwide/rustup-home:ro,Z" "-e" "SOURCE_DIR=/opt/rustwide/workdir" "-e" "CARGO_TARGET_DIR=/opt/rustwide/target" "-e" "CARGO_INCREMENTAL=0" "-e" "RUST_BACKTRACE=full" "-e" "RUSTDOCFLAGS=--cap-lints=warn" "-e" "CARGO_HOME=/opt/rustwide/cargo-home" "-e" "RUSTUP_HOME=/opt/rustwide/rustup-home" "-w" "/opt/rustwide/workdir" "-m" "1610612736" "--user" "0:0" "--network" "none" "ghcr.io/rust-lang/crates-build-env/linux@sha256:34b6a614d2c27851fe6cbf88fbd1137609cefab8b10d0615aaeb6fd47975d74e" "/opt/rustwide/cargo-home/bin/cargo" "+1.54.0" "doc" "--frozen" "--no-deps" "--document-private-items" "--message-format=json", kill_on_drop: false }`
[INFO] [stdout] b0e0c9e3a6e1da235df3b78fbfcce3a947104acada0cda9b804c8adf92e916e4
[INFO] [stderr] WARNING: Your kernel does not support swap limit capabilities or the cgroup is not mounted. Memory limited without swap.
[INFO] running `Command { std: "docker" "start" "-a" "b0e0c9e3a6e1da235df3b78fbfcce3a947104acada0cda9b804c8adf92e916e4", kill_on_drop: false }`
[INFO] [stderr]     Checking futures v0.1.28
[INFO] [stderr]     Checking either v1.5.2
[INFO] [stderr]    Compiling proc-macro2 v1.0.1
[INFO] [stderr]    Compiling syn v1.0.5
[INFO] [stderr]    Compiling syn v0.15.44
[INFO] [stderr]     Checking untrusted v0.7.0
[INFO] [stderr]    Compiling serde v1.0.99
[INFO] [stderr]    Compiling failure_derive v0.1.5
[INFO] [stderr]     Checking regex-syntax v0.6.11
[INFO] [stderr]     Checking indexmap v1.1.0
[INFO] [stderr]     Checking adler32 v1.0.3
[INFO] [stderr]    Compiling encoding_rs v0.8.17
[INFO] [stderr]    Compiling serenity v0.7.0
[INFO] [stderr]     Checking uwl v0.4.2
[INFO] [stderr]     Checking checked-enum v0.1.1-alpha1
[INFO] [stderr]    Compiling ring v0.16.8
[INFO] [stderr]    Compiling backtrace-sys v0.1.31
[INFO] [stderr]    Compiling unicase v2.4.0
[INFO] [stderr]    Compiling num-traits v0.2.8
[INFO] [stderr]    Compiling num-integer v0.1.41
[INFO] [stderr]    Compiling miniz-sys v0.1.12
[INFO] [stderr]     Checking try_from v0.3.2
[INFO] [stderr]    Compiling libsqlite3-sys v0.12.0
[INFO] [stderr]     Checking miniz_oxide v0.3.2
[INFO] [stderr]     Checking idna v0.1.5
[INFO] [stderr]     Checking rand_os v0.1.3
[INFO] [stderr]     Checking num_cpus v1.10.1
[INFO] [stderr]    Compiling hyper v0.12.33
[INFO] [stderr]     Checking bytes v0.4.12
[INFO] [stderr]     Checking threadpool v1.7.1
[INFO] [stderr]     Checking rand v0.6.5
[INFO] [stderr]     Checking http v0.1.18
[INFO] [stderr]     Checking string v0.2.1
[INFO] [stderr]     Checking input_buffer v0.2.0
[INFO] [stderr]     Checking flate2 v1.0.11
[INFO] [stderr]     Checking url v1.7.2
[INFO] [stderr]    Compiling quote v1.0.2
[INFO] [stderr]     Checking mime v0.3.13
[INFO] [stderr]     Checking backtrace v0.3.35
[INFO] [stderr]    Compiling mime_guess v2.0.1
[INFO] [stderr]     Checking tokio-executor v0.1.8
[INFO] [stderr]     Checking tokio-io v0.1.12
[INFO] [stderr]     Checking tokio-sync v0.1.6
[INFO] [stderr]     Checking tokio-buf v0.1.1
[INFO] [stderr]     Checking want v0.2.0
[INFO] [stderr]     Checking futures-cpupool v0.1.8
[INFO] [stderr]     Checking error-chain v0.12.1
[INFO] [stderr]     Checking tokio-timer v0.2.11
[INFO] [stderr]     Checking tokio-current-thread v0.1.6
[INFO] [stderr]     Checking parking_lot_core v0.4.0
[INFO] [stderr]     Checking tokio-threadpool v0.1.15
[INFO] [stderr]     Checking uuid v0.7.4
[INFO] [stderr]     Checking cookie v0.12.0
[INFO] [stderr]     Checking parking_lot v0.7.1
[INFO] [stderr]     Checking regex v1.2.1
[INFO] [stderr]     Checking tokio-reactor v0.1.9
[INFO] [stderr]     Checking tokio-tcp v0.1.3
[INFO] [stderr]     Checking h2 v0.1.26
[INFO] [stderr]     Checking http-body v0.1.0
[INFO] [stderr]     Checking tungstenite v0.9.1
[INFO] [stderr]     Checking sct v0.6.0
[INFO] [stderr]     Checking webpki v0.21.0
[INFO] [stderr]     Checking tokio v0.1.22
[INFO] [stderr]     Checking publicsuffix v1.5.3
[INFO] [stderr]     Checking ct-logs v0.6.0
[INFO] [stderr]     Checking rustls v0.16.0
[INFO] [stderr]     Checking webpki-roots v0.17.0
[INFO] [stderr]     Checking tokio-rustls v0.10.0
[INFO] [stderr]    Compiling synstructure v0.10.2
[INFO] [stderr]     Checking hyper-rustls v0.17.1
[INFO] [stderr]    Compiling diesel_derives v1.4.0
[INFO] [stderr]    Compiling auto-enum v0.2.0-alpha1
[INFO] [stderr]    Compiling serde_derive v1.0.99
[INFO] [stderr]    Compiling command_attr v0.1.5
[INFO] [stderr]     Checking failure v0.1.5
[INFO] [stderr]     Checking dotenv v0.14.1
[INFO] [stderr]     Checking serde_json v1.0.40
[INFO] [stderr]     Checking serde_urlencoded v0.5.5
[INFO] [stderr]     Checking chrono v0.4.9
[INFO] [stderr]     Checking diesel v1.4.2
[INFO] [stderr]     Checking cookie_store v0.7.0
[INFO] [stderr]     Checking reqwest v0.9.20
[INFO] [stderr]  Documenting transybot v0.1.0 (/opt/rustwide/workdir)
[INFO] [stdout] error: Invalid enum representation `i32`
[INFO] [stdout]  --> src/data/enums/channel_type.rs:8:1
[INFO] [stdout]   |
[INFO] [stdout] 8 | #[auto_enum::auto_enum(i32, checked)]
[INFO] [stdout]   | ^^^^^^^^^^^^^^^^^^^^^^^^^^^^^^^^^^^^^
[INFO] [stdout]   |
[INFO] [stdout]   = note: this error originates in the attribute macro `auto_enum::auto_enum` (in Nightly builds, run with -Z macro-backtrace for more info)
[INFO] [stdout] 
[INFO] [stdout] 
[INFO] [stdout] error[E0432]: unresolved import `self::channel_type::ChannelType`
[INFO] [stdout]  --> src/data/enums/mod.rs:1:9
[INFO] [stdout]   |
[INFO] [stdout] 1 | pub use self::channel_type::ChannelType;
[INFO] [stdout]   |         ^^^^^^^^^^^^^^^^^^^^^^^^^^^^^^^ no `ChannelType` in `data::enums::channel_type`
[INFO] [stdout] 
[INFO] [stdout] 
[INFO] [stdout] error[E0412]: cannot find type `ChannelType` in this scope
[INFO] [stdout]   --> src/data/enums/channel_type.rs:19:33
[INFO] [stdout]    |
[INFO] [stdout] 19 | impl<DB> ToSql<Integer, DB> for ChannelType
[INFO] [stdout]    |                                 ^^^^^^^^^^^ not found in this scope
[INFO] [stdout]    |
[INFO] [stdout] help: consider importing this enum
[INFO] [stdout]    |
[INFO] [stdout] 1  | use serenity::model::prelude::ChannelType;
[INFO] [stdout]    |
[INFO] [stdout] 
[INFO] [stdout] 
[INFO] [stdout] error[E0412]: cannot find type `ChannelType` in this scope
[INFO] [stdout]   --> src/data/enums/channel_type.rs:29:35
[INFO] [stdout]    |
[INFO] [stdout] 29 | impl<DB> FromSql<Integer, DB> for ChannelType
[INFO] [stdout]    |                                   ^^^^^^^^^^^ not found in this scope
[INFO] [stdout]    |
[INFO] [stdout] help: consider importing this enum
[INFO] [stdout]    |
[INFO] [stdout] 1  | use serenity::model::prelude::ChannelType;
[INFO] [stdout]    |
[INFO] [stdout] 
[INFO] [stdout] 
[INFO] [stdout] error: Compilation failed, aborting rustdoc
[INFO] [stdout] 
[INFO] [stdout] 
[INFO] [stdout] error: aborting due to 5 previous errors
[INFO] [stdout] 
[INFO] [stdout] 
[INFO] [stdout] Some errors have detailed explanations: E0412, E0432.
[INFO] [stdout] 
[INFO] [stdout] For more information about an error, try `rustc --explain E0412`.
[INFO] [stdout] 
[INFO] [stderr] error: could not document `transybot`
[INFO] [stderr] 
[INFO] [stderr] Caused by:
[INFO] [stderr]   process didn't exit successfully: `rustdoc --edition=2018 --crate-type bin --crate-name transybot src/main.rs -o /opt/rustwide/target/doc --error-format=json --json=diagnostic-rendered-ansi --document-private-items -L dependency=/opt/rustwide/target/debug/deps --extern auto_enum=/opt/rustwide/target/debug/deps/libauto_enum-7fe8aa8f95ad20a1.so --extern checked_enum=/opt/rustwide/target/debug/deps/libchecked_enum-55d37d1a3db778c8.rmeta --extern chrono=/opt/rustwide/target/debug/deps/libchrono-2179a61dcebd94b9.rmeta --extern diesel=/opt/rustwide/target/debug/deps/libdiesel-ff30c14d808b599d.rmeta --extern dotenv=/opt/rustwide/target/debug/deps/libdotenv-f8320197bd45e903.rmeta --extern serenity=/opt/rustwide/target/debug/deps/libserenity-da0ad06155c1751c.rmeta --cap-lints=warn --crate-version 0.1.0` (exit status: 1)
[INFO] running `Command { std: "docker" "inspect" "b0e0c9e3a6e1da235df3b78fbfcce3a947104acada0cda9b804c8adf92e916e4", kill_on_drop: false }`
[INFO] running `Command { std: "docker" "rm" "-f" "b0e0c9e3a6e1da235df3b78fbfcce3a947104acada0cda9b804c8adf92e916e4", kill_on_drop: false }`
[INFO] [stdout] b0e0c9e3a6e1da235df3b78fbfcce3a947104acada0cda9b804c8adf92e916e4
