[INFO] cloning repository https://github.com/ColinTimBarndt/cc-haendlerspiel-backend-rs
[INFO] running `Command { std: "git" "-c" "credential.helper=" "-c" "credential.helper=/workspace/cargo-home/bin/git-credential-null" "clone" "--bare" "https://github.com/ColinTimBarndt/cc-haendlerspiel-backend-rs" "/workspace/cache/git-repos/https%3A%2F%2Fgithub.com%2FColinTimBarndt%2Fcc-haendlerspiel-backend-rs", kill_on_drop: false }`
[INFO] [stderr] Cloning into bare repository '/workspace/cache/git-repos/https%3A%2F%2Fgithub.com%2FColinTimBarndt%2Fcc-haendlerspiel-backend-rs'...
[INFO] running `Command { std: "git" "rev-parse" "HEAD", kill_on_drop: false }`
[INFO] [stdout] 1cd6aacab1c0f780a052d8b41d060837219292ad
[INFO] documenting ColinTimBarndt/cc-haendlerspiel-backend-rs against beta-2021-08-01 for beta-1.55-rustdoc-1
[INFO] running `Command { std: "git" "clone" "/workspace/cache/git-repos/https%3A%2F%2Fgithub.com%2FColinTimBarndt%2Fcc-haendlerspiel-backend-rs" "/workspace/builds/worker-2/source", kill_on_drop: false }`
[INFO] [stderr] Cloning into '/workspace/builds/worker-2/source'...
[INFO] [stderr] done.
[INFO] validating manifest of git repo https://github.com/ColinTimBarndt/cc-haendlerspiel-backend-rs on toolchain beta-2021-08-01
[INFO] running `Command { std: "/workspace/cargo-home/bin/cargo" "+beta-2021-08-01" "metadata" "--manifest-path" "Cargo.toml" "--no-deps", kill_on_drop: false }`
[INFO] started tweaking git repo https://github.com/ColinTimBarndt/cc-haendlerspiel-backend-rs
[INFO] finished tweaking git repo https://github.com/ColinTimBarndt/cc-haendlerspiel-backend-rs
[INFO] tweaked toml for git repo https://github.com/ColinTimBarndt/cc-haendlerspiel-backend-rs written to /workspace/builds/worker-2/source/Cargo.toml
[INFO] crate git repo https://github.com/ColinTimBarndt/cc-haendlerspiel-backend-rs already has a lockfile, it will not be regenerated
[INFO] running `Command { std: "/workspace/cargo-home/bin/cargo" "+beta-2021-08-01" "fetch" "--manifest-path" "Cargo.toml", kill_on_drop: false }`
[INFO] running `Command { std: "docker" "create" "-v" "/var/lib/crater-agent-workspace/builds/worker-2/target:/opt/rustwide/target:rw,Z" "-v" "/var/lib/crater-agent-workspace/builds/worker-2/source:/opt/rustwide/workdir:ro,Z" "-v" "/var/lib/crater-agent-workspace/cargo-home:/opt/rustwide/cargo-home:ro,Z" "-v" "/var/lib/crater-agent-workspace/rustup-home:/opt/rustwide/rustup-home:ro,Z" "-e" "SOURCE_DIR=/opt/rustwide/workdir" "-e" "CARGO_TARGET_DIR=/opt/rustwide/target" "-e" "CARGO_HOME=/opt/rustwide/cargo-home" "-e" "RUSTUP_HOME=/opt/rustwide/rustup-home" "-w" "/opt/rustwide/workdir" "-m" "1610612736" "--user" "0:0" "--network" "none" "ghcr.io/rust-lang/crates-build-env/linux@sha256:34b6a614d2c27851fe6cbf88fbd1137609cefab8b10d0615aaeb6fd47975d74e" "/opt/rustwide/cargo-home/bin/cargo" "+beta-2021-08-01" "metadata" "--no-deps" "--format-version=1", kill_on_drop: false }`
[INFO] [stdout] 8d37b5f4d32e05f8e4383ad265f0bb6236ca519cbfb73b9b29575558779f0867
[INFO] [stderr] WARNING: Your kernel does not support swap limit capabilities or the cgroup is not mounted. Memory limited without swap.
[INFO] running `Command { std: "docker" "start" "-a" "8d37b5f4d32e05f8e4383ad265f0bb6236ca519cbfb73b9b29575558779f0867", kill_on_drop: false }`
[INFO] running `Command { std: "docker" "inspect" "8d37b5f4d32e05f8e4383ad265f0bb6236ca519cbfb73b9b29575558779f0867", kill_on_drop: false }`
[INFO] running `Command { std: "docker" "rm" "-f" "8d37b5f4d32e05f8e4383ad265f0bb6236ca519cbfb73b9b29575558779f0867", kill_on_drop: false }`
[INFO] [stdout] 8d37b5f4d32e05f8e4383ad265f0bb6236ca519cbfb73b9b29575558779f0867
[INFO] running `Command { std: "docker" "create" "-v" "/var/lib/crater-agent-workspace/builds/worker-2/target:/opt/rustwide/target:rw,Z" "-v" "/var/lib/crater-agent-workspace/builds/worker-2/source:/opt/rustwide/workdir:ro,Z" "-v" "/var/lib/crater-agent-workspace/cargo-home:/opt/rustwide/cargo-home:ro,Z" "-v" "/var/lib/crater-agent-workspace/rustup-home:/opt/rustwide/rustup-home:ro,Z" "-e" "SOURCE_DIR=/opt/rustwide/workdir" "-e" "CARGO_TARGET_DIR=/opt/rustwide/target" "-e" "CARGO_INCREMENTAL=0" "-e" "RUST_BACKTRACE=full" "-e" "RUSTDOCFLAGS=--cap-lints=warn" "-e" "CARGO_HOME=/opt/rustwide/cargo-home" "-e" "RUSTUP_HOME=/opt/rustwide/rustup-home" "-w" "/opt/rustwide/workdir" "-m" "1610612736" "--user" "0:0" "--network" "none" "ghcr.io/rust-lang/crates-build-env/linux@sha256:34b6a614d2c27851fe6cbf88fbd1137609cefab8b10d0615aaeb6fd47975d74e" "/opt/rustwide/cargo-home/bin/cargo" "+beta-2021-08-01" "doc" "--frozen" "--no-deps" "--document-private-items" "--message-format=json", kill_on_drop: false }`
[INFO] [stdout] 0efb454cfa180f2d46e21491765e248a2ae4f25296a6c517743cee0111d0d528
[INFO] [stderr] WARNING: Your kernel does not support swap limit capabilities or the cgroup is not mounted. Memory limited without swap.
[INFO] running `Command { std: "docker" "start" "-a" "0efb454cfa180f2d46e21491765e248a2ae4f25296a6c517743cee0111d0d528", kill_on_drop: false }`
[INFO] [stderr]    Compiling syn v1.0.38
[INFO] [stderr]     Checking either v1.6.0
[INFO] [stderr]    Compiling memoffset v0.5.5
[INFO] [stderr]    Compiling ring v0.16.15
[INFO] [stderr]    Compiling num-traits v0.2.12
[INFO] [stderr]     Checking futures-channel v0.3.5
[INFO] [stderr]     Checking net2 v0.2.34
[INFO] [stderr]     Checking num_cpus v1.13.0
[INFO] [stderr]     Checking iovec v0.1.4
[INFO] [stderr]     Checking signal-hook-registry v1.2.1
[INFO] [stderr]     Checking atty v0.2.14
[INFO] [stderr]    Compiling proc-macro-error-attr v1.0.4
[INFO] [stderr]     Checking toml v0.5.6
[INFO] [stderr]     Checking clap v2.33.3
[INFO] [stderr]     Checking mio v0.6.22
[INFO] [stderr]     Checking crossbeam-epoch v0.8.2
[INFO] [stderr]     Checking crossbeam-deque v0.7.3
[INFO] [stderr]     Checking mio-uds v0.6.8
[INFO] [stderr]     Checking rayon-core v1.7.1
[INFO] [stderr]     Checking rayon v1.3.1
[INFO] [stderr]     Checking sct v0.6.0
[INFO] [stderr]     Checking webpki v0.21.3
[INFO] [stderr]     Checking rustls v0.18.1
[INFO] [stderr]    Compiling proc-macro-error v1.0.4
[INFO] [stderr]    Compiling pin-project-internal v0.4.23
[INFO] [stderr]    Compiling futures-macro v0.3.5
[INFO] [stderr]    Compiling tokio-macros v0.2.5
[INFO] [stderr]    Compiling structopt-derive v0.4.9
[INFO] [stderr]    Compiling num-derive v0.3.1
[INFO] [stderr]     Checking tokio v0.2.22
[INFO] [stderr]     Checking structopt v0.3.16
[INFO] [stderr]     Checking pin-project v0.4.23
[INFO] [stderr]     Checking futures-util v0.3.5
[INFO] [stderr]     Checking tokio-rustls v0.14.0
[INFO] [stderr]     Checking futures-executor v0.3.5
[INFO] [stderr]     Checking futures v0.3.5
[INFO] [stderr]  Documenting haendler-backend v0.1.0 (/opt/rustwide/workdir)
[INFO] [stdout] error[E0433]: failed to resolve: use of undeclared crate or module `openssl`
[INFO] [stdout]  --> src/game/net/receiver.rs:9:5
[INFO] [stdout]   |
[INFO] [stdout] 9 | use openssl::rsa::Rsa;
[INFO] [stdout]   |     ^^^^^^^ use of undeclared crate or module `openssl`
[INFO] [stdout] 
[INFO] [stdout] 
[INFO] [stdout] error[E0433]: failed to resolve: use of undeclared crate or module `openssl`
[INFO] [stdout]   --> src/game/net/receiver.rs:10:5
[INFO] [stdout]    |
[INFO] [stdout] 10 | use openssl::symm::{Cipher, Crypter, Mode};
[INFO] [stdout]    |     ^^^^^^^ use of undeclared crate or module `openssl`
[INFO] [stdout] 
[INFO] [stdout] 
[INFO] [stdout] error[E0432]: unresolved import `super::packet::RequestEncryptionPacket`
[INFO] [stdout]    --> src/game/net/receiver.rs:247:17
[INFO] [stdout]     |
[INFO] [stdout] 247 |             use super::packet::RequestEncryptionPacket;
[INFO] [stdout]     |                 ^^^^^^^^^^^^^^^^^^^^^^^^^^^^^^^^^^^^^^ no `RequestEncryptionPacket` in `game::net::packet`
[INFO] [stdout] 
[INFO] [stdout] 
[INFO] [stdout] error[E0432]: unresolved import `super::packet::EncryptionSuccessPacket`
[INFO] [stdout]    --> src/game/net/receiver.rs:277:13
[INFO] [stdout]     |
[INFO] [stdout] 277 |         use super::packet::EncryptionSuccessPacket;
[INFO] [stdout]     |             ^^^^^^^^^^^^^^^^^^^^^^^^^^^^^^^^^^^^^^ no `EncryptionSuccessPacket` in `game::net::packet`
[INFO] [stdout] 
[INFO] [stdout] 
[INFO] [stdout] error[E0433]: failed to resolve: use of undeclared crate or module `openssl`
[INFO] [stdout]   --> src/game/net/receiver.rs:40:24
[INFO] [stdout]    |
[INFO] [stdout] 40 |   Unencrypted(Arc<(Rsa<openssl::pkey::Private>, Vec<u8>)>),
[INFO] [stdout]    |                        ^^^^^^^ use of undeclared crate or module `openssl`
[INFO] [stdout] 
[INFO] [stdout] 
[INFO] [stdout] error[E0433]: failed to resolve: use of undeclared crate or module `openssl`
[INFO] [stdout]   --> src/game/net/receiver.rs:80:26
[INFO] [stdout]    |
[INFO] [stdout] 80 |     encryption: Arc<(Rsa<openssl::pkey::Private>, Vec<u8>)>,
[INFO] [stdout]    |                          ^^^^^^^ use of undeclared crate or module `openssl`
[INFO] [stdout] 
[INFO] [stdout] 
[INFO] [stdout] error[E0412]: cannot find type `Rsa` in this scope
[INFO] [stdout]   --> src/game/net/receiver.rs:40:20
[INFO] [stdout]    |
[INFO] [stdout] 40 |   Unencrypted(Arc<(Rsa<openssl::pkey::Private>, Vec<u8>)>),
[INFO] [stdout]    |                    ^^^ not found in this scope
[INFO] [stdout] 
[INFO] [stdout] 
[INFO] [stdout] error[E0412]: cannot find type `Crypter` in this scope
[INFO] [stdout]   --> src/game/net/receiver.rs:41:13
[INFO] [stdout]    |
[INFO] [stdout] 41 |   Encrypted(Crypter),
[INFO] [stdout]    |             ^^^^^^^ not found in this scope
[INFO] [stdout] 
[INFO] [stdout] 
[INFO] [stdout] error[E0412]: cannot find type `Rsa` in this scope
[INFO] [stdout]   --> src/game/net/receiver.rs:80:22
[INFO] [stdout]    |
[INFO] [stdout] 80 |     encryption: Arc<(Rsa<openssl::pkey::Private>, Vec<u8>)>,
[INFO] [stdout]    |                      ^^^ not found in this scope
[INFO] [stdout] 
[INFO] [stdout] 
[INFO] [stdout] error[E0412]: cannot find type `Crypter` in this scope
[INFO] [stdout]    --> src/game/net/receiver.rs:320:33
[INFO] [stdout]     |
[INFO] [stdout] 320 | fn decrypt_header(crypter: &mut Crypter, data: [u8; 6]) -> [u8; 6] {
[INFO] [stdout]     |                                 ^^^^^^^ not found in this scope
[INFO] [stdout] 
[INFO] [stdout] 
[INFO] [stdout] error[E0412]: cannot find type `Crypter` in this scope
[INFO] [stdout]    --> src/game/net/receiver.rs:327:30
[INFO] [stdout]     |
[INFO] [stdout] 327 | fn decrypt_vec(crypter: &mut Crypter, data: Vec<u8>) -> Vec<u8> {
[INFO] [stdout]     |                              ^^^^^^^ not found in this scope
[INFO] [stdout] 
[INFO] [stdout] 
[INFO] [stdout] error: Compilation failed, aborting rustdoc
[INFO] [stdout] 
[INFO] [stdout] 
[INFO] [stdout] error: aborting due to 12 previous errors
[INFO] [stdout] 
[INFO] [stdout] 
[INFO] [stdout] Some errors have detailed explanations: E0412, E0432, E0433.
[INFO] [stdout] 
[INFO] [stdout] For more information about an error, try `rustc --explain E0412`.
[INFO] [stdout] 
[INFO] [stderr] error: could not document `haendler-backend`
[INFO] [stderr] 
[INFO] [stderr] Caused by:
[INFO] [stderr]   process didn't exit successfully: `rustdoc --edition=2018 --crate-type bin --crate-name haendler_backend src/main.rs -o /opt/rustwide/target/doc --error-format=json --json=diagnostic-rendered-ansi --document-private-items -L dependency=/opt/rustwide/target/debug/deps --extern byteorder=/opt/rustwide/target/debug/deps/libbyteorder-c605bb9f4f40a95b.rmeta --extern futures=/opt/rustwide/target/debug/deps/libfutures-904a0f27c014fcc7.rmeta --extern num_derive=/opt/rustwide/target/debug/deps/libnum_derive-d119f6ae79dbfff5.so --extern num_traits=/opt/rustwide/target/debug/deps/libnum_traits-beed682fac133d18.rmeta --extern rayon=/opt/rustwide/target/debug/deps/librayon-8ddd4388ddac8237.rmeta --extern serde=/opt/rustwide/target/debug/deps/libserde-371f108e6e7625d7.rmeta --extern structopt=/opt/rustwide/target/debug/deps/libstructopt-26ad3e8a754f2744.rmeta --extern tokio=/opt/rustwide/target/debug/deps/libtokio-12e6ce4982c8c877.rmeta --extern tokio_rustls=/opt/rustwide/target/debug/deps/libtokio_rustls-7c92efd91eed366a.rmeta --extern toml=/opt/rustwide/target/debug/deps/libtoml-022dc2f6c4ed81a2.rmeta --cap-lints=warn --crate-version 0.1.0` (exit status: 1)
[INFO] running `Command { std: "docker" "inspect" "0efb454cfa180f2d46e21491765e248a2ae4f25296a6c517743cee0111d0d528", kill_on_drop: false }`
[INFO] running `Command { std: "docker" "rm" "-f" "0efb454cfa180f2d46e21491765e248a2ae4f25296a6c517743cee0111d0d528", kill_on_drop: false }`
[INFO] [stdout] 0efb454cfa180f2d46e21491765e248a2ae4f25296a6c517743cee0111d0d528
