[INFO] cloning repository https://github.com/ClickSimply/Reach-Web-Service-Engine
[INFO] running `Command { std: "git" "-c" "credential.helper=" "-c" "credential.helper=/workspace/cargo-home/bin/git-credential-null" "clone" "--bare" "https://github.com/ClickSimply/Reach-Web-Service-Engine" "/workspace/cache/git-repos/https%3A%2F%2Fgithub.com%2FClickSimply%2FReach-Web-Service-Engine", kill_on_drop: false }`
[INFO] [stderr] Cloning into bare repository '/workspace/cache/git-repos/https%3A%2F%2Fgithub.com%2FClickSimply%2FReach-Web-Service-Engine'...
[INFO] running `Command { std: "git" "rev-parse" "HEAD", kill_on_drop: false }`
[INFO] [stdout] e4cedf6554223862115b381fb12efc8b948d30b7
[INFO] documenting ClickSimply/Reach-Web-Service-Engine against 1.54.0 for beta-1.55-rustdoc-1
[INFO] running `Command { std: "git" "clone" "/workspace/cache/git-repos/https%3A%2F%2Fgithub.com%2FClickSimply%2FReach-Web-Service-Engine" "/workspace/builds/worker-11/source", kill_on_drop: false }`
[INFO] [stderr] Cloning into '/workspace/builds/worker-11/source'...
[INFO] [stderr] done.
[INFO] validating manifest of git repo https://github.com/ClickSimply/Reach-Web-Service-Engine on toolchain 1.54.0
[INFO] running `Command { std: "/workspace/cargo-home/bin/cargo" "+1.54.0" "metadata" "--manifest-path" "Cargo.toml" "--no-deps", kill_on_drop: false }`
[INFO] started tweaking git repo https://github.com/ClickSimply/Reach-Web-Service-Engine
[INFO] finished tweaking git repo https://github.com/ClickSimply/Reach-Web-Service-Engine
[INFO] tweaked toml for git repo https://github.com/ClickSimply/Reach-Web-Service-Engine written to /workspace/builds/worker-11/source/Cargo.toml
[INFO] crate git repo https://github.com/ClickSimply/Reach-Web-Service-Engine already has a lockfile, it will not be regenerated
[INFO] running `Command { std: "/workspace/cargo-home/bin/cargo" "+1.54.0" "fetch" "--manifest-path" "Cargo.toml", kill_on_drop: false }`
[INFO] running `Command { std: "docker" "create" "-v" "/var/lib/crater-agent-workspace/builds/worker-11/target:/opt/rustwide/target:rw,Z" "-v" "/var/lib/crater-agent-workspace/builds/worker-11/source:/opt/rustwide/workdir:ro,Z" "-v" "/var/lib/crater-agent-workspace/cargo-home:/opt/rustwide/cargo-home:ro,Z" "-v" "/var/lib/crater-agent-workspace/rustup-home:/opt/rustwide/rustup-home:ro,Z" "-e" "SOURCE_DIR=/opt/rustwide/workdir" "-e" "CARGO_TARGET_DIR=/opt/rustwide/target" "-e" "CARGO_HOME=/opt/rustwide/cargo-home" "-e" "RUSTUP_HOME=/opt/rustwide/rustup-home" "-w" "/opt/rustwide/workdir" "-m" "1610612736" "--user" "0:0" "--network" "none" "ghcr.io/rust-lang/crates-build-env/linux@sha256:34b6a614d2c27851fe6cbf88fbd1137609cefab8b10d0615aaeb6fd47975d74e" "/opt/rustwide/cargo-home/bin/cargo" "+1.54.0" "metadata" "--no-deps" "--format-version=1", kill_on_drop: false }`
[INFO] [stdout] 727d4441c091d9aa6c7c41907260b040c5579a9681d09bd6c2aa1ff91618b251
[INFO] [stderr] WARNING: Your kernel does not support swap limit capabilities or the cgroup is not mounted. Memory limited without swap.
[INFO] running `Command { std: "docker" "start" "-a" "727d4441c091d9aa6c7c41907260b040c5579a9681d09bd6c2aa1ff91618b251", kill_on_drop: false }`
[INFO] running `Command { std: "docker" "inspect" "727d4441c091d9aa6c7c41907260b040c5579a9681d09bd6c2aa1ff91618b251", kill_on_drop: false }`
[INFO] running `Command { std: "docker" "rm" "-f" "727d4441c091d9aa6c7c41907260b040c5579a9681d09bd6c2aa1ff91618b251", kill_on_drop: false }`
[INFO] [stdout] 727d4441c091d9aa6c7c41907260b040c5579a9681d09bd6c2aa1ff91618b251
[INFO] running `Command { std: "docker" "create" "-v" "/var/lib/crater-agent-workspace/builds/worker-11/target:/opt/rustwide/target:rw,Z" "-v" "/var/lib/crater-agent-workspace/builds/worker-11/source:/opt/rustwide/workdir:ro,Z" "-v" "/var/lib/crater-agent-workspace/cargo-home:/opt/rustwide/cargo-home:ro,Z" "-v" "/var/lib/crater-agent-workspace/rustup-home:/opt/rustwide/rustup-home:ro,Z" "-e" "SOURCE_DIR=/opt/rustwide/workdir" "-e" "CARGO_TARGET_DIR=/opt/rustwide/target" "-e" "CARGO_INCREMENTAL=0" "-e" "RUST_BACKTRACE=full" "-e" "RUSTDOCFLAGS=--cap-lints=warn" "-e" "CARGO_HOME=/opt/rustwide/cargo-home" "-e" "RUSTUP_HOME=/opt/rustwide/rustup-home" "-w" "/opt/rustwide/workdir" "-m" "1610612736" "--user" "0:0" "--network" "none" "ghcr.io/rust-lang/crates-build-env/linux@sha256:34b6a614d2c27851fe6cbf88fbd1137609cefab8b10d0615aaeb6fd47975d74e" "/opt/rustwide/cargo-home/bin/cargo" "+1.54.0" "doc" "--frozen" "--no-deps" "--document-private-items" "--message-format=json", kill_on_drop: false }`
[INFO] [stderr] WARNING: Your kernel does not support swap limit capabilities or the cgroup is not mounted. Memory limited without swap.
[INFO] [stdout] 3306234d0b50dea9adc98e129eeaf20946832135e5ba09a39eefa28ab36957bc
[INFO] running `Command { std: "docker" "start" "-a" "3306234d0b50dea9adc98e129eeaf20946832135e5ba09a39eefa28ab36957bc", kill_on_drop: false }`
[INFO] [stderr]     Blocking waiting for file lock on package cache
[INFO] [stderr]    Compiling syn v1.0.36
[INFO] [stderr]    Compiling pin-project-internal v0.4.23
[INFO] [stderr]    Compiling regex-syntax v0.6.18
[INFO] [stderr]    Compiling termcolor v1.1.0
[INFO] [stderr]    Compiling serde_json v1.0.57
[INFO] [stderr]     Checking urlencoding v1.1.1
[INFO] [stderr]     Checking tracing-core v0.1.13
[INFO] [stderr]    Compiling crossbeam-utils v0.7.2
[INFO] [stderr]     Checking headers-core v0.2.0
[INFO] [stderr]     Checking iovec v0.1.4
[INFO] [stderr]    Compiling jobserver v0.1.21
[INFO] [stderr]     Checking net2 v0.2.34
[INFO] [stderr]    Compiling atty v0.2.14
[INFO] [stderr]    Compiling which v3.1.1
[INFO] [stderr]     Checking twoway v0.1.8
[INFO] [stderr]     Checking termios v0.3.2
[INFO] [stderr]     Checking buf_redux v0.8.4
[INFO] [stderr]     Checking inotify-sys v0.1.3
[INFO] [stderr]     Checking socket2 v0.3.12
[INFO] [stderr]     Checking terminal_size v0.1.13
[INFO] [stderr]     Checking filetime v0.2.12
[INFO] [stderr]    Compiling aho-corasick v0.7.13
[INFO] [stderr]    Compiling nom v5.1.2
[INFO] [stderr]    Compiling clap v2.33.3
[INFO] [stderr]     Checking mio v0.6.22
[INFO] [stderr]     Checking block-buffer v0.9.0
[INFO] [stderr]     Checking env_logger v0.7.1
[INFO] [stderr]     Checking inotify v0.8.3
[INFO] [stderr]    Compiling cc v1.0.59
[INFO] [stderr]     Checking console v0.12.0
[INFO] [stderr]     Checking sha-1 v0.8.2
[INFO] [stderr]     Checking tracing v0.1.18
[INFO] [stderr]     Checking sha-1 v0.9.1
[INFO] [stderr]     Checking tempfile v3.1.0
[INFO] [stderr]     Checking headers v0.3.2
[INFO] [stderr]     Checking mio-uds v0.6.8
[INFO] [stderr]     Checking mio-extras v2.0.6
[INFO] [stderr]     Checking multipart v0.17.0
[INFO] [stderr]     Checking tungstenite v0.11.1
[INFO] [stderr]     Checking indicatif v0.15.0
[INFO] [stderr]    Compiling libloading v0.5.2
[INFO] [stderr]     Checking crossbeam-channel v0.4.3
[INFO] [stderr]    Compiling cexpr v0.4.0
[INFO] [stderr]     Checking notify v5.0.0-pre.3
[INFO] [stderr]    Compiling regex v1.3.9
[INFO] [stderr]    Compiling clang-sys v0.29.3
[INFO] [stderr]    Compiling bindgen v0.54.0
[INFO] [stderr]    Compiling futures-macro v0.3.5
[INFO] [stderr]    Compiling tokio-macros v0.2.5
[INFO] [stderr]    Compiling thiserror-impl v1.0.20
[INFO] [stderr]    Compiling serde_derive v1.0.114
[INFO] [stderr]    Compiling derive_deref v1.1.1
[INFO] [stderr]     Checking tokio v0.2.22
[INFO] [stderr]    Compiling thiserror v1.0.20
[INFO] [stderr]    Compiling which v4.0.1
[INFO] [stderr]    Compiling rusty_v8 v0.7.0
[INFO] [stderr]     Checking pin-project v0.4.23
[INFO] [stderr]     Checking futures-util v0.3.5
[INFO] [stderr]     Checking tracing-futures v0.2.4
[INFO] [stderr]    Compiling librocksdb-sys v6.11.4
[INFO] [stderr]     Checking tokio-util v0.3.1
[INFO] [stderr]     Checking serde v1.0.114
[INFO] [stderr]     Checking futures-executor v0.3.5
[INFO] [stderr]     Checking h2 v0.2.6
[INFO] [stderr]     Checking tokio-tungstenite v0.11.0
[INFO] [stderr]     Checking futures v0.3.5
[INFO] [stderr]     Checking serde_urlencoded v0.6.1
[INFO] [stderr]     Checking hyper v0.13.7
[INFO] [stderr]     Checking deno_core v0.51.0
[INFO] [stderr] error: could not compile `hyper`
[INFO] [stderr] 
[INFO] [stderr] Caused by:
[INFO] [stderr]   process didn't exit successfully: `rustc --crate-name hyper --edition=2018 /opt/rustwide/cargo-home/registry/src/github.com-1ecc6299db9ec823/hyper-0.13.7/src/lib.rs --error-format=json --json=diagnostic-rendered-ansi --crate-type lib --emit=dep-info,metadata -C embed-bitcode=no -C debuginfo=2 --cfg 'feature="default"' --cfg 'feature="runtime"' --cfg 'feature="socket2"' --cfg 'feature="stream"' --cfg 'feature="tcp"' -C metadata=0d1c226648aaa80a -C extra-filename=-0d1c226648aaa80a --out-dir /opt/rustwide/target/debug/deps -L dependency=/opt/rustwide/target/debug/deps --extern bytes=/opt/rustwide/target/debug/deps/libbytes-5a69d67e5415873b.rmeta --extern futures_channel=/opt/rustwide/target/debug/deps/libfutures_channel-5e101af0ad144087.rmeta --extern futures_core=/opt/rustwide/target/debug/deps/libfutures_core-d622710143aabc15.rmeta --extern futures_util=/opt/rustwide/target/debug/deps/libfutures_util-1b01ce832ad3e614.rmeta --extern h2=/opt/rustwide/target/debug/deps/libh2-baaf29ff155032af.rmeta --extern http=/opt/rustwide/target/debug/deps/libhttp-579d9c1afb40a823.rmeta --extern http_body=/opt/rustwide/target/debug/deps/libhttp_body-6506a35253e61232.rmeta --extern httparse=/opt/rustwide/target/debug/deps/libhttparse-fa8851e3beed50ed.rmeta --extern itoa=/opt/rustwide/target/debug/deps/libitoa-e35a597646f84645.rmeta --extern pin_project=/opt/rustwide/target/debug/deps/libpin_project-e966dc8236aa1359.rmeta --extern socket2=/opt/rustwide/target/debug/deps/libsocket2-199157cc49d04564.rmeta --extern time=/opt/rustwide/target/debug/deps/libtime-5c2b88a32ac06923.rmeta --extern tokio=/opt/rustwide/target/debug/deps/libtokio-66f8fa602115a5ec.rmeta --extern tower_service=/opt/rustwide/target/debug/deps/libtower_service-25acc8b88a19952b.rmeta --extern tracing=/opt/rustwide/target/debug/deps/libtracing-fdd72c0b9062cbea.rmeta --extern want=/opt/rustwide/target/debug/deps/libwant-988ed18423648960.rmeta --cap-lints allow` (signal: 9, SIGKILL: kill)
[INFO] [stderr] warning: build failed, waiting for other jobs to finish...
[INFO] [stderr] The following warnings were emitted during compilation:
[INFO] [stderr] 
[INFO] [stderr] warning: c++: fatal error: Killed signal terminated program cc1plus
[INFO] [stderr] warning: compilation terminated.
[INFO] [stderr] warning: c++: fatal error: Killed signal terminated program cc1plus
[INFO] [stderr] warning: compilation terminated.
[INFO] [stderr] warning: c++: fatal error: Killed signal terminated program cc1plus
[INFO] [stderr] warning: compilation terminated.
[INFO] [stderr] warning: c++: fatal error: Killed signal terminated program cc1plus
[INFO] [stderr] warning: compilation terminated.
[INFO] [stderr] warning: c++: fatal error: Killed signal terminated program cc1plus
[INFO] [stderr] warning: compilation terminated.
[INFO] [stderr] warning: c++: fatal error: Killed signal terminated program cc1plus
[INFO] [stderr] warning: compilation terminated.
[INFO] [stderr] warning: c++: fatal error: Killed signal terminated program cc1plus
[INFO] [stderr] warning: compilation terminated.
[INFO] [stderr] warning: c++: fatal error: Killed signal terminated program cc1plus
[INFO] [stderr] warning: compilation terminated.
[INFO] [stderr] warning: c++: fatal error: Killed signal terminated program cc1plus
[INFO] [stderr] warning: compilation terminated.
[INFO] [stderr] warning: c++: fatal error: Killed signal terminated program cc1plus
[INFO] [stderr] warning: compilation terminated.
[INFO] [stderr] 
[INFO] [stderr] error: build failed
[INFO] running `Command { std: "docker" "inspect" "3306234d0b50dea9adc98e129eeaf20946832135e5ba09a39eefa28ab36957bc", kill_on_drop: false }`
[INFO] running `Command { std: "docker" "rm" "-f" "3306234d0b50dea9adc98e129eeaf20946832135e5ba09a39eefa28ab36957bc", kill_on_drop: false }`
[INFO] [stdout] 3306234d0b50dea9adc98e129eeaf20946832135e5ba09a39eefa28ab36957bc
