[INFO] cloning repository https://github.com/ClementViste/zero
[INFO] running `Command { std: "git" "-c" "credential.helper=" "-c" "credential.helper=/workspace/cargo-home/bin/git-credential-null" "clone" "--bare" "https://github.com/ClementViste/zero" "/workspace/cache/git-repos/https%3A%2F%2Fgithub.com%2FClementViste%2Fzero", kill_on_drop: false }`
[INFO] [stderr] Cloning into bare repository '/workspace/cache/git-repos/https%3A%2F%2Fgithub.com%2FClementViste%2Fzero'...
[INFO] running `Command { std: "git" "rev-parse" "HEAD", kill_on_drop: false }`
[INFO] [stdout] 7ab6c2ccf2c374f460c7ede4bafcf4c5cc285a0c
[INFO] documenting ClementViste/zero against beta-2021-08-01 for beta-1.55-rustdoc-1
[INFO] running `Command { std: "git" "clone" "/workspace/cache/git-repos/https%3A%2F%2Fgithub.com%2FClementViste%2Fzero" "/workspace/builds/worker-10/source", kill_on_drop: false }`
[INFO] [stderr] Cloning into '/workspace/builds/worker-10/source'...
[INFO] [stderr] done.
[INFO] validating manifest of git repo https://github.com/ClementViste/zero on toolchain beta-2021-08-01
[INFO] running `Command { std: "/workspace/cargo-home/bin/cargo" "+beta-2021-08-01" "metadata" "--manifest-path" "Cargo.toml" "--no-deps", kill_on_drop: false }`
[INFO] started tweaking git repo https://github.com/ClementViste/zero
[INFO] finished tweaking git repo https://github.com/ClementViste/zero
[INFO] tweaked toml for git repo https://github.com/ClementViste/zero written to /workspace/builds/worker-10/source/Cargo.toml
[INFO] crate git repo https://github.com/ClementViste/zero already has a lockfile, it will not be regenerated
[INFO] running `Command { std: "/workspace/cargo-home/bin/cargo" "+beta-2021-08-01" "fetch" "--manifest-path" "Cargo.toml", kill_on_drop: false }`
[INFO] [stderr]     Blocking waiting for file lock on package cache
[INFO] running `Command { std: "docker" "create" "-v" "/var/lib/crater-agent-workspace/builds/worker-10/target:/opt/rustwide/target:rw,Z" "-v" "/var/lib/crater-agent-workspace/builds/worker-10/source:/opt/rustwide/workdir:ro,Z" "-v" "/var/lib/crater-agent-workspace/cargo-home:/opt/rustwide/cargo-home:ro,Z" "-v" "/var/lib/crater-agent-workspace/rustup-home:/opt/rustwide/rustup-home:ro,Z" "-e" "SOURCE_DIR=/opt/rustwide/workdir" "-e" "CARGO_TARGET_DIR=/opt/rustwide/target" "-e" "CARGO_HOME=/opt/rustwide/cargo-home" "-e" "RUSTUP_HOME=/opt/rustwide/rustup-home" "-w" "/opt/rustwide/workdir" "-m" "1610612736" "--user" "0:0" "--network" "none" "ghcr.io/rust-lang/crates-build-env/linux@sha256:34b6a614d2c27851fe6cbf88fbd1137609cefab8b10d0615aaeb6fd47975d74e" "/opt/rustwide/cargo-home/bin/cargo" "+beta-2021-08-01" "metadata" "--no-deps" "--format-version=1", kill_on_drop: false }`
[INFO] [stdout] 53fb5aee9e32be23ed3d1a8423948d596651836457186280ae1742d8205e91e3
[INFO] [stderr] WARNING: Your kernel does not support swap limit capabilities or the cgroup is not mounted. Memory limited without swap.
[INFO] running `Command { std: "docker" "start" "-a" "53fb5aee9e32be23ed3d1a8423948d596651836457186280ae1742d8205e91e3", kill_on_drop: false }`
[INFO] running `Command { std: "docker" "inspect" "53fb5aee9e32be23ed3d1a8423948d596651836457186280ae1742d8205e91e3", kill_on_drop: false }`
[INFO] running `Command { std: "docker" "rm" "-f" "53fb5aee9e32be23ed3d1a8423948d596651836457186280ae1742d8205e91e3", kill_on_drop: false }`
[INFO] [stdout] 53fb5aee9e32be23ed3d1a8423948d596651836457186280ae1742d8205e91e3
[INFO] running `Command { std: "docker" "create" "-v" "/var/lib/crater-agent-workspace/builds/worker-10/target:/opt/rustwide/target:rw,Z" "-v" "/var/lib/crater-agent-workspace/builds/worker-10/source:/opt/rustwide/workdir:ro,Z" "-v" "/var/lib/crater-agent-workspace/cargo-home:/opt/rustwide/cargo-home:ro,Z" "-v" "/var/lib/crater-agent-workspace/rustup-home:/opt/rustwide/rustup-home:ro,Z" "-e" "SOURCE_DIR=/opt/rustwide/workdir" "-e" "CARGO_TARGET_DIR=/opt/rustwide/target" "-e" "CARGO_INCREMENTAL=0" "-e" "RUST_BACKTRACE=full" "-e" "RUSTDOCFLAGS=--cap-lints=warn" "-e" "CARGO_HOME=/opt/rustwide/cargo-home" "-e" "RUSTUP_HOME=/opt/rustwide/rustup-home" "-w" "/opt/rustwide/workdir" "-m" "1610612736" "--user" "0:0" "--network" "none" "ghcr.io/rust-lang/crates-build-env/linux@sha256:34b6a614d2c27851fe6cbf88fbd1137609cefab8b10d0615aaeb6fd47975d74e" "/opt/rustwide/cargo-home/bin/cargo" "+beta-2021-08-01" "doc" "--frozen" "--no-deps" "--document-private-items" "--message-format=json", kill_on_drop: false }`
[INFO] [stdout] a89126668a1820cfc0da4e4be4a76b4e9951468ca18975bbd0dee495287764db
[INFO] [stderr] WARNING: Your kernel does not support swap limit capabilities or the cgroup is not mounted. Memory limited without swap.
[INFO] running `Command { std: "docker" "start" "-a" "a89126668a1820cfc0da4e4be4a76b4e9951468ca18975bbd0dee495287764db", kill_on_drop: false }`
[INFO] [stderr]    Compiling serde_json v1.0.64
[INFO] [stderr]    Compiling zstd-safe v3.1.0+zstd.1.4.9
[INFO] [stderr]    Compiling futures-io v0.3.15
[INFO] [stderr]    Compiling subtle v2.4.1
[INFO] [stderr]     Checking language-tags v0.3.2
[INFO] [stderr]    Compiling byteorder v1.4.3
[INFO] [stderr]     Checking humansize v1.1.1
[INFO] [stderr]    Compiling tokio v1.8.1
[INFO] [stderr]     Checking actix-utils v3.0.0
[INFO] [stderr]     Checking proc-macro2 v1.0.27
[INFO] [stderr]    Compiling jobserver v0.1.22
[INFO] [stderr]    Compiling dirs-sys v0.3.6
[INFO] [stderr]     Checking bstr v0.2.16
[INFO] [stderr]     Checking tracing-log v0.1.2
[INFO] [stderr]     Checking gethostname v0.2.1
[INFO] [stderr]     Checking actix-service v2.0.0
[INFO] [stderr]     Checking idna v0.2.3
[INFO] [stderr]     Checking stringprep v0.1.2
[INFO] [stderr]    Compiling uuid v0.8.2
[INFO] [stderr]     Checking crypto-mac v0.10.0
[INFO] [stderr]    Compiling num-integer v0.1.44
[INFO] [stderr]    Compiling dirs v3.0.2
[INFO] [stderr]    Compiling nom v6.1.2
[INFO] [stderr]    Compiling actix-macros v0.2.1
[INFO] [stderr]    Compiling actix-web-codegen v0.5.0-beta.3
[INFO] [stderr]     Checking hashbrown v0.11.2
[INFO] [stderr]     Checking sha-1 v0.9.6
[INFO] [stderr]     Checking md-5 v0.9.1
[INFO] [stderr]    Compiling cc v1.0.69
[INFO] [stderr]    Compiling parse-zoneinfo v0.3.0
[INFO] [stderr]    Compiling sha2 v0.9.5
[INFO] [stderr]     Checking chrono v0.4.19
[INFO] [stderr]     Checking serde-hjson v0.9.1
[INFO] [stderr]     Checking sqlformat v0.1.6
[INFO] [stderr]     Checking serde v1.0.126
[INFO] [stderr]     Checking futures-util v0.3.15
[INFO] [stderr]     Checking hmac v0.10.1
[INFO] [stderr]     Checking tracing v0.1.26
[INFO] [stderr]     Checking time-macros v0.1.1
[INFO] [stderr]    Compiling thiserror v1.0.26
[INFO] [stderr]     Checking pin-project v1.0.7
[INFO] [stderr]    Compiling pest_derive v2.1.0
[INFO] [stderr]     Checking quote v1.0.9
[INFO] [stderr]     Checking globset v0.4.8
[INFO] [stderr]    Compiling indexmap v1.7.0
[INFO] [stderr]    Compiling hashlink v0.7.0
[INFO] [stderr]     Checking time v0.2.27
[INFO] [stderr]     Checking tracing-futures v0.2.5
[INFO] [stderr]     Checking syn v1.0.73
[INFO] [stderr]     Checking ignore v0.4.18
[INFO] [stderr]    Compiling chrono-tz v0.5.3
[INFO] [stderr]    Compiling ring v0.16.20
[INFO] [stderr]    Compiling zstd-sys v1.5.0+zstd.1.4.9
[INFO] [stderr]    Compiling brotli-sys v0.3.2
[INFO] [stderr]     Checking globwalk v0.8.1
[INFO] [stderr]     Checking cookie v0.15.0
[INFO] [stderr]     Checking local-channel v0.1.2
[INFO] [stderr]     Checking futures-executor v0.3.15
[INFO] [stderr]     Checking futures v0.3.15
[INFO] [stderr]     Checking url v2.2.2
[INFO] [stderr]     Checking either v1.6.1
[INFO] [stderr]     Checking serde_urlencoded v0.7.0
[INFO] [stderr]     Checking actix-router v0.2.7
[INFO] [stderr]     Checking tracing-serde v0.1.2
[INFO] [stderr]     Checking toml v0.5.8
[INFO] [stderr]     Checking tracing-subscriber v0.2.19
[INFO] [stderr]     Checking serde-aux v2.2.0
[INFO] [stderr]     Checking tokio-util v0.6.7
[INFO] [stderr]     Checking actix-rt v2.2.0
[INFO] [stderr]     Checking tokio-stream v0.1.7
[INFO] [stderr]     Checking config v0.11.0
[INFO] [stderr]     Checking validator_types v0.14.0
[INFO] [stderr]     Checking actix-server v2.0.0-beta.5
[INFO] [stderr]     Checking webpki v0.21.4
[INFO] [stderr]     Checking sct v0.6.1
[INFO] [stderr]     Checking h2 v0.3.3
[INFO] [stderr]     Checking actix-codec v0.4.0
[INFO] [stderr]     Checking validator v0.14.0
[INFO] [stderr]     Checking rustls v0.19.1
[INFO] [stderr]     Checking webpki-roots v0.21.1
[INFO] [stderr]     Checking tracing-bunyan-formatter v0.2.4
[INFO] [stderr]     Checking actix-tls v3.0.0-beta.5
[INFO] [stderr]     Checking brotli2 v0.3.2
[INFO] [stderr]     Checking tokio-rustls v0.22.0
[INFO] [stderr]     Checking sqlx-rt v0.5.5
[INFO] [stderr]     Checking sqlx-core v0.5.5
[INFO] [stderr]     Checking tera v1.12.1
[INFO] [stderr]     Checking hyper v0.14.10
[INFO] [stderr]     Checking hyper-rustls v0.22.1
[INFO] [stderr]     Checking reqwest v0.11.4
[INFO] [stderr]    Compiling sqlx-macros v0.5.5
[INFO] [stderr]     Checking sqlx v0.5.5
[INFO] [stderr]     Checking zstd v0.7.0+zstd.1.4.9
[INFO] [stderr]     Checking actix-http v3.0.0-beta.8
[INFO] [stderr]     Checking actix-web v4.0.0-beta.8
[INFO] [stderr]     Checking tracing-actix-web v0.4.0-beta.9
[INFO] [stderr]     Checking actix-files v0.6.0-beta.6
[INFO] [stderr]  Documenting zero v0.1.0 (/opt/rustwide/workdir)
[INFO] [stdout] error: error communicating with the server: Cannot assign requested address (os error 99)
[INFO] [stdout]    --> src/routes/subscriptions.rs:177:5
[INFO] [stdout]     |
[INFO] [stdout] 177 | /     query!(
[INFO] [stdout] 178 | |         r#"
[INFO] [stdout] 179 | |         INSERT INTO subscriptions (id, email, name, subscribed_at, status)
[INFO] [stdout] 180 | |         VALUES ($1, $2, $3, $4, 'pending_confirmation')
[INFO] [stdout] ...   |
[INFO] [stdout] 185 | |         Utc::now()
[INFO] [stdout] 186 | |     )
[INFO] [stdout]     | |_____^
[INFO] [stdout]     |
[INFO] [stdout]     = note: this error originates in the macro `$crate::sqlx_macros::expand_query` (in Nightly builds, run with -Z macro-backtrace for more info)
[INFO] [stdout] 
[INFO] [stdout] 
[INFO] [stdout] error: error communicating with the server: Cannot assign requested address (os error 99)
[INFO] [stdout]    --> src/routes/subscriptions.rs:205:5
[INFO] [stdout]     |
[INFO] [stdout] 205 | /     query!(
[INFO] [stdout] 206 | |         r#"
[INFO] [stdout] 207 | |         INSERT INTO subscription_tokens (subscription_token, subscriber_id)
[INFO] [stdout] 208 | |         VALUES ($1, $2)
[INFO] [stdout] ...   |
[INFO] [stdout] 211 | |         subscriber_id,
[INFO] [stdout] 212 | |     )
[INFO] [stdout]     | |_____^
[INFO] [stdout]     |
[INFO] [stdout]     = note: this error originates in the macro `$crate::sqlx_macros::expand_query` (in Nightly builds, run with -Z macro-backtrace for more info)
[INFO] [stdout] 
[INFO] [stdout] 
[INFO] [stdout] error: error communicating with the server: Cannot assign requested address (os error 99)
[INFO] [stdout]    --> src/routes/subscriptions_confirm.rs:104:5
[INFO] [stdout]     |
[INFO] [stdout] 104 | /     query!(
[INFO] [stdout] 105 | |         r#"
[INFO] [stdout] 106 | |         UPDATE subscriptions SET status = 'confirmed' WHERE id = $1
[INFO] [stdout] 107 | |         "#,
[INFO] [stdout] 108 | |         subscriber_id,
[INFO] [stdout] 109 | |     )
[INFO] [stdout]     | |_____^
[INFO] [stdout]     |
[INFO] [stdout]     = note: this error originates in the macro `$crate::sqlx_macros::expand_query` (in Nightly builds, run with -Z macro-backtrace for more info)
[INFO] [stdout] 
[INFO] [stdout] 
[INFO] [stdout] error: error communicating with the server: Cannot assign requested address (os error 99)
[INFO] [stdout]    --> src/routes/subscriptions_confirm.rs:128:18
[INFO] [stdout]     |
[INFO] [stdout] 128 |       let result = query!(
[INFO] [stdout]     |  __________________^
[INFO] [stdout] 129 | |         r#"
[INFO] [stdout] 130 | |         SELECT subscriber_id FROM subscription_tokens WHERE subscription_token = $1
[INFO] [stdout] 131 | |         "#,
[INFO] [stdout] 132 | |         subscription_token,
[INFO] [stdout] 133 | |     )
[INFO] [stdout]     | |_____^
[INFO] [stdout]     |
[INFO] [stdout]     = note: this error originates in the macro `$crate::sqlx_macros::expand_query` (in Nightly builds, run with -Z macro-backtrace for more info)
[INFO] [stdout] 
[INFO] [stdout] 
[INFO] [stdout] error: Compilation failed, aborting rustdoc
[INFO] [stdout] 
[INFO] [stdout] 
[INFO] [stdout] error: aborting due to 5 previous errors
[INFO] [stdout] 
[INFO] [stdout] 
[INFO] [stderr] error: could not document `zero`
[INFO] [stderr] 
[INFO] [stderr] Caused by:
[INFO] [stderr]   process didn't exit successfully: `rustdoc --edition=2018 --crate-type lib --crate-name zero src/lib.rs -o /opt/rustwide/target/doc --error-format=json --json=diagnostic-rendered-ansi --document-private-items -L dependency=/opt/rustwide/target/debug/deps --extern actix_files=/opt/rustwide/target/debug/deps/libactix_files-5f5a911015251f66.rmeta --extern actix_http=/opt/rustwide/target/debug/deps/libactix_http-36f199ab519c81c6.rmeta --extern actix_web=/opt/rustwide/target/debug/deps/libactix_web-cec24c28fb400209.rmeta --extern anyhow=/opt/rustwide/target/debug/deps/libanyhow-e0c590a61c268547.rmeta --extern chrono=/opt/rustwide/target/debug/deps/libchrono-5032eb44f6e2ee3d.rmeta --extern config=/opt/rustwide/target/debug/deps/libconfig-26eb40afa98a5be5.rmeta --extern rand=/opt/rustwide/target/debug/deps/librand-0641e1ef7f6ae318.rmeta --extern reqwest=/opt/rustwide/target/debug/deps/libreqwest-860f8c2a0ff20594.rmeta --extern serde=/opt/rustwide/target/debug/deps/libserde-45d38ac84f5cfab4.rmeta --extern serde_aux=/opt/rustwide/target/debug/deps/libserde_aux-a933b6706affc688.rmeta --extern sqlx=/opt/rustwide/target/debug/deps/libsqlx-513d52c0137e2e2d.rmeta --extern tera=/opt/rustwide/target/debug/deps/libtera-958c599635a10d53.rmeta --extern thiserror=/opt/rustwide/target/debug/deps/libthiserror-dd220dba6f9dce58.rmeta --extern tracing=/opt/rustwide/target/debug/deps/libtracing-3d6493a212c68e7b.rmeta --extern tracing_actix_web=/opt/rustwide/target/debug/deps/libtracing_actix_web-919751af2dcb3470.rmeta --extern tracing_bunyan_formatter=/opt/rustwide/target/debug/deps/libtracing_bunyan_formatter-fab0e372c91d0348.rmeta --extern tracing_futures=/opt/rustwide/target/debug/deps/libtracing_futures-ff6adfe6eaeffdbd.rmeta --extern tracing_log=/opt/rustwide/target/debug/deps/libtracing_log-6d3c0b234ed71f55.rmeta --extern tracing_subscriber=/opt/rustwide/target/debug/deps/libtracing_subscriber-3ac96ccc29103c00.rmeta --extern unicode_segmentation=/opt/rustwide/target/debug/deps/libunicode_segmentation-8d03fded5bebaf9e.rmeta --extern uuid=/opt/rustwide/target/debug/deps/libuuid-5bce73965e2d0518.rmeta --extern validator=/opt/rustwide/target/debug/deps/libvalidator-6a3158d0b2251871.rmeta --cap-lints=warn --crate-version 0.1.0` (exit status: 1)
[INFO] running `Command { std: "docker" "inspect" "a89126668a1820cfc0da4e4be4a76b4e9951468ca18975bbd0dee495287764db", kill_on_drop: false }`
[INFO] running `Command { std: "docker" "rm" "-f" "a89126668a1820cfc0da4e4be4a76b4e9951468ca18975bbd0dee495287764db", kill_on_drop: false }`
[INFO] [stdout] a89126668a1820cfc0da4e4be4a76b4e9951468ca18975bbd0dee495287764db
