[INFO] cloning repository https://github.com/Blatko1/wgpu-beginner-project
[INFO] running `Command { std: "git" "-c" "credential.helper=" "-c" "credential.helper=/workspace/cargo-home/bin/git-credential-null" "clone" "--bare" "https://github.com/Blatko1/wgpu-beginner-project" "/workspace/cache/git-repos/https%3A%2F%2Fgithub.com%2FBlatko1%2Fwgpu-beginner-project", kill_on_drop: false }`
[INFO] [stderr] Cloning into bare repository '/workspace/cache/git-repos/https%3A%2F%2Fgithub.com%2FBlatko1%2Fwgpu-beginner-project'...
[INFO] running `Command { std: "git" "rev-parse" "HEAD", kill_on_drop: false }`
[INFO] [stdout] e89ae238e2af6ef091d7fb516de4a4944f120b84
[INFO] documenting Blatko1/wgpu-beginner-project against 1.54.0 for beta-1.55-rustdoc-1
[INFO] running `Command { std: "git" "clone" "/workspace/cache/git-repos/https%3A%2F%2Fgithub.com%2FBlatko1%2Fwgpu-beginner-project" "/workspace/builds/worker-0/source", kill_on_drop: false }`
[INFO] [stderr] Cloning into '/workspace/builds/worker-0/source'...
[INFO] [stderr] done.
[INFO] validating manifest of git repo https://github.com/Blatko1/wgpu-beginner-project on toolchain 1.54.0
[INFO] running `Command { std: "/workspace/cargo-home/bin/cargo" "+1.54.0" "metadata" "--manifest-path" "Cargo.toml" "--no-deps", kill_on_drop: false }`
[INFO] started tweaking git repo https://github.com/Blatko1/wgpu-beginner-project
[INFO] finished tweaking git repo https://github.com/Blatko1/wgpu-beginner-project
[INFO] tweaked toml for git repo https://github.com/Blatko1/wgpu-beginner-project written to /workspace/builds/worker-0/source/Cargo.toml
[INFO] crate git repo https://github.com/Blatko1/wgpu-beginner-project already has a lockfile, it will not be regenerated
[INFO] running `Command { std: "/workspace/cargo-home/bin/cargo" "+1.54.0" "fetch" "--manifest-path" "Cargo.toml", kill_on_drop: false }`
[INFO] [stderr]     Blocking waiting for file lock on package cache
[INFO] running `Command { std: "docker" "create" "-v" "/var/lib/crater-agent-workspace/builds/worker-0/target:/opt/rustwide/target:rw,Z" "-v" "/var/lib/crater-agent-workspace/builds/worker-0/source:/opt/rustwide/workdir:ro,Z" "-v" "/var/lib/crater-agent-workspace/cargo-home:/opt/rustwide/cargo-home:ro,Z" "-v" "/var/lib/crater-agent-workspace/rustup-home:/opt/rustwide/rustup-home:ro,Z" "-e" "SOURCE_DIR=/opt/rustwide/workdir" "-e" "CARGO_TARGET_DIR=/opt/rustwide/target" "-e" "CARGO_HOME=/opt/rustwide/cargo-home" "-e" "RUSTUP_HOME=/opt/rustwide/rustup-home" "-w" "/opt/rustwide/workdir" "-m" "1610612736" "--user" "0:0" "--network" "none" "ghcr.io/rust-lang/crates-build-env/linux@sha256:34b6a614d2c27851fe6cbf88fbd1137609cefab8b10d0615aaeb6fd47975d74e" "/opt/rustwide/cargo-home/bin/cargo" "+1.54.0" "metadata" "--no-deps" "--format-version=1", kill_on_drop: false }`
[INFO] [stdout] 43cb18708e8fe684f5ade00235072e8b2f715143094621b5c5777bb66ebfd8b8
[INFO] [stderr] WARNING: Your kernel does not support swap limit capabilities or the cgroup is not mounted. Memory limited without swap.
[INFO] running `Command { std: "docker" "start" "-a" "43cb18708e8fe684f5ade00235072e8b2f715143094621b5c5777bb66ebfd8b8", kill_on_drop: false }`
[INFO] running `Command { std: "docker" "inspect" "43cb18708e8fe684f5ade00235072e8b2f715143094621b5c5777bb66ebfd8b8", kill_on_drop: false }`
[INFO] running `Command { std: "docker" "rm" "-f" "43cb18708e8fe684f5ade00235072e8b2f715143094621b5c5777bb66ebfd8b8", kill_on_drop: false }`
[INFO] [stdout] 43cb18708e8fe684f5ade00235072e8b2f715143094621b5c5777bb66ebfd8b8
[INFO] running `Command { std: "docker" "create" "-v" "/var/lib/crater-agent-workspace/builds/worker-0/target:/opt/rustwide/target:rw,Z" "-v" "/var/lib/crater-agent-workspace/builds/worker-0/source:/opt/rustwide/workdir:ro,Z" "-v" "/var/lib/crater-agent-workspace/cargo-home:/opt/rustwide/cargo-home:ro,Z" "-v" "/var/lib/crater-agent-workspace/rustup-home:/opt/rustwide/rustup-home:ro,Z" "-e" "SOURCE_DIR=/opt/rustwide/workdir" "-e" "CARGO_TARGET_DIR=/opt/rustwide/target" "-e" "CARGO_INCREMENTAL=0" "-e" "RUST_BACKTRACE=full" "-e" "RUSTDOCFLAGS=--cap-lints=warn" "-e" "CARGO_HOME=/opt/rustwide/cargo-home" "-e" "RUSTUP_HOME=/opt/rustwide/rustup-home" "-w" "/opt/rustwide/workdir" "-m" "1610612736" "--user" "0:0" "--network" "none" "ghcr.io/rust-lang/crates-build-env/linux@sha256:34b6a614d2c27851fe6cbf88fbd1137609cefab8b10d0615aaeb6fd47975d74e" "/opt/rustwide/cargo-home/bin/cargo" "+1.54.0" "doc" "--frozen" "--no-deps" "--document-private-items" "--message-format=json", kill_on_drop: false }`
[INFO] [stdout] d8e5293b371801f559b41ea7b7f189f0790dd132ab351615d4e34030360085f2
[INFO] [stderr] WARNING: Your kernel does not support swap limit capabilities or the cgroup is not mounted. Memory limited without swap.
[INFO] running `Command { std: "docker" "start" "-a" "d8e5293b371801f559b41ea7b7f189f0790dd132ab351615d4e34030360085f2", kill_on_drop: false }`
[INFO] [stderr]    Compiling libc v0.2.97
[INFO] [stderr]     Checking ttf-parser v0.12.3
[INFO] [stderr]    Compiling num-rational v0.4.0
[INFO] [stderr]    Compiling wgpu-core v0.9.0
[INFO] [stderr]     Checking nom v6.2.1
[INFO] [stderr]    Compiling wayland-scanner v0.28.6
[INFO] [stderr]    Compiling first_gwpu_graphics v0.1.0 (/opt/rustwide/workdir)
[INFO] [stderr]     Checking crossbeam-epoch v0.9.5
[INFO] [stderr]     Checking approx v0.5.0
[INFO] [stderr]    Compiling thiserror-impl v1.0.25
[INFO] [stderr]     Checking regex v1.4.6
[INFO] [stderr]    Compiling nalgebra-macros v0.1.0
[INFO] [stderr]     Checking futures-util v0.3.15
[INFO] [stderr]     Checking serde_json v1.0.66
[INFO] [stderr]     Checking tracing-serde v0.1.2
[INFO] [stderr]     Checking simba v0.5.1
[INFO] [stderr]     Checking crossbeam-deque v0.8.0
[INFO] [stderr]     Checking crossbeam v0.8.1
[INFO] [stderr]     Checking owned_ttf_parser v0.12.1
[INFO] [stderr]     Checking ab_glyph v0.2.11
[INFO] [stderr]     Checking xcursor v0.3.3
[INFO] [stderr]     Checking glyph_brush_layout v0.2.3
[INFO] [stderr]     Checking thiserror v1.0.25
[INFO] [stderr]    Compiling wayland-client v0.28.6
[INFO] [stderr]    Compiling wayland-protocols v0.28.6
[INFO] [stderr]     Checking naga v0.5.0
[INFO] [stderr]     Checking raw-window-handle v0.3.3
[INFO] [stderr]     Checking num_cpus v1.13.0
[INFO] [stderr]     Checking parking_lot_core v0.8.3
[INFO] [stderr]     Checking getrandom v0.1.16
[INFO] [stderr]     Checking nix v0.20.0
[INFO] [stderr]     Checking getrandom v0.2.3
[INFO] [stderr]     Checking khronos-egl v4.1.0
[INFO] [stderr]     Checking nix v0.18.0
[INFO] [stderr]     Checking chrono v0.4.19
[INFO] [stderr]     Checking mio v0.7.13
[INFO] [stderr]     Checking memmap2 v0.1.0
[INFO] [stderr]     Checking atty v0.2.14
[INFO] [stderr]     Checking x11-dl v2.18.5
[INFO] [stderr]     Checking thread-id v3.3.0
[INFO] [stderr]     Checking rand_core v0.6.3
[INFO] [stderr]     Checking ahash v0.7.4
[INFO] [stderr]     Checking rand_core v0.5.1
[INFO] [stderr]     Checking rayon-core v1.9.1
[INFO] [stderr]     Checking parking_lot v0.11.1
[INFO] [stderr]     Checking env_logger v0.9.0
[INFO] [stderr]     Checking rand_chacha v0.3.1
[INFO] [stderr]     Checking rand_chacha v0.2.2
[INFO] [stderr]     Checking mio-misc v1.2.1
[INFO] [stderr]     Checking tobj v3.0.1
[INFO] [stderr]     Checking rand v0.8.4
[INFO] [stderr]     Checking rayon v1.5.1
[INFO] [stderr]     Checking rand v0.7.3
[INFO] [stderr]     Checking futures-executor v0.3.15
[INFO] [stderr]     Checking tracing-subscriber v0.2.19
[INFO] [stderr]     Checking futures v0.3.15
[INFO] [stderr]     Checking twox-hash v1.6.0
[INFO] [stderr]     Checking wgpu-subscriber v0.1.0
[INFO] [stderr]     Checking jpeg-decoder v0.1.22
[INFO] [stderr]     Checking glyph_brush_draw_cache v0.1.4
[INFO] [stderr]     Checking glyph_brush v0.7.2
[INFO] [stderr]     Checking wayland-commons v0.28.6
[INFO] [stderr]     Checking tiff v0.6.1
[INFO] [stderr]     Checking calloop v0.6.5
[INFO] [stderr]     Checking image v0.23.14
[INFO] [stderr]     Checking gfx-hal v0.9.0
[INFO] [stderr]     Checking nalgebra v0.27.1
[INFO] [stderr]     Checking wayland-cursor v0.28.6
[INFO] [stderr]     Checking gfx-backend-gl v0.9.0
[INFO] [stderr]     Checking gfx-backend-empty v0.9.0
[INFO] [stderr]     Checking gfx-backend-vulkan v0.9.0
[INFO] [stderr]     Checking wgpu v0.9.0
[INFO] [stderr]     Checking wgpu_glyph v0.13.0
[INFO] [stderr]     Checking smithay-client-toolkit v0.12.3
[INFO] [stderr]     Checking winit v0.25.0
[INFO] [stderr]  Documenting first_gwpu_graphics v0.1.0 (/opt/rustwide/workdir)
[INFO] [stdout] error: argument must be a string literal
[INFO] [stdout]   --> src/rendering/pipeline.rs:25:63
[INFO] [stdout]    |
[INFO] [stdout] 25 |                 source: wgpu::util::make_spirv(include_bytes!(vertex_path)),
[INFO] [stdout]    |                                                               ^^^^^^^^^^^
[INFO] [stdout] 
[INFO] [stdout] 
[INFO] [stdout] error: argument must be a string literal
[INFO] [stdout]   --> src/rendering/pipeline.rs:32:63
[INFO] [stdout]    |
[INFO] [stdout] 32 |                 source: wgpu::util::make_spirv(include_bytes!(fragment_path)),
[INFO] [stdout]    |                                                               ^^^^^^^^^^^^^
[INFO] [stdout] 
[INFO] [stdout] 
[INFO] [stdout] error[E0432]: unresolved import `crate::graphics`
[INFO] [stdout]  --> src/engine.rs:2:12
[INFO] [stdout]   |
[INFO] [stdout] 2 | use crate::graphics::Graphics;
[INFO] [stdout]   |            ^^^^^^^^
[INFO] [stdout]   |            |
[INFO] [stdout]   |            unresolved import
[INFO] [stdout]   |            help: a similar path exists: `crate::rendering::graphics`
[INFO] [stdout] 
[INFO] [stdout] 
[INFO] [stdout] error[E0432]: unresolved import `crate::renderer`
[INFO] [stdout]  --> src/engine.rs:3:12
[INFO] [stdout]   |
[INFO] [stdout] 3 | use crate::renderer::Renderer;
[INFO] [stdout]   |            ^^^^^^^^
[INFO] [stdout]   |            |
[INFO] [stdout]   |            unresolved import
[INFO] [stdout]   |            help: a similar path exists: `crate::rendering::renderer`
[INFO] [stdout] 
[INFO] [stdout] 
[INFO] [stdout] error[E0432]: unresolved import `crate::graphics`
[INFO] [stdout]  --> src/rendering/object.rs:1:12
[INFO] [stdout]   |
[INFO] [stdout] 1 | use crate::graphics::Graphics;
[INFO] [stdout]   |            ^^^^^^^^
[INFO] [stdout]   |            |
[INFO] [stdout]   |            unresolved import
[INFO] [stdout]   |            help: a similar path exists: `crate::rendering::graphics`
[INFO] [stdout] 
[INFO] [stdout] 
[INFO] [stdout] error[E0432]: unresolved import `crate::object`
[INFO] [stdout]   --> src/rendering/renderer.rs:61:28
[INFO] [stdout]    |
[INFO] [stdout] 61 |                 use crate::object::DrawObject;
[INFO] [stdout]    |                            ^^^^^^
[INFO] [stdout]    |                            |
[INFO] [stdout]    |                            unresolved import
[INFO] [stdout]    |                            help: a similar path exists: `crate::rendering::object`
[INFO] [stdout] 
[INFO] [stdout] 
[INFO] [stdout] error[E0432]: unresolved import `crate::renderer`
[INFO] [stdout]  --> src/rendering/uniforms.rs:1:5
[INFO] [stdout]   |
[INFO] [stdout] 1 | use crate::renderer;
[INFO] [stdout]   |     ^^^^^^^^^^^^^^^ no `renderer` in the root
[INFO] [stdout] 
[INFO] [stdout] 
[INFO] [stdout] error[E0432]: unresolved import `crate::graphics`
[INFO] [stdout]   --> src/main.rs:24:12
[INFO] [stdout]    |
[INFO] [stdout] 24 | use crate::graphics::Graphics;
[INFO] [stdout]    |            ^^^^^^^^
[INFO] [stdout]    |            |
[INFO] [stdout]    |            unresolved import
[INFO] [stdout]    |            help: a similar path exists: `crate::rendering::graphics`
[INFO] [stdout] 
[INFO] [stdout] 
[INFO] [stdout] error: Compilation failed, aborting rustdoc
[INFO] [stdout] 
[INFO] [stdout] 
[INFO] [stdout] error: aborting due to 9 previous errors
[INFO] [stdout] 
[INFO] [stdout] 
[INFO] [stdout] For more information about this error, try `rustc --explain E0432`.
[INFO] [stdout] 
[INFO] [stderr] error: could not document `first_gwpu_graphics`
[INFO] [stderr] 
[INFO] [stderr] Caused by:
[INFO] [stderr]   process didn't exit successfully: `rustdoc --edition=2018 --crate-type bin --crate-name first_gwpu_graphics src/main.rs -o /opt/rustwide/target/doc --error-format=json --json=diagnostic-rendered-ansi --document-private-items -L dependency=/opt/rustwide/target/debug/deps --extern anyhow=/opt/rustwide/target/debug/deps/libanyhow-53da55f2f9963cdd.rmeta --extern bytemuck=/opt/rustwide/target/debug/deps/libbytemuck-4326c8ef308d56d6.rmeta --extern env_logger=/opt/rustwide/target/debug/deps/libenv_logger-b74051cf2d2b4d21.rmeta --extern futures=/opt/rustwide/target/debug/deps/libfutures-c5492135c17c2484.rmeta --extern image=/opt/rustwide/target/debug/deps/libimage-6c2ade868628e107.rmeta --extern log=/opt/rustwide/target/debug/deps/liblog-f8abb66ffc16068c.rmeta --extern nalgebra=/opt/rustwide/target/debug/deps/libnalgebra-9795f98f7eca425a.rmeta --extern rand=/opt/rustwide/target/debug/deps/librand-494f68c6724a7b0f.rmeta --extern tobj=/opt/rustwide/target/debug/deps/libtobj-b0bf60b36ca2fa87.rmeta --extern wgpu=/opt/rustwide/target/debug/deps/libwgpu-19a86ffacdd87155.rmeta --extern wgpu_subscriber=/opt/rustwide/target/debug/deps/libwgpu_subscriber-05edcc4397e93599.rmeta --extern wgpu_glyph=/opt/rustwide/target/debug/deps/libwgpu_glyph-ab54b1a41c38c816.rmeta --extern winit=/opt/rustwide/target/debug/deps/libwinit-26eb09ea43f5c238.rmeta --cap-lints=warn --crate-version 0.1.0` (exit status: 1)
[INFO] running `Command { std: "docker" "inspect" "d8e5293b371801f559b41ea7b7f189f0790dd132ab351615d4e34030360085f2", kill_on_drop: false }`
[INFO] running `Command { std: "docker" "rm" "-f" "d8e5293b371801f559b41ea7b7f189f0790dd132ab351615d4e34030360085f2", kill_on_drop: false }`
[INFO] [stdout] d8e5293b371801f559b41ea7b7f189f0790dd132ab351615d4e34030360085f2
