[INFO] cloning repository https://github.com/Benricheson101/pathogen
[INFO] running `Command { std: "git" "-c" "credential.helper=" "-c" "credential.helper=/workspace/cargo-home/bin/git-credential-null" "clone" "--bare" "https://github.com/Benricheson101/pathogen" "/workspace/cache/git-repos/https%3A%2F%2Fgithub.com%2FBenricheson101%2Fpathogen", kill_on_drop: false }`
[INFO] [stderr] Cloning into bare repository '/workspace/cache/git-repos/https%3A%2F%2Fgithub.com%2FBenricheson101%2Fpathogen'...
[INFO] running `Command { std: "git" "rev-parse" "HEAD", kill_on_drop: false }`
[INFO] [stdout] 2e8c07805f85825e4a910e1e743b32fed4bc20a5
[INFO] documenting Benricheson101/pathogen against 1.54.0 for beta-1.55-rustdoc-1
[INFO] running `Command { std: "git" "clone" "/workspace/cache/git-repos/https%3A%2F%2Fgithub.com%2FBenricheson101%2Fpathogen" "/workspace/builds/worker-1/source", kill_on_drop: false }`
[INFO] [stderr] Cloning into '/workspace/builds/worker-1/source'...
[INFO] [stderr] done.
[INFO] validating manifest of git repo https://github.com/Benricheson101/pathogen on toolchain 1.54.0
[INFO] running `Command { std: "/workspace/cargo-home/bin/cargo" "+1.54.0" "metadata" "--manifest-path" "Cargo.toml" "--no-deps", kill_on_drop: false }`
[INFO] started tweaking git repo https://github.com/Benricheson101/pathogen
[INFO] finished tweaking git repo https://github.com/Benricheson101/pathogen
[INFO] tweaked toml for git repo https://github.com/Benricheson101/pathogen written to /workspace/builds/worker-1/source/Cargo.toml
[INFO] crate git repo https://github.com/Benricheson101/pathogen already has a lockfile, it will not be regenerated
[INFO] running `Command { std: "/workspace/cargo-home/bin/cargo" "+1.54.0" "fetch" "--manifest-path" "Cargo.toml", kill_on_drop: false }`
[INFO] [stderr]     Blocking waiting for file lock on package cache
[INFO] [stderr]     Blocking waiting for file lock on package cache
[INFO] running `Command { std: "docker" "create" "-v" "/var/lib/crater-agent-workspace/builds/worker-1/target:/opt/rustwide/target:rw,Z" "-v" "/var/lib/crater-agent-workspace/builds/worker-1/source:/opt/rustwide/workdir:ro,Z" "-v" "/var/lib/crater-agent-workspace/cargo-home:/opt/rustwide/cargo-home:ro,Z" "-v" "/var/lib/crater-agent-workspace/rustup-home:/opt/rustwide/rustup-home:ro,Z" "-e" "SOURCE_DIR=/opt/rustwide/workdir" "-e" "CARGO_TARGET_DIR=/opt/rustwide/target" "-e" "CARGO_HOME=/opt/rustwide/cargo-home" "-e" "RUSTUP_HOME=/opt/rustwide/rustup-home" "-w" "/opt/rustwide/workdir" "-m" "1610612736" "--user" "0:0" "--network" "none" "ghcr.io/rust-lang/crates-build-env/linux@sha256:34b6a614d2c27851fe6cbf88fbd1137609cefab8b10d0615aaeb6fd47975d74e" "/opt/rustwide/cargo-home/bin/cargo" "+1.54.0" "metadata" "--no-deps" "--format-version=1", kill_on_drop: false }`
[INFO] [stdout] 5d8dc2d87b054c961779bcca004b1fd945cdd9e327a9b3ca9400cf24acb8f3ff
[INFO] [stderr] WARNING: Your kernel does not support swap limit capabilities or the cgroup is not mounted. Memory limited without swap.
[INFO] running `Command { std: "docker" "start" "-a" "5d8dc2d87b054c961779bcca004b1fd945cdd9e327a9b3ca9400cf24acb8f3ff", kill_on_drop: false }`
[INFO] running `Command { std: "docker" "inspect" "5d8dc2d87b054c961779bcca004b1fd945cdd9e327a9b3ca9400cf24acb8f3ff", kill_on_drop: false }`
[INFO] running `Command { std: "docker" "rm" "-f" "5d8dc2d87b054c961779bcca004b1fd945cdd9e327a9b3ca9400cf24acb8f3ff", kill_on_drop: false }`
[INFO] [stdout] 5d8dc2d87b054c961779bcca004b1fd945cdd9e327a9b3ca9400cf24acb8f3ff
[INFO] running `Command { std: "docker" "create" "-v" "/var/lib/crater-agent-workspace/builds/worker-1/target:/opt/rustwide/target:rw,Z" "-v" "/var/lib/crater-agent-workspace/builds/worker-1/source:/opt/rustwide/workdir:ro,Z" "-v" "/var/lib/crater-agent-workspace/cargo-home:/opt/rustwide/cargo-home:ro,Z" "-v" "/var/lib/crater-agent-workspace/rustup-home:/opt/rustwide/rustup-home:ro,Z" "-e" "SOURCE_DIR=/opt/rustwide/workdir" "-e" "CARGO_TARGET_DIR=/opt/rustwide/target" "-e" "CARGO_INCREMENTAL=0" "-e" "RUST_BACKTRACE=full" "-e" "RUSTDOCFLAGS=--cap-lints=warn" "-e" "CARGO_HOME=/opt/rustwide/cargo-home" "-e" "RUSTUP_HOME=/opt/rustwide/rustup-home" "-w" "/opt/rustwide/workdir" "-m" "1610612736" "--user" "0:0" "--network" "none" "ghcr.io/rust-lang/crates-build-env/linux@sha256:34b6a614d2c27851fe6cbf88fbd1137609cefab8b10d0615aaeb6fd47975d74e" "/opt/rustwide/cargo-home/bin/cargo" "+1.54.0" "doc" "--frozen" "--no-deps" "--document-private-items" "--message-format=json", kill_on_drop: false }`
[INFO] [stderr] WARNING: Your kernel does not support swap limit capabilities or the cgroup is not mounted. Memory limited without swap.
[INFO] [stdout] d74b4a6082cc68ffd734bbcf90ce64af10d5ddd47007ce19a6302ce0a57d18aa
[INFO] running `Command { std: "docker" "start" "-a" "d74b4a6082cc68ffd734bbcf90ce64af10d5ddd47007ce19a6302ce0a57d18aa", kill_on_drop: false }`
[INFO] [stderr]    Compiling libc v0.2.87
[INFO] [stderr]    Compiling getrandom v0.2.2
[INFO] [stderr]    Compiling serde_json v1.0.64
[INFO] [stderr]    Compiling futures-sink v0.3.13
[INFO] [stderr]    Compiling pin-project-lite v0.2.5
[INFO] [stderr]    Compiling futures-io v0.3.13
[INFO] [stderr]    Compiling subtle v2.4.0
[INFO] [stderr]     Checking fluent-syntax v0.10.3
[INFO] [stderr]    Compiling hex v0.4.2
[INFO] [stderr]    Compiling whoami v1.1.0
[INFO] [stderr]    Compiling serenity v0.10.2
[INFO] [stderr]     Checking uwl v0.6.0
[INFO] [stderr]     Checking typemap_rev v0.1.4
[INFO] [stderr]     Checking if_chain v1.0.1
[INFO] [stderr]    Compiling tokio v1.2.0
[INFO] [stderr]    Compiling indexmap v1.6.1
[INFO] [stderr]    Compiling thread_local v1.1.3
[INFO] [stderr]    Compiling nom v6.1.2
[INFO] [stderr]     Checking futures-channel v0.3.13
[INFO] [stderr]    Compiling unic-langid-impl v0.9.0
[INFO] [stderr]    Compiling openssl-sys v0.9.60
[INFO] [stderr]    Compiling lock_api v0.4.2
[INFO] [stderr]     Checking heck v0.3.2
[INFO] [stderr]    Compiling typenum v1.12.0
[INFO] [stderr]    Compiling unicode-normalization v0.1.17
[INFO] [stderr]     Checking spinning_top v0.2.2
[INFO] [stderr]     Checking bstr v0.2.15
[INFO] [stderr]     Checking stringprep v0.1.2
[INFO] [stderr]    Compiling bitvec v0.19.4
[INFO] [stderr]     Checking regex v1.4.3
[INFO] [stderr]    Compiling mime_guess v2.0.3
[INFO] [stderr]    Compiling tokio-macros v1.1.0
[INFO] [stderr]    Compiling pin-project-internal v1.0.5
[INFO] [stderr]    Compiling async-trait v0.1.42
[INFO] [stderr]    Compiling snafu-derive v0.6.10
[INFO] [stderr]    Compiling command_attr v0.3.3
[INFO] [stderr]    Compiling proc-macro-error v1.0.4
[INFO] [stderr]     Checking sha-1 v0.9.4
[INFO] [stderr]     Checking md-5 v0.9.1
[INFO] [stderr]     Checking futures-util v0.3.13
[INFO] [stderr]     Checking serde v1.0.123
[INFO] [stderr]     Checking tracing v0.1.25
[INFO] [stderr]    Compiling thiserror v1.0.24
[INFO] [stderr]    Compiling unic-langid-macros-impl v0.9.0
[INFO] [stderr]    Compiling generic-array v0.14.4
[INFO] [stderr]    Compiling idna v0.2.2
[INFO] [stderr]     Checking globset v0.4.6
[INFO] [stderr]     Checking fancy-regex v0.5.0
[INFO] [stderr]    Compiling ring v0.16.20
[INFO] [stderr]    Compiling num_cpus v1.13.0
[INFO] [stderr]    Compiling signal-hook-registry v1.3.0
[INFO] [stderr]    Compiling mio v0.7.9
[INFO] [stderr]    Compiling getrandom v0.1.16
[INFO] [stderr]    Compiling parking_lot_core v0.8.3
[INFO] [stderr]    Compiling time v0.1.43
[INFO] [stderr]    Compiling Inflector v0.11.4
[INFO] [stderr]    Compiling openssl v0.10.32
[INFO] [stderr]    Compiling native-tls v0.2.7
[INFO] [stderr]     Checking socket2 v0.3.19
[INFO] [stderr]     Checking flate2 v1.0.20
[INFO] [stderr]    Compiling url v2.2.1
[INFO] [stderr]     Checking ignore v0.4.17
[INFO] [stderr]    Compiling digest v0.9.0
[INFO] [stderr]    Compiling block-buffer v0.9.0
[INFO] [stderr]    Compiling crypto-mac v0.10.0
[INFO] [stderr]    Compiling nanorand v0.5.2
[INFO] [stderr]    Compiling ahash v0.6.3
[INFO] [stderr]    Compiling rand_core v0.5.1
[INFO] [stderr]     Checking unic-langid-macros v0.9.0
[INFO] [stderr]    Compiling parking_lot v0.11.1
[INFO] [stderr]     Checking futures-executor v0.3.13
[INFO] [stderr]    Compiling webpki v0.21.4
[INFO] [stderr]    Compiling sct v0.6.0
[INFO] [stderr]     Checking serde_urlencoded v0.7.0
[INFO] [stderr]     Checking tracing-serde v0.1.2
[INFO] [stderr]     Checking toml v0.5.8
[INFO] [stderr]     Checking chrono v0.4.19
[INFO] [stderr]    Compiling sha2 v0.9.3
[INFO] [stderr]     Checking pin-project v1.0.5
[INFO] [stderr]    Compiling hmac v0.10.1
[INFO] [stderr]    Compiling unic-langid v0.9.0
[INFO] [stderr]    Compiling rand_chacha v0.2.2
[INFO] [stderr]     Checking snafu v0.6.10
[INFO] [stderr]     Checking futures v0.3.13
[INFO] [stderr]    Compiling rustls v0.19.0
[INFO] [stderr]    Compiling webpki-roots v0.21.0
[INFO] [stderr]     Checking flume v0.10.2
[INFO] [stderr]     Checking tracing-futures v0.2.5
[INFO] [stderr]    Compiling ouroboros_macro v0.8.2
[INFO] [stderr]     Checking sqlformat v0.1.6
[INFO] [stderr]     Checking intl-memoizer v0.5.1
[INFO] [stderr]     Checking fluent-langneg v0.13.0
[INFO] [stderr]     Checking intl_pluralrules v7.0.1
[INFO] [stderr]    Compiling rand v0.7.3
[INFO] [stderr]     Checking treediff v3.0.2
[INFO] [stderr]     Checking webpki-roots v0.20.0
[INFO] [stderr]     Checking tracing-subscriber v0.2.16
[INFO] [stderr]     Checking json-patch v0.2.6
[INFO] [stderr]    Compiling fluent-template-macros v0.6.0
[INFO] [stderr]    Compiling tokio-stream v0.1.3
[INFO] [stderr]     Checking tungstenite v0.11.1
[INFO] [stderr]     Checking tokio-util v0.6.3
[INFO] [stderr]     Checking tokio-native-tls v0.3.0
[INFO] [stderr]     Checking combine v4.5.2
[INFO] [stderr]     Checking mobc v0.7.0
[INFO] [stderr]    Compiling tokio-rustls v0.22.0
[INFO] [stderr]     Checking h2 v0.3.1
[INFO] [stderr]    Compiling sqlx-rt v0.3.0
[INFO] [stderr]    Compiling sqlx-core v0.5.1
[INFO] [stderr]     Checking async-tungstenite v0.11.0
[INFO] [stderr]     Checking ouroboros v0.8.2
[INFO] [stderr]     Checking fluent-bundle v0.14.4
[INFO] [stderr]     Checking fluent v0.14.4
[INFO] [stderr]     Checking fluent-templates v0.6.1
[INFO] [stderr]     Checking hyper v0.14.4
[INFO] [stderr]     Checking hyper-tls v0.5.0
[INFO] [stderr]     Checking hyper-rustls v0.22.1
[INFO] [stderr]     Checking reqwest v0.11.1
[INFO] [stderr]     Checking redis v0.19.0
[INFO] [stderr]    Compiling sqlx-macros v0.5.1
[INFO] [stderr]     Checking mobc-redis v0.7.0
[INFO] [stderr]     Checking sqlx v0.5.1
[INFO] [stderr]  Documenting pathogen v0.1.0 (/opt/rustwide/workdir)
[INFO] [stdout] error[E0583]: file not found for module `template`
[INFO] [stdout]  --> src/plugins/mod.rs:9:1
[INFO] [stdout]   |
[INFO] [stdout] 9 | pub mod template;
[INFO] [stdout]   | ^^^^^^^^^^^^^^^^^
[INFO] [stdout]   |
[INFO] [stdout]   = help: to create the module `template`, create file "src/plugins/template.rs" or "src/plugins/template/mod.rs"
[INFO] [stdout] 
[INFO] [stdout] 
[INFO] [stdout] error: `DATABASE_URL` must be set to use query macros
[INFO] [stdout]   --> src/plugins/config/db.rs:38:9
[INFO] [stdout]    |
[INFO] [stdout] 38 | /         sqlx::query!(
[INFO] [stdout] 39 | |             r#"
[INFO] [stdout] 40 | |             UPDATE configs
[INFO] [stdout] 41 | |             SET is_active = false
[INFO] [stdout] ...  |
[INFO] [stdout] 44 | |             config.guild_id,
[INFO] [stdout] 45 | |         )
[INFO] [stdout]    | |_________^
[INFO] [stdout]    |
[INFO] [stdout]    = note: this error originates in the macro `$crate::sqlx_macros::expand_query` (in Nightly builds, run with -Z macro-backtrace for more info)
[INFO] [stdout] 
[INFO] [stdout] 
[INFO] [stdout] error: `DATABASE_URL` must be set to use query macros
[INFO] [stdout]   --> src/plugins/config/db.rs:49:9
[INFO] [stdout]    |
[INFO] [stdout] 49 | /         sqlx::query!(
[INFO] [stdout] 50 | |             r#"
[INFO] [stdout] 51 | |             INSERT INTO configs (guild_id, is_active, created_by, config)
[INFO] [stdout] 52 | |             VALUES ($1, $2, $3, $4)
[INFO] [stdout] ...  |
[INFO] [stdout] 57 | |             config.config as _,
[INFO] [stdout] 58 | |         )
[INFO] [stdout]    | |_________^
[INFO] [stdout]    |
[INFO] [stdout]    = note: this error originates in the macro `$crate::sqlx_macros::expand_query` (in Nightly builds, run with -Z macro-backtrace for more info)
[INFO] [stdout] 
[INFO] [stdout] 
[INFO] [stdout] error: `DATABASE_URL` must be set to use query macros
[INFO] [stdout]   --> src/plugins/config/db.rs:69:9
[INFO] [stdout]    |
[INFO] [stdout] 69 | /         sqlx::query_as!(
[INFO] [stdout] 70 | |             GuildConfigRow,
[INFO] [stdout] 71 | |             r#"
[INFO] [stdout] 72 | |                 SELECT
[INFO] [stdout] ...  |
[INFO] [stdout] 82 | |             guild_id.0 as i64,
[INFO] [stdout] 83 | |         )
[INFO] [stdout]    | |_________^
[INFO] [stdout]    |
[INFO] [stdout]    = note: this error originates in the macro `$crate::sqlx_macros::expand_query` (in Nightly builds, run with -Z macro-backtrace for more info)
[INFO] [stdout] 
[INFO] [stdout] 
[INFO] [stdout] error: `DATABASE_URL` must be set to use query macros
[INFO] [stdout]    --> src/plugins/config/db.rs:95:25
[INFO] [stdout]     |
[INFO] [stdout] 95  |               let query = sqlx::query!(
[INFO] [stdout]     |  _________________________^
[INFO] [stdout] 96  | |                 r#"
[INFO] [stdout] 97  | |                     SELECT config
[INFO] [stdout] 98  | |                     FROM configs
[INFO] [stdout] ...   |
[INFO] [stdout] 101 | |                 guild_id.0 as i64,
[INFO] [stdout] 102 | |             )
[INFO] [stdout]     | |_____________^
[INFO] [stdout]     |
[INFO] [stdout]     = note: this error originates in the macro `$crate::sqlx_macros::expand_query` (in Nightly builds, run with -Z macro-backtrace for more info)
[INFO] [stdout] 
[INFO] [stdout] 
[INFO] [stdout] error[E0412]: cannot find type `NoneError` in module `option`
[INFO] [stdout]   --> src/db/mod.rs:23:22
[INFO] [stdout]    |
[INFO] [stdout] 23 |     NotFound(option::NoneError),
[INFO] [stdout]    |                      ^^^^^^^^^ not found in `option`
[INFO] [stdout] 
[INFO] [stdout] 
[INFO] [stdout] error[E0412]: cannot find type `NoneError` in module `option`
[INFO] [stdout]   --> src/db/mod.rs:65:19
[INFO] [stdout]    |
[INFO] [stdout] 65 | impl From<option::NoneError> for PathogenDbError {
[INFO] [stdout]    |                   ^^^^^^^^^ not found in `option`
[INFO] [stdout] 
[INFO] [stdout] 
[INFO] [stdout] error[E0412]: cannot find type `NoneError` in module `option`
[INFO] [stdout]   --> src/db/mod.rs:66:27
[INFO] [stdout]    |
[INFO] [stdout] 66 |     fn from(none: option::NoneError) -> Self {
[INFO] [stdout]    |                           ^^^^^^^^^ not found in `option`
[INFO] [stdout] 
[INFO] [stdout] 
[INFO] [stdout] error[E0554]: `#![feature]` may not be used on the stable release channel
[INFO] [stdout]  --> src/main.rs:1:1
[INFO] [stdout]   |
[INFO] [stdout] 1 | #![feature(try_trait)]
[INFO] [stdout]   | ^^^^^^^^^^^^^^^^^^^^^^
[INFO] [stdout] 
[INFO] [stdout] 
[INFO] [stdout] error: Compilation failed, aborting rustdoc
[INFO] [stdout] 
[INFO] [stdout] 
[INFO] [stdout] error: aborting due to 10 previous errors
[INFO] [stdout] 
[INFO] [stdout] 
[INFO] [stdout] Some errors have detailed explanations: E0412, E0554, E0583.
[INFO] [stdout] 
[INFO] [stdout] For more information about an error, try `rustc --explain E0412`.
[INFO] [stdout] 
[INFO] [stderr] error: could not document `pathogen`
[INFO] [stderr] 
[INFO] [stderr] Caused by:
[INFO] [stderr]   process didn't exit successfully: `rustdoc --edition=2018 --crate-type bin --crate-name pathogen src/main.rs -o /opt/rustwide/target/doc --error-format=json --json=diagnostic-rendered-ansi --document-private-items -L dependency=/opt/rustwide/target/debug/deps --extern chrono=/opt/rustwide/target/debug/deps/libchrono-e030d371e8ca0b1e.rmeta --extern dotenv=/opt/rustwide/target/debug/deps/libdotenv-fac2af56d99fafd7.rmeta --extern fancy_regex=/opt/rustwide/target/debug/deps/libfancy_regex-6db1dae0431ec22d.rmeta --extern fluent_templates=/opt/rustwide/target/debug/deps/libfluent_templates-66f2355365739842.rmeta --extern futures=/opt/rustwide/target/debug/deps/libfutures-c1edd51686c74954.rmeta --extern if_chain=/opt/rustwide/target/debug/deps/libif_chain-0228792e4871914c.rmeta --extern json_patch=/opt/rustwide/target/debug/deps/libjson_patch-2948eb45e242dab0.rmeta --extern lazy_static=/opt/rustwide/target/debug/deps/liblazy_static-acd7d23482fe8b54.rmeta --extern mobc=/opt/rustwide/target/debug/deps/libmobc-fe63136172dee40e.rmeta --extern mobc_redis=/opt/rustwide/target/debug/deps/libmobc_redis-157e2e11b2c823fc.rmeta --extern regex=/opt/rustwide/target/debug/deps/libregex-4b126f4324600cc5.rmeta --extern reqwest=/opt/rustwide/target/debug/deps/libreqwest-2dca451be8985432.rmeta --extern serde=/opt/rustwide/target/debug/deps/libserde-d8da9944c9176149.rmeta --extern serde_json=/opt/rustwide/target/debug/deps/libserde_json-b18bb31a84e75bd4.rmeta --extern serenity=/opt/rustwide/target/debug/deps/libserenity-4b64388d4af365ff.rmeta --extern sqlx=/opt/rustwide/target/debug/deps/libsqlx-3d43bfb1b170e262.rmeta --extern tokio=/opt/rustwide/target/debug/deps/libtokio-ebd65b8b2583c073.rmeta --extern toml=/opt/rustwide/target/debug/deps/libtoml-bedc3c5526b6af4a.rmeta --extern tracing=/opt/rustwide/target/debug/deps/libtracing-2776c071a9e45157.rmeta --extern tracing_subscriber=/opt/rustwide/target/debug/deps/libtracing_subscriber-f28354ebc4f89d02.rmeta --extern unic_langid=/opt/rustwide/target/debug/deps/libunic_langid-1665400ac6012524.rmeta --cap-lints=warn --crate-version 0.1.0` (exit status: 1)
[INFO] running `Command { std: "docker" "inspect" "d74b4a6082cc68ffd734bbcf90ce64af10d5ddd47007ce19a6302ce0a57d18aa", kill_on_drop: false }`
[INFO] running `Command { std: "docker" "rm" "-f" "d74b4a6082cc68ffd734bbcf90ce64af10d5ddd47007ce19a6302ce0a57d18aa", kill_on_drop: false }`
[INFO] [stdout] d74b4a6082cc68ffd734bbcf90ce64af10d5ddd47007ce19a6302ce0a57d18aa
